Mar 06 03:20:40.860533 np0000158036 neutron-periodic-workers[104973]: DEBUG cotyledon.oslo_config_glue [-] database.connection_debug = 0 {{(pid=104973) log_opt_values /opt/stack/data/venv/lib/python3.12/site-packages/oslo_config/cfg.py:3006}}
Mar 06 03:20:40.860578 np0000158036 neutron-periodic-workers[104973]: DEBUG cotyledon.oslo_config_glue [-] database.connection_parameters = {{(pid=104973) log_opt_values /opt/stack/data/venv/lib/python3.12/site-packages/oslo_config/cfg.py:3006}}
Mar 06 03:20:40.860633 np0000158036 neutron-periodic-workers[104973]: DEBUG cotyledon.oslo_config_glue [-] database.connection_recycle_time = 3600 {{(pid=104973) log_opt_values /opt/stack/data/venv/lib/python3.12/site-packages/oslo_config/cfg.py:3006}}
Mar 06 03:20:40.860675 np0000158036 neutron-periodic-workers[104973]: DEBUG cotyledon.oslo_config_glue [-] database.connection_trace = False {{(pid=104973) log_opt_values /opt/stack/data/venv/lib/python3.12/site-packages/oslo_config/cfg.py:3006}}
Mar 06 03:20:40.860717 np0000158036 neutron-periodic-workers[104973]: DEBUG cotyledon.oslo_config_glue [-] database.db_inc_retry_interval = True {{(pid=104973) log_opt_values /opt/stack/data/venv/lib/python3.12/site-packages/oslo_config/cfg.py:3006}}
Mar 06 03:20:40.860751 np0000158036 neutron-periodic-workers[104973]: DEBUG cotyledon.oslo_config_glue [-] database.db_max_retries = 20 {{(pid=104973) log_opt_values /opt/stack/data/venv/lib/python3.12/site-packages/oslo_config/cfg.py:3006}}
Mar 06 03:20:40.860800 np0000158036 neutron-periodic-workers[104973]: DEBUG cotyledon.oslo_config_glue [-] database.db_max_retry_interval = 10 {{(pid=104973) log_opt_values /opt/stack/data/venv/lib/python3.12/site-packages/oslo_config/cfg.py:3006}}
Mar 06 03:20:40.860850 np0000158036 neutron-periodic-workers[104973]: DEBUG cotyledon.oslo_config_glue [-] database.db_retry_interval = 1 {{(pid=104973) log_opt_values /opt/stack/data/venv/lib/python3.12/site-packages/oslo_config/cfg.py:3006}}
Mar 06 03:20:40.860890 np0000158036 neutron-periodic-workers[104973]: DEBUG cotyledon.oslo_config_glue [-] database.max_overflow = 50 {{(pid=104973) log_opt_values /opt/stack/data/venv/lib/python3.12/site-packages/oslo_config/cfg.py:3006}}
Mar 06 03:20:40.860933 np0000158036 neutron-periodic-workers[104973]: DEBUG cotyledon.oslo_config_glue [-] database.max_pool_size = 5 {{(pid=104973) log_opt_values /opt/stack/data/venv/lib/python3.12/site-packages/oslo_config/cfg.py:3006}}
Mar 06 03:20:40.861003 np0000158036 neutron-periodic-workers[104973]: DEBUG cotyledon.oslo_config_glue [-] database.max_retries = 10 {{(pid=104973) log_opt_values /opt/stack/data/venv/lib/python3.12/site-packages/oslo_config/cfg.py:3006}}
Mar 06 03:20:40.861052 np0000158036 neutron-periodic-workers[104973]: DEBUG cotyledon.oslo_config_glue [-] database.mysql_sql_mode = TRADITIONAL {{(pid=104973) log_opt_values /opt/stack/data/venv/lib/python3.12/site-packages/oslo_config/cfg.py:3006}}
Mar 06 03:20:40.861135 np0000158036 neutron-periodic-workers[104973]: DEBUG cotyledon.oslo_config_glue [-] database.mysql_wsrep_sync_wait = None {{(pid=104973) log_opt_values /opt/stack/data/venv/lib/python3.12/site-packages/oslo_config/cfg.py:3006}}
Mar 06 03:20:40.861135 np0000158036 neutron-periodic-workers[104973]: DEBUG cotyledon.oslo_config_glue [-] database.pool_timeout = None {{(pid=104973) log_opt_values /opt/stack/data/venv/lib/python3.12/site-packages/oslo_config/cfg.py:3006}}
Mar 06 03:20:40.861187 np0000158036 neutron-periodic-workers[104973]: DEBUG cotyledon.oslo_config_glue [-] database.retry_interval = 10 {{(pid=104973) log_opt_values /opt/stack/data/venv/lib/python3.12/site-packages/oslo_config/cfg.py:3006}}
Mar 06 03:20:40.861215 np0000158036 neutron-periodic-workers[104973]: DEBUG cotyledon.oslo_config_glue [-] database.slave_connection = **** {{(pid=104973) log_opt_values /opt/stack/data/venv/lib/python3.12/site-packages/oslo_config/cfg.py:3006}}
Mar 06 03:20:40.861242 np0000158036 neutron-periodic-workers[104973]: DEBUG cotyledon.oslo_config_glue [-] database.sqlite_synchronous = True {{(pid=104973) log_opt_values /opt/stack/data/venv/lib/python3.12/site-packages/oslo_config/cfg.py:3006}}
Mar 06 03:20:40.861281 np0000158036 neutron-periodic-workers[104973]: DEBUG cotyledon.oslo_config_glue [-] database.synchronous_reader = True {{(pid=104973) log_opt_values /opt/stack/data/venv/lib/python3.12/site-packages/oslo_config/cfg.py:3006}}
Mar 06 03:20:40.861327 np0000158036 neutron-periodic-workers[104973]: DEBUG cotyledon.oslo_config_glue [-] database.use_db_reconnect = False {{(pid=104973) log_opt_values /opt/stack/data/venv/lib/python3.12/site-packages/oslo_config/cfg.py:3006}}
Mar 06 03:20:40.861389 np0000158036 neutron-periodic-workers[104973]: DEBUG cotyledon.oslo_config_glue [-] ovn.broadcast_arps_to_all_routers = True {{(pid=104973) log_opt_values /opt/stack/data/venv/lib/python3.12/site-packages/oslo_config/cfg.py:3006}}
Mar 06 03:20:40.861438 np0000158036 neutron-periodic-workers[104973]: DEBUG cotyledon.oslo_config_glue [-] ovn.dhcp_default_lease_time = 43200 {{(pid=104973) log_opt_values /opt/stack/data/venv/lib/python3.12/site-packages/oslo_config/cfg.py:3006}}
Mar 06 03:20:40.861478 np0000158036 neutron-periodic-workers[104973]: DEBUG cotyledon.oslo_config_glue [-] ovn.disable_ovn_dhcp_for_baremetal_ports = False {{(pid=104973) log_opt_values /opt/stack/data/venv/lib/python3.12/site-packages/oslo_config/cfg.py:3006}}
Mar 06 03:20:40.861517 np0000158036 neutron-periodic-workers[104973]: DEBUG cotyledon.oslo_config_glue [-] ovn.dns_records_ovn_owned = False {{(pid=104973) log_opt_values /opt/stack/data/venv/lib/python3.12/site-packages/oslo_config/cfg.py:3006}}
Mar 06 03:20:40.861560 np0000158036 neutron-periodic-workers[104973]: DEBUG cotyledon.oslo_config_glue [-] ovn.dns_servers = [] {{(pid=104973) log_opt_values /opt/stack/data/venv/lib/python3.12/site-packages/oslo_config/cfg.py:3006}}
Mar 06 03:20:40.861593 np0000158036 neutron-periodic-workers[104973]: DEBUG cotyledon.oslo_config_glue [-] ovn.enable_distributed_floating_ip = False {{(pid=104973) log_opt_values /opt/stack/data/venv/lib/python3.12/site-packages/oslo_config/cfg.py:3006}}
Mar 06 03:20:40.861641 np0000158036 neutron-periodic-workers[104973]: DEBUG cotyledon.oslo_config_glue [-] ovn.fdb_age_threshold = 300 {{(pid=104973) log_opt_values /opt/stack/data/venv/lib/python3.12/site-packages/oslo_config/cfg.py:3006}}
Mar 06 03:20:40.861691 np0000158036 neutron-periodic-workers[104973]: DEBUG cotyledon.oslo_config_glue [-] ovn.live_migration_activation_strategy = rarp {{(pid=104973) log_opt_values /opt/stack/data/venv/lib/python3.12/site-packages/oslo_config/cfg.py:3006}}
Mar 06 03:20:40.861735 np0000158036 neutron-periodic-workers[104973]: DEBUG cotyledon.oslo_config_glue [-] ovn.localnet_learn_fdb = False {{(pid=104973) log_opt_values /opt/stack/data/venv/lib/python3.12/site-packages/oslo_config/cfg.py:3006}}
Mar 06 03:20:40.861777 np0000158036 neutron-periodic-workers[104973]: DEBUG cotyledon.oslo_config_glue [-] ovn.mac_binding_age_threshold = 300 {{(pid=104973) log_opt_values /opt/stack/data/venv/lib/python3.12/site-packages/oslo_config/cfg.py:3006}}
Mar 06 03:20:40.861825 np0000158036 neutron-periodic-workers[104973]: DEBUG cotyledon.oslo_config_glue [-] ovn.neutron_sync_mode = log {{(pid=104973) log_opt_values /opt/stack/data/venv/lib/python3.12/site-packages/oslo_config/cfg.py:3006}}
Mar 06 03:20:40.861916 np0000158036 neutron-periodic-workers[104973]: DEBUG cotyledon.oslo_config_glue [-] ovn.ovn_dhcp4_global_options = {} {{(pid=104973) log_opt_values /opt/stack/data/venv/lib/python3.12/site-packages/oslo_config/cfg.py:3006}}
Mar 06 03:20:40.861916 np0000158036 neutron-periodic-workers[104973]: DEBUG cotyledon.oslo_config_glue [-] ovn.ovn_dhcp6_global_options = {} {{(pid=104973) log_opt_values /opt/stack/data/venv/lib/python3.12/site-packages/oslo_config/cfg.py:3006}}
Mar 06 03:20:40.861983 np0000158036 neutron-periodic-workers[104973]: DEBUG cotyledon.oslo_config_glue [-] ovn.ovn_l3_scheduler = leastloaded {{(pid=104973) log_opt_values /opt/stack/data/venv/lib/python3.12/site-packages/oslo_config/cfg.py:3006}}
Mar 06 03:20:40.862018 np0000158036 neutron-periodic-workers[104973]: DEBUG cotyledon.oslo_config_glue [-] ovn.ovn_metadata_enabled = True {{(pid=104973) log_opt_values /opt/stack/data/venv/lib/python3.12/site-packages/oslo_config/cfg.py:3006}}
Mar 06 03:20:40.862258 np0000158036 neutron-periodic-workers[104973]: DEBUG cotyledon.oslo_config_glue [-] ovn.ovn_nb_ca_cert = /opt/stack/data/CA/int-ca/ca-chain.pem {{(pid=104973) log_opt_values /opt/stack/data/venv/lib/python3.12/site-packages/oslo_config/cfg.py:3006}}
Mar 06 03:20:40.862258 np0000158036 neutron-periodic-workers[104973]: DEBUG cotyledon.oslo_config_glue [-] ovn.ovn_nb_certificate = /opt/stack/data/CA/int-ca/devstack-cert.crt {{(pid=104973) log_opt_values /opt/stack/data/venv/lib/python3.12/site-packages/oslo_config/cfg.py:3006}}
Mar 06 03:20:40.862258 np0000158036 neutron-periodic-workers[104973]: DEBUG cotyledon.oslo_config_glue [-] ovn.ovn_nb_connection = ['ssl:162.253.55.207:6641'] {{(pid=104973) log_opt_values /opt/stack/data/venv/lib/python3.12/site-packages/oslo_config/cfg.py:3006}}
Mar 06 03:20:40.862258 np0000158036 neutron-periodic-workers[104973]: DEBUG cotyledon.oslo_config_glue [-] ovn.ovn_nb_private_key = /opt/stack/data/CA/int-ca/private/devstack-cert.key {{(pid=104973) log_opt_values /opt/stack/data/venv/lib/python3.12/site-packages/oslo_config/cfg.py:3006}}
Mar 06 03:20:40.862258 np0000158036 neutron-periodic-workers[104973]: DEBUG cotyledon.oslo_config_glue [-] ovn.ovn_router_indirect_snat = False {{(pid=104973) log_opt_values /opt/stack/data/venv/lib/python3.12/site-packages/oslo_config/cfg.py:3006}}
Mar 06 03:20:40.862258 np0000158036 neutron-periodic-workers[104973]: DEBUG cotyledon.oslo_config_glue [-] ovn.ovn_sb_ca_cert = /opt/stack/data/CA/int-ca/ca-chain.pem {{(pid=104973) log_opt_values /opt/stack/data/venv/lib/python3.12/site-packages/oslo_config/cfg.py:3006}}
Mar 06 03:20:40.862427 np0000158036 neutron-periodic-workers[104973]: DEBUG cotyledon.oslo_config_glue [-] ovn.ovn_sb_certificate = /opt/stack/data/CA/int-ca/devstack-cert.crt {{(pid=104973) log_opt_values /opt/stack/data/venv/lib/python3.12/site-packages/oslo_config/cfg.py:3006}}
Mar 06 03:20:40.862427 np0000158036 neutron-periodic-workers[104973]: DEBUG cotyledon.oslo_config_glue [-] ovn.ovn_sb_connection = ['ssl:162.253.55.207:6642'] {{(pid=104973) log_opt_values /opt/stack/data/venv/lib/python3.12/site-packages/oslo_config/cfg.py:3006}}
Mar 06 03:20:40.862427 np0000158036 neutron-periodic-workers[104973]: DEBUG cotyledon.oslo_config_glue [-] ovn.ovn_sb_private_key = /opt/stack/data/CA/int-ca/private/devstack-cert.key {{(pid=104973) log_opt_values /opt/stack/data/venv/lib/python3.12/site-packages/oslo_config/cfg.py:3006}}
Mar 06 03:20:40.862427 np0000158036 neutron-periodic-workers[104973]: DEBUG cotyledon.oslo_config_glue [-] ovn.ovs_create_tap = False {{(pid=104973) log_opt_values /opt/stack/data/venv/lib/python3.12/site-packages/oslo_config/cfg.py:3006}}
Mar 06 03:20:40.862527 np0000158036 neutron-periodic-workers[104973]: DEBUG cotyledon.oslo_config_glue [-] ovn.ovsdb_connection_timeout = 180 {{(pid=104973) log_opt_values /opt/stack/data/venv/lib/python3.12/site-packages/oslo_config/cfg.py:3006}}
Mar 06 03:20:40.862527 np0000158036 neutron-periodic-workers[104973]: DEBUG cotyledon.oslo_config_glue [-] ovn.ovsdb_log_level = INFO {{(pid=104973) log_opt_values /opt/stack/data/venv/lib/python3.12/site-packages/oslo_config/cfg.py:3006}}
Mar 06 03:20:40.862527 np0000158036 neutron-periodic-workers[104973]: DEBUG cotyledon.oslo_config_glue [-] ovn.ovsdb_probe_interval = 60000 {{(pid=104973) log_opt_values /opt/stack/data/venv/lib/python3.12/site-packages/oslo_config/cfg.py:3006}}
Mar 06 03:20:40.862598 np0000158036 neutron-periodic-workers[104973]: DEBUG cotyledon.oslo_config_glue [-] ovn.ovsdb_retry_max_interval = 180 {{(pid=104973) log_opt_values /opt/stack/data/venv/lib/python3.12/site-packages/oslo_config/cfg.py:3006}}
Mar 06 03:20:40.862598 np0000158036 neutron-periodic-workers[104973]: DEBUG cotyledon.oslo_config_glue [-] ovn.stateless_nat_enabled = False {{(pid=104973) log_opt_values /opt/stack/data/venv/lib/python3.12/site-packages/oslo_config/cfg.py:3006}}
Mar 06 03:20:40.862646 np0000158036 neutron-periodic-workers[104973]: DEBUG cotyledon.oslo_config_glue [-] ovn.vhost_sock_dir = /var/run/openvswitch {{(pid=104973) log_opt_values /opt/stack/data/venv/lib/python3.12/site-packages/oslo_config/cfg.py:3006}}
Mar 06 03:20:40.862711 np0000158036 neutron-periodic-workers[104973]: DEBUG cotyledon.oslo_config_glue [-] OVS.bridge_mac_table_size = 50000 {{(pid=104973) log_opt_values /opt/stack/data/venv/lib/python3.12/site-packages/oslo_config/cfg.py:3006}}
Mar 06 03:20:40.862745 np0000158036 neutron-periodic-workers[104973]: DEBUG cotyledon.oslo_config_glue [-] OVS.igmp_flood = False {{(pid=104973) log_opt_values /opt/stack/data/venv/lib/python3.12/site-packages/oslo_config/cfg.py:3006}}
Mar 06 03:20:40.862789 np0000158036 neutron-periodic-workers[104973]: DEBUG cotyledon.oslo_config_glue [-] OVS.igmp_flood_reports = True {{(pid=104973) log_opt_values /opt/stack/data/venv/lib/python3.12/site-packages/oslo_config/cfg.py:3006}}
Mar 06 03:20:40.862821 np0000158036 neutron-periodic-workers[104973]: DEBUG cotyledon.oslo_config_glue [-] OVS.igmp_flood_unregistered = False {{(pid=104973) log_opt_values /opt/stack/data/venv/lib/python3.12/site-packages/oslo_config/cfg.py:3006}}
Mar 06 03:20:40.862870 np0000158036 neutron-periodic-workers[104973]: DEBUG cotyledon.oslo_config_glue [-] OVS.igmp_snooping_enable = False {{(pid=104973) log_opt_values /opt/stack/data/venv/lib/python3.12/site-packages/oslo_config/cfg.py:3006}}
Mar 06 03:20:40.862913 np0000158036 neutron-periodic-workers[104973]: DEBUG cotyledon.oslo_config_glue [-] OVS.ovsdb_timeout = 10 {{(pid=104973) log_opt_values /opt/stack/data/venv/lib/python3.12/site-packages/oslo_config/cfg.py:3006}}
Mar 06 03:20:40.862990 np0000158036 neutron-periodic-workers[104973]: DEBUG cotyledon.oslo_config_glue [-] ovn_nb_global.fdb_removal_limit = 0 {{(pid=104973) log_opt_values /opt/stack/data/venv/lib/python3.12/site-packages/oslo_config/cfg.py:3006}}
Mar 06 03:20:40.863040 np0000158036 neutron-periodic-workers[104973]: DEBUG cotyledon.oslo_config_glue [-] ovn_nb_global.ignore_lsp_down = False {{(pid=104973) log_opt_values /opt/stack/data/venv/lib/python3.12/site-packages/oslo_config/cfg.py:3006}}
Mar 06 03:20:40.863096 np0000158036 neutron-periodic-workers[104973]: DEBUG cotyledon.oslo_config_glue [-] ovn_nb_global.mac_binding_removal_limit = 0 {{(pid=104973) log_opt_values /opt/stack/data/venv/lib/python3.12/site-packages/oslo_config/cfg.py:3006}}
Mar 06 03:20:40.863137 np0000158036 neutron-periodic-workers[104973]: DEBUG cotyledon.oslo_config_glue [-] ******************************************************************************** {{(pid=104973) log_opt_values /opt/stack/data/venv/lib/python3.12/site-packages/oslo_config/cfg.py:3013}}
Mar 06 03:20:40.863303 np0000158036 neutron-periodic-workers[104973]: DEBUG cotyledon._service_worker [-] Run service ServiceWrapper(0) [104973] {{(pid=104973) wait_forever /opt/stack/data/venv/lib/python3.12/site-packages/cotyledon/_service_worker.py:218}}
Mar 06 03:20:50.507541 np0000158036 neutron-periodic-workers[104237]: DEBUG dbcounter [-] [104237] Writing DB stats neutron:SELECT=4 {{(pid=104237) stat_writer /opt/stack/data/venv/lib/python3.12/site-packages/dbcounter.py:115}}
Mar 06 03:21:35.817342 np0000158036 neutron-periodic-workers[104941]: DEBUG oslo_db.sqlalchemy.engines [None req-5e19fb78-0697-4834-a227-90c32662cb66 None None] Parent process 104237 forked (104941) with an open database connection, which is being discarded and recreated. {{(pid=104941) checkout /opt/stack/data/venv/lib/python3.12/site-packages/oslo_db/sqlalchemy/engines.py:402}}
Mar 06 03:21:35.826021 np0000158036 neutron-periodic-workers[104941]: DEBUG dbcounter [-] [104941] Writer thread running {{(pid=104941) stat_writer /opt/stack/data/venv/lib/python3.12/site-packages/dbcounter.py:102}}
Mar 06 03:21:35.840850 np0000158036 neutron-periodic-workers[104941]: DEBUG oslo.service.backend._threading.loopingcall [None req-5e19fb78-0697-4834-a227-90c32662cb66 None None] Fixed interval looping call 'neutron.plugins.ml2.plugin.DhcpAgentSchedulerDbMixin.remove_networks_from_down_agents' sleeping for 36.97 seconds {{(pid=104941) _run_loop /opt/stack/data/venv/lib/python3.12/site-packages/oslo_service/backend/_threading/loopingcall.py:125}}
Mar 06 03:21:45.838557 np0000158036 neutron-periodic-workers[104941]: DEBUG dbcounter [-] [104941] Writing DB stats neutron:SELECT=3 {{(pid=104941) stat_writer /opt/stack/data/venv/lib/python3.12/site-packages/dbcounter.py:115}}
Mar 06 03:21:46.848560 np0000158036 neutron-periodic-workers[104949]: DEBUG dbcounter [-] [104949] Writer thread running {{(pid=104949) stat_writer /opt/stack/data/venv/lib/python3.12/site-packages/dbcounter.py:102}}
Mar 06 03:21:46.852862 np0000158036 neutron-periodic-workers[104949]: DEBUG neutron.db.agents_db [None req-0775a64f-105c-4723-bd3e-f608efd1221e None None] Agent healthcheck: found 0 active agents {{(pid=104949) agent_health_check /opt/stack/neutron/neutron/db/agents_db.py:317}}
Mar 06 03:21:46.853133 np0000158036 neutron-periodic-workers[104949]: DEBUG oslo.service.backend._threading.loopingcall [None req-0775a64f-105c-4723-bd3e-f608efd1221e None None] Fixed interval looping call 'neutron.plugins.ml2.plugin.AgentDbMixin.agent_health_check' sleeping for 36.98 seconds {{(pid=104949) _run_loop /opt/stack/data/venv/lib/python3.12/site-packages/oslo_service/backend/_threading/loopingcall.py:125}}
Mar 06 03:21:56.849323 np0000158036 neutron-periodic-workers[104949]: DEBUG dbcounter [-] [104949] Writing DB stats neutron:SELECT=1 {{(pid=104949) stat_writer /opt/stack/data/venv/lib/python3.12/site-packages/dbcounter.py:115}}
Mar 06 03:22:12.822351 np0000158036 neutron-periodic-workers[104941]: DEBUG oslo.service.backend._threading.loopingcall [None req-5e19fb78-0697-4834-a227-90c32662cb66 None None] Fixed interval looping call 'neutron.plugins.ml2.plugin.DhcpAgentSchedulerDbMixin.remove_networks_from_down_agents' sleeping for 36.99 seconds {{(pid=104941) _run_loop /opt/stack/data/venv/lib/python3.12/site-packages/oslo_service/backend/_threading/loopingcall.py:125}}
Mar 06 03:22:22.822202 np0000158036 neutron-periodic-workers[104941]: DEBUG dbcounter [-] [104941] Writing DB stats neutron:SELECT=3 {{(pid=104941) stat_writer /opt/stack/data/venv/lib/python3.12/site-packages/dbcounter.py:115}}
Mar 06 03:22:23.841379 np0000158036 neutron-periodic-workers[104949]: DEBUG neutron.db.agents_db [None req-0775a64f-105c-4723-bd3e-f608efd1221e None None] Agent healthcheck: found 0 active agents {{(pid=104949) agent_health_check /opt/stack/neutron/neutron/db/agents_db.py:317}}
Mar 06 03:22:23.842681 np0000158036 neutron-periodic-workers[104949]: DEBUG oslo.service.backend._threading.loopingcall [None req-0775a64f-105c-4723-bd3e-f608efd1221e None None] Fixed interval looping call 'neutron.plugins.ml2.plugin.AgentDbMixin.agent_health_check' sleeping for 36.99 seconds {{(pid=104949) _run_loop /opt/stack/data/venv/lib/python3.12/site-packages/oslo_service/backend/_threading/loopingcall.py:125}}
Mar 06 03:22:33.838633 np0000158036 neutron-periodic-workers[104949]: DEBUG dbcounter [-] [104949] Writing DB stats neutron:SELECT=1 {{(pid=104949) stat_writer /opt/stack/data/venv/lib/python3.12/site-packages/dbcounter.py:115}}
Mar 06 03:22:40.863176 np0000158036 neutron-periodic-workers[104958]: DEBUG dbcounter [-] [104958] Writer thread running {{(pid=104958) stat_writer /opt/stack/data/venv/lib/python3.12/site-packages/dbcounter.py:102}}
Mar 06 03:22:40.865252 np0000158036 neutron-periodic-workers[104958]: DEBUG oslo.service.backend._threading.loopingcall [None req-5c4872aa-ca18-4d22-8df9-1c4c23b3de97 None None] Fixed interval looping call 'neutron.db.quota.driver_nolock.DbQuotaNoLockDriver._remove_expired_reservations' sleeping for 119.98 seconds {{(pid=104958) _run_loop /opt/stack/data/venv/lib/python3.12/site-packages/oslo_service/backend/_threading/loopingcall.py:125}}
Mar 06 03:22:49.821062 np0000158036 neutron-periodic-workers[104941]: DEBUG oslo.service.backend._threading.loopingcall [None req-5e19fb78-0697-4834-a227-90c32662cb66 None None] Fixed interval looping call 'neutron.plugins.ml2.plugin.DhcpAgentSchedulerDbMixin.remove_networks_from_down_agents' sleeping for 36.99 seconds {{(pid=104941) _run_loop /opt/stack/data/venv/lib/python3.12/site-packages/oslo_service/backend/_threading/loopingcall.py:125}}
Mar 06 03:22:50.865169 np0000158036 neutron-periodic-workers[104958]: DEBUG dbcounter [-] [104958] Writing DB stats neutron:DELETE=1 {{(pid=104958) stat_writer /opt/stack/data/venv/lib/python3.12/site-packages/dbcounter.py:115}}
Mar 06 03:22:59.820041 np0000158036 neutron-periodic-workers[104941]: DEBUG dbcounter [-] [104941] Writing DB stats neutron:SELECT=3 {{(pid=104941) stat_writer /opt/stack/data/venv/lib/python3.12/site-packages/dbcounter.py:115}}
Mar 06 03:23:00.838391 np0000158036 neutron-periodic-workers[104949]: DEBUG neutron.db.agents_db [None req-0775a64f-105c-4723-bd3e-f608efd1221e None None] Agent healthcheck: found 0 active agents {{(pid=104949) agent_health_check /opt/stack/neutron/neutron/db/agents_db.py:317}}
Mar 06 03:23:00.838908 np0000158036 neutron-periodic-workers[104949]: DEBUG oslo.service.backend._threading.loopingcall [None req-0775a64f-105c-4723-bd3e-f608efd1221e None None] Fixed interval looping call 'neutron.plugins.ml2.plugin.AgentDbMixin.agent_health_check' sleeping for 36.99 seconds {{(pid=104949) _run_loop /opt/stack/data/venv/lib/python3.12/site-packages/oslo_service/backend/_threading/loopingcall.py:125}}
Mar 06 03:23:02.913100 np0000158036 neutron-periodic-workers[104973]: DEBUG dbcounter [-] [104973] Writer thread running {{(pid=104973) stat_writer /opt/stack/data/venv/lib/python3.12/site-packages/dbcounter.py:102}}
Mar 06 03:23:02.929867 np0000158036 neutron-periodic-workers[104973]: DEBUG oslo.service.backend._threading.loopingcall [None req-c8e4290f-b30b-4cf1-99f9-d4a037e1bc23 None None] Fixed interval looping call 'neutron.services.ovn_l3.plugin.L3_NAT_dbonly_mixin._clean_garbage' sleeping for 299.94 seconds {{(pid=104973) _run_loop /opt/stack/data/venv/lib/python3.12/site-packages/oslo_service/backend/_threading/loopingcall.py:125}}
Mar 06 03:23:10.838743 np0000158036 neutron-periodic-workers[104949]: DEBUG dbcounter [-] [104949] Writing DB stats neutron:SELECT=1 {{(pid=104949) stat_writer /opt/stack/data/venv/lib/python3.12/site-packages/dbcounter.py:115}}
Mar 06 03:23:12.913990 np0000158036 neutron-periodic-workers[104973]: DEBUG dbcounter [-] [104973] Writing DB stats neutron:SELECT=1 {{(pid=104973) stat_writer /opt/stack/data/venv/lib/python3.12/site-packages/dbcounter.py:115}}
Mar 06 03:23:26.822493 np0000158036 neutron-periodic-workers[104941]: DEBUG oslo.service.backend._threading.loopingcall [None req-5e19fb78-0697-4834-a227-90c32662cb66 None None] Fixed interval looping call 'neutron.plugins.ml2.plugin.DhcpAgentSchedulerDbMixin.remove_networks_from_down_agents' sleeping for 36.99 seconds {{(pid=104941) _run_loop /opt/stack/data/venv/lib/python3.12/site-packages/oslo_service/backend/_threading/loopingcall.py:125}}
Mar 06 03:23:36.820918 np0000158036 neutron-periodic-workers[104941]: DEBUG dbcounter [-] [104941] Writing DB stats neutron:SELECT=3 {{(pid=104941) stat_writer /opt/stack/data/venv/lib/python3.12/site-packages/dbcounter.py:115}}
Mar 06 03:23:37.834130 np0000158036 neutron-periodic-workers[104949]: DEBUG neutron.db.agents_db [None req-0775a64f-105c-4723-bd3e-f608efd1221e None None] Agent healthcheck: found 0 active agents {{(pid=104949) agent_health_check /opt/stack/neutron/neutron/db/agents_db.py:317}}
Mar 06 03:23:37.835199 np0000158036 neutron-periodic-workers[104949]: DEBUG oslo.service.backend._threading.loopingcall [None req-0775a64f-105c-4723-bd3e-f608efd1221e None None] Fixed interval looping call 'neutron.plugins.ml2.plugin.AgentDbMixin.agent_health_check' sleeping for 36.99 seconds {{(pid=104949) _run_loop /opt/stack/data/venv/lib/python3.12/site-packages/oslo_service/backend/_threading/loopingcall.py:125}}
Mar 06 03:23:47.832862 np0000158036 neutron-periodic-workers[104949]: DEBUG dbcounter [-] [104949] Writing DB stats neutron:SELECT=1 {{(pid=104949) stat_writer /opt/stack/data/venv/lib/python3.12/site-packages/dbcounter.py:115}}
Mar 06 03:24:03.822695 np0000158036 neutron-periodic-workers[104941]: DEBUG oslo.service.backend._threading.loopingcall [None req-5e19fb78-0697-4834-a227-90c32662cb66 None None] Fixed interval looping call 'neutron.plugins.ml2.plugin.DhcpAgentSchedulerDbMixin.remove_networks_from_down_agents' sleeping for 36.99 seconds {{(pid=104941) _run_loop /opt/stack/data/venv/lib/python3.12/site-packages/oslo_service/backend/_threading/loopingcall.py:125}}
Mar 06 03:24:13.821979 np0000158036 neutron-periodic-workers[104941]: DEBUG dbcounter [-] [104941] Writing DB stats neutron:SELECT=3 {{(pid=104941) stat_writer /opt/stack/data/venv/lib/python3.12/site-packages/dbcounter.py:115}}
Mar 06 03:24:14.831340 np0000158036 neutron-periodic-workers[104949]: DEBUG neutron.db.agents_db [None req-0775a64f-105c-4723-bd3e-f608efd1221e None None] Agent healthcheck: found 0 active agents {{(pid=104949) agent_health_check /opt/stack/neutron/neutron/db/agents_db.py:317}}
Mar 06 03:24:14.831862 np0000158036 neutron-periodic-workers[104949]: DEBUG oslo.service.backend._threading.loopingcall [None req-0775a64f-105c-4723-bd3e-f608efd1221e None None] Fixed interval looping call 'neutron.plugins.ml2.plugin.AgentDbMixin.agent_health_check' sleeping for 36.99 seconds {{(pid=104949) _run_loop /opt/stack/data/venv/lib/python3.12/site-packages/oslo_service/backend/_threading/loopingcall.py:125}}
Mar 06 03:24:24.829115 np0000158036 neutron-periodic-workers[104949]: DEBUG dbcounter [-] [104949] Writing DB stats neutron:SELECT=1 {{(pid=104949) stat_writer /opt/stack/data/venv/lib/python3.12/site-packages/dbcounter.py:115}}
Mar 06 03:24:40.822686 np0000158036 neutron-periodic-workers[104941]: DEBUG oslo.service.backend._threading.loopingcall [None req-5e19fb78-0697-4834-a227-90c32662cb66 None None] Fixed interval looping call 'neutron.plugins.ml2.plugin.DhcpAgentSchedulerDbMixin.remove_networks_from_down_agents' sleeping for 36.99 seconds {{(pid=104941) _run_loop /opt/stack/data/venv/lib/python3.12/site-packages/oslo_service/backend/_threading/loopingcall.py:125}}
Mar 06 03:24:40.850496 np0000158036 neutron-periodic-workers[104958]: DEBUG oslo.service.backend._threading.loopingcall [None req-5c4872aa-ca18-4d22-8df9-1c4c23b3de97 None None] Fixed interval looping call 'neutron.db.quota.driver_nolock.DbQuotaNoLockDriver._remove_expired_reservations' sleeping for 120.00 seconds {{(pid=104958) _run_loop /opt/stack/data/venv/lib/python3.12/site-packages/oslo_service/backend/_threading/loopingcall.py:125}}
Mar 06 03:24:50.821182 np0000158036 neutron-periodic-workers[104941]: DEBUG dbcounter [-] [104941] Writing DB stats neutron:SELECT=3 {{(pid=104941) stat_writer /opt/stack/data/venv/lib/python3.12/site-packages/dbcounter.py:115}}
Mar 06 03:24:50.849483 np0000158036 neutron-periodic-workers[104958]: DEBUG dbcounter [-] [104958] Writing DB stats neutron:DELETE=1 {{(pid=104958) stat_writer /opt/stack/data/venv/lib/python3.12/site-packages/dbcounter.py:115}}
Mar 06 03:24:51.827662 np0000158036 neutron-periodic-workers[104949]: DEBUG neutron.db.agents_db [None req-0775a64f-105c-4723-bd3e-f608efd1221e None None] Agent healthcheck: found 0 active agents {{(pid=104949) agent_health_check /opt/stack/neutron/neutron/db/agents_db.py:317}}
Mar 06 03:24:51.827662 np0000158036 neutron-periodic-workers[104949]: DEBUG oslo.service.backend._threading.loopingcall [None req-0775a64f-105c-4723-bd3e-f608efd1221e None None] Fixed interval looping call 'neutron.plugins.ml2.plugin.AgentDbMixin.agent_health_check' sleeping for 36.99 seconds {{(pid=104949) _run_loop /opt/stack/data/venv/lib/python3.12/site-packages/oslo_service/backend/_threading/loopingcall.py:125}}
Mar 06 03:25:01.826311 np0000158036 neutron-periodic-workers[104949]: DEBUG dbcounter [-] [104949] Writing DB stats neutron:SELECT=1 {{(pid=104949) stat_writer /opt/stack/data/venv/lib/python3.12/site-packages/dbcounter.py:115}}
Mar 06 03:25:17.821935 np0000158036 neutron-periodic-workers[104941]: DEBUG oslo.service.backend._threading.loopingcall [None req-5e19fb78-0697-4834-a227-90c32662cb66 None None] Fixed interval looping call 'neutron.plugins.ml2.plugin.DhcpAgentSchedulerDbMixin.remove_networks_from_down_agents' sleeping for 36.99 seconds {{(pid=104941) _run_loop /opt/stack/data/venv/lib/python3.12/site-packages/oslo_service/backend/_threading/loopingcall.py:125}}
Mar 06 03:25:27.821212 np0000158036 neutron-periodic-workers[104941]: DEBUG dbcounter [-] [104941] Writing DB stats neutron:SELECT=3 {{(pid=104941) stat_writer /opt/stack/data/venv/lib/python3.12/site-packages/dbcounter.py:115}}
Mar 06 03:25:28.824064 np0000158036 neutron-periodic-workers[104949]: DEBUG neutron.db.agents_db [None req-0775a64f-105c-4723-bd3e-f608efd1221e None None] Agent healthcheck: found 0 active agents {{(pid=104949) agent_health_check /opt/stack/neutron/neutron/db/agents_db.py:317}}
Mar 06 03:25:28.824654 np0000158036 neutron-periodic-workers[104949]: DEBUG oslo.service.backend._threading.loopingcall [None req-0775a64f-105c-4723-bd3e-f608efd1221e None None] Fixed interval looping call 'neutron.plugins.ml2.plugin.AgentDbMixin.agent_health_check' sleeping for 36.99 seconds {{(pid=104949) _run_loop /opt/stack/data/venv/lib/python3.12/site-packages/oslo_service/backend/_threading/loopingcall.py:125}}
Mar 06 03:25:38.821847 np0000158036 neutron-periodic-workers[104949]: DEBUG dbcounter [-] [104949] Writing DB stats neutron:SELECT=1 {{(pid=104949) stat_writer /opt/stack/data/venv/lib/python3.12/site-packages/dbcounter.py:115}}
Mar 06 03:25:54.828412 np0000158036 neutron-periodic-workers[104941]: DEBUG oslo.service.backend._threading.loopingcall [None req-5e19fb78-0697-4834-a227-90c32662cb66 None None] Fixed interval looping call 'neutron.plugins.ml2.plugin.DhcpAgentSchedulerDbMixin.remove_networks_from_down_agents' sleeping for 36.98 seconds {{(pid=104941) _run_loop /opt/stack/data/venv/lib/python3.12/site-packages/oslo_service/backend/_threading/loopingcall.py:125}}
Mar 06 03:26:04.828372 np0000158036 neutron-periodic-workers[104941]: DEBUG dbcounter [-] [104941] Writing DB stats neutron:SELECT=3 {{(pid=104941) stat_writer /opt/stack/data/venv/lib/python3.12/site-packages/dbcounter.py:115}}
Mar 06 03:26:05.819529 np0000158036 neutron-periodic-workers[104949]: DEBUG neutron.db.agents_db [None req-0775a64f-105c-4723-bd3e-f608efd1221e None None] Agent healthcheck: found 0 active agents {{(pid=104949) agent_health_check /opt/stack/neutron/neutron/db/agents_db.py:317}}
Mar 06 03:26:05.861585 np0000158036 neutron-periodic-workers[104949]: DEBUG oslo.service.backend._threading.loopingcall [None req-0775a64f-105c-4723-bd3e-f608efd1221e None None] Fixed interval looping call 'neutron.plugins.ml2.plugin.AgentDbMixin.agent_health_check' sleeping for 36.99 seconds {{(pid=104949) _run_loop /opt/stack/data/venv/lib/python3.12/site-packages/oslo_service/backend/_threading/loopingcall.py:125}}
Mar 06 03:26:15.817987 np0000158036 neutron-periodic-workers[104949]: DEBUG dbcounter [-] [104949] Writing DB stats neutron:SELECT=1 {{(pid=104949) stat_writer /opt/stack/data/venv/lib/python3.12/site-packages/dbcounter.py:115}}
Mar 06 03:26:31.817885 np0000158036 neutron-periodic-workers[104941]: DEBUG oslo.service.backend._threading.loopingcall [None req-5e19fb78-0697-4834-a227-90c32662cb66 None None] Fixed interval looping call 'neutron.plugins.ml2.plugin.DhcpAgentSchedulerDbMixin.remove_networks_from_down_agents' sleeping for 36.99 seconds {{(pid=104941) _run_loop /opt/stack/data/venv/lib/python3.12/site-packages/oslo_service/backend/_threading/loopingcall.py:125}}
Mar 06 03:26:40.856303 np0000158036 neutron-periodic-workers[104958]: DEBUG oslo.service.backend._threading.loopingcall [None req-5c4872aa-ca18-4d22-8df9-1c4c23b3de97 None None] Fixed interval looping call 'neutron.db.quota.driver_nolock.DbQuotaNoLockDriver._remove_expired_reservations' sleeping for 120.00 seconds {{(pid=104958) _run_loop /opt/stack/data/venv/lib/python3.12/site-packages/oslo_service/backend/_threading/loopingcall.py:125}}
Mar 06 03:26:41.816968 np0000158036 neutron-periodic-workers[104941]: DEBUG dbcounter [-] [104941] Writing DB stats neutron:SELECT=3 {{(pid=104941) stat_writer /opt/stack/data/venv/lib/python3.12/site-packages/dbcounter.py:115}}
Mar 06 03:26:42.816505 np0000158036 neutron-periodic-workers[104949]: DEBUG neutron.db.agents_db [None req-0775a64f-105c-4723-bd3e-f608efd1221e None None] Agent healthcheck: found 0 active agents {{(pid=104949) agent_health_check /opt/stack/neutron/neutron/db/agents_db.py:317}}
Mar 06 03:26:42.817595 np0000158036 neutron-periodic-workers[104949]: DEBUG oslo.service.backend._threading.loopingcall [None req-0775a64f-105c-4723-bd3e-f608efd1221e None None] Fixed interval looping call 'neutron.plugins.ml2.plugin.AgentDbMixin.agent_health_check' sleeping for 36.99 seconds {{(pid=104949) _run_loop /opt/stack/data/venv/lib/python3.12/site-packages/oslo_service/backend/_threading/loopingcall.py:125}}
Mar 06 03:26:50.855485 np0000158036 neutron-periodic-workers[104958]: DEBUG dbcounter [-] [104958] Writing DB stats neutron:DELETE=1 {{(pid=104958) stat_writer /opt/stack/data/venv/lib/python3.12/site-packages/dbcounter.py:115}}
Mar 06 03:26:52.814496 np0000158036 neutron-periodic-workers[104949]: DEBUG dbcounter [-] [104949] Writing DB stats neutron:SELECT=1 {{(pid=104949) stat_writer /opt/stack/data/venv/lib/python3.12/site-packages/dbcounter.py:115}}
Mar 06 03:27:08.818217 np0000158036 neutron-periodic-workers[104941]: DEBUG oslo.service.backend._threading.loopingcall [None req-5e19fb78-0697-4834-a227-90c32662cb66 None None] Fixed interval looping call 'neutron.plugins.ml2.plugin.DhcpAgentSchedulerDbMixin.remove_networks_from_down_agents' sleeping for 36.99 seconds {{(pid=104941) _run_loop /opt/stack/data/venv/lib/python3.12/site-packages/oslo_service/backend/_threading/loopingcall.py:125}}
Mar 06 03:27:18.817415 np0000158036 neutron-periodic-workers[104941]: DEBUG dbcounter [-] [104941] Writing DB stats neutron:SELECT=3 {{(pid=104941) stat_writer /opt/stack/data/venv/lib/python3.12/site-packages/dbcounter.py:115}}
Mar 06 03:27:19.812200 np0000158036 neutron-periodic-workers[104949]: DEBUG neutron.db.agents_db [None req-0775a64f-105c-4723-bd3e-f608efd1221e None None] Agent healthcheck: found 0 active agents {{(pid=104949) agent_health_check /opt/stack/neutron/neutron/db/agents_db.py:317}}
Mar 06 03:27:19.812200 np0000158036 neutron-periodic-workers[104949]: DEBUG oslo.service.backend._threading.loopingcall [None req-0775a64f-105c-4723-bd3e-f608efd1221e None None] Fixed interval looping call 'neutron.plugins.ml2.plugin.AgentDbMixin.agent_health_check' sleeping for 36.99 seconds {{(pid=104949) _run_loop /opt/stack/data/venv/lib/python3.12/site-packages/oslo_service/backend/_threading/loopingcall.py:125}}
Mar 06 03:27:29.811075 np0000158036 neutron-periodic-workers[104949]: DEBUG dbcounter [-] [104949] Writing DB stats neutron:SELECT=1 {{(pid=104949) stat_writer /opt/stack/data/venv/lib/python3.12/site-packages/dbcounter.py:115}}
Mar 06 03:27:45.817716 np0000158036 neutron-periodic-workers[104941]: DEBUG oslo.service.backend._threading.loopingcall [None req-5e19fb78-0697-4834-a227-90c32662cb66 None None] Fixed interval looping call 'neutron.plugins.ml2.plugin.DhcpAgentSchedulerDbMixin.remove_networks_from_down_agents' sleeping for 36.99 seconds {{(pid=104941) _run_loop /opt/stack/data/venv/lib/python3.12/site-packages/oslo_service/backend/_threading/loopingcall.py:125}}
Mar 06 03:27:55.816659 np0000158036 neutron-periodic-workers[104941]: DEBUG dbcounter [-] [104941] Writing DB stats neutron:SELECT=3 {{(pid=104941) stat_writer /opt/stack/data/venv/lib/python3.12/site-packages/dbcounter.py:115}}
Mar 06 03:27:56.808080 np0000158036 neutron-periodic-workers[104949]: DEBUG neutron.db.agents_db [None req-0775a64f-105c-4723-bd3e-f608efd1221e None None] Agent healthcheck: found 0 active agents {{(pid=104949) agent_health_check /opt/stack/neutron/neutron/db/agents_db.py:317}}
Mar 06 03:27:56.808780 np0000158036 neutron-periodic-workers[104949]: DEBUG oslo.service.backend._threading.loopingcall [None req-0775a64f-105c-4723-bd3e-f608efd1221e None None] Fixed interval looping call 'neutron.plugins.ml2.plugin.AgentDbMixin.agent_health_check' sleeping for 36.99 seconds {{(pid=104949) _run_loop /opt/stack/data/venv/lib/python3.12/site-packages/oslo_service/backend/_threading/loopingcall.py:125}}
Mar 06 03:28:02.882965 np0000158036 neutron-periodic-workers[104973]: DEBUG oslo.service.backend._threading.loopingcall [None req-c8e4290f-b30b-4cf1-99f9-d4a037e1bc23 None None] Fixed interval looping call 'neutron.services.ovn_l3.plugin.L3_NAT_dbonly_mixin._clean_garbage' sleeping for 299.99 seconds {{(pid=104973) _run_loop /opt/stack/data/venv/lib/python3.12/site-packages/oslo_service/backend/_threading/loopingcall.py:125}}
Mar 06 03:28:06.806359 np0000158036 neutron-periodic-workers[104949]: DEBUG dbcounter [-] [104949] Writing DB stats neutron:SELECT=1 {{(pid=104949) stat_writer /opt/stack/data/venv/lib/python3.12/site-packages/dbcounter.py:115}}
Mar 06 03:28:12.874866 np0000158036 neutron-periodic-workers[104973]: DEBUG dbcounter [-] [104973] Writing DB stats neutron:SELECT=1 {{(pid=104973) stat_writer /opt/stack/data/venv/lib/python3.12/site-packages/dbcounter.py:115}}
Mar 06 03:28:22.817395 np0000158036 neutron-periodic-workers[104941]: DEBUG oslo.service.backend._threading.loopingcall [None req-5e19fb78-0697-4834-a227-90c32662cb66 None None] Fixed interval looping call 'neutron.plugins.ml2.plugin.DhcpAgentSchedulerDbMixin.remove_networks_from_down_agents' sleeping for 36.99 seconds {{(pid=104941) _run_loop /opt/stack/data/venv/lib/python3.12/site-packages/oslo_service/backend/_threading/loopingcall.py:125}}
Mar 06 03:28:32.816393 np0000158036 neutron-periodic-workers[104941]: DEBUG dbcounter [-] [104941] Writing DB stats neutron:SELECT=3 {{(pid=104941) stat_writer /opt/stack/data/venv/lib/python3.12/site-packages/dbcounter.py:115}}
Mar 06 03:28:33.805222 np0000158036 neutron-periodic-workers[104949]: DEBUG neutron.db.agents_db [None req-0775a64f-105c-4723-bd3e-f608efd1221e None None] Agent healthcheck: found 0 active agents {{(pid=104949) agent_health_check /opt/stack/neutron/neutron/db/agents_db.py:317}}
Mar 06 03:28:33.805222 np0000158036 neutron-periodic-workers[104949]: DEBUG oslo.service.backend._threading.loopingcall [None req-0775a64f-105c-4723-bd3e-f608efd1221e None None] Fixed interval looping call 'neutron.plugins.ml2.plugin.AgentDbMixin.agent_health_check' sleeping for 37.00 seconds {{(pid=104949) _run_loop /opt/stack/data/venv/lib/python3.12/site-packages/oslo_service/backend/_threading/loopingcall.py:125}}
Mar 06 03:28:40.861496 np0000158036 neutron-periodic-workers[104958]: DEBUG oslo.service.backend._threading.loopingcall [None req-5c4872aa-ca18-4d22-8df9-1c4c23b3de97 None None] Fixed interval looping call 'neutron.db.quota.driver_nolock.DbQuotaNoLockDriver._remove_expired_reservations' sleeping for 120.00 seconds {{(pid=104958) _run_loop /opt/stack/data/venv/lib/python3.12/site-packages/oslo_service/backend/_threading/loopingcall.py:125}}
Mar 06 03:28:43.803204 np0000158036 neutron-periodic-workers[104949]: DEBUG dbcounter [-] [104949] Writing DB stats neutron:SELECT=1 {{(pid=104949) stat_writer /opt/stack/data/venv/lib/python3.12/site-packages/dbcounter.py:115}}
Mar 06 03:28:50.860219 np0000158036 neutron-periodic-workers[104958]: DEBUG dbcounter [-] [104958] Writing DB stats neutron:DELETE=1 {{(pid=104958) stat_writer /opt/stack/data/venv/lib/python3.12/site-packages/dbcounter.py:115}}
Mar 06 03:28:59.822061 np0000158036 neutron-periodic-workers[104941]: DEBUG oslo.service.backend._threading.loopingcall [None req-5e19fb78-0697-4834-a227-90c32662cb66 None None] Fixed interval looping call 'neutron.plugins.ml2.plugin.DhcpAgentSchedulerDbMixin.remove_networks_from_down_agents' sleeping for 36.99 seconds {{(pid=104941) _run_loop /opt/stack/data/venv/lib/python3.12/site-packages/oslo_service/backend/_threading/loopingcall.py:125}}
Mar 06 03:29:09.819032 np0000158036 neutron-periodic-workers[104941]: DEBUG dbcounter [-] [104941] Writing DB stats neutron:SELECT=3 {{(pid=104941) stat_writer /opt/stack/data/venv/lib/python3.12/site-packages/dbcounter.py:115}}
Mar 06 03:29:10.809778 np0000158036 neutron-periodic-workers[104949]: DEBUG neutron.db.agents_db [None req-0775a64f-105c-4723-bd3e-f608efd1221e None None] Agent healthcheck: found 0 active agents {{(pid=104949) agent_health_check /opt/stack/neutron/neutron/db/agents_db.py:317}}
Mar 06 03:29:10.810454 np0000158036 neutron-periodic-workers[104949]: DEBUG oslo.service.backend._threading.loopingcall [None req-0775a64f-105c-4723-bd3e-f608efd1221e None None] Fixed interval looping call 'neutron.plugins.ml2.plugin.AgentDbMixin.agent_health_check' sleeping for 36.99 seconds {{(pid=104949) _run_loop /opt/stack/data/venv/lib/python3.12/site-packages/oslo_service/backend/_threading/loopingcall.py:125}}
Mar 06 03:29:20.808305 np0000158036 neutron-periodic-workers[104949]: DEBUG dbcounter [-] [104949] Writing DB stats neutron:SELECT=1 {{(pid=104949) stat_writer /opt/stack/data/venv/lib/python3.12/site-packages/dbcounter.py:115}}
Mar 06 03:29:36.820769 np0000158036 neutron-periodic-workers[104941]: DEBUG oslo.service.backend._threading.loopingcall [None req-5e19fb78-0697-4834-a227-90c32662cb66 None None] Fixed interval looping call 'neutron.plugins.ml2.plugin.DhcpAgentSchedulerDbMixin.remove_networks_from_down_agents' sleeping for 36.99 seconds {{(pid=104941) _run_loop /opt/stack/data/venv/lib/python3.12/site-packages/oslo_service/backend/_threading/loopingcall.py:125}}
Mar 06 03:29:46.820256 np0000158036 neutron-periodic-workers[104941]: DEBUG dbcounter [-] [104941] Writing DB stats neutron:SELECT=3 {{(pid=104941) stat_writer /opt/stack/data/venv/lib/python3.12/site-packages/dbcounter.py:115}}
Mar 06 03:29:47.804756 np0000158036 neutron-periodic-workers[104949]: DEBUG neutron.db.agents_db [None req-0775a64f-105c-4723-bd3e-f608efd1221e None None] Agent healthcheck: found 0 active agents {{(pid=104949) agent_health_check /opt/stack/neutron/neutron/db/agents_db.py:317}}
Mar 06 03:29:47.805465 np0000158036 neutron-periodic-workers[104949]: DEBUG oslo.service.backend._threading.loopingcall [None req-0775a64f-105c-4723-bd3e-f608efd1221e None None] Fixed interval looping call 'neutron.plugins.ml2.plugin.AgentDbMixin.agent_health_check' sleeping for 37.00 seconds {{(pid=104949) _run_loop /opt/stack/data/venv/lib/python3.12/site-packages/oslo_service/backend/_threading/loopingcall.py:125}}
Mar 06 03:29:57.804402 np0000158036 neutron-periodic-workers[104949]: DEBUG dbcounter [-] [104949] Writing DB stats neutron:SELECT=1 {{(pid=104949) stat_writer /opt/stack/data/venv/lib/python3.12/site-packages/dbcounter.py:115}}
Mar 06 03:30:13.819723 np0000158036 neutron-periodic-workers[104941]: DEBUG oslo.service.backend._threading.loopingcall [None req-5e19fb78-0697-4834-a227-90c32662cb66 None None] Fixed interval looping call 'neutron.plugins.ml2.plugin.DhcpAgentSchedulerDbMixin.remove_networks_from_down_agents' sleeping for 36.99 seconds {{(pid=104941) _run_loop /opt/stack/data/venv/lib/python3.12/site-packages/oslo_service/backend/_threading/loopingcall.py:125}}
Mar 06 03:30:23.818792 np0000158036 neutron-periodic-workers[104941]: DEBUG dbcounter [-] [104941] Writing DB stats neutron:SELECT=3 {{(pid=104941) stat_writer /opt/stack/data/venv/lib/python3.12/site-packages/dbcounter.py:115}}
Mar 06 03:30:24.811991 np0000158036 neutron-periodic-workers[104949]: DEBUG neutron.db.agents_db [None req-0775a64f-105c-4723-bd3e-f608efd1221e None None] Agent healthcheck: found 0 active agents {{(pid=104949) agent_health_check /opt/stack/neutron/neutron/db/agents_db.py:317}}
Mar 06 03:30:24.811991 np0000158036 neutron-periodic-workers[104949]: DEBUG oslo.service.backend._threading.loopingcall [None req-0775a64f-105c-4723-bd3e-f608efd1221e None None] Fixed interval looping call 'neutron.plugins.ml2.plugin.AgentDbMixin.agent_health_check' sleeping for 37.00 seconds {{(pid=104949) _run_loop /opt/stack/data/venv/lib/python3.12/site-packages/oslo_service/backend/_threading/loopingcall.py:125}}
Mar 06 03:30:34.808314 np0000158036 neutron-periodic-workers[104949]: DEBUG dbcounter [-] [104949] Writing DB stats neutron:SELECT=1 {{(pid=104949) stat_writer /opt/stack/data/venv/lib/python3.12/site-packages/dbcounter.py:115}}
Mar 06 03:30:40.868240 np0000158036 neutron-periodic-workers[104958]: DEBUG oslo.service.backend._threading.loopingcall [None req-5c4872aa-ca18-4d22-8df9-1c4c23b3de97 None None] Fixed interval looping call 'neutron.db.quota.driver_nolock.DbQuotaNoLockDriver._remove_expired_reservations' sleeping for 119.99 seconds {{(pid=104958) _run_loop /opt/stack/data/venv/lib/python3.12/site-packages/oslo_service/backend/_threading/loopingcall.py:125}}
Mar 06 03:30:50.816068 np0000158036 neutron-periodic-workers[104941]: DEBUG oslo.service.backend._threading.loopingcall [None req-5e19fb78-0697-4834-a227-90c32662cb66 None None] Fixed interval looping call 'neutron.plugins.ml2.plugin.DhcpAgentSchedulerDbMixin.remove_networks_from_down_agents' sleeping for 36.99 seconds {{(pid=104941) _run_loop /opt/stack/data/venv/lib/python3.12/site-packages/oslo_service/backend/_threading/loopingcall.py:125}}
Mar 06 03:30:50.867646 np0000158036 neutron-periodic-workers[104958]: DEBUG dbcounter [-] [104958] Writing DB stats neutron:DELETE=1 {{(pid=104958) stat_writer /opt/stack/data/venv/lib/python3.12/site-packages/dbcounter.py:115}}
Mar 06 03:31:00.815410 np0000158036 neutron-periodic-workers[104941]: DEBUG dbcounter [-] [104941] Writing DB stats neutron:SELECT=3 {{(pid=104941) stat_writer /opt/stack/data/venv/lib/python3.12/site-packages/dbcounter.py:115}}
Mar 06 03:31:01.816507 np0000158036 neutron-periodic-workers[104949]: DEBUG neutron.db.agents_db [None req-0775a64f-105c-4723-bd3e-f608efd1221e None None] Agent healthcheck: found 0 active agents {{(pid=104949) agent_health_check /opt/stack/neutron/neutron/db/agents_db.py:317}}
Mar 06 03:31:01.817438 np0000158036 neutron-periodic-workers[104949]: DEBUG oslo.service.backend._threading.loopingcall [None req-0775a64f-105c-4723-bd3e-f608efd1221e None None] Fixed interval looping call 'neutron.plugins.ml2.plugin.AgentDbMixin.agent_health_check' sleeping for 36.99 seconds {{(pid=104949) _run_loop /opt/stack/data/venv/lib/python3.12/site-packages/oslo_service/backend/_threading/loopingcall.py:125}}
Mar 06 03:31:11.814364 np0000158036 neutron-periodic-workers[104949]: DEBUG dbcounter [-] [104949] Writing DB stats neutron:SELECT=1 {{(pid=104949) stat_writer /opt/stack/data/venv/lib/python3.12/site-packages/dbcounter.py:115}}
Mar 06 03:31:27.811532 np0000158036 neutron-periodic-workers[104941]: DEBUG oslo.service.backend._threading.loopingcall [None req-5e19fb78-0697-4834-a227-90c32662cb66 None None] Fixed interval looping call 'neutron.plugins.ml2.plugin.DhcpAgentSchedulerDbMixin.remove_networks_from_down_agents' sleeping for 36.99 seconds {{(pid=104941) _run_loop /opt/stack/data/venv/lib/python3.12/site-packages/oslo_service/backend/_threading/loopingcall.py:125}}
Mar 06 03:31:37.813579 np0000158036 neutron-periodic-workers[104941]: DEBUG dbcounter [-] [104941] Writing DB stats neutron:SELECT=3 {{(pid=104941) stat_writer /opt/stack/data/venv/lib/python3.12/site-packages/dbcounter.py:115}}
Mar 06 03:31:38.810906 np0000158036 neutron-periodic-workers[104949]: DEBUG neutron.db.agents_db [None req-0775a64f-105c-4723-bd3e-f608efd1221e None None] Agent healthcheck: found 0 active agents {{(pid=104949) agent_health_check /opt/stack/neutron/neutron/db/agents_db.py:317}}
Mar 06 03:31:38.811586 np0000158036 neutron-periodic-workers[104949]: DEBUG oslo.service.backend._threading.loopingcall [None req-0775a64f-105c-4723-bd3e-f608efd1221e None None] Fixed interval looping call 'neutron.plugins.ml2.plugin.AgentDbMixin.agent_health_check' sleeping for 37.00 seconds {{(pid=104949) _run_loop /opt/stack/data/venv/lib/python3.12/site-packages/oslo_service/backend/_threading/loopingcall.py:125}}
Mar 06 03:31:48.810405 np0000158036 neutron-periodic-workers[104949]: DEBUG dbcounter [-] [104949] Writing DB stats neutron:SELECT=1 {{(pid=104949) stat_writer /opt/stack/data/venv/lib/python3.12/site-packages/dbcounter.py:115}}
Mar 06 03:32:04.811055 np0000158036 neutron-periodic-workers[104941]: DEBUG oslo.service.backend._threading.loopingcall [None req-5e19fb78-0697-4834-a227-90c32662cb66 None None] Fixed interval looping call 'neutron.plugins.ml2.plugin.DhcpAgentSchedulerDbMixin.remove_networks_from_down_agents' sleeping for 36.99 seconds {{(pid=104941) _run_loop /opt/stack/data/venv/lib/python3.12/site-packages/oslo_service/backend/_threading/loopingcall.py:125}}
Mar 06 03:32:14.864068 np0000158036 neutron-periodic-workers[104941]: DEBUG dbcounter [-] [104941] Writing DB stats neutron:SELECT=3 {{(pid=104941) stat_writer /opt/stack/data/venv/lib/python3.12/site-packages/dbcounter.py:115}}
Mar 06 03:32:15.818966 np0000158036 neutron-periodic-workers[104949]: DEBUG neutron.db.agents_db [None req-0775a64f-105c-4723-bd3e-f608efd1221e None None] Agent healthcheck: found 0 active agents {{(pid=104949) agent_health_check /opt/stack/neutron/neutron/db/agents_db.py:317}}
