Jun 16 01:35:00.777511 np0000180628 devstack@neutron-api.service[103555]: DEBUG neutron.common.ovn.hash_ring_manager [None req-581013dd-baf4-41b2-b31e-8b775ebbedab None None] Hash Ring loaded. 3 active nodes. 0 offline nodes {{(pid=103555) _load_hash_ring /opt/stack/neutron/neutron/common/ovn/hash_ring_manager.py:102}}
Jun 16 01:35:00.777913 np0000180628 devstack@neutron-api.service[103556]: DEBUG neutron.api.extensions [None req-a59b3260-11a1-4d84-ad7c-dac6cd77c226 None None] Extended resource: flavors {{(pid=103556) __init__ /opt/stack/neutron/neutron/api/extensions.py:156}}
Jun 16 01:35:00.778655 np0000180628 devstack@neutron-api.service[103556]: DEBUG neutron.api.extensions [None req-a59b3260-11a1-4d84-ad7c-dac6cd77c226 None None] Extended resource: service_profiles {{(pid=103556) __init__ /opt/stack/neutron/neutron/api/extensions.py:156}}
Jun 16 01:35:00.779130 np0000180628 devstack@neutron-api.service[103556]: DEBUG neutron.api.extensions [None req-a59b3260-11a1-4d84-ad7c-dac6cd77c226 None None] Extended resource: next_providers {{(pid=103556) __init__ /opt/stack/neutron/neutron/api/extensions.py:156}}
Jun 16 01:35:00.779915 np0000180628 devstack@neutron-api.service[103556]: DEBUG neutron.api.extensions [None req-a59b3260-11a1-4d84-ad7c-dac6cd77c226 None None] Extended resource: service_profiles {{(pid=103556) __init__ /opt/stack/neutron/neutron/api/extensions.py:156}}
Jun 16 01:35:00.780698 np0000180628 devstack@neutron-api.service[103556]: DEBUG neutron.api.extensions [None req-a59b3260-11a1-4d84-ad7c-dac6cd77c226 None None] Extended resource: floatingip-pools {{(pid=103556) __init__ /opt/stack/neutron/neutron/api/extensions.py:156}}
Jun 16 01:35:00.781279 np0000180628 devstack@neutron-api.service[103556]: DEBUG neutron.api.extensions [None req-a59b3260-11a1-4d84-ad7c-dac6cd77c226 None None] Extended resource: routers {{(pid=103556) __init__ /opt/stack/neutron/neutron/api/extensions.py:156}}
Jun 16 01:35:00.782410 np0000180628 devstack@neutron-api.service[103556]: DEBUG neutron.api.extensions [None req-a59b3260-11a1-4d84-ad7c-dac6cd77c226 None None] Extended resource: floatingips {{(pid=103556) __init__ /opt/stack/neutron/neutron/api/extensions.py:156}}
Jun 16 01:35:00.783069 np0000180628 devstack@neutron-api.service[103556]: DEBUG neutron.api.extensions [None req-a59b3260-11a1-4d84-ad7c-dac6cd77c226 None None] Extended resource: l3-routers {{(pid=103556) __init__ /opt/stack/neutron/neutron/api/extensions.py:156}}
Jun 16 01:35:00.783750 np0000180628 devstack@neutron-api.service[103556]: DEBUG neutron.api.extensions [None req-a59b3260-11a1-4d84-ad7c-dac6cd77c226 None None] Extended resource: l3-agents {{(pid=103556) __init__ /opt/stack/neutron/neutron/api/extensions.py:156}}
Jun 16 01:35:00.784484 np0000180628 devstack@neutron-api.service[103556]: DEBUG neutron.api.extensions [None req-a59b3260-11a1-4d84-ad7c-dac6cd77c226 None None] Extended resource: network-ip-availabilities {{(pid=103556) __init__ /opt/stack/neutron/neutron/api/extensions.py:156}}
Jun 16 01:35:00.785046 np0000180628 devstack@neutron-api.service[103558]: DEBUG neutron.common.ovn.hash_ring_manager [None req-d5c55147-1523-40eb-85d4-9ec2f67a2ab5 None None] Disallow caching, nodes 3<4 {{(pid=103558) _wait_startup_before_caching /opt/stack/neutron/neutron/common/ovn/hash_ring_manager.py:72}}
Jun 16 01:35:00.785125 np0000180628 devstack@neutron-api.service[103556]: DEBUG neutron.api.extensions [None req-a59b3260-11a1-4d84-ad7c-dac6cd77c226 None None] Extended resource: network-ip-availabilities {{(pid=103556) __init__ /opt/stack/neutron/neutron/api/extensions.py:156}}
Jun 16 01:35:00.785298 np0000180628 devstack@neutron-api.service[103555]: DEBUG neutron.common.ovn.hash_ring_manager [None req-581013dd-baf4-41b2-b31e-8b775ebbedab None None] Hash Ring loaded. 3 active nodes. 0 offline nodes {{(pid=103555) _load_hash_ring /opt/stack/neutron/neutron/common/ovn/hash_ring_manager.py:102}}
Jun 16 01:35:00.785612 np0000180628 devstack@neutron-api.service[103556]: DEBUG neutron.api.extensions [None req-a59b3260-11a1-4d84-ad7c-dac6cd77c226 None None] Extended resource: bindings {{(pid=103556) __init__ /opt/stack/neutron/neutron/api/extensions.py:156}}
Jun 16 01:35:00.786442 np0000180628 devstack@neutron-api.service[103556]: DEBUG neutron.api.extensions [None req-a59b3260-11a1-4d84-ad7c-dac6cd77c226 None None] Extended resource: quotas {{(pid=103556) __init__ /opt/stack/neutron/neutron/api/extensions.py:156}}
Jun 16 01:35:00.787185 np0000180628 devstack@neutron-api.service[103556]: DEBUG neutron.api.extensions [None req-a59b3260-11a1-4d84-ad7c-dac6cd77c226 None None] Extended resource: quotas {{(pid=103556) __init__ /opt/stack/neutron/neutron/api/extensions.py:156}}
Jun 16 01:35:00.787896 np0000180628 devstack@neutron-api.service[103556]: DEBUG neutron.api.extensions [None req-a59b3260-11a1-4d84-ad7c-dac6cd77c226 None None] Extended resource: rbac-policies {{(pid=103556) __init__ /opt/stack/neutron/neutron/api/extensions.py:156}}
Jun 16 01:35:00.788702 np0000180628 devstack@neutron-api.service[103556]: DEBUG neutron.api.extensions [None req-a59b3260-11a1-4d84-ad7c-dac6cd77c226 None None] Extended resource: default-security-group-rules {{(pid=103556) __init__ /opt/stack/neutron/neutron/api/extensions.py:156}}
Jun 16 01:35:00.789294 np0000180628 devstack@neutron-api.service[103556]: DEBUG neutron.api.extensions [None req-a59b3260-11a1-4d84-ad7c-dac6cd77c226 None None] Extended resource: security-groups {{(pid=103556) __init__ /opt/stack/neutron/neutron/api/extensions.py:156}}
Jun 16 01:35:00.789809 np0000180628 devstack@neutron-api.service[103556]: DEBUG neutron.api.extensions [None req-a59b3260-11a1-4d84-ad7c-dac6cd77c226 None None] Extended resource: security-group-rules {{(pid=103556) __init__ /opt/stack/neutron/neutron/api/extensions.py:156}}
Jun 16 01:35:00.790759 np0000180628 devstack@neutron-api.service[103558]: DEBUG neutron.common.ovn.hash_ring_manager [None req-d5c55147-1523-40eb-85d4-9ec2f67a2ab5 None None] Hash Ring loaded. 3 active nodes. 0 offline nodes {{(pid=103558) _load_hash_ring /opt/stack/neutron/neutron/common/ovn/hash_ring_manager.py:102}}
Jun 16 01:35:00.791008 np0000180628 devstack@neutron-api.service[103558]: DEBUG neutron.plugins.ml2.drivers.ovn.mech_driver.ovsdb.ovsdb_monitor [None req-d5c55147-1523-40eb-85d4-9ec2f67a2ab5 None None] Hash Ring: Node 7763e860021c5928a1f0f68c34fc3494 (host: np0000180628) handling event "create" for row 4495e717-4681-4dbf-99ad-05af72c43ae6 (table: ACL) {{(pid=103558) notify /opt/stack/neutron/neutron/plugins/ml2/drivers/ovn/mech_driver/ovsdb/ovsdb_monitor.py:1015}}
Jun 16 01:35:00.791149 np0000180628 devstack@neutron-api.service[103556]: DEBUG neutron.api.extensions [None req-a59b3260-11a1-4d84-ad7c-dac6cd77c226 None None] Extended resource: service-providers {{(pid=103556) __init__ /opt/stack/neutron/neutron/api/extensions.py:156}}
Jun 16 01:35:00.791415 np0000180628 devstack@neutron-api.service[103555]: DEBUG neutron.common.ovn.hash_ring_manager [None req-581013dd-baf4-41b2-b31e-8b775ebbedab None None] Hash Ring loaded. 3 active nodes. 0 offline nodes {{(pid=103555) _load_hash_ring /opt/stack/neutron/neutron/common/ovn/hash_ring_manager.py:102}}
Jun 16 01:35:00.791588 np0000180628 devstack@neutron-api.service[103555]: DEBUG neutron.plugins.ml2.drivers.ovn.mech_driver.ovsdb.ovsdb_monitor [None req-581013dd-baf4-41b2-b31e-8b775ebbedab None None] Hash Ring: Node 6337b815d4a15a76aa033b40dd483619 (host: np0000180628) handling event "create" for row 555e50b1-3412-4064-8880-8e07c6afa00b (table: Connection) {{(pid=103555) notify /opt/stack/neutron/neutron/plugins/ml2/drivers/ovn/mech_driver/ovsdb/ovsdb_monitor.py:1015}}
Jun 16 01:35:00.792158 np0000180628 devstack@neutron-api.service[103556]: DEBUG neutron.api.extensions [None req-a59b3260-11a1-4d84-ad7c-dac6cd77c226 None None] Extended resource: subnetpools {{(pid=103556) __init__ /opt/stack/neutron/neutron/api/extensions.py:156}}
Jun 16 01:35:00.793618 np0000180628 devstack@neutron-api.service[103556]: DEBUG neutron.api.extensions [None req-a59b3260-11a1-4d84-ad7c-dac6cd77c226 None None] Extended resource: subnetpools {{(pid=103556) __init__ /opt/stack/neutron/neutron/api/extensions.py:156}}
Jun 16 01:35:00.795253 np0000180628 devstack@neutron-api.service[103556]: DEBUG neutron.api.extensions [None req-a59b3260-11a1-4d84-ad7c-dac6cd77c226 None None] Extended resource: tags {{(pid=103556) __init__ /opt/stack/neutron/neutron/api/extensions.py:156}}
Jun 16 01:35:00.796009 np0000180628 devstack@neutron-api.service[103558]: DEBUG neutron.common.ovn.hash_ring_manager [None req-d5c55147-1523-40eb-85d4-9ec2f67a2ab5 None None] Hash Ring loaded. 3 active nodes. 0 offline nodes {{(pid=103558) _load_hash_ring /opt/stack/neutron/neutron/common/ovn/hash_ring_manager.py:102}}
Jun 16 01:35:00.796158 np0000180628 devstack@neutron-api.service[103558]: DEBUG neutron.plugins.ml2.drivers.ovn.mech_driver.ovsdb.ovsdb_monitor [None req-d5c55147-1523-40eb-85d4-9ec2f67a2ab5 None None] Hash Ring: Node 7763e860021c5928a1f0f68c34fc3494 (host: np0000180628) handling event "create" for row 55cd871d-45e8-44f4-a338-1741322751fa (table: ACL) {{(pid=103558) notify /opt/stack/neutron/neutron/plugins/ml2/drivers/ovn/mech_driver/ovsdb/ovsdb_monitor.py:1015}}
Jun 16 01:35:00.796333 np0000180628 devstack@neutron-api.service[103556]: DEBUG neutron.api.extensions [None req-a59b3260-11a1-4d84-ad7c-dac6cd77c226 None None] Extended resource: tags {{(pid=103556) __init__ /opt/stack/neutron/neutron/api/extensions.py:156}}
Jun 16 01:35:00.797175 np0000180628 devstack@neutron-api.service[103556]: DEBUG neutron.api.extensions [None req-a59b3260-11a1-4d84-ad7c-dac6cd77c226 None None] Extended resource: tags {{(pid=103556) __init__ /opt/stack/neutron/neutron/api/extensions.py:156}}
Jun 16 01:35:00.797587 np0000180628 devstack@neutron-api.service[103555]: DEBUG neutron.common.ovn.hash_ring_manager [None req-581013dd-baf4-41b2-b31e-8b775ebbedab None None] Hash Ring loaded. 3 active nodes. 0 offline nodes {{(pid=103555) _load_hash_ring /opt/stack/neutron/neutron/common/ovn/hash_ring_manager.py:102}}
Jun 16 01:35:00.798109 np0000180628 devstack@neutron-api.service[103556]: DEBUG neutron.api.extensions [None req-a59b3260-11a1-4d84-ad7c-dac6cd77c226 None None] Extended resource: tags {{(pid=103556) __init__ /opt/stack/neutron/neutron/api/extensions.py:156}}
Jun 16 01:35:00.799022 np0000180628 devstack@neutron-api.service[103556]: DEBUG neutron.api.extensions [None req-a59b3260-11a1-4d84-ad7c-dac6cd77c226 None None] Extended resource: tags {{(pid=103556) __init__ /opt/stack/neutron/neutron/api/extensions.py:156}}
Jun 16 01:35:00.799966 np0000180628 devstack@neutron-api.service[103556]: DEBUG neutron.api.extensions [None req-a59b3260-11a1-4d84-ad7c-dac6cd77c226 None None] Extended resource: tags {{(pid=103556) __init__ /opt/stack/neutron/neutron/api/extensions.py:156}}
Jun 16 01:35:00.800790 np0000180628 devstack@neutron-api.service[103556]: DEBUG neutron.api.extensions [None req-a59b3260-11a1-4d84-ad7c-dac6cd77c226 None None] Extended resource: tags {{(pid=103556) __init__ /opt/stack/neutron/neutron/api/extensions.py:156}}
Jun 16 01:35:00.801711 np0000180628 devstack@neutron-api.service[103556]: DEBUG neutron.api.extensions [None req-a59b3260-11a1-4d84-ad7c-dac6cd77c226 None None] Extended resource: tags {{(pid=103556) __init__ /opt/stack/neutron/neutron/api/extensions.py:156}}
Jun 16 01:35:00.801902 np0000180628 devstack@neutron-api.service[103558]: DEBUG neutron.common.ovn.hash_ring_manager [None req-d5c55147-1523-40eb-85d4-9ec2f67a2ab5 None None] Hash Ring loaded. 3 active nodes. 0 offline nodes {{(pid=103558) _load_hash_ring /opt/stack/neutron/neutron/common/ovn/hash_ring_manager.py:102}}
Jun 16 01:35:00.802055 np0000180628 devstack@neutron-api.service[103558]: DEBUG neutron.plugins.ml2.drivers.ovn.mech_driver.ovsdb.ovsdb_monitor [None req-d5c55147-1523-40eb-85d4-9ec2f67a2ab5 None None] Hash Ring: Node 7763e860021c5928a1f0f68c34fc3494 (host: np0000180628) handling event "create" for row 88a187d3-0d99-4f81-ad28-15b0b49ec24e (table: ACL) {{(pid=103558) notify /opt/stack/neutron/neutron/plugins/ml2/drivers/ovn/mech_driver/ovsdb/ovsdb_monitor.py:1015}}
Jun 16 01:35:00.802661 np0000180628 devstack@neutron-api.service[103556]: DEBUG neutron.api.extensions [None req-a59b3260-11a1-4d84-ad7c-dac6cd77c226 None None] Extended resource: tags {{(pid=103556) __init__ /opt/stack/neutron/neutron/api/extensions.py:156}}
Jun 16 01:35:00.803490 np0000180628 devstack@neutron-api.service[103556]: DEBUG neutron.api.extensions [None req-a59b3260-11a1-4d84-ad7c-dac6cd77c226 None None] Extended resource: tags {{(pid=103556) __init__ /opt/stack/neutron/neutron/api/extensions.py:156}}
Jun 16 01:35:00.803559 np0000180628 devstack@neutron-api.service[103555]: DEBUG neutron.common.ovn.hash_ring_manager [None req-581013dd-baf4-41b2-b31e-8b775ebbedab None None] Hash Ring loaded. 3 active nodes. 0 offline nodes {{(pid=103555) _load_hash_ring /opt/stack/neutron/neutron/common/ovn/hash_ring_manager.py:102}}
Jun 16 01:35:00.807973 np0000180628 devstack@neutron-api.service[103558]: DEBUG neutron.common.ovn.hash_ring_manager [None req-d5c55147-1523-40eb-85d4-9ec2f67a2ab5 None None] Hash Ring loaded. 3 active nodes. 0 offline nodes {{(pid=103558) _load_hash_ring /opt/stack/neutron/neutron/common/ovn/hash_ring_manager.py:102}}
Jun 16 01:35:00.811728 np0000180628 devstack@neutron-api.service[103555]: DEBUG neutron.common.ovn.hash_ring_manager [None req-581013dd-baf4-41b2-b31e-8b775ebbedab None None] Hash Ring loaded. 3 active nodes. 0 offline nodes {{(pid=103555) _load_hash_ring /opt/stack/neutron/neutron/common/ovn/hash_ring_manager.py:102}}
Jun 16 01:35:00.811848 np0000180628 devstack@neutron-api.service[103555]: DEBUG neutron.plugins.ml2.drivers.ovn.mech_driver.ovsdb.ovsdb_monitor [None req-581013dd-baf4-41b2-b31e-8b775ebbedab None None] Hash Ring: Node 6337b815d4a15a76aa033b40dd483619 (host: np0000180628) handling event "create" for row 38bca186-02c9-4531-82d5-86797d0542b0 (table: Port_Group) {{(pid=103555) notify /opt/stack/neutron/neutron/plugins/ml2/drivers/ovn/mech_driver/ovsdb/ovsdb_monitor.py:1015}}
Jun 16 01:35:00.814757 np0000180628 devstack@neutron-api.service[103556]: DEBUG neutron_lib.callbacks.manager [None req-a59b3260-11a1-4d84-ad7c-dac6cd77c226 None None] Publish callbacks ['neutron.plugins.ml2.drivers.ovn.mech_driver.mech_driver.OVNMechanismDriver.pre_fork_initialize-1909266'] for process (None), before_spawn {{(pid=103556) _notify_loop /opt/stack/data/venv/lib/python3.12/site-packages/neutron_lib/callbacks/manager.py:184}}
Jun 16 01:35:00.814979 np0000180628 devstack@neutron-api.service[103558]: DEBUG neutron.common.ovn.hash_ring_manager [None req-d5c55147-1523-40eb-85d4-9ec2f67a2ab5 None None] Hash Ring loaded. 3 active nodes. 0 offline nodes {{(pid=103558) _load_hash_ring /opt/stack/neutron/neutron/common/ovn/hash_ring_manager.py:102}}
Jun 16 01:35:00.815246 np0000180628 devstack@neutron-api.service[103556]: DEBUG oslo_concurrency.processutils [None req-a59b3260-11a1-4d84-ad7c-dac6cd77c226 None None] Running cmd (subprocess): ovsdb-client transact ssl:199.204.45.144:6641 --timeout 180 -p /opt/stack/data/CA/int-ca/private/devstack-cert.key -c /opt/stack/data/CA/int-ca/devstack-cert.crt -C /opt/stack/data/CA/int-ca/ca-chain.pem ["OVN_Northbound", {"op": "wait", "timeout": 0, "table": "Port_Group", "where": [["name", "==", "neutron_pg_drop"]], "until": "==", "rows": []}, {"op": "insert", "table": "ACL", "row": {"action": "drop", "direction": "to-lport", "match": "outport == @neutron_pg_drop && ip", "priority": 1001}, "uuid-name": "droptoport"}, {"op": "insert", "table": "ACL", "row": {"action": "drop", "direction": "from-lport", "match": "inport == @neutron_pg_drop && ip", "priority": 1001}, "uuid-name": "dropfromport"}, {"op": "insert", "table": "Port_Group", "row": {"name": "neutron_pg_drop", "acls": ["set", [["named-uuid", "droptoport"], ["named-uuid", "dropfromport"]]]}}] {{(pid=103556) execute /opt/stack/data/venv/lib/python3.12/site-packages/oslo_concurrency/processutils.py:440}}
Jun 16 01:35:00.817297 np0000180628 devstack@neutron-api.service[103555]: DEBUG neutron.common.ovn.hash_ring_manager [None req-581013dd-baf4-41b2-b31e-8b775ebbedab None None] Hash Ring loaded. 3 active nodes. 0 offline nodes {{(pid=103555) _load_hash_ring /opt/stack/neutron/neutron/common/ovn/hash_ring_manager.py:102}}
Jun 16 01:35:00.817387 np0000180628 devstack@neutron-api.service[103555]: DEBUG neutron.plugins.ml2.drivers.ovn.mech_driver.ovsdb.ovsdb_monitor [None req-581013dd-baf4-41b2-b31e-8b775ebbedab None None] Hash Ring: Node 6337b815d4a15a76aa033b40dd483619 (host: np0000180628) handling event "create" for row d812dfba-b679-4046-83cf-f177bff0d0ad (table: SSL) {{(pid=103555) notify /opt/stack/neutron/neutron/plugins/ml2/drivers/ovn/mech_driver/ovsdb/ovsdb_monitor.py:1015}}
Jun 16 01:35:00.818390 np0000180628 devstack@neutron-api.service[103555]: INFO neutron.plugins.ml2.drivers.ovn.mech_driver.ovsdb.impl_idl_ovn [None req-581013dd-baf4-41b2-b31e-8b775ebbedab None None] Getting OvsdbSbOvnIdl for WorkerService with retry
Jun 16 01:35:00.820200 np0000180628 devstack@neutron-api.service[103558]: DEBUG neutron.common.ovn.hash_ring_manager [None req-d5c55147-1523-40eb-85d4-9ec2f67a2ab5 None None] Hash Ring loaded. 3 active nodes. 0 offline nodes {{(pid=103558) _load_hash_ring /opt/stack/neutron/neutron/common/ovn/hash_ring_manager.py:102}}
Jun 16 01:35:00.820338 np0000180628 devstack@neutron-api.service[103558]: DEBUG neutron.plugins.ml2.drivers.ovn.mech_driver.ovsdb.ovsdb_monitor [None req-d5c55147-1523-40eb-85d4-9ec2f67a2ab5 None None] Hash Ring: Node 7763e860021c5928a1f0f68c34fc3494 (host: np0000180628) handling event "create" for row 43fadee6-c031-4531-93ea-677177fad2f6 (table: NB_Global) {{(pid=103558) notify /opt/stack/neutron/neutron/plugins/ml2/drivers/ovn/mech_driver/ovsdb/ovsdb_monitor.py:1015}}
Jun 16 01:35:00.825440 np0000180628 devstack@neutron-api.service[103558]: DEBUG neutron.common.ovn.hash_ring_manager [None req-d5c55147-1523-40eb-85d4-9ec2f67a2ab5 None None] Hash Ring loaded. 3 active nodes. 0 offline nodes {{(pid=103558) _load_hash_ring /opt/stack/neutron/neutron/common/ovn/hash_ring_manager.py:102}}
Jun 16 01:35:00.825579 np0000180628 devstack@neutron-api.service[103558]: DEBUG neutron.plugins.ml2.drivers.ovn.mech_driver.ovsdb.ovsdb_monitor [None req-d5c55147-1523-40eb-85d4-9ec2f67a2ab5 None None] Hash Ring: Node 7763e860021c5928a1f0f68c34fc3494 (host: np0000180628) handling event "create" for row 178e02e5-c1e9-4907-86f7-07c7440fdf78 (table: Port_Group) {{(pid=103558) notify /opt/stack/neutron/neutron/plugins/ml2/drivers/ovn/mech_driver/ovsdb/ovsdb_monitor.py:1015}}
Jun 16 01:35:00.830586 np0000180628 devstack@neutron-api.service[103558]: DEBUG neutron.common.ovn.hash_ring_manager [None req-d5c55147-1523-40eb-85d4-9ec2f67a2ab5 None None] Hash Ring loaded. 3 active nodes. 0 offline nodes {{(pid=103558) _load_hash_ring /opt/stack/neutron/neutron/common/ovn/hash_ring_manager.py:102}}
Jun 16 01:35:00.835482 np0000180628 devstack@neutron-api.service[103558]: DEBUG neutron.common.ovn.hash_ring_manager [None req-d5c55147-1523-40eb-85d4-9ec2f67a2ab5 None None] Hash Ring loaded. 3 active nodes. 0 offline nodes {{(pid=103558) _load_hash_ring /opt/stack/neutron/neutron/common/ovn/hash_ring_manager.py:102}}
Jun 16 01:35:00.836651 np0000180628 devstack@neutron-api.service[103558]: INFO neutron.plugins.ml2.drivers.ovn.mech_driver.ovsdb.impl_idl_ovn [None req-d5c55147-1523-40eb-85d4-9ec2f67a2ab5 None None] Getting OvsdbSbOvnIdl for WorkerService with retry
Jun 16 01:35:00.850922 np0000180628 devstack@neutron-api.service[103556]: DEBUG oslo_concurrency.processutils [None req-a59b3260-11a1-4d84-ad7c-dac6cd77c226 None None] CMD "ovsdb-client transact ssl:199.204.45.144:6641 --timeout 180 -p /opt/stack/data/CA/int-ca/private/devstack-cert.key -c /opt/stack/data/CA/int-ca/devstack-cert.crt -C /opt/stack/data/CA/int-ca/ca-chain.pem ["OVN_Northbound", {"op": "wait", "timeout": 0, "table": "Port_Group", "where": [["name", "==", "neutron_pg_drop"]], "until": "==", "rows": []}, {"op": "insert", "table": "ACL", "row": {"action": "drop", "direction": "to-lport", "match": "outport == @neutron_pg_drop && ip", "priority": 1001}, "uuid-name": "droptoport"}, {"op": "insert", "table": "ACL", "row": {"action": "drop", "direction": "from-lport", "match": "inport == @neutron_pg_drop && ip", "priority": 1001}, "uuid-name": "dropfromport"}, {"op": "insert", "table": "Port_Group", "row": {"name": "neutron_pg_drop", "acls": ["set", [["named-uuid", "droptoport"], ["named-uuid", "dropfromport"]]]}}]" returned: 0 in 0.035s {{(pid=103556) execute /opt/stack/data/venv/lib/python3.12/site-packages/oslo_concurrency/processutils.py:468}}
Jun 16 01:35:00.851610 np0000180628 devstack@neutron-api.service[103555]: DEBUG ovsdbapp.backend.ovs_idl [None req-581013dd-baf4-41b2-b31e-8b775ebbedab None None] Created lookup_table index Chassis.name {{(pid=103555) autocreate_indices /opt/stack/data/venv/lib/python3.12/site-packages/ovsdbapp/backend/ovs_idl/__init__.py:87}}
Jun 16 01:35:00.851664 np0000180628 devstack@neutron-api.service[103556]: DEBUG neutron_lib.callbacks.manager [None req-a59b3260-11a1-4d84-ad7c-dac6cd77c226 None None] Publish callbacks ['neutron.plugins.ml2.drivers.ovn.mech_driver.mech_driver.OVNMechanismDriver.post_fork_initialize-1909370', 'neutron.services.pvlan.drivers.ovn.driver._initialize_pvlan_pg_drop-8709777370726', 'neutron.services.ovn_l3.plugin.OVNL3RouterPlugin._post_fork_initialize-22925'] for process (None), after_init {{(pid=103556) _notify_loop /opt/stack/data/venv/lib/python3.12/site-packages/neutron_lib/callbacks/manager.py:184}}
Jun 16 01:35:00.851767 np0000180628 devstack@neutron-api.service[103555]: DEBUG ovsdbapp.backend.ovs_idl [None req-581013dd-baf4-41b2-b31e-8b775ebbedab None None] Created lookup_table index Port_Binding.logical_port {{(pid=103555) autocreate_indices /opt/stack/data/venv/lib/python3.12/site-packages/ovsdbapp/backend/ovs_idl/__init__.py:87}}
Jun 16 01:35:00.851931 np0000180628 devstack@neutron-api.service[103555]: DEBUG ovsdbapp.backend.ovs_idl [None req-581013dd-baf4-41b2-b31e-8b775ebbedab None None] Created schema index Chassis_Private.name {{(pid=103555) autocreate_indices /opt/stack/data/venv/lib/python3.12/site-packages/ovsdbapp/backend/ovs_idl/__init__.py:106}}
Jun 16 01:35:00.852065 np0000180628 devstack@neutron-api.service[103555]: DEBUG ovsdbapp.backend.ovs_idl [None req-581013dd-baf4-41b2-b31e-8b775ebbedab None None] Created schema index Datapath_Binding.tunnel_key {{(pid=103555) autocreate_indices /opt/stack/data/venv/lib/python3.12/site-packages/ovsdbapp/backend/ovs_idl/__init__.py:106}}
Jun 16 01:35:00.852366 np0000180628 devstack@neutron-api.service[103556]: DEBUG oslo_concurrency.lockutils [None req-a59b3260-11a1-4d84-ad7c-dac6cd77c226 None None] Acquiring lock "singleton_lock" {{(pid=103556) lock /opt/stack/data/venv/lib/python3.12/site-packages/oslo_concurrency/lockutils.py:395}}
Jun 16 01:35:00.852623 np0000180628 devstack@neutron-api.service[103556]: DEBUG oslo_concurrency.lockutils [None req-a59b3260-11a1-4d84-ad7c-dac6cd77c226 None None] Acquired lock "singleton_lock" {{(pid=103556) lock /opt/stack/data/venv/lib/python3.12/site-packages/oslo_concurrency/lockutils.py:398}}
Jun 16 01:35:00.853110 np0000180628 devstack@neutron-api.service[103556]: DEBUG oslo_concurrency.lockutils [None req-a59b3260-11a1-4d84-ad7c-dac6cd77c226 None None] Releasing lock "singleton_lock" {{(pid=103556) lock /opt/stack/data/venv/lib/python3.12/site-packages/oslo_concurrency/lockutils.py:418}}
Jun 16 01:35:00.854003 np0000180628 devstack@neutron-api.service[103555]: INFO ovsdbapp.backend.ovs_idl.vlog [None req-581013dd-baf4-41b2-b31e-8b775ebbedab None None] ssl:199.204.45.144:6642: connecting...
Jun 16 01:35:00.856327 np0000180628 devstack@neutron-api.service[103556]: DEBUG neutron.plugins.ml2.drivers.ovn.mech_driver.mech_driver [None req-a59b3260-11a1-4d84-ad7c-dac6cd77c226 None None] Hash Ring setup using WSGI start time 2026-06-16 01:34:53+00:00 {{(pid=103556) _init_hash_ring /opt/stack/neutron/neutron/plugins/ml2/drivers/ovn/mech_driver/mech_driver.py:404}}
Jun 16 01:35:00.858297 np0000180628 devstack@neutron-api.service[103555]: INFO ovsdbapp.backend.ovs_idl.vlog [None req-581013dd-baf4-41b2-b31e-8b775ebbedab None None] ssl:199.204.45.144:6642: connected
Jun 16 01:35:00.864988 np0000180628 devstack@neutron-api.service[103556]: INFO neutron.db.ovn_hash_ring_db [None req-a59b3260-11a1-4d84-ad7c-dac6cd77c226 None None] Nodes from host "np0000180628" and group "mechanism_driver" removed from the Hash Ring created at 2026-06-16 01:34:53+00:00
Jun 16 01:35:00.865272 np0000180628 devstack@neutron-api.service[103558]: DEBUG ovsdbapp.backend.ovs_idl [None req-d5c55147-1523-40eb-85d4-9ec2f67a2ab5 None None] Created lookup_table index Chassis.name {{(pid=103558) autocreate_indices /opt/stack/data/venv/lib/python3.12/site-packages/ovsdbapp/backend/ovs_idl/__init__.py:87}}
Jun 16 01:35:00.865352 np0000180628 devstack@neutron-api.service[103558]: DEBUG ovsdbapp.backend.ovs_idl [None req-d5c55147-1523-40eb-85d4-9ec2f67a2ab5 None None] Created lookup_table index Port_Binding.logical_port {{(pid=103558) autocreate_indices /opt/stack/data/venv/lib/python3.12/site-packages/ovsdbapp/backend/ovs_idl/__init__.py:87}}
Jun 16 01:35:00.865459 np0000180628 devstack@neutron-api.service[103558]: DEBUG ovsdbapp.backend.ovs_idl [None req-d5c55147-1523-40eb-85d4-9ec2f67a2ab5 None None] Created schema index Chassis_Private.name {{(pid=103558) autocreate_indices /opt/stack/data/venv/lib/python3.12/site-packages/ovsdbapp/backend/ovs_idl/__init__.py:106}}
Jun 16 01:35:00.865548 np0000180628 devstack@neutron-api.service[103558]: DEBUG ovsdbapp.backend.ovs_idl [None req-d5c55147-1523-40eb-85d4-9ec2f67a2ab5 None None] Created schema index Datapath_Binding.tunnel_key {{(pid=103558) autocreate_indices /opt/stack/data/venv/lib/python3.12/site-packages/ovsdbapp/backend/ovs_idl/__init__.py:106}}
Jun 16 01:35:00.867395 np0000180628 devstack@neutron-api.service[103558]: INFO ovsdbapp.backend.ovs_idl.vlog [None req-d5c55147-1523-40eb-85d4-9ec2f67a2ab5 None None] ssl:199.204.45.144:6642: connecting...
Jun 16 01:35:00.869277 np0000180628 devstack@neutron-api.service[103556]: INFO neutron.db.ovn_hash_ring_db [None req-a59b3260-11a1-4d84-ad7c-dac6cd77c226 None None] Node 8547efb35eb65795903d28588d2fa716 from host "np0000180628" and group "mechanism_driver" added to the Hash Ring
Jun 16 01:35:00.872783 np0000180628 devstack@neutron-api.service[103558]: INFO ovsdbapp.backend.ovs_idl.vlog [None req-d5c55147-1523-40eb-85d4-9ec2f67a2ab5 None None] ssl:199.204.45.144:6642: connected
Jun 16 01:35:00.873362 np0000180628 devstack@neutron-api.service[103556]: DEBUG neutron.plugins.ml2.drivers.ovn.mech_driver.mech_driver [None req-a59b3260-11a1-4d84-ad7c-dac6cd77c226 None None] Hash Ring setup, this worker has detected 4 OVN hash ring registers in the database {{(pid=103556) _init_hash_ring /opt/stack/neutron/neutron/plugins/ml2/drivers/ovn/mech_driver/mech_driver.py:414}}
Jun 16 01:35:00.879691 np0000180628 devstack@neutron-api.service[103556]: DEBUG neutron.plugins.ml2.drivers.ovn.mech_driver.ovsdb.maintenance [None req-a59b3260-11a1-4d84-ad7c-dac6cd77c226 None None] Periodic task found: HashRingHealthCheckPeriodics.touch_hash_ring_node {{(pid=103556) add_periodics /opt/stack/neutron/neutron/plugins/ml2/drivers/ovn/mech_driver/ovsdb/maintenance.py:146}}
Jun 16 01:35:00.881000 np0000180628 devstack@neutron-api.service[103556]: INFO neutron.plugins.ml2.drivers.ovn.mech_driver.mech_driver [None req-a59b3260-11a1-4d84-ad7c-dac6cd77c226 None None] Hash Ring probing thread for node 8547efb35eb65795903d28588d2fa716 has started
Jun 16 01:35:00.881730 np0000180628 devstack@neutron-api.service[103556]: INFO neutron.plugins.ml2.drivers.ovn.mech_driver.ovsdb.impl_idl_ovn [None req-a59b3260-11a1-4d84-ad7c-dac6cd77c226 None None] Getting OvsdbNbOvnIdl for WorkerService with retry
Jun 16 01:35:00.890020 np0000180628 devstack@neutron-api.service[103555]: DEBUG neutron.common.ovn.hash_ring_manager [None req-581013dd-baf4-41b2-b31e-8b775ebbedab None None] Allow caching, nodes 4>=4 {{(pid=103555) _wait_startup_before_caching /opt/stack/neutron/neutron/common/ovn/hash_ring_manager.py:65}}
Jun 16 01:35:00.894754 np0000180628 devstack@neutron-api.service[103555]: DEBUG neutron.common.ovn.hash_ring_manager [None req-581013dd-baf4-41b2-b31e-8b775ebbedab None None] Hash Ring loaded. 4 active nodes. 0 offline nodes {{(pid=103555) _load_hash_ring /opt/stack/neutron/neutron/common/ovn/hash_ring_manager.py:102}}
Jun 16 01:35:00.894893 np0000180628 devstack@neutron-api.service[103555]: DEBUG neutron.plugins.ml2.drivers.ovn.mech_driver.ovsdb.ovsdb_monitor [None req-581013dd-baf4-41b2-b31e-8b775ebbedab None None] ChassisAgentWriteEvent : Matched Chassis_Private, create, None None {{(pid=103555) matches /opt/stack/neutron/neutron/plugins/ml2/drivers/ovn/mech_driver/ovsdb/ovsdb_monitor.py:64}}
Jun 16 01:35:00.895106 np0000180628 devstack@neutron-api.service[103555]: DEBUG neutron.plugins.ml2.drivers.ovn.mech_driver.ovsdb.ovsdb_monitor [None req-581013dd-baf4-41b2-b31e-8b775ebbedab None None] ChassisOVNAgentWriteEvent : Matched Chassis_Private, create, None None {{(pid=103555) matches /opt/stack/neutron/neutron/plugins/ml2/drivers/ovn/mech_driver/ovsdb/ovsdb_monitor.py:64}}
Jun 16 01:35:00.897834 np0000180628 devstack@neutron-api.service[103555]: INFO neutron.plugins.ml2.drivers.ovn.mech_driver.mech_driver [None req-581013dd-baf4-41b2-b31e-8b775ebbedab None None] WorkerService process has finished the post initialization
Jun 16 01:35:00.898141 np0000180628 devstack@neutron-api.service[103555]: DEBUG oslo_concurrency.processutils [None req-581013dd-baf4-41b2-b31e-8b775ebbedab None None] Running cmd (subprocess): ovsdb-client transact ssl:199.204.45.144:6641 --timeout 180 -p /opt/stack/data/CA/int-ca/private/devstack-cert.key -c /opt/stack/data/CA/int-ca/devstack-cert.crt -C /opt/stack/data/CA/int-ca/ca-chain.pem ["OVN_Northbound", {"op": "wait", "timeout": 0, "table": "Port_Group", "where": [["name", "==", "pvlan_pg_drop"]], "until": "==", "rows": []}, {"op": "insert", "table": "ACL", "row": {"action": "drop", "direction": "to-lport", "match": "outport == @pvlan_pg_drop && ip", "priority": 1010}, "uuid-name": "pvlandroptoport"}, {"op": "insert", "table": "ACL", "row": {"action": "drop", "direction": "from-lport", "match": "inport == @pvlan_pg_drop && ip", "priority": 1010}, "uuid-name": "pvlandropfromport"}, {"op": "insert", "table": "Port_Group", "row": {"name": "pvlan_pg_drop", "acls": ["set", [["named-uuid", "pvlandroptoport"], ["named-uuid", "pvlandropfromport"]]]}}] {{(pid=103555) execute /opt/stack/data/venv/lib/python3.12/site-packages/oslo_concurrency/processutils.py:440}}
Jun 16 01:35:00.902344 np0000180628 devstack@neutron-api.service[103558]: DEBUG neutron.common.ovn.hash_ring_manager [None req-d5c55147-1523-40eb-85d4-9ec2f67a2ab5 None None] Allow caching, nodes 4>=4 {{(pid=103558) _wait_startup_before_caching /opt/stack/neutron/neutron/common/ovn/hash_ring_manager.py:65}}
Jun 16 01:35:00.905993 np0000180628 devstack@neutron-api.service[103558]: DEBUG neutron.common.ovn.hash_ring_manager [None req-d5c55147-1523-40eb-85d4-9ec2f67a2ab5 None None] Hash Ring loaded. 4 active nodes. 0 offline nodes {{(pid=103558) _load_hash_ring /opt/stack/neutron/neutron/common/ovn/hash_ring_manager.py:102}}
Jun 16 01:35:00.906178 np0000180628 devstack@neutron-api.service[103558]: DEBUG neutron.plugins.ml2.drivers.ovn.mech_driver.ovsdb.ovsdb_monitor [None req-d5c55147-1523-40eb-85d4-9ec2f67a2ab5 None None] ChassisOVNAgentWriteEvent : Matched Chassis_Private, create, None None {{(pid=103558) matches /opt/stack/neutron/neutron/plugins/ml2/drivers/ovn/mech_driver/ovsdb/ovsdb_monitor.py:64}}
Jun 16 01:35:00.906279 np0000180628 devstack@neutron-api.service[103558]: DEBUG neutron.plugins.ml2.drivers.ovn.mech_driver.ovsdb.ovsdb_monitor [None req-d5c55147-1523-40eb-85d4-9ec2f67a2ab5 None None] ChassisAgentWriteEvent : Matched Chassis_Private, create, None None {{(pid=103558) matches /opt/stack/neutron/neutron/plugins/ml2/drivers/ovn/mech_driver/ovsdb/ovsdb_monitor.py:64}}
Jun 16 01:35:00.907330 np0000180628 devstack@neutron-api.service[103558]: INFO neutron.plugins.ml2.drivers.ovn.mech_driver.mech_driver [None req-d5c55147-1523-40eb-85d4-9ec2f67a2ab5 None None] WorkerService process has finished the post initialization
Jun 16 01:35:00.907624 np0000180628 devstack@neutron-api.service[103558]: DEBUG oslo_concurrency.processutils [None req-d5c55147-1523-40eb-85d4-9ec2f67a2ab5 None None] Running cmd (subprocess): ovsdb-client transact ssl:199.204.45.144:6641 --timeout 180 -p /opt/stack/data/CA/int-ca/private/devstack-cert.key -c /opt/stack/data/CA/int-ca/devstack-cert.crt -C /opt/stack/data/CA/int-ca/ca-chain.pem ["OVN_Northbound", {"op": "wait", "timeout": 0, "table": "Port_Group", "where": [["name", "==", "pvlan_pg_drop"]], "until": "==", "rows": []}, {"op": "insert", "table": "ACL", "row": {"action": "drop", "direction": "to-lport", "match": "outport == @pvlan_pg_drop && ip", "priority": 1010}, "uuid-name": "pvlandroptoport"}, {"op": "insert", "table": "ACL", "row": {"action": "drop", "direction": "from-lport", "match": "inport == @pvlan_pg_drop && ip", "priority": 1010}, "uuid-name": "pvlandropfromport"}, {"op": "insert", "table": "Port_Group", "row": {"name": "pvlan_pg_drop", "acls": ["set", [["named-uuid", "pvlandroptoport"], ["named-uuid", "pvlandropfromport"]]]}}] {{(pid=103558) execute /opt/stack/data/venv/lib/python3.12/site-packages/oslo_concurrency/processutils.py:440}}
Jun 16 01:35:00.924466 np0000180628 devstack@neutron-api.service[103556]: DEBUG ovsdbapp.backend.ovs_idl [None req-a59b3260-11a1-4d84-ad7c-dac6cd77c226 None None] Created lookup_table index Logical_Switch.name {{(pid=103556) autocreate_indices /opt/stack/data/venv/lib/python3.12/site-packages/ovsdbapp/backend/ovs_idl/__init__.py:87}}
Jun 16 01:35:00.924466 np0000180628 devstack@neutron-api.service[103556]: DEBUG ovsdbapp.backend.ovs_idl [None req-a59b3260-11a1-4d84-ad7c-dac6cd77c226 None None] Created lookup_table index Logical_Router.name {{(pid=103556) autocreate_indices /opt/stack/data/venv/lib/python3.12/site-packages/ovsdbapp/backend/ovs_idl/__init__.py:87}}
Jun 16 01:35:00.924466 np0000180628 devstack@neutron-api.service[103556]: DEBUG ovsdbapp.backend.ovs_idl [None req-a59b3260-11a1-4d84-ad7c-dac6cd77c226 None None] Created lookup_table index Load_Balancer.name {{(pid=103556) autocreate_indices /opt/stack/data/venv/lib/python3.12/site-packages/ovsdbapp/backend/ovs_idl/__init__.py:87}}
Jun 16 01:35:00.924466 np0000180628 devstack@neutron-api.service[103556]: DEBUG ovsdbapp.backend.ovs_idl [None req-a59b3260-11a1-4d84-ad7c-dac6cd77c226 None None] Created schema index Copp.name {{(pid=103556) autocreate_indices /opt/stack/data/venv/lib/python3.12/site-packages/ovsdbapp/backend/ovs_idl/__init__.py:106}}
Jun 16 01:35:00.924466 np0000180628 devstack@neutron-api.service[103556]: DEBUG ovsdbapp.backend.ovs_idl [None req-a59b3260-11a1-4d84-ad7c-dac6cd77c226 None None] Created schema index Meter.name {{(pid=103556) autocreate_indices /opt/stack/data/venv/lib/python3.12/site-packages/ovsdbapp/backend/ovs_idl/__init__.py:106}}
Jun 16 01:35:00.924466 np0000180628 devstack@neutron-api.service[103556]: DEBUG ovsdbapp.backend.ovs_idl [None req-a59b3260-11a1-4d84-ad7c-dac6cd77c226 None None] Created schema index Load_Balancer_Group.name {{(pid=103556) autocreate_indices /opt/stack/data/venv/lib/python3.12/site-packages/ovsdbapp/backend/ovs_idl/__init__.py:106}}
Jun 16 01:35:00.924688 np0000180628 devstack@neutron-api.service[103556]: DEBUG ovsdbapp.backend.ovs_idl [None req-a59b3260-11a1-4d84-ad7c-dac6cd77c226 None None] Created schema index HA_Chassis_Group.name {{(pid=103556) autocreate_indices /opt/stack/data/venv/lib/python3.12/site-packages/ovsdbapp/backend/ovs_idl/__init__.py:106}}
Jun 16 01:35:00.924688 np0000180628 devstack@neutron-api.service[103556]: DEBUG ovsdbapp.backend.ovs_idl [None req-a59b3260-11a1-4d84-ad7c-dac6cd77c226 None None] Created schema index Address_Set.name {{(pid=103556) autocreate_indices /opt/stack/data/venv/lib/python3.12/site-packages/ovsdbapp/backend/ovs_idl/__init__.py:106}}
Jun 16 01:35:00.924688 np0000180628 devstack@neutron-api.service[103556]: DEBUG ovsdbapp.backend.ovs_idl [None req-a59b3260-11a1-4d84-ad7c-dac6cd77c226 None None] Created schema index Connection.target {{(pid=103556) autocreate_indices /opt/stack/data/venv/lib/python3.12/site-packages/ovsdbapp/backend/ovs_idl/__init__.py:106}}
Jun 16 01:35:00.924688 np0000180628 devstack@neutron-api.service[103556]: DEBUG ovsdbapp.backend.ovs_idl [None req-a59b3260-11a1-4d84-ad7c-dac6cd77c226 None None] Created schema index Gateway_Chassis.name {{(pid=103556) autocreate_indices /opt/stack/data/venv/lib/python3.12/site-packages/ovsdbapp/backend/ovs_idl/__init__.py:106}}
Jun 16 01:35:00.924688 np0000180628 devstack@neutron-api.service[103556]: DEBUG ovsdbapp.backend.ovs_idl [None req-a59b3260-11a1-4d84-ad7c-dac6cd77c226 None None] Created schema index Mirror.name {{(pid=103556) autocreate_indices /opt/stack/data/venv/lib/python3.12/site-packages/ovsdbapp/backend/ovs_idl/__init__.py:106}}
Jun 16 01:35:00.924688 np0000180628 devstack@neutron-api.service[103556]: DEBUG ovsdbapp.backend.ovs_idl [None req-a59b3260-11a1-4d84-ad7c-dac6cd77c226 None None] Created schema index Chassis_Template_Var.chassis {{(pid=103556) autocreate_indices /opt/stack/data/venv/lib/python3.12/site-packages/ovsdbapp/backend/ovs_idl/__init__.py:106}}
Jun 16 01:35:00.924906 np0000180628 devstack@neutron-api.service[103556]: DEBUG ovsdbapp.backend.ovs_idl [None req-a59b3260-11a1-4d84-ad7c-dac6cd77c226 None None] Created schema index Logical_Router_Port.name {{(pid=103556) autocreate_indices /opt/stack/data/venv/lib/python3.12/site-packages/ovsdbapp/backend/ovs_idl/__init__.py:106}}
Jun 16 01:35:00.924906 np0000180628 devstack@neutron-api.service[103556]: DEBUG ovsdbapp.backend.ovs_idl [None req-a59b3260-11a1-4d84-ad7c-dac6cd77c226 None None] Created schema index Port_Group.name {{(pid=103556) autocreate_indices /opt/stack/data/venv/lib/python3.12/site-packages/ovsdbapp/backend/ovs_idl/__init__.py:106}}
Jun 16 01:35:00.924906 np0000180628 devstack@neutron-api.service[103556]: DEBUG ovsdbapp.backend.ovs_idl [None req-a59b3260-11a1-4d84-ad7c-dac6cd77c226 None None] Created schema index Logical_Switch_Port.name {{(pid=103556) autocreate_indices /opt/stack/data/venv/lib/python3.12/site-packages/ovsdbapp/backend/ovs_idl/__init__.py:106}}
Jun 16 01:35:00.926987 np0000180628 devstack@neutron-api.service[103556]: INFO ovsdbapp.backend.ovs_idl.vlog [None req-a59b3260-11a1-4d84-ad7c-dac6cd77c226 None None] ssl:199.204.45.144:6641: connecting...
Jun 16 01:35:00.934958 np0000180628 devstack@neutron-api.service[103556]: INFO ovsdbapp.backend.ovs_idl.vlog [None req-a59b3260-11a1-4d84-ad7c-dac6cd77c226 None None] ssl:199.204.45.144:6641: connected
Jun 16 01:35:00.941431 np0000180628 devstack@neutron-api.service[103555]: DEBUG oslo_concurrency.processutils [None req-581013dd-baf4-41b2-b31e-8b775ebbedab None None] CMD "ovsdb-client transact ssl:199.204.45.144:6641 --timeout 180 -p /opt/stack/data/CA/int-ca/private/devstack-cert.key -c /opt/stack/data/CA/int-ca/devstack-cert.crt -C /opt/stack/data/CA/int-ca/ca-chain.pem ["OVN_Northbound", {"op": "wait", "timeout": 0, "table": "Port_Group", "where": [["name", "==", "pvlan_pg_drop"]], "until": "==", "rows": []}, {"op": "insert", "table": "ACL", "row": {"action": "drop", "direction": "to-lport", "match": "outport == @pvlan_pg_drop && ip", "priority": 1010}, "uuid-name": "pvlandroptoport"}, {"op": "insert", "table": "ACL", "row": {"action": "drop", "direction": "from-lport", "match": "inport == @pvlan_pg_drop && ip", "priority": 1010}, "uuid-name": "pvlandropfromport"}, {"op": "insert", "table": "Port_Group", "row": {"name": "pvlan_pg_drop", "acls": ["set", [["named-uuid", "pvlandroptoport"], ["named-uuid", "pvlandropfromport"]]]}}]" returned: 0 in 0.042s {{(pid=103555) execute /opt/stack/data/venv/lib/python3.12/site-packages/oslo_concurrency/processutils.py:468}}
Jun 16 01:35:00.945680 np0000180628 devstack@neutron-api.service[103555]: WSGI app 0 (mountpoint='') ready in 7 seconds on interpreter 0x7ebe7a4a3668 pid: 103555 (default app)
Jun 16 01:35:00.952975 np0000180628 devstack@neutron-api.service[103558]: DEBUG oslo_concurrency.processutils [None req-d5c55147-1523-40eb-85d4-9ec2f67a2ab5 None None] CMD "ovsdb-client transact ssl:199.204.45.144:6641 --timeout 180 -p /opt/stack/data/CA/int-ca/private/devstack-cert.key -c /opt/stack/data/CA/int-ca/devstack-cert.crt -C /opt/stack/data/CA/int-ca/ca-chain.pem ["OVN_Northbound", {"op": "wait", "timeout": 0, "table": "Port_Group", "where": [["name", "==", "pvlan_pg_drop"]], "until": "==", "rows": []}, {"op": "insert", "table": "ACL", "row": {"action": "drop", "direction": "to-lport", "match": "outport == @pvlan_pg_drop && ip", "priority": 1010}, "uuid-name": "pvlandroptoport"}, {"op": "insert", "table": "ACL", "row": {"action": "drop", "direction": "from-lport", "match": "inport == @pvlan_pg_drop && ip", "priority": 1010}, "uuid-name": "pvlandropfromport"}, {"op": "insert", "table": "Port_Group", "row": {"name": "pvlan_pg_drop", "acls": ["set", [["named-uuid", "pvlandroptoport"], ["named-uuid", "pvlandropfromport"]]]}}]" returned: 0 in 0.045s {{(pid=103558) execute /opt/stack/data/venv/lib/python3.12/site-packages/oslo_concurrency/processutils.py:468}}
Jun 16 01:35:00.956538 np0000180628 devstack@neutron-api.service[103558]: WSGI app 0 (mountpoint='') ready in 7 seconds on interpreter 0x7ebe7a4a3668 pid: 103558 (default app)
Jun 16 01:35:00.972600 np0000180628 devstack@neutron-api.service[103556]: DEBUG neutron.common.ovn.hash_ring_manager [None req-a59b3260-11a1-4d84-ad7c-dac6cd77c226 None None] Allow caching, nodes 4>=4 {{(pid=103556) _wait_startup_before_caching /opt/stack/neutron/neutron/common/ovn/hash_ring_manager.py:65}}
Jun 16 01:35:00.979834 np0000180628 devstack@neutron-api.service[103556]: DEBUG neutron.common.ovn.hash_ring_manager [None req-a59b3260-11a1-4d84-ad7c-dac6cd77c226 None None] Hash Ring loaded. 4 active nodes. 0 offline nodes {{(pid=103556) _load_hash_ring /opt/stack/neutron/neutron/common/ovn/hash_ring_manager.py:102}}
Jun 16 01:35:00.980252 np0000180628 devstack@neutron-api.service[103556]: DEBUG neutron.plugins.ml2.drivers.ovn.mech_driver.ovsdb.ovsdb_monitor [None req-a59b3260-11a1-4d84-ad7c-dac6cd77c226 None None] Hash Ring: Node 8547efb35eb65795903d28588d2fa716 (host: np0000180628) handling event "create" for row 38bca186-02c9-4531-82d5-86797d0542b0 (table: Port_Group) {{(pid=103556) notify /opt/stack/neutron/neutron/plugins/ml2/drivers/ovn/mech_driver/ovsdb/ovsdb_monitor.py:1015}}
Jun 16 01:35:00.980351 np0000180628 devstack@neutron-api.service[103556]: DEBUG neutron.plugins.ml2.drivers.ovn.mech_driver.ovsdb.ovsdb_monitor [None req-a59b3260-11a1-4d84-ad7c-dac6cd77c226 None None] Hash Ring: Node 8547efb35eb65795903d28588d2fa716 (host: np0000180628) handling event "create" for row d812dfba-b679-4046-83cf-f177bff0d0ad (table: SSL) {{(pid=103556) notify /opt/stack/neutron/neutron/plugins/ml2/drivers/ovn/mech_driver/ovsdb/ovsdb_monitor.py:1015}}
Jun 16 01:35:00.981562 np0000180628 devstack@neutron-api.service[103556]: INFO neutron.plugins.ml2.drivers.ovn.mech_driver.ovsdb.impl_idl_ovn [None req-a59b3260-11a1-4d84-ad7c-dac6cd77c226 None None] Getting OvsdbSbOvnIdl for WorkerService with retry
Jun 16 01:35:01.015261 np0000180628 devstack@neutron-api.service[103556]: DEBUG ovsdbapp.backend.ovs_idl [None req-a59b3260-11a1-4d84-ad7c-dac6cd77c226 None None] Created lookup_table index Chassis.name {{(pid=103556) autocreate_indices /opt/stack/data/venv/lib/python3.12/site-packages/ovsdbapp/backend/ovs_idl/__init__.py:87}}
Jun 16 01:35:01.015261 np0000180628 devstack@neutron-api.service[103556]: DEBUG ovsdbapp.backend.ovs_idl [None req-a59b3260-11a1-4d84-ad7c-dac6cd77c226 None None] Created lookup_table index Port_Binding.logical_port {{(pid=103556) autocreate_indices /opt/stack/data/venv/lib/python3.12/site-packages/ovsdbapp/backend/ovs_idl/__init__.py:87}}
Jun 16 01:35:01.015261 np0000180628 devstack@neutron-api.service[103556]: DEBUG ovsdbapp.backend.ovs_idl [None req-a59b3260-11a1-4d84-ad7c-dac6cd77c226 None None] Created schema index Chassis_Private.name {{(pid=103556) autocreate_indices /opt/stack/data/venv/lib/python3.12/site-packages/ovsdbapp/backend/ovs_idl/__init__.py:106}}
Jun 16 01:35:01.015261 np0000180628 devstack@neutron-api.service[103556]: DEBUG ovsdbapp.backend.ovs_idl [None req-a59b3260-11a1-4d84-ad7c-dac6cd77c226 None None] Created schema index Datapath_Binding.tunnel_key {{(pid=103556) autocreate_indices /opt/stack/data/venv/lib/python3.12/site-packages/ovsdbapp/backend/ovs_idl/__init__.py:106}}
Jun 16 01:35:01.017560 np0000180628 devstack@neutron-api.service[103556]: INFO ovsdbapp.backend.ovs_idl.vlog [None req-a59b3260-11a1-4d84-ad7c-dac6cd77c226 None None] ssl:199.204.45.144:6642: connecting...
Jun 16 01:35:01.023089 np0000180628 devstack@neutron-api.service[103556]: INFO ovsdbapp.backend.ovs_idl.vlog [None req-a59b3260-11a1-4d84-ad7c-dac6cd77c226 None None] ssl:199.204.45.144:6642: connected
Jun 16 01:35:01.051423 np0000180628 devstack@neutron-api.service[103556]: DEBUG neutron.common.ovn.hash_ring_manager [None req-a59b3260-11a1-4d84-ad7c-dac6cd77c226 None None] Allow caching, nodes 4>=4 {{(pid=103556) _wait_startup_before_caching /opt/stack/neutron/neutron/common/ovn/hash_ring_manager.py:65}}
Jun 16 01:35:01.055384 np0000180628 devstack@neutron-api.service[103556]: DEBUG neutron.common.ovn.hash_ring_manager [None req-a59b3260-11a1-4d84-ad7c-dac6cd77c226 None None] Hash Ring loaded. 4 active nodes. 0 offline nodes {{(pid=103556) _load_hash_ring /opt/stack/neutron/neutron/common/ovn/hash_ring_manager.py:102}}
Jun 16 01:35:01.055594 np0000180628 devstack@neutron-api.service[103556]: DEBUG neutron.plugins.ml2.drivers.ovn.mech_driver.ovsdb.ovsdb_monitor [None req-a59b3260-11a1-4d84-ad7c-dac6cd77c226 None None] ChassisOVNAgentWriteEvent : Matched Chassis_Private, create, None None {{(pid=103556) matches /opt/stack/neutron/neutron/plugins/ml2/drivers/ovn/mech_driver/ovsdb/ovsdb_monitor.py:64}}
Jun 16 01:35:01.055695 np0000180628 devstack@neutron-api.service[103556]: DEBUG neutron.plugins.ml2.drivers.ovn.mech_driver.ovsdb.ovsdb_monitor [None req-a59b3260-11a1-4d84-ad7c-dac6cd77c226 None None] ChassisAgentWriteEvent : Matched Chassis_Private, create, None None {{(pid=103556) matches /opt/stack/neutron/neutron/plugins/ml2/drivers/ovn/mech_driver/ovsdb/ovsdb_monitor.py:64}}
Jun 16 01:35:01.056058 np0000180628 devstack@neutron-api.service[103556]: DEBUG neutron.plugins.ml2.drivers.ovn.mech_driver.ovsdb.ovsdb_monitor [None req-a59b3260-11a1-4d84-ad7c-dac6cd77c226 None None] Hash Ring: Node 8547efb35eb65795903d28588d2fa716 (host: np0000180628) handling event "create" for row f6219ba0-fab8-42e2-b702-6cfd818ced07 (table: Encap) {{(pid=103556) notify /opt/stack/neutron/neutron/plugins/ml2/drivers/ovn/mech_driver/ovsdb/ovsdb_monitor.py:1015}}
Jun 16 01:35:01.058439 np0000180628 devstack@neutron-api.service[103556]: INFO neutron.plugins.ml2.drivers.ovn.mech_driver.mech_driver [None req-a59b3260-11a1-4d84-ad7c-dac6cd77c226 None None] WorkerService process has finished the post initialization
Jun 16 01:35:01.058754 np0000180628 devstack@neutron-api.service[103556]: DEBUG oslo_concurrency.processutils [None req-a59b3260-11a1-4d84-ad7c-dac6cd77c226 None None] Running cmd (subprocess): ovsdb-client transact ssl:199.204.45.144:6641 --timeout 180 -p /opt/stack/data/CA/int-ca/private/devstack-cert.key -c /opt/stack/data/CA/int-ca/devstack-cert.crt -C /opt/stack/data/CA/int-ca/ca-chain.pem ["OVN_Northbound", {"op": "wait", "timeout": 0, "table": "Port_Group", "where": [["name", "==", "pvlan_pg_drop"]], "until": "==", "rows": []}, {"op": "insert", "table": "ACL", "row": {"action": "drop", "direction": "to-lport", "match": "outport == @pvlan_pg_drop && ip", "priority": 1010}, "uuid-name": "pvlandroptoport"}, {"op": "insert", "table": "ACL", "row": {"action": "drop", "direction": "from-lport", "match": "inport == @pvlan_pg_drop && ip", "priority": 1010}, "uuid-name": "pvlandropfromport"}, {"op": "insert", "table": "Port_Group", "row": {"name": "pvlan_pg_drop", "acls": ["set", [["named-uuid", "pvlandroptoport"], ["named-uuid", "pvlandropfromport"]]]}}] {{(pid=103556) execute /opt/stack/data/venv/lib/python3.12/site-packages/oslo_concurrency/processutils.py:440}}
Jun 16 01:35:01.095776 np0000180628 devstack@neutron-api.service[103556]: DEBUG oslo_concurrency.processutils [None req-a59b3260-11a1-4d84-ad7c-dac6cd77c226 None None] CMD "ovsdb-client transact ssl:199.204.45.144:6641 --timeout 180 -p /opt/stack/data/CA/int-ca/private/devstack-cert.key -c /opt/stack/data/CA/int-ca/devstack-cert.crt -C /opt/stack/data/CA/int-ca/ca-chain.pem ["OVN_Northbound", {"op": "wait", "timeout": 0, "table": "Port_Group", "where": [["name", "==", "pvlan_pg_drop"]], "until": "==", "rows": []}, {"op": "insert", "table": "ACL", "row": {"action": "drop", "direction": "to-lport", "match": "outport == @pvlan_pg_drop && ip", "priority": 1010}, "uuid-name": "pvlandroptoport"}, {"op": "insert", "table": "ACL", "row": {"action": "drop", "direction": "from-lport", "match": "inport == @pvlan_pg_drop && ip", "priority": 1010}, "uuid-name": "pvlandropfromport"}, {"op": "insert", "table": "Port_Group", "row": {"name": "pvlan_pg_drop", "acls": ["set", [["named-uuid", "pvlandroptoport"], ["named-uuid", "pvlandropfromport"]]]}}]" returned: 0 in 0.036s {{(pid=103556) execute /opt/stack/data/venv/lib/python3.12/site-packages/oslo_concurrency/processutils.py:468}}
