2026-06-24 19:40:33.264 7 INFO placement.requestlog [req-e89adeb3-8962-4384-9c49-7d5c0e560243 req-ad528af2-6e3a-4595-b579-2040b37f557b d70b0c31eacb412f9a43befcf27cfd2d f816ba906c4949ebbfac206c5b388ddc - - a03dc18ecbd74a729f453515b87e899a a03dc18ecbd74a729f453515b87e899a] 199.204.45.78 "GET /resource_providers/e0a61dfa-c1a8-4c80-bc7b-c53f6a092bc9/allocations" status: 200 len: 253 microversion: 1.0 [pid: 7|app: 0|req: 621/1234] 199.204.45.78 () {32 vars in 855 bytes} [Wed Jun 24 19:40:33 2026] GET /resource_providers/e0a61dfa-c1a8-4c80-bc7b-c53f6a092bc9/allocations => generated 253 bytes in 20 msecs (HTTP/1.1 200) 6 headers in 224 bytes (1 switches on core 0)
2026-06-24 19:40:33.274 7 INFO placement.requestlog [None req-64891f89-a245-4ccd-a7c3-a658bfc0b866 d2a02e50eb8a436fa8371cb3435a4e9b f816ba906c4949ebbfac206c5b388ddc - - a03dc18ecbd74a729f453515b87e899a a03dc18ecbd74a729f453515b87e899a] 10.0.0.83 "GET /resource_providers/d713a4bb-7c48-43e4-97c0-26bf22085fb8/aggregates" status: 404 len: 235 microversion: 1.1 [pid: 7|app: 0|req: 622/1235] 10.0.0.83 () {32 vars in 814 bytes} [Wed Jun 24 19:40:33 2026] GET /resource_providers/d713a4bb-7c48-43e4-97c0-26bf22085fb8/aggregates => generated 235 bytes in 10 msecs (HTTP/1.1 404) 5 headers in 202 bytes (1 switches on core 0)
2026-06-24 19:40:33.276 8 INFO placement.requestlog [None req-580e9966-934f-42b9-8004-c150f89eaac0 d2a02e50eb8a436fa8371cb3435a4e9b f816ba906c4949ebbfac206c5b388ddc - - a03dc18ecbd74a729f453515b87e899a a03dc18ecbd74a729f453515b87e899a] 10.0.0.83 "GET /resource_providers/d713a4bb-7c48-43e4-97c0-26bf22085fb8/aggregates" status: 404 len: 235 microversion: 1.1 [pid: 8|app: 0|req: 614/1236] 10.0.0.83 () {32 vars in 814 bytes} [Wed Jun 24 19:40:33 2026] GET /resource_providers/d713a4bb-7c48-43e4-97c0-26bf22085fb8/aggregates => generated 235 bytes in 21 msecs (HTTP/1.1 404) 5 headers in 202 bytes (1 switches on core 0)
2026-06-24 19:40:33.284 7 INFO placement.requestlog [req-e89adeb3-8962-4384-9c49-7d5c0e560243 req-816cf3ce-15b7-4dcf-85ca-839943d14a66 d70b0c31eacb412f9a43befcf27cfd2d f816ba906c4949ebbfac206c5b388ddc - - a03dc18ecbd74a729f453515b87e899a a03dc18ecbd74a729f453515b87e899a] 199.204.45.78 "GET /allocations/377a0474-5da0-4d9a-8995-235d438df021" status: 200 len: 258 microversion: 1.28 [pid: 7|app: 0|req: 623/1237] 199.204.45.78 () {34 vars in 861 bytes} [Wed Jun 24 19:40:33 2026] GET /allocations/377a0474-5da0-4d9a-8995-235d438df021 => generated 258 bytes in 9 msecs (HTTP/1.1 200) 8 headers in 296 bytes (1 switches on core 0)
2026-06-24 19:40:33.298 7 INFO placement.requestlog [req-e89adeb3-8962-4384-9c49-7d5c0e560243 req-4581908c-5e0c-4981-aaaa-cbe3c06fd956 d70b0c31eacb412f9a43befcf27cfd2d f816ba906c4949ebbfac206c5b388ddc - - a03dc18ecbd74a729f453515b87e899a a03dc18ecbd74a729f453515b87e899a] 199.204.45.78 "GET /allocations/43a85b75-48ae-4428-b78b-90634953c956" status: 200 len: 258 microversion: 1.28 [pid: 7|app: 0|req: 624/1238] 199.204.45.78 () {34 vars in 861 bytes} [Wed Jun 24 19:40:33 2026] GET /allocations/43a85b75-48ae-4428-b78b-90634953c956 => generated 258 bytes in 8 msecs (HTTP/1.1 200) 8 headers in 296 bytes (1 switches on core 0)
2026-06-24 19:40:33.304 8 INFO placement.requestlog [None req-b7cb093d-79fe-4589-8cc6-6227c6d480ae d2a02e50eb8a436fa8371cb3435a4e9b f816ba906c4949ebbfac206c5b388ddc - - a03dc18ecbd74a729f453515b87e899a a03dc18ecbd74a729f453515b87e899a] 10.0.0.83 "DELETE /resource_providers/d713a4bb-7c48-43e4-97c0-26bf22085fb8" status: 404 len: 246 microversion: 1.1 [pid: 8|app: 0|req: 615/1239] 10.0.0.83 () {34 vars in 814 bytes} [Wed Jun 24 19:40:33 2026] DELETE /resource_providers/d713a4bb-7c48-43e4-97c0-26bf22085fb8 => generated 246 bytes in 15 msecs (HTTP/1.1 404) 6 headers in 231 bytes (1 switches on core 0)
2026-06-24 19:40:33.305 7 INFO placement.requestlog [None req-b5f8c68d-b351-40c9-9856-d528133539b9 d2a02e50eb8a436fa8371cb3435a4e9b f816ba906c4949ebbfac206c5b388ddc - - a03dc18ecbd74a729f453515b87e899a a03dc18ecbd74a729f453515b87e899a] 10.0.0.83 "DELETE /resource_providers/d713a4bb-7c48-43e4-97c0-26bf22085fb8" status: 404 len: 246 microversion: 1.1 [pid: 7|app: 0|req: 625/1240] 10.0.0.83 () {34 vars in 814 bytes} [Wed Jun 24 19:40:33 2026] DELETE /resource_providers/d713a4bb-7c48-43e4-97c0-26bf22085fb8 => generated 246 bytes in 7 msecs (HTTP/1.1 404) 6 headers in 231 bytes (1 switches on core 0)
2026-06-24 19:40:34.356 7 INFO placement.requestlog [None req-d92c8508-017f-49bc-bf54-c22c044f7367 - - - - - -] 10.0.0.115 "GET /" status: 200 len: 136 microversion: 1.0
2026-06-24 19:40:34.359 7 INFO placement.requestlog [None req-8f21fbe1-cbae-4fa7-8233-a824fe37f057 - - - - - -] 10.0.0.115 "GET /" status: 200 len: 136 microversion: 1.0
2026-06-24 19:40:34.369 8 INFO placement.requestlog [req-e89adeb3-8962-4384-9c49-7d5c0e560243 req-177ba4b3-64c8-481c-8ee4-552b8177e3e8 d70b0c31eacb412f9a43befcf27cfd2d f816ba906c4949ebbfac206c5b388ddc - - a03dc18ecbd74a729f453515b87e899a a03dc18ecbd74a729f453515b87e899a] 199.204.45.78 "DELETE /allocations/377a0474-5da0-4d9a-8995-235d438df021" status: 204 len: 0 microversion: 1.0 [pid: 8|app: 0|req: 616/1243] 199.204.45.78 () {34 vars in 839 bytes} [Wed Jun 24 19:40:34 2026] DELETE /allocations/377a0474-5da0-4d9a-8995-235d438df021 => generated 0 bytes in 46 msecs (HTTP/1.1 204) 5 headers in 198 bytes (1 switches on core 0)
2026-06-24 19:40:37.540 7 INFO placement.requestlog [None req-c1fe7f14-5075-4183-8251-a62499760958 d2a02e50eb8a436fa8371cb3435a4e9b f816ba906c4949ebbfac206c5b388ddc - - a03dc18ecbd74a729f453515b87e899a a03dc18ecbd74a729f453515b87e899a] 10.0.0.83 "GET /resource_providers/e0c917d6-3883-46ad-8c67-3591940c964f/aggregates" status: 404 len: 235 microversion: 1.1 [pid: 7|app: 0|req: 628/1244] 10.0.0.83 () {32 vars in 814 bytes} [Wed Jun 24 19:40:37 2026] GET /resource_providers/e0c917d6-3883-46ad-8c67-3591940c964f/aggregates => generated 235 bytes in 11 msecs (HTTP/1.1 404) 5 headers in 202 bytes (1 switches on core 0)
2026-06-24 19:40:37.560 8 INFO placement.requestlog [None req-9dec9381-039e-4ee3-ab36-2e4cf13ea813 d2a02e50eb8a436fa8371cb3435a4e9b f816ba906c4949ebbfac206c5b388ddc - - a03dc18ecbd74a729f453515b87e899a a03dc18ecbd74a729f453515b87e899a] 10.0.0.83 "GET /resource_providers/e0c917d6-3883-46ad-8c67-3591940c964f/aggregates" status: 404 len: 235 microversion: 1.1 [pid: 8|app: 0|req: 617/1245] 10.0.0.83 () {32 vars in 814 bytes} [Wed Jun 24 19:40:37 2026] GET /resource_providers/e0c917d6-3883-46ad-8c67-3591940c964f/aggregates => generated 235 bytes in 30 msecs (HTTP/1.1 404) 5 headers in 202 bytes (1 switches on core 0)
2026-06-24 19:40:37.561 7 INFO placement.requestlog [None req-207f8e5f-6595-4af9-9758-9cc0d45dca20 d2a02e50eb8a436fa8371cb3435a4e9b f816ba906c4949ebbfac206c5b388ddc - - a03dc18ecbd74a729f453515b87e899a a03dc18ecbd74a729f453515b87e899a] 10.0.0.83 "DELETE /resource_providers/e0c917d6-3883-46ad-8c67-3591940c964f" status: 404 len: 246 microversion: 1.1 [pid: 7|app: 0|req: 629/1246] 10.0.0.83 () {34 vars in 814 bytes} [Wed Jun 24 19:40:37 2026] DELETE /resource_providers/e0c917d6-3883-46ad-8c67-3591940c964f => generated 246 bytes in 14 msecs (HTTP/1.1 404) 6 headers in 231 bytes (1 switches on core 0)
2026-06-24 19:40:37.583 8 INFO placement.requestlog [None req-2efcffa9-a2b1-454e-adbc-4580c48892a3 d2a02e50eb8a436fa8371cb3435a4e9b f816ba906c4949ebbfac206c5b388ddc - - a03dc18ecbd74a729f453515b87e899a a03dc18ecbd74a729f453515b87e899a] 10.0.0.83 "DELETE /resource_providers/e0c917d6-3883-46ad-8c67-3591940c964f" status: 404 len: 246 microversion: 1.1 [pid: 8|app: 0|req: 618/1247] 10.0.0.83 () {34 vars in 814 bytes} [Wed Jun 24 19:40:37 2026] DELETE /resource_providers/e0c917d6-3883-46ad-8c67-3591940c964f => generated 246 bytes in 14 msecs (HTTP/1.1 404) 6 headers in 231 bytes (1 switches on core 0)
2026-06-24 19:40:41.102 7 INFO placement.requestlog [req-8b88eed0-989c-4f5f-a6da-66d810d0e4dc req-03554a53-be67-4e02-be90-b46273f1da47 d70b0c31eacb412f9a43befcf27cfd2d f816ba906c4949ebbfac206c5b388ddc - - a03dc18ecbd74a729f453515b87e899a a03dc18ecbd74a729f453515b87e899a] 10.0.0.129 "GET /allocation_candidates?limit=1000&resources=DISK_GB%3A1%2CMEMORY_MB%3A512%2CVCPU%3A1&root_required=%21COMPUTE_STATUS_DISABLED" status: 200 len: 2642 microversion: 1.36 [pid: 7|app: 0|req: 630/1248] 10.0.0.129 () {34 vars in 1011 bytes} [Wed Jun 24 19:40:41 2026] GET /allocation_candidates?limit=1000&resources=DISK_GB%3A1%2CMEMORY_MB%3A512%2CVCPU%3A1&root_required=%21COMPUTE_STATUS_DISABLED => generated 2642 bytes in 52 msecs (HTTP/1.1 200) 8 headers in 297 bytes (1 switches on core 0)
2026-06-24 19:40:41.128 8 INFO placement.requestlog [req-8b88eed0-989c-4f5f-a6da-66d810d0e4dc req-0963313a-a363-4ea5-9a68-8b74e0c6a968 d70b0c31eacb412f9a43befcf27cfd2d f816ba906c4949ebbfac206c5b388ddc - - a03dc18ecbd74a729f453515b87e899a a03dc18ecbd74a729f453515b87e899a] 10.0.0.129 "GET /allocations/43915f11-4c7b-4d7d-9933-77ad14bfb51e" status: 200 len: 19 microversion: 1.28 [pid: 8|app: 0|req: 619/1249] 10.0.0.129 () {34 vars in 860 bytes} [Wed Jun 24 19:40:41 2026] GET /allocations/43915f11-4c7b-4d7d-9933-77ad14bfb51e => generated 19 bytes in 9 msecs (HTTP/1.1 200) 8 headers in 295 bytes (1 switches on core 0)
2026-06-24 19:40:41.194 7 INFO placement.requestlog [req-8b88eed0-989c-4f5f-a6da-66d810d0e4dc req-63d2c196-5e85-415b-8562-0cee4701dd9b d70b0c31eacb412f9a43befcf27cfd2d f816ba906c4949ebbfac206c5b388ddc - - a03dc18ecbd74a729f453515b87e899a a03dc18ecbd74a729f453515b87e899a] 10.0.0.129 "PUT /allocations/43915f11-4c7b-4d7d-9933-77ad14bfb51e" status: 204 len: 0 microversion: 1.36 [pid: 7|app: 0|req: 631/1250] 10.0.0.129 () {38 vars in 913 bytes} [Wed Jun 24 19:40:41 2026] PUT /allocations/43915f11-4c7b-4d7d-9933-77ad14bfb51e => generated 0 bytes in 59 msecs (HTTP/1.1 204) 5 headers in 199 bytes (1 switches on core 0)
2026-06-24 19:40:42.705 8 INFO placement.requestlog [req-8b88eed0-989c-4f5f-a6da-66d810d0e4dc req-b9b2d593-3c2a-4cdf-849e-8784fe1406bc d70b0c31eacb412f9a43befcf27cfd2d f816ba906c4949ebbfac206c5b388ddc - - a03dc18ecbd74a729f453515b87e899a a03dc18ecbd74a729f453515b87e899a] 199.204.45.78 "GET /allocations/43915f11-4c7b-4d7d-9933-77ad14bfb51e" status: 200 len: 258 microversion: 1.28 [pid: 8|app: 0|req: 620/1251] 199.204.45.78 () {34 vars in 861 bytes} [Wed Jun 24 19:40:42 2026] GET /allocations/43915f11-4c7b-4d7d-9933-77ad14bfb51e => generated 258 bytes in 15 msecs (HTTP/1.1 200) 8 headers in 296 bytes (1 switches on core 0)
2026-06-24 19:40:43.752 7 INFO placement.requestlog [req-8b88eed0-989c-4f5f-a6da-66d810d0e4dc req-d1a5acd9-e600-4967-876a-fba60843d4da d70b0c31eacb412f9a43befcf27cfd2d f816ba906c4949ebbfac206c5b388ddc - - a03dc18ecbd74a729f453515b87e899a a03dc18ecbd74a729f453515b87e899a] 199.204.45.78 "GET /resource_providers/e0a61dfa-c1a8-4c80-bc7b-c53f6a092bc9/allocations" status: 200 len: 253 microversion: 1.0 [pid: 7|app: 0|req: 632/1252] 199.204.45.78 () {32 vars in 855 bytes} [Wed Jun 24 19:40:43 2026] GET /resource_providers/e0a61dfa-c1a8-4c80-bc7b-c53f6a092bc9/allocations => generated 253 bytes in 22 msecs (HTTP/1.1 200) 6 headers in 224 bytes (1 switches on core 0)
2026-06-24 19:40:43.771 8 INFO placement.requestlog [req-8b88eed0-989c-4f5f-a6da-66d810d0e4dc req-586be214-5455-4a22-9257-47fd82130f5d d70b0c31eacb412f9a43befcf27cfd2d f816ba906c4949ebbfac206c5b388ddc - - a03dc18ecbd74a729f453515b87e899a a03dc18ecbd74a729f453515b87e899a] 199.204.45.78 "GET /allocations/43915f11-4c7b-4d7d-9933-77ad14bfb51e" status: 200 len: 258 microversion: 1.28 [pid: 8|app: 0|req: 621/1253] 199.204.45.78 () {34 vars in 861 bytes} [Wed Jun 24 19:40:43 2026] GET /allocations/43915f11-4c7b-4d7d-9933-77ad14bfb51e => generated 258 bytes in 14 msecs (HTTP/1.1 200) 8 headers in 296 bytes (1 switches on core 0)
2026-06-24 19:40:43.791 7 INFO placement.requestlog [req-8b88eed0-989c-4f5f-a6da-66d810d0e4dc req-e40fda4a-2396-4e0f-a160-10845300540b d70b0c31eacb412f9a43befcf27cfd2d f816ba906c4949ebbfac206c5b388ddc - - a03dc18ecbd74a729f453515b87e899a a03dc18ecbd74a729f453515b87e899a] 199.204.45.78 "GET /allocations/43a85b75-48ae-4428-b78b-90634953c956" status: 200 len: 258 microversion: 1.28 [pid: 7|app: 0|req: 633/1254] 199.204.45.78 () {34 vars in 861 bytes} [Wed Jun 24 19:40:43 2026] GET /allocations/43a85b75-48ae-4428-b78b-90634953c956 => generated 258 bytes in 13 msecs (HTTP/1.1 200) 8 headers in 296 bytes (1 switches on core 0)
2026-06-24 19:40:44.355 7 INFO placement.requestlog [None req-6f116190-c3d8-44ac-9488-e222e1b6b716 - - - - - -] 10.0.0.115 "GET /" status: 200 len: 136 microversion: 1.0
2026-06-24 19:40:44.356 8 INFO placement.requestlog [None req-294262d4-0bd6-442f-bcb8-7367b711b567 - - - - - -] 10.0.0.115 "GET /" status: 200 len: 136 microversion: 1.0
2026-06-24 19:40:53.662 7 INFO placement.requestlog [None req-30e71bcb-6b8e-4417-9963-639a6b4be5e9 d2a02e50eb8a436fa8371cb3435a4e9b f816ba906c4949ebbfac206c5b388ddc - - a03dc18ecbd74a729f453515b87e899a a03dc18ecbd74a729f453515b87e899a] 10.0.0.83 "GET /resource_providers/63d7615f-7c01-4410-bf2b-4943783a0666/aggregates" status: 404 len: 235 microversion: 1.1 [pid: 7|app: 0|req: 635/1257] 10.0.0.83 () {32 vars in 814 bytes} [Wed Jun 24 19:40:53 2026] GET /resource_providers/63d7615f-7c01-4410-bf2b-4943783a0666/aggregates => generated 235 bytes in 13 msecs (HTTP/1.1 404) 5 headers in 202 bytes (1 switches on core 0)
2026-06-24 19:40:53.663 8 INFO placement.requestlog [None req-bd7de87b-ff80-40b1-88bc-158dd2da88e0 d2a02e50eb8a436fa8371cb3435a4e9b f816ba906c4949ebbfac206c5b388ddc - - a03dc18ecbd74a729f453515b87e899a a03dc18ecbd74a729f453515b87e899a] 10.0.0.83 "GET /resource_providers/63d7615f-7c01-4410-bf2b-4943783a0666/aggregates" status: 404 len: 235 microversion: 1.1 [pid: 8|app: 0|req: 623/1258] 10.0.0.83 () {32 vars in 814 bytes} [Wed Jun 24 19:40:53 2026] GET /resource_providers/63d7615f-7c01-4410-bf2b-4943783a0666/aggregates => generated 235 bytes in 13 msecs (HTTP/1.1 404) 5 headers in 202 bytes (1 switches on core 0)
2026-06-24 19:40:53.689 7 INFO placement.requestlog [None req-81a6c70e-9622-46df-9c1a-c8a13cbf1f13 d2a02e50eb8a436fa8371cb3435a4e9b f816ba906c4949ebbfac206c5b388ddc - - a03dc18ecbd74a729f453515b87e899a a03dc18ecbd74a729f453515b87e899a] 10.0.0.83 "DELETE /resource_providers/63d7615f-7c01-4410-bf2b-4943783a0666" status: 404 len: 246 microversion: 1.1 [pid: 7|app: 0|req: 636/1259] 10.0.0.83 () {34 vars in 814 bytes} [Wed Jun 24 19:40:53 2026] DELETE /resource_providers/63d7615f-7c01-4410-bf2b-4943783a0666 => generated 246 bytes in 12 msecs (HTTP/1.1 404) 6 headers in 231 bytes (1 switches on core 0)
2026-06-24 19:40:53.693 8 INFO placement.requestlog [None req-09054eff-8d76-42cd-a14a-3cc0b2ee863f d2a02e50eb8a436fa8371cb3435a4e9b f816ba906c4949ebbfac206c5b388ddc - - a03dc18ecbd74a729f453515b87e899a a03dc18ecbd74a729f453515b87e899a] 10.0.0.83 "DELETE /resource_providers/63d7615f-7c01-4410-bf2b-4943783a0666" status: 404 len: 246 microversion: 1.1 [pid: 8|app: 0|req: 624/1260] 10.0.0.83 () {34 vars in 814 bytes} [Wed Jun 24 19:40:53 2026] DELETE /resource_providers/63d7615f-7c01-4410-bf2b-4943783a0666 => generated 246 bytes in 14 msecs (HTTP/1.1 404) 6 headers in 231 bytes (1 switches on core 0)
2026-06-24 19:40:54.355 8 INFO placement.requestlog [None req-b030cdee-b1e0-4f78-a4fa-faee2d9b3242 - - - - - -] 10.0.0.115 "GET /" status: 200 len: 136 microversion: 1.0
2026-06-24 19:40:54.355 7 INFO placement.requestlog [None req-2560bc67-b965-4dbb-9970-42bd6c9d0eb4 - - - - - -] 10.0.0.115 "GET /" status: 200 len: 136 microversion: 1.0
2026-06-24 19:40:58.827 8 INFO placement.requestlog [req-631a0d4a-cc6f-4e22-97db-df9672ffc269 req-878aee4a-11ea-441c-886c-c3cd1bc00266 d70b0c31eacb412f9a43befcf27cfd2d f816ba906c4949ebbfac206c5b388ddc - - a03dc18ecbd74a729f453515b87e899a a03dc18ecbd74a729f453515b87e899a] 199.204.45.78 "GET /resource_providers/e0a61dfa-c1a8-4c80-bc7b-c53f6a092bc9/allocations" status: 200 len: 253 microversion: 1.0 [pid: 8|app: 0|req: 626/1263] 199.204.45.78 () {32 vars in 855 bytes} [Wed Jun 24 19:40:58 2026] GET /resource_providers/e0a61dfa-c1a8-4c80-bc7b-c53f6a092bc9/allocations => generated 253 bytes in 160 msecs (HTTP/1.1 200) 6 headers in 224 bytes (1 switches on core 0)
2026-06-24 19:40:58.854 7 INFO placement.requestlog [req-631a0d4a-cc6f-4e22-97db-df9672ffc269 req-04b3d446-88c7-401f-a897-723712a5d421 d70b0c31eacb412f9a43befcf27cfd2d f816ba906c4949ebbfac206c5b388ddc - - a03dc18ecbd74a729f453515b87e899a a03dc18ecbd74a729f453515b87e899a] 199.204.45.78 "GET /resource_providers?in_tree=e0a61dfa-c1a8-4c80-bc7b-c53f6a092bc9" status: 200 len: 798 microversion: 1.14 [pid: 7|app: 0|req: 638/1264] 199.204.45.78 () {34 vars in 890 bytes} [Wed Jun 24 19:40:58 2026] GET /resource_providers?in_tree=e0a61dfa-c1a8-4c80-bc7b-c53f6a092bc9 => generated 798 bytes in 18 msecs (HTTP/1.1 200) 6 headers in 225 bytes (1 switches on core 0)
2026-06-24 19:40:58.881 8 INFO placement.requestlog [req-631a0d4a-cc6f-4e22-97db-df9672ffc269 req-d6ff4fce-4c0e-485e-8e9f-1c75b6358f04 d70b0c31eacb412f9a43befcf27cfd2d f816ba906c4949ebbfac206c5b388ddc - - a03dc18ecbd74a729f453515b87e899a a03dc18ecbd74a729f453515b87e899a] 199.204.45.78 "GET /resource_providers/e0a61dfa-c1a8-4c80-bc7b-c53f6a092bc9/inventories" status: 200 len: 401 microversion: 1.0 [pid: 8|app: 0|req: 627/1265] 199.204.45.78 () {32 vars in 855 bytes} [Wed Jun 24 19:40:58 2026] GET /resource_providers/e0a61dfa-c1a8-4c80-bc7b-c53f6a092bc9/inventories => generated 401 bytes in 19 msecs (HTTP/1.1 200) 6 headers in 224 bytes (1 switches on core 0)
2026-06-24 19:40:58.905 7 INFO placement.requestlog [req-631a0d4a-cc6f-4e22-97db-df9672ffc269 req-78d2e4d3-e949-488d-93dd-fb201d08a84f d70b0c31eacb412f9a43befcf27cfd2d f816ba906c4949ebbfac206c5b388ddc - - a03dc18ecbd74a729f453515b87e899a a03dc18ecbd74a729f453515b87e899a] 199.204.45.78 "GET /resource_providers/e0a61dfa-c1a8-4c80-bc7b-c53f6a092bc9/aggregates" status: 200 len: 54 microversion: 1.19 [pid: 7|app: 0|req: 639/1266] 199.204.45.78 () {34 vars in 897 bytes} [Wed Jun 24 19:40:58 2026] GET /resource_providers/e0a61dfa-c1a8-4c80-bc7b-c53f6a092bc9/aggregates => generated 54 bytes in 16 msecs (HTTP/1.1 200) 8 headers in 295 bytes (1 switches on core 0)
2026-06-24 19:40:58.934 8 INFO placement.requestlog [req-631a0d4a-cc6f-4e22-97db-df9672ffc269 req-b1be3067-3693-41c1-8bd2-9f86f933563a d70b0c31eacb412f9a43befcf27cfd2d f816ba906c4949ebbfac206c5b388ddc - - a03dc18ecbd74a729f453515b87e899a a03dc18ecbd74a729f453515b87e899a] 199.204.45.78 "GET /resource_providers/e0a61dfa-c1a8-4c80-bc7b-c53f6a092bc9/traits" status: 200 len: 2176 microversion: 1.6 [pid: 8|app: 0|req: 628/1267] 199.204.45.78 () {34 vars in 888 bytes} [Wed Jun 24 19:40:58 2026] GET /resource_providers/e0a61dfa-c1a8-4c80-bc7b-c53f6a092bc9/traits => generated 2176 bytes in 21 msecs (HTTP/1.1 200) 6 headers in 225 bytes (1 switches on core 0)
2026-06-24 19:40:58.968 7 INFO placement.requestlog [req-631a0d4a-cc6f-4e22-97db-df9672ffc269 req-429cc861-03f6-4f2c-b6ce-7d68dbc287ff d70b0c31eacb412f9a43befcf27cfd2d f816ba906c4949ebbfac206c5b388ddc - - a03dc18ecbd74a729f453515b87e899a a03dc18ecbd74a729f453515b87e899a] 199.204.45.78 "GET /resource_providers/e0a61dfa-c1a8-4c80-bc7b-c53f6a092bc9/allocations" status: 200 len: 253 microversion: 1.0 [pid: 7|app: 0|req: 640/1268] 199.204.45.78 () {32 vars in 855 bytes} [Wed Jun 24 19:40:58 2026] GET /resource_providers/e0a61dfa-c1a8-4c80-bc7b-c53f6a092bc9/allocations => generated 253 bytes in 25 msecs (HTTP/1.1 200) 6 headers in 224 bytes (1 switches on core 0)
2026-06-24 19:40:58.986 8 INFO placement.requestlog [req-631a0d4a-cc6f-4e22-97db-df9672ffc269 req-b3f70071-9838-46f7-92fa-50d739b72a5c d70b0c31eacb412f9a43befcf27cfd2d f816ba906c4949ebbfac206c5b388ddc - - a03dc18ecbd74a729f453515b87e899a a03dc18ecbd74a729f453515b87e899a] 199.204.45.78 "GET /allocations/43915f11-4c7b-4d7d-9933-77ad14bfb51e" status: 200 len: 258 microversion: 1.28 [pid: 8|app: 0|req: 629/1269] 199.204.45.78 () {34 vars in 861 bytes} [Wed Jun 24 19:40:58 2026] GET /allocations/43915f11-4c7b-4d7d-9933-77ad14bfb51e => generated 258 bytes in 13 msecs (HTTP/1.1 200) 8 headers in 296 bytes (1 switches on core 0)
2026-06-24 19:40:59.010 7 INFO placement.requestlog [req-631a0d4a-cc6f-4e22-97db-df9672ffc269 req-34c9bfe0-7aa1-4f06-becc-2263f21799d6 d70b0c31eacb412f9a43befcf27cfd2d f816ba906c4949ebbfac206c5b388ddc - - a03dc18ecbd74a729f453515b87e899a a03dc18ecbd74a729f453515b87e899a] 199.204.45.78 "GET /allocations/43a85b75-48ae-4428-b78b-90634953c956" status: 200 len: 258 microversion: 1.28 [pid: 7|app: 0|req: 641/1270] 199.204.45.78 () {34 vars in 861 bytes} [Wed Jun 24 19:40:58 2026] GET /allocations/43a85b75-48ae-4428-b78b-90634953c956 => generated 258 bytes in 14 msecs (HTTP/1.1 200) 8 headers in 296 bytes (1 switches on core 0)
2026-06-24 19:41:00.546 8 INFO placement.requestlog [req-27a4338b-d671-4c32-804b-da85ecd59298 req-949eed59-120c-4351-a71e-5b91874b7fce d70b0c31eacb412f9a43befcf27cfd2d f816ba906c4949ebbfac206c5b388ddc - - a03dc18ecbd74a729f453515b87e899a a03dc18ecbd74a729f453515b87e899a] 10.0.0.129 "GET /allocation_candidates?limit=1000&resources=DISK_GB%3A1%2CMEMORY_MB%3A512%2CVCPU%3A1&root_required=%21COMPUTE_STATUS_DISABLED" status: 200 len: 2643 microversion: 1.36 [pid: 8|app: 0|req: 630/1271] 10.0.0.129 () {34 vars in 1011 bytes} [Wed Jun 24 19:41:00 2026] GET /allocation_candidates?limit=1000&resources=DISK_GB%3A1%2CMEMORY_MB%3A512%2CVCPU%3A1&root_required=%21COMPUTE_STATUS_DISABLED => generated 2643 bytes in 67 msecs (HTTP/1.1 200) 8 headers in 297 bytes (1 switches on core 0)
2026-06-24 19:41:00.571 7 INFO placement.requestlog [req-27a4338b-d671-4c32-804b-da85ecd59298 req-cc93413a-f21f-4827-8b69-b2fdfec9d3ec d70b0c31eacb412f9a43befcf27cfd2d f816ba906c4949ebbfac206c5b388ddc - - a03dc18ecbd74a729f453515b87e899a a03dc18ecbd74a729f453515b87e899a] 10.0.0.129 "GET /allocations/8b2f69b9-633e-4d14-94e1-635235f307ba" status: 200 len: 19 microversion: 1.28 [pid: 7|app: 0|req: 642/1272] 10.0.0.129 () {34 vars in 860 bytes} [Wed Jun 24 19:41:00 2026] GET /allocations/8b2f69b9-633e-4d14-94e1-635235f307ba => generated 19 bytes in 12 msecs (HTTP/1.1 200) 8 headers in 295 bytes (1 switches on core 0)
2026-06-24 19:41:00.669 8 INFO placement.requestlog [req-27a4338b-d671-4c32-804b-da85ecd59298 req-5e0a06d4-6e78-416f-80a5-d64dfe8a76c5 d70b0c31eacb412f9a43befcf27cfd2d f816ba906c4949ebbfac206c5b388ddc - - a03dc18ecbd74a729f453515b87e899a a03dc18ecbd74a729f453515b87e899a] 10.0.0.129 "PUT /allocations/8b2f69b9-633e-4d14-94e1-635235f307ba" status: 204 len: 0 microversion: 1.36 [pid: 8|app: 0|req: 631/1273] 10.0.0.129 () {38 vars in 913 bytes} [Wed Jun 24 19:41:00 2026] PUT /allocations/8b2f69b9-633e-4d14-94e1-635235f307ba => generated 0 bytes in 90 msecs (HTTP/1.1 204) 5 headers in 199 bytes (1 switches on core 0)
2026-06-24 19:41:01.538 7 INFO placement.requestlog [None req-36ec4e3f-90d8-4701-9a6d-2e4ab74f3939 d2a02e50eb8a436fa8371cb3435a4e9b f816ba906c4949ebbfac206c5b388ddc - - a03dc18ecbd74a729f453515b87e899a a03dc18ecbd74a729f453515b87e899a] 10.0.0.83 "GET /resource_providers/a98ce523-32cb-4509-96d5-04919cee3592/aggregates" status: 404 len: 235 microversion: 1.1 [pid: 7|app: 0|req: 643/1274] 10.0.0.83 () {32 vars in 814 bytes} [Wed Jun 24 19:41:01 2026] GET /resource_providers/a98ce523-32cb-4509-96d5-04919cee3592/aggregates => generated 235 bytes in 13 msecs (HTTP/1.1 404) 5 headers in 202 bytes (1 switches on core 0)
2026-06-24 19:41:01.547 8 INFO placement.requestlog [None req-529cff7c-ba40-45e7-816c-3004b5f21db5 d2a02e50eb8a436fa8371cb3435a4e9b f816ba906c4949ebbfac206c5b388ddc - - a03dc18ecbd74a729f453515b87e899a a03dc18ecbd74a729f453515b87e899a] 10.0.0.83 "GET /resource_providers/a98ce523-32cb-4509-96d5-04919cee3592/aggregates" status: 404 len: 235 microversion: 1.1 [pid: 8|app: 0|req: 632/1275] 10.0.0.83 () {32 vars in 814 bytes} [Wed Jun 24 19:41:01 2026] GET /resource_providers/a98ce523-32cb-4509-96d5-04919cee3592/aggregates => generated 235 bytes in 15 msecs (HTTP/1.1 404) 5 headers in 202 bytes (1 switches on core 0)
2026-06-24 19:41:01.563 7 INFO placement.requestlog [None req-0ba90222-dd87-47fb-a036-581525886dd8 d2a02e50eb8a436fa8371cb3435a4e9b f816ba906c4949ebbfac206c5b388ddc - - a03dc18ecbd74a729f453515b87e899a a03dc18ecbd74a729f453515b87e899a] 10.0.0.83 "DELETE /resource_providers/a98ce523-32cb-4509-96d5-04919cee3592" status: 404 len: 246 microversion: 1.1 [pid: 7|app: 0|req: 644/1276] 10.0.0.83 () {34 vars in 814 bytes} [Wed Jun 24 19:41:01 2026] DELETE /resource_providers/a98ce523-32cb-4509-96d5-04919cee3592 => generated 246 bytes in 15 msecs (HTTP/1.1 404) 6 headers in 231 bytes (1 switches on core 0)
2026-06-24 19:41:01.571 8 INFO placement.requestlog [None req-68b3a31b-925e-415c-864c-405c5614e4a2 d2a02e50eb8a436fa8371cb3435a4e9b f816ba906c4949ebbfac206c5b388ddc - - a03dc18ecbd74a729f453515b87e899a a03dc18ecbd74a729f453515b87e899a] 10.0.0.83 "DELETE /resource_providers/a98ce523-32cb-4509-96d5-04919cee3592" status: 404 len: 246 microversion: 1.1 [pid: 8|app: 0|req: 633/1277] 10.0.0.83 () {34 vars in 814 bytes} [Wed Jun 24 19:41:01 2026] DELETE /resource_providers/a98ce523-32cb-4509-96d5-04919cee3592 => generated 246 bytes in 11 msecs (HTTP/1.1 404) 6 headers in 231 bytes (1 switches on core 0)
2026-06-24 19:41:02.144 7 INFO placement.requestlog [req-27a4338b-d671-4c32-804b-da85ecd59298 req-35b364b9-f9f8-4b52-b63b-bf76cf50d183 d70b0c31eacb412f9a43befcf27cfd2d f816ba906c4949ebbfac206c5b388ddc - - a03dc18ecbd74a729f453515b87e899a a03dc18ecbd74a729f453515b87e899a] 199.204.45.78 "GET /allocations/8b2f69b9-633e-4d14-94e1-635235f307ba" status: 200 len: 258 microversion: 1.28 [pid: 7|app: 0|req: 645/1278] 199.204.45.78 () {34 vars in 861 bytes} [Wed Jun 24 19:41:02 2026] GET /allocations/8b2f69b9-633e-4d14-94e1-635235f307ba => generated 258 bytes in 18 msecs (HTTP/1.1 200) 8 headers in 296 bytes (1 switches on core 0)
2026-06-24 19:41:03.185 8 INFO placement.requestlog [req-27a4338b-d671-4c32-804b-da85ecd59298 req-73388da1-cbaa-4a18-a2a9-e6abf8d1cd0f d70b0c31eacb412f9a43befcf27cfd2d f816ba906c4949ebbfac206c5b388ddc - - a03dc18ecbd74a729f453515b87e899a a03dc18ecbd74a729f453515b87e899a] 199.204.45.78 "GET /resource_providers/e0a61dfa-c1a8-4c80-bc7b-c53f6a092bc9/allocations" status: 200 len: 353 microversion: 1.0 [pid: 8|app: 0|req: 634/1279] 199.204.45.78 () {32 vars in 855 bytes} [Wed Jun 24 19:41:03 2026] GET /resource_providers/e0a61dfa-c1a8-4c80-bc7b-c53f6a092bc9/allocations => generated 353 bytes in 16 msecs (HTTP/1.1 200) 6 headers in 224 bytes (1 switches on core 0)
2026-06-24 19:41:03.216 7 INFO placement.requestlog [req-27a4338b-d671-4c32-804b-da85ecd59298 req-b00508d3-76eb-4ce8-8e96-4641f6ed8cd3 d70b0c31eacb412f9a43befcf27cfd2d f816ba906c4949ebbfac206c5b388ddc - - a03dc18ecbd74a729f453515b87e899a a03dc18ecbd74a729f453515b87e899a] 199.204.45.78 "GET /allocations/43915f11-4c7b-4d7d-9933-77ad14bfb51e" status: 200 len: 258 microversion: 1.28 [pid: 7|app: 0|req: 646/1280] 199.204.45.78 () {34 vars in 861 bytes} [Wed Jun 24 19:41:03 2026] GET /allocations/43915f11-4c7b-4d7d-9933-77ad14bfb51e => generated 258 bytes in 24 msecs (HTTP/1.1 200) 8 headers in 296 bytes (1 switches on core 0)
2026-06-24 19:41:03.237 8 INFO placement.requestlog [req-27a4338b-d671-4c32-804b-da85ecd59298 req-afdf314e-f70c-4698-8344-210af5a9d219 d70b0c31eacb412f9a43befcf27cfd2d f816ba906c4949ebbfac206c5b388ddc - - a03dc18ecbd74a729f453515b87e899a a03dc18ecbd74a729f453515b87e899a] 199.204.45.78 "GET /allocations/8b2f69b9-633e-4d14-94e1-635235f307ba" status: 200 len: 258 microversion: 1.28 [pid: 8|app: 0|req: 635/1281] 199.204.45.78 () {34 vars in 861 bytes} [Wed Jun 24 19:41:03 2026] GET /allocations/8b2f69b9-633e-4d14-94e1-635235f307ba => generated 258 bytes in 14 msecs (HTTP/1.1 200) 8 headers in 296 bytes (1 switches on core 0)
2026-06-24 19:41:03.281 7 INFO placement.requestlog [req-27a4338b-d671-4c32-804b-da85ecd59298 req-1991050e-ef8c-40c8-aab1-530c3df8bbee d70b0c31eacb412f9a43befcf27cfd2d f816ba906c4949ebbfac206c5b388ddc - - a03dc18ecbd74a729f453515b87e899a a03dc18ecbd74a729f453515b87e899a] 199.204.45.78 "GET /allocations/43a85b75-48ae-4428-b78b-90634953c956" status: 200 len: 258 microversion: 1.28 [pid: 7|app: 0|req: 647/1282] 199.204.45.78 () {34 vars in 861 bytes} [Wed Jun 24 19:41:03 2026] GET /allocations/43a85b75-48ae-4428-b78b-90634953c956 => generated 258 bytes in 32 msecs (HTTP/1.1 200) 8 headers in 296 bytes (1 switches on core 0)
2026-06-24 19:41:04.362 8 INFO placement.requestlog [None req-09cd79a3-0b3f-46a6-a19c-f93538d251bc - - - - - -] 10.0.0.115 "GET /" status: 200 len: 136 microversion: 1.0
2026-06-24 19:41:04.362 7 INFO placement.requestlog [None req-e780eb50-1faa-4b45-89b2-48d5523656be - - - - - -] 10.0.0.115 "GET /" status: 200 len: 136 microversion: 1.0
2026-06-24 19:41:05.874 7 INFO placement.requestlog [None req-b09d1880-f708-4d5f-a584-d54a3057a3c1 d2a02e50eb8a436fa8371cb3435a4e9b f816ba906c4949ebbfac206c5b388ddc - - a03dc18ecbd74a729f453515b87e899a a03dc18ecbd74a729f453515b87e899a] 10.0.0.83 "GET /resource_providers/3e680504-c6e6-4988-ae17-fe43560a0b95/aggregates" status: 404 len: 235 microversion: 1.1 [pid: 7|app: 0|req: 649/1285] 10.0.0.83 () {32 vars in 814 bytes} [Wed Jun 24 19:41:05 2026] GET /resource_providers/3e680504-c6e6-4988-ae17-fe43560a0b95/aggregates => generated 235 bytes in 8 msecs (HTTP/1.1 404) 5 headers in 202 bytes (1 switches on core 0)
2026-06-24 19:41:05.876 8 INFO placement.requestlog [None req-0c17a20e-e9c2-4e71-8b2c-336d5906d07f d2a02e50eb8a436fa8371cb3435a4e9b f816ba906c4949ebbfac206c5b388ddc - - a03dc18ecbd74a729f453515b87e899a a03dc18ecbd74a729f453515b87e899a] 10.0.0.83 "GET /resource_providers/3e680504-c6e6-4988-ae17-fe43560a0b95/aggregates" status: 404 len: 235 microversion: 1.1 [pid: 8|app: 0|req: 637/1286] 10.0.0.83 () {32 vars in 814 bytes} [Wed Jun 24 19:41:05 2026] GET /resource_providers/3e680504-c6e6-4988-ae17-fe43560a0b95/aggregates => generated 235 bytes in 12 msecs (HTTP/1.1 404) 5 headers in 202 bytes (1 switches on core 0)
2026-06-24 19:41:05.896 8 INFO placement.requestlog [None req-050389ce-4056-481d-b4c0-28b91184ff20 d2a02e50eb8a436fa8371cb3435a4e9b f816ba906c4949ebbfac206c5b388ddc - - a03dc18ecbd74a729f453515b87e899a a03dc18ecbd74a729f453515b87e899a] 10.0.0.83 "DELETE /resource_providers/3e680504-c6e6-4988-ae17-fe43560a0b95" status: 404 len: 246 microversion: 1.1 [pid: 8|app: 0|req: 638/1287] 10.0.0.83 () {34 vars in 814 bytes} [Wed Jun 24 19:41:05 2026] DELETE /resource_providers/3e680504-c6e6-4988-ae17-fe43560a0b95 => generated 246 bytes in 7 msecs (HTTP/1.1 404) 6 headers in 231 bytes (1 switches on core 0)
2026-06-24 19:41:05.897 7 INFO placement.requestlog [None req-9baeba60-4955-4382-9ba2-01a5e2cc2709 d2a02e50eb8a436fa8371cb3435a4e9b f816ba906c4949ebbfac206c5b388ddc - - a03dc18ecbd74a729f453515b87e899a a03dc18ecbd74a729f453515b87e899a] 10.0.0.83 "DELETE /resource_providers/3e680504-c6e6-4988-ae17-fe43560a0b95" status: 404 len: 246 microversion: 1.1 [pid: 7|app: 0|req: 650/1288] 10.0.0.83 () {34 vars in 814 bytes} [Wed Jun 24 19:41:05 2026] DELETE /resource_providers/3e680504-c6e6-4988-ae17-fe43560a0b95 => generated 246 bytes in 9 msecs (HTTP/1.1 404) 6 headers in 231 bytes (1 switches on core 0)
2026-06-24 19:41:14.355 8 INFO placement.requestlog [None req-f6fc94dd-e496-47be-a2a0-64782f516e39 - - - - - -] 10.0.0.115 "GET /" status: 200 len: 136 microversion: 1.0
2026-06-24 19:41:14.356 7 INFO placement.requestlog [None req-4d6f8cd1-2b38-4af8-b638-724c1db3fc6d - - - - - -] 10.0.0.115 "GET /" status: 200 len: 136 microversion: 1.0
2026-06-24 19:41:19.178 8 INFO placement.requestlog [None req-5e5b3925-eb5c-44ad-a861-d6c6276077e6 d2a02e50eb8a436fa8371cb3435a4e9b f816ba906c4949ebbfac206c5b388ddc - - a03dc18ecbd74a729f453515b87e899a a03dc18ecbd74a729f453515b87e899a] 10.0.0.83 "GET /resource_providers/7cdd7038-9463-4740-aec4-4af43aaa95c1/aggregates" status: 404 len: 235 microversion: 1.1 [pid: 8|app: 0|req: 640/1291] 10.0.0.83 () {32 vars in 814 bytes} [Wed Jun 24 19:41:19 2026] GET /resource_providers/7cdd7038-9463-4740-aec4-4af43aaa95c1/aggregates => generated 235 bytes in 8 msecs (HTTP/1.1 404) 5 headers in 202 bytes (1 switches on core 0)
2026-06-24 19:41:19.201 8 INFO placement.requestlog [None req-fda4d32f-532b-4379-9054-aa0d4e01887c d2a02e50eb8a436fa8371cb3435a4e9b f816ba906c4949ebbfac206c5b388ddc - - a03dc18ecbd74a729f453515b87e899a a03dc18ecbd74a729f453515b87e899a] 10.0.0.83 "DELETE /resource_providers/7cdd7038-9463-4740-aec4-4af43aaa95c1" status: 404 len: 246 microversion: 1.1 [pid: 8|app: 0|req: 641/1292] 10.0.0.83 () {34 vars in 814 bytes} [Wed Jun 24 19:41:19 2026] DELETE /resource_providers/7cdd7038-9463-4740-aec4-4af43aaa95c1 => generated 246 bytes in 12 msecs (HTTP/1.1 404) 6 headers in 231 bytes (1 switches on core 0)
2026-06-24 19:41:19.206 7 INFO placement.requestlog [None req-2b9f8d48-d2c5-41b8-bcf3-a68dfcc062a1 d2a02e50eb8a436fa8371cb3435a4e9b f816ba906c4949ebbfac206c5b388ddc - - a03dc18ecbd74a729f453515b87e899a a03dc18ecbd74a729f453515b87e899a] 10.0.0.83 "GET /resource_providers/7cdd7038-9463-4740-aec4-4af43aaa95c1/aggregates" status: 404 len: 235 microversion: 1.1 [pid: 7|app: 0|req: 652/1293] 10.0.0.83 () {32 vars in 814 bytes} [Wed Jun 24 19:41:19 2026] GET /resource_providers/7cdd7038-9463-4740-aec4-4af43aaa95c1/aggregates => generated 235 bytes in 17 msecs (HTTP/1.1 404) 5 headers in 202 bytes (1 switches on core 0)
2026-06-24 19:41:19.228 8 INFO placement.requestlog [None req-79512718-d23f-492f-a969-112a18d2f0b0 d2a02e50eb8a436fa8371cb3435a4e9b f816ba906c4949ebbfac206c5b388ddc - - a03dc18ecbd74a729f453515b87e899a a03dc18ecbd74a729f453515b87e899a] 10.0.0.83 "DELETE /resource_providers/7cdd7038-9463-4740-aec4-4af43aaa95c1" status: 404 len: 246 microversion: 1.1 [pid: 8|app: 0|req: 642/1294] 10.0.0.83 () {34 vars in 814 bytes} [Wed Jun 24 19:41:19 2026] DELETE /resource_providers/7cdd7038-9463-4740-aec4-4af43aaa95c1 => generated 246 bytes in 9 msecs (HTTP/1.1 404) 6 headers in 231 bytes (1 switches on core 0)
2026-06-24 19:41:19.831 7 INFO placement.requestlog [None req-5a499887-3180-4468-b1f2-05f60606404a d2a02e50eb8a436fa8371cb3435a4e9b f816ba906c4949ebbfac206c5b388ddc - - a03dc18ecbd74a729f453515b87e899a a03dc18ecbd74a729f453515b87e899a] 10.0.0.83 "GET /resource_providers/de624c87-a0dc-4cb1-b2d2-1cdf6af2e8e8/aggregates" status: 404 len: 235 microversion: 1.1 [pid: 7|app: 0|req: 653/1295] 10.0.0.83 () {32 vars in 814 bytes} [Wed Jun 24 19:41:19 2026] GET /resource_providers/de624c87-a0dc-4cb1-b2d2-1cdf6af2e8e8/aggregates => generated 235 bytes in 11 msecs (HTTP/1.1 404) 5 headers in 202 bytes (1 switches on core 0)
2026-06-24 19:41:19.839 8 INFO placement.requestlog [None req-7f1f083a-a1e7-4d14-96cc-325aa8beaa2c d2a02e50eb8a436fa8371cb3435a4e9b f816ba906c4949ebbfac206c5b388ddc - - a03dc18ecbd74a729f453515b87e899a a03dc18ecbd74a729f453515b87e899a] 10.0.0.83 "GET /resource_providers/de624c87-a0dc-4cb1-b2d2-1cdf6af2e8e8/aggregates" status: 404 len: 235 microversion: 1.1 [pid: 8|app: 0|req: 643/1296] 10.0.0.83 () {32 vars in 814 bytes} [Wed Jun 24 19:41:19 2026] GET /resource_providers/de624c87-a0dc-4cb1-b2d2-1cdf6af2e8e8/aggregates => generated 235 bytes in 13 msecs (HTTP/1.1 404) 5 headers in 202 bytes (1 switches on core 0)
2026-06-24 19:41:19.855 8 INFO placement.requestlog [None req-3a0e196b-45ba-4475-aa1d-6792f98f34ff d2a02e50eb8a436fa8371cb3435a4e9b f816ba906c4949ebbfac206c5b388ddc - - a03dc18ecbd74a729f453515b87e899a a03dc18ecbd74a729f453515b87e899a] 10.0.0.83 "DELETE /resource_providers/de624c87-a0dc-4cb1-b2d2-1cdf6af2e8e8" status: 404 len: 246 microversion: 1.1
2026-06-24 19:41:19.855 7 INFO placement.requestlog [None req-d6b26516-c20a-41d9-a220-65ab357a5fd5 d2a02e50eb8a436fa8371cb3435a4e9b f816ba906c4949ebbfac206c5b388ddc - - a03dc18ecbd74a729f453515b87e899a a03dc18ecbd74a729f453515b87e899a] 10.0.0.83 "DELETE /resource_providers/de624c87-a0dc-4cb1-b2d2-1cdf6af2e8e8" status: 404 len: 246 microversion: 1.1 [pid: 8|app: 0|req: 644/1297] 10.0.0.83 () {34 vars in 814 bytes} [Wed Jun 24 19:41:19 2026] DELETE /resource_providers/de624c87-a0dc-4cb1-b2d2-1cdf6af2e8e8 => generated 246 bytes in 8 msecs (HTTP/1.1 404) 6 headers in 231 bytes (1 switches on core 0) [pid: 7|app: 0|req: 654/1298] 10.0.0.83 () {34 vars in 814 bytes} [Wed Jun 24 19:41:19 2026] DELETE /resource_providers/de624c87-a0dc-4cb1-b2d2-1cdf6af2e8e8 => generated 246 bytes in 9 msecs (HTTP/1.1 404) 6 headers in 231 bytes (1 switches on core 0)
2026-06-24 19:41:21.873 8 INFO placement.requestlog [None req-12ead8af-abbc-4a06-b230-33dc6400cb74 d2a02e50eb8a436fa8371cb3435a4e9b f816ba906c4949ebbfac206c5b388ddc - - a03dc18ecbd74a729f453515b87e899a a03dc18ecbd74a729f453515b87e899a] 10.0.0.83 "GET /resource_providers/7693d17e-1a06-47fd-89fc-8904ceaab7a1/aggregates" status: 404 len: 235 microversion: 1.1 [pid: 8|app: 0|req: 645/1299] 10.0.0.83 () {32 vars in 814 bytes} [Wed Jun 24 19:41:21 2026] GET /resource_providers/7693d17e-1a06-47fd-89fc-8904ceaab7a1/aggregates => generated 235 bytes in 8 msecs (HTTP/1.1 404) 5 headers in 202 bytes (1 switches on core 0)
2026-06-24 19:41:21.878 7 INFO placement.requestlog [None req-1a871571-efd8-4aca-9ed5-88c95328aee0 d2a02e50eb8a436fa8371cb3435a4e9b f816ba906c4949ebbfac206c5b388ddc - - a03dc18ecbd74a729f453515b87e899a a03dc18ecbd74a729f453515b87e899a] 10.0.0.83 "GET /resource_providers/7693d17e-1a06-47fd-89fc-8904ceaab7a1/aggregates" status: 404 len: 235 microversion: 1.1 [pid: 7|app: 0|req: 655/1300] 10.0.0.83 () {32 vars in 814 bytes} [Wed Jun 24 19:41:21 2026] GET /resource_providers/7693d17e-1a06-47fd-89fc-8904ceaab7a1/aggregates => generated 235 bytes in 11 msecs (HTTP/1.1 404) 5 headers in 202 bytes (1 switches on core 0)
2026-06-24 19:41:21.891 8 INFO placement.requestlog [None req-09027881-ede4-4aae-a068-58786bb0d6c1 d2a02e50eb8a436fa8371cb3435a4e9b f816ba906c4949ebbfac206c5b388ddc - - a03dc18ecbd74a729f453515b87e899a a03dc18ecbd74a729f453515b87e899a] 10.0.0.83 "DELETE /resource_providers/7693d17e-1a06-47fd-89fc-8904ceaab7a1" status: 404 len: 246 microversion: 1.1 [pid: 8|app: 0|req: 646/1301] 10.0.0.83 () {34 vars in 814 bytes} [Wed Jun 24 19:41:21 2026] DELETE /resource_providers/7693d17e-1a06-47fd-89fc-8904ceaab7a1 => generated 246 bytes in 9 msecs (HTTP/1.1 404) 6 headers in 231 bytes (1 switches on core 0)
2026-06-24 19:41:21.896 7 INFO placement.requestlog [None req-8f5d17ba-724b-46a3-b6c9-4d439b46a183 d2a02e50eb8a436fa8371cb3435a4e9b f816ba906c4949ebbfac206c5b388ddc - - a03dc18ecbd74a729f453515b87e899a a03dc18ecbd74a729f453515b87e899a] 10.0.0.83 "DELETE /resource_providers/7693d17e-1a06-47fd-89fc-8904ceaab7a1" status: 404 len: 246 microversion: 1.1 [pid: 7|app: 0|req: 656/1302] 10.0.0.83 () {34 vars in 814 bytes} [Wed Jun 24 19:41:21 2026] DELETE /resource_providers/7693d17e-1a06-47fd-89fc-8904ceaab7a1 => generated 246 bytes in 11 msecs (HTTP/1.1 404) 6 headers in 231 bytes (1 switches on core 0)
2026-06-24 19:41:24.356 8 INFO placement.requestlog [None req-9ec70f39-4c2c-442d-90be-619c3e78d3d7 - - - - - -] 10.0.0.115 "GET /" status: 200 len: 136 microversion: 1.0
2026-06-24 19:41:24.356 7 INFO placement.requestlog [None req-7fea0b2f-5a5a-46f8-baaf-e22bbb43d870 - - - - - -] 10.0.0.115 "GET /" status: 200 len: 136 microversion: 1.0
2026-06-24 19:41:34.355 7 INFO placement.requestlog [None req-3ed3aafe-c3b2-4c29-8b26-c0eddcf99190 - - - - - -] 10.0.0.115 "GET /" status: 200 len: 136 microversion: 1.0
2026-06-24 19:41:34.355 8 INFO placement.requestlog [None req-842ba482-3253-4301-8e69-1ec3c2e2c4a5 - - - - - -] 10.0.0.115 "GET /" status: 200 len: 136 microversion: 1.0
2026-06-24 19:41:35.791 8 INFO placement.requestlog [req-fbc05189-f892-40de-ad7d-d7841054a401 req-e7063f47-658c-46a2-bdf3-3ca04910e97b d70b0c31eacb412f9a43befcf27cfd2d f816ba906c4949ebbfac206c5b388ddc - - a03dc18ecbd74a729f453515b87e899a a03dc18ecbd74a729f453515b87e899a] 10.0.0.129 "GET /allocation_candidates?limit=1000&resources=MEMORY_MB%3A2048%2CVCPU%3A2&root_required=%21COMPUTE_STATUS_DISABLED" status: 200 len: 2630 microversion: 1.36 [pid: 8|app: 0|req: 649/1307] 10.0.0.129 () {34 vars in 985 bytes} [Wed Jun 24 19:41:35 2026] GET /allocation_candidates?limit=1000&resources=MEMORY_MB%3A2048%2CVCPU%3A2&root_required=%21COMPUTE_STATUS_DISABLED => generated 2630 bytes in 57 msecs (HTTP/1.1 200) 8 headers in 297 bytes (1 switches on core 0)
2026-06-24 19:41:35.818 7 INFO placement.requestlog [req-fbc05189-f892-40de-ad7d-d7841054a401 req-197e07a5-2ef7-4b9f-9a06-b3250c21bd44 d70b0c31eacb412f9a43befcf27cfd2d f816ba906c4949ebbfac206c5b388ddc - - a03dc18ecbd74a729f453515b87e899a a03dc18ecbd74a729f453515b87e899a] 10.0.0.129 "GET /allocations/685b38f6-2f9d-496a-9724-9cd5ba5a9819" status: 200 len: 19 microversion: 1.28 [pid: 7|app: 0|req: 659/1308] 10.0.0.129 () {34 vars in 860 bytes} [Wed Jun 24 19:41:35 2026] GET /allocations/685b38f6-2f9d-496a-9724-9cd5ba5a9819 => generated 19 bytes in 10 msecs (HTTP/1.1 200) 8 headers in 295 bytes (1 switches on core 0)
2026-06-24 19:41:36.050 8 INFO placement.requestlog [req-fbc05189-f892-40de-ad7d-d7841054a401 req-abf49470-4326-497d-8f9c-4ed15dfaea24 d70b0c31eacb412f9a43befcf27cfd2d f816ba906c4949ebbfac206c5b388ddc - - a03dc18ecbd74a729f453515b87e899a a03dc18ecbd74a729f453515b87e899a] 10.0.0.129 "PUT /allocations/685b38f6-2f9d-496a-9724-9cd5ba5a9819" status: 204 len: 0 microversion: 1.36 [pid: 8|app: 0|req: 650/1309] 10.0.0.129 () {38 vars in 913 bytes} [Wed Jun 24 19:41:35 2026] PUT /allocations/685b38f6-2f9d-496a-9724-9cd5ba5a9819 => generated 0 bytes in 225 msecs (HTTP/1.1 204) 5 headers in 199 bytes (1 switches on core 0)
2026-06-24 19:41:37.540 7 INFO placement.requestlog [req-fbc05189-f892-40de-ad7d-d7841054a401 req-6261677c-fd29-431c-8e39-095fdd1cb347 d70b0c31eacb412f9a43befcf27cfd2d f816ba906c4949ebbfac206c5b388ddc - - a03dc18ecbd74a729f453515b87e899a a03dc18ecbd74a729f453515b87e899a] 199.204.45.78 "GET /allocations/685b38f6-2f9d-496a-9724-9cd5ba5a9819" status: 200 len: 245 microversion: 1.28 [pid: 7|app: 0|req: 660/1310] 199.204.45.78 () {34 vars in 861 bytes} [Wed Jun 24 19:41:37 2026] GET /allocations/685b38f6-2f9d-496a-9724-9cd5ba5a9819 => generated 245 bytes in 22 msecs (HTTP/1.1 200) 8 headers in 296 bytes (1 switches on core 0)
2026-06-24 19:41:38.583 8 INFO placement.requestlog [req-fbc05189-f892-40de-ad7d-d7841054a401 req-02525635-1223-41ca-8eee-ce0782557beb d70b0c31eacb412f9a43befcf27cfd2d f816ba906c4949ebbfac206c5b388ddc - - a03dc18ecbd74a729f453515b87e899a a03dc18ecbd74a729f453515b87e899a] 199.204.45.78 "GET /resource_providers/e0a61dfa-c1a8-4c80-bc7b-c53f6a092bc9/allocations" status: 200 len: 440 microversion: 1.0 [pid: 8|app: 0|req: 651/1311] 199.204.45.78 () {32 vars in 855 bytes} [Wed Jun 24 19:41:38 2026] GET /resource_providers/e0a61dfa-c1a8-4c80-bc7b-c53f6a092bc9/allocations => generated 440 bytes in 20 msecs (HTTP/1.1 200) 6 headers in 224 bytes (1 switches on core 0)
2026-06-24 19:41:38.601 7 INFO placement.requestlog [req-fbc05189-f892-40de-ad7d-d7841054a401 req-094d1407-72c2-45d5-bf5b-5658342b8040 d70b0c31eacb412f9a43befcf27cfd2d f816ba906c4949ebbfac206c5b388ddc - - a03dc18ecbd74a729f453515b87e899a a03dc18ecbd74a729f453515b87e899a] 199.204.45.78 "GET /allocations/685b38f6-2f9d-496a-9724-9cd5ba5a9819" status: 200 len: 245 microversion: 1.28 [pid: 7|app: 0|req: 661/1312] 199.204.45.78 () {34 vars in 861 bytes} [Wed Jun 24 19:41:38 2026] GET /allocations/685b38f6-2f9d-496a-9724-9cd5ba5a9819 => generated 245 bytes in 13 msecs (HTTP/1.1 200) 8 headers in 296 bytes (1 switches on core 0)
2026-06-24 19:41:38.617 8 INFO placement.requestlog [req-fbc05189-f892-40de-ad7d-d7841054a401 req-b068a6d8-dceb-4d41-b77b-4edd6ad52aa7 d70b0c31eacb412f9a43befcf27cfd2d f816ba906c4949ebbfac206c5b388ddc - - a03dc18ecbd74a729f453515b87e899a a03dc18ecbd74a729f453515b87e899a] 199.204.45.78 "GET /allocations/43915f11-4c7b-4d7d-9933-77ad14bfb51e" status: 200 len: 258 microversion: 1.28 [pid: 8|app: 0|req: 652/1313] 199.204.45.78 () {34 vars in 861 bytes} [Wed Jun 24 19:41:38 2026] GET /allocations/43915f11-4c7b-4d7d-9933-77ad14bfb51e => generated 258 bytes in 11 msecs (HTTP/1.1 200) 8 headers in 296 bytes (1 switches on core 0)
2026-06-24 19:41:38.643 7 INFO placement.requestlog [req-fbc05189-f892-40de-ad7d-d7841054a401 req-ecd38feb-dcc7-4df7-85ca-5bcf80a13ccf d70b0c31eacb412f9a43befcf27cfd2d f816ba906c4949ebbfac206c5b388ddc - - a03dc18ecbd74a729f453515b87e899a a03dc18ecbd74a729f453515b87e899a] 199.204.45.78 "GET /allocations/8b2f69b9-633e-4d14-94e1-635235f307ba" status: 200 len: 258 microversion: 1.28 [pid: 7|app: 0|req: 662/1314] 199.204.45.78 () {34 vars in 861 bytes} [Wed Jun 24 19:41:38 2026] GET /allocations/8b2f69b9-633e-4d14-94e1-635235f307ba => generated 258 bytes in 19 msecs (HTTP/1.1 200) 8 headers in 296 bytes (1 switches on core 0)
2026-06-24 19:41:38.664 8 INFO placement.requestlog [req-fbc05189-f892-40de-ad7d-d7841054a401 req-1f130c29-c10b-458c-af55-3fd932446aaf d70b0c31eacb412f9a43befcf27cfd2d f816ba906c4949ebbfac206c5b388ddc - - a03dc18ecbd74a729f453515b87e899a a03dc18ecbd74a729f453515b87e899a] 199.204.45.78 "GET /allocations/43a85b75-48ae-4428-b78b-90634953c956" status: 200 len: 258 microversion: 1.28 [pid: 8|app: 0|req: 653/1315] 199.204.45.78 () {34 vars in 861 bytes} [Wed Jun 24 19:41:38 2026] GET /allocations/43a85b75-48ae-4428-b78b-90634953c956 => generated 258 bytes in 15 msecs (HTTP/1.1 200) 8 headers in 296 bytes (1 switches on core 0)
2026-06-24 19:41:42.626 7 INFO placement.requestlog [req-2a0ac036-74b9-49fb-b18a-3d2e7854b220 req-a5e90683-b992-4772-81e9-4b6e00ad4fb4 d70b0c31eacb412f9a43befcf27cfd2d f816ba906c4949ebbfac206c5b388ddc - - a03dc18ecbd74a729f453515b87e899a a03dc18ecbd74a729f453515b87e899a] 199.204.45.78 "GET /resource_providers/e0a61dfa-c1a8-4c80-bc7b-c53f6a092bc9/allocations" status: 200 len: 440 microversion: 1.0 [pid: 7|app: 0|req: 663/1316] 199.204.45.78 () {32 vars in 855 bytes} [Wed Jun 24 19:41:42 2026] GET /resource_providers/e0a61dfa-c1a8-4c80-bc7b-c53f6a092bc9/allocations => generated 440 bytes in 19 msecs (HTTP/1.1 200) 6 headers in 224 bytes (1 switches on core 0)
2026-06-24 19:41:42.650 8 INFO placement.requestlog [req-2a0ac036-74b9-49fb-b18a-3d2e7854b220 req-5b3fa42e-825e-4b3a-81ce-1584a365b5b1 d70b0c31eacb412f9a43befcf27cfd2d f816ba906c4949ebbfac206c5b388ddc - - a03dc18ecbd74a729f453515b87e899a a03dc18ecbd74a729f453515b87e899a] 199.204.45.78 "GET /allocations/685b38f6-2f9d-496a-9724-9cd5ba5a9819" status: 200 len: 245 microversion: 1.28 [pid: 8|app: 0|req: 654/1317] 199.204.45.78 () {34 vars in 861 bytes} [Wed Jun 24 19:41:42 2026] GET /allocations/685b38f6-2f9d-496a-9724-9cd5ba5a9819 => generated 245 bytes in 18 msecs (HTTP/1.1 200) 8 headers in 296 bytes (1 switches on core 0)
2026-06-24 19:41:42.675 7 INFO placement.requestlog [req-2a0ac036-74b9-49fb-b18a-3d2e7854b220 req-17adba40-8b2f-4e2f-acb7-35aa28dc7d6a d70b0c31eacb412f9a43befcf27cfd2d f816ba906c4949ebbfac206c5b388ddc - - a03dc18ecbd74a729f453515b87e899a a03dc18ecbd74a729f453515b87e899a] 199.204.45.78 "GET /allocations/43915f11-4c7b-4d7d-9933-77ad14bfb51e" status: 200 len: 258 microversion: 1.28 [pid: 7|app: 0|req: 664/1318] 199.204.45.78 () {34 vars in 861 bytes} [Wed Jun 24 19:41:42 2026] GET /allocations/43915f11-4c7b-4d7d-9933-77ad14bfb51e => generated 258 bytes in 16 msecs (HTTP/1.1 200) 8 headers in 296 bytes (1 switches on core 0)
2026-06-24 19:41:42.694 8 INFO placement.requestlog [req-2a0ac036-74b9-49fb-b18a-3d2e7854b220 req-ff6a16de-51f4-4964-94c8-5b6e41d696c9 d70b0c31eacb412f9a43befcf27cfd2d f816ba906c4949ebbfac206c5b388ddc - - a03dc18ecbd74a729f453515b87e899a a03dc18ecbd74a729f453515b87e899a] 199.204.45.78 "GET /allocations/8b2f69b9-633e-4d14-94e1-635235f307ba" status: 200 len: 258 microversion: 1.28 [pid: 8|app: 0|req: 655/1319] 199.204.45.78 () {34 vars in 861 bytes} [Wed Jun 24 19:41:42 2026] GET /allocations/8b2f69b9-633e-4d14-94e1-635235f307ba => generated 258 bytes in 13 msecs (HTTP/1.1 200) 8 headers in 296 bytes (1 switches on core 0)
2026-06-24 19:41:42.715 7 INFO placement.requestlog [req-2a0ac036-74b9-49fb-b18a-3d2e7854b220 req-036a378f-772e-4cae-836f-f3a3c86824cd d70b0c31eacb412f9a43befcf27cfd2d f816ba906c4949ebbfac206c5b388ddc - - a03dc18ecbd74a729f453515b87e899a a03dc18ecbd74a729f453515b87e899a] 199.204.45.78 "GET /allocations/43a85b75-48ae-4428-b78b-90634953c956" status: 200 len: 258 microversion: 1.28 [pid: 7|app: 0|req: 665/1320] 199.204.45.78 () {34 vars in 861 bytes} [Wed Jun 24 19:41:42 2026] GET /allocations/43a85b75-48ae-4428-b78b-90634953c956 => generated 258 bytes in 15 msecs (HTTP/1.1 200) 8 headers in 296 bytes (1 switches on core 0)
2026-06-24 19:41:43.779 8 INFO placement.requestlog [req-2a0ac036-74b9-49fb-b18a-3d2e7854b220 req-8f2fa9ae-29df-4a3d-b2f6-e01cc918de52 d70b0c31eacb412f9a43befcf27cfd2d f816ba906c4949ebbfac206c5b388ddc - - a03dc18ecbd74a729f453515b87e899a a03dc18ecbd74a729f453515b87e899a] 199.204.45.78 "DELETE /allocations/8b2f69b9-633e-4d14-94e1-635235f307ba" status: 204 len: 0 microversion: 1.0 [pid: 8|app: 0|req: 656/1321] 199.204.45.78 () {34 vars in 839 bytes} [Wed Jun 24 19:41:43 2026] DELETE /allocations/8b2f69b9-633e-4d14-94e1-635235f307ba => generated 0 bytes in 39 msecs (HTTP/1.1 204) 5 headers in 198 bytes (1 switches on core 0)
2026-06-24 19:41:44.355 7 INFO placement.requestlog [None req-3d9f0420-6c93-42d2-b982-2d6e521b3993 - - - - - -] 10.0.0.115 "GET /" status: 200 len: 136 microversion: 1.0
2026-06-24 19:41:44.355 8 INFO placement.requestlog [None req-4c017e48-09b4-4beb-814c-c9f1d2cc989c - - - - - -] 10.0.0.115 "GET /" status: 200 len: 136 microversion: 1.0
