2026-06-24 19:40:06.228 8 INFO neutron.db.ovn_revision_numbers_db [None req-b5574f17-542b-4ab9-a04c-efa4685a5af8 - - - - - -] Successfully bumped revision number for resource f08113a9-ecdc-47fe-9684-a27659f7f3f0 (type: subnets) to 0 [pid: 8|app: 0|req: 1360/2686] 10.0.0.228 () {34 vars in 669 bytes} [Wed Jun 24 19:40:05 2026] POST /v2.0/subnets => generated 656 bytes in 880 msecs (HTTP/1.1 201) 4 headers in 162 bytes (1 switches on core 0)
2026-06-24 19:40:06.257 7 INFO neutron.db.ovn_revision_numbers_db [None req-c9e5fb38-510d-4029-9772-a77a3b37c217 - - - - - -] Successfully bumped revision number for resource 8744a11d-290a-46bb-b65a-a136be94ac8f (type: subnets) to 0 [pid: 7|app: 0|req: 1327/2687] 10.0.0.228 () {34 vars in 669 bytes} [Wed Jun 24 19:40:05 2026] POST /v2.0/subnets => generated 626 bytes in 975 msecs (HTTP/1.1 201) 4 headers in 162 bytes (1 switches on core 0) [pid: 8|app: 0|req: 1361/2688] 10.0.0.61 () {34 vars in 989 bytes} [Wed Jun 24 19:40:06 2026] GET /v2.0/ports?device_id=3ab6e7f5-85b9-43ea-8c3e-1d7fed44f11e => generated 971 bytes in 39 msecs (HTTP/1.1 200) 4 headers in 157 bytes (1 switches on core 0)
2026-06-24 19:40:06.540 7 WARNING neutron.scheduler.dhcp_agent_scheduler [None req-d6fc9f4f-5849-410b-a0a2-30d9e35dddb3 197a2341205f40859dbabe17421126aa 6ad8e35b6f994c7d817893bb70c01e6d - - default default] No more DHCP agents
2026-06-24 19:40:06.541 7 WARNING neutron.api.rpc.agentnotifiers.dhcp_rpc_agent_api [None req-d6fc9f4f-5849-410b-a0a2-30d9e35dddb3 197a2341205f40859dbabe17421126aa 6ad8e35b6f994c7d817893bb70c01e6d - - default default] Unable to schedule network 90b0a07a-706d-4918-8540-8bc15dcc8ded: no agents available; will retry on subsequent port and subnet creation events.
2026-06-24 19:40:06.592 7 INFO neutron.db.ovn_revision_numbers_db [None req-d6fc9f4f-5849-410b-a0a2-30d9e35dddb3 197a2341205f40859dbabe17421126aa 6ad8e35b6f994c7d817893bb70c01e6d - - default default] Successfully bumped revision number for resource 8922f13a-bf8a-4b8c-aca5-d966bf36e6a5 (type: subnets) to 0 [pid: 7|app: 0|req: 1328/2689] 10.0.0.228 () {34 vars in 669 bytes} [Wed Jun 24 19:40:06 2026] POST /v2.0/subnets => generated 730 bytes in 335 msecs (HTTP/1.1 201) 4 headers in 162 bytes (1 switches on core 0) [pid: 7|app: 0|req: 1329/2690] 10.0.0.61 () {34 vars in 1039 bytes} [Wed Jun 24 19:40:06 2026] GET /v2.0/security-groups?id=a7016ad1-17ee-4fb2-9dd6-30cbafc65fd2&fields=id&fields=name => generated 114 bytes in 36 msecs (HTTP/1.1 200) 4 headers in 157 bytes (1 switches on core 0)
2026-06-24 19:40:06.749 8 WARNING neutron.scheduler.dhcp_agent_scheduler [None req-fb2275d6-df07-40d4-97fc-12885aa134ec 1133d0c46df44f5590c5e3fc7e48d6f7 58f8ffbabd154b359e9cbde80451486a - - default default] No more DHCP agents
2026-06-24 19:40:06.751 8 WARNING neutron.api.rpc.agentnotifiers.dhcp_rpc_agent_api [None req-fb2275d6-df07-40d4-97fc-12885aa134ec 1133d0c46df44f5590c5e3fc7e48d6f7 58f8ffbabd154b359e9cbde80451486a - - default default] Unable to schedule network b403875c-7f00-40aa-b20c-e9e42c30f93a: no agents available; will retry on subsequent port and subnet creation events.
2026-06-24 19:40:06.862 8 INFO neutron.plugins.ml2.drivers.ovn.mech_driver.mech_driver [None req-aa6b8a8f-b5cd-4452-81cf-8c92e76bc259 - - - - - -] OVN reports status down for port: 3446550a-eed7-4375-86dc-c573b35954b8
2026-06-24 19:40:06.911 8 INFO neutron.db.ovn_revision_numbers_db [None req-fb2275d6-df07-40d4-97fc-12885aa134ec 1133d0c46df44f5590c5e3fc7e48d6f7 58f8ffbabd154b359e9cbde80451486a - - default default] Successfully bumped revision number for resource 3446550a-eed7-4375-86dc-c573b35954b8 (type: ports) to 1
2026-06-24 19:40:07.117 7 WARNING neutron.scheduler.dhcp_agent_scheduler [None req-b21d3727-1431-441f-9499-fee57d288917 197a2341205f40859dbabe17421126aa 6ad8e35b6f994c7d817893bb70c01e6d - - default default] No more DHCP agents
2026-06-24 19:40:07.119 7 WARNING neutron.api.rpc.agentnotifiers.dhcp_rpc_agent_api [None req-b21d3727-1431-441f-9499-fee57d288917 197a2341205f40859dbabe17421126aa 6ad8e35b6f994c7d817893bb70c01e6d - - default default] Unable to schedule network b403875c-7f00-40aa-b20c-e9e42c30f93a: no agents available; will retry on subsequent port and subnet creation events.
2026-06-24 19:40:07.270 7 INFO neutron.plugins.ml2.drivers.ovn.mech_driver.mech_driver [None req-7614104a-c840-44be-8ecb-606670c2562d - - - - - -] OVN reports status down for port: 53e76dce-2418-45e3-b845-7f2a410e7512
2026-06-24 19:40:07.332 7 INFO neutron.db.ovn_revision_numbers_db [None req-b21d3727-1431-441f-9499-fee57d288917 197a2341205f40859dbabe17421126aa 6ad8e35b6f994c7d817893bb70c01e6d - - default default] Successfully bumped revision number for resource 53e76dce-2418-45e3-b845-7f2a410e7512 (type: ports) to 1
2026-06-24 19:40:07.715 8 INFO neutron.plugins.ml2.drivers.ovn.mech_driver.ovsdb.commands [None req-13b7b37c-bca5-4ee7-aacf-d3aa8e70390f - - - - - -] Schedule LRP lrp-3446550a-eed7-4375-86dc-c573b35954b8 on gateway 36578338-7a5d-41bc-bf01-92507a5568db with priority 1
2026-06-24 19:40:07.743 8 INFO neutron.plugins.ml2.drivers.ovn.mech_driver.mech_driver [None req-aa6b8a8f-b5cd-4452-81cf-8c92e76bc259 - - - - - -] OVN reports status up for port: 3446550a-eed7-4375-86dc-c573b35954b8
2026-06-24 19:40:07.776 8 INFO neutron.plugins.ml2.plugin [None req-aa6b8a8f-b5cd-4452-81cf-8c92e76bc259 - - - - - -] Attempt 1 to provision port 3446550a-eed7-4375-86dc-c573b35954b8
2026-06-24 19:40:07.807 8 INFO neutron.db.ovn_revision_numbers_db [None req-fb2275d6-df07-40d4-97fc-12885aa134ec 1133d0c46df44f5590c5e3fc7e48d6f7 58f8ffbabd154b359e9cbde80451486a - - default default] Successfully bumped revision number for resource 3446550a-eed7-4375-86dc-c573b35954b8 (type: router_ports) to 1
2026-06-24 19:40:07.933 8 INFO neutron.db.ovn_revision_numbers_db [None req-fb2275d6-df07-40d4-97fc-12885aa134ec 1133d0c46df44f5590c5e3fc7e48d6f7 58f8ffbabd154b359e9cbde80451486a - - default default] Successfully bumped revision number for resource 88c6cb33-a1b1-48a9-ae53-bd9c6c68abad (type: routers) to 2 [pid: 8|app: 0|req: 1362/2691] 10.0.0.228 () {34 vars in 669 bytes} [Wed Jun 24 19:40:06 2026] POST /v2.0/routers => generated 936 bytes in 1665 msecs (HTTP/1.1 201) 4 headers in 162 bytes (1 switches on core 0) [pid: 8|app: 0|req: 1363/2692] 10.0.0.61 () {34 vars in 989 bytes} [Wed Jun 24 19:40:07 2026] GET /v2.0/ports?device_id=3ab6e7f5-85b9-43ea-8c3e-1d7fed44f11e => generated 971 bytes in 38 msecs (HTTP/1.1 200) 4 headers in 157 bytes (1 switches on core 0)
2026-06-24 19:40:08.146 7 INFO neutron.plugins.ml2.drivers.ovn.mech_driver.ovsdb.commands [None req-ebf713b4-2db5-4bc2-8d01-9cf70268f8b6 - - - - - -] Schedule LRP lrp-53e76dce-2418-45e3-b845-7f2a410e7512 on gateway 36578338-7a5d-41bc-bf01-92507a5568db with priority 1
2026-06-24 19:40:08.174 7 INFO neutron.plugins.ml2.drivers.ovn.mech_driver.ovsdb.ovsdb_monitor [None req-452a5cc7-7b39-47f3-845d-559972a083ce - - - - - -] Router aabf1565-7c42-4e0f-baae-ad8e3ecaf3c1 is bound to host instance
2026-06-24 19:40:08.271 7 INFO neutron.plugins.ml2.drivers.ovn.mech_driver.mech_driver [None req-7614104a-c840-44be-8ecb-606670c2562d - - - - - -] OVN reports status up for port: 53e76dce-2418-45e3-b845-7f2a410e7512
2026-06-24 19:40:08.305 7 INFO neutron.plugins.ml2.plugin [None req-7614104a-c840-44be-8ecb-606670c2562d - - - - - -] Attempt 1 to provision port 53e76dce-2418-45e3-b845-7f2a410e7512
2026-06-24 19:40:08.387 7 INFO neutron.db.ovn_revision_numbers_db [None req-b21d3727-1431-441f-9499-fee57d288917 197a2341205f40859dbabe17421126aa 6ad8e35b6f994c7d817893bb70c01e6d - - default default] Successfully bumped revision number for resource 53e76dce-2418-45e3-b845-7f2a410e7512 (type: router_ports) to 1
2026-06-24 19:40:08.599 7 INFO neutron.db.ovn_revision_numbers_db [None req-b21d3727-1431-441f-9499-fee57d288917 197a2341205f40859dbabe17421126aa 6ad8e35b6f994c7d817893bb70c01e6d - - default default] Successfully bumped revision number for resource aabf1565-7c42-4e0f-baae-ad8e3ecaf3c1 (type: routers) to 2
2026-06-24 19:40:08.628 8 WARNING neutron.scheduler.dhcp_agent_scheduler [None req-3ab6d94a-31b3-4ad9-ac85-62073383a65d 1133d0c46df44f5590c5e3fc7e48d6f7 58f8ffbabd154b359e9cbde80451486a - - default default] No more DHCP agents
2026-06-24 19:40:08.630 8 WARNING neutron.api.rpc.agentnotifiers.dhcp_rpc_agent_api [None req-3ab6d94a-31b3-4ad9-ac85-62073383a65d 1133d0c46df44f5590c5e3fc7e48d6f7 58f8ffbabd154b359e9cbde80451486a - - default default] Unable to schedule network 7e0f2029-bb30-4f23-9016-1ad3fc055aeb: no agents available; will retry on subsequent port and subnet creation events. [pid: 7|app: 0|req: 1330/2693] 10.0.0.228 () {34 vars in 669 bytes} [Wed Jun 24 19:40:06 2026] POST /v2.0/routers => generated 943 bytes in 2003 msecs (HTTP/1.1 201) 4 headers in 162 bytes (1 switches on core 0) [pid: 7|app: 0|req: 1331/2694] 10.0.0.61 () {34 vars in 1039 bytes} [Wed Jun 24 19:40:08 2026] GET /v2.0/security-groups?id=a7016ad1-17ee-4fb2-9dd6-30cbafc65fd2&fields=id&fields=name => generated 114 bytes in 79 msecs (HTTP/1.1 200) 4 headers in 157 bytes (1 switches on core 0)
2026-06-24 19:40:08.782 8 INFO neutron.db.ovn_revision_numbers_db [None req-3ab6d94a-31b3-4ad9-ac85-62073383a65d 1133d0c46df44f5590c5e3fc7e48d6f7 58f8ffbabd154b359e9cbde80451486a - - default default] Successfully bumped revision number for resource c005b10a-b57a-4fa3-b695-3dc76afbd0f2 (type: ports) to 1
2026-06-24 19:40:09.588 8 WARNING neutron.scheduler.dhcp_agent_scheduler [None req-3ab6d94a-31b3-4ad9-ac85-62073383a65d 1133d0c46df44f5590c5e3fc7e48d6f7 58f8ffbabd154b359e9cbde80451486a - - default default] No more DHCP agents
2026-06-24 19:40:09.590 8 WARNING neutron.api.rpc.agentnotifiers.dhcp_rpc_agent_api [None req-3ab6d94a-31b3-4ad9-ac85-62073383a65d 1133d0c46df44f5590c5e3fc7e48d6f7 58f8ffbabd154b359e9cbde80451486a - - default default] Unable to schedule network 7e0f2029-bb30-4f23-9016-1ad3fc055aeb: no agents available; will retry on subsequent port and subnet creation events.
2026-06-24 19:40:09.961 8 INFO neutron.db.ovn_revision_numbers_db [None req-3ab6d94a-31b3-4ad9-ac85-62073383a65d 1133d0c46df44f5590c5e3fc7e48d6f7 58f8ffbabd154b359e9cbde80451486a - - default default] Successfully bumped revision number for resource c005b10a-b57a-4fa3-b695-3dc76afbd0f2 (type: router_ports) to 1 [pid: 8|app: 0|req: 1364/2695] 10.0.0.228 () {34 vars in 783 bytes} [Wed Jun 24 19:40:07 2026] PUT /v2.0/routers/88c6cb33-a1b1-48a9-ae53-bd9c6c68abad/add_router_interface => generated 309 bytes in 1980 msecs (HTTP/1.1 200) 4 headers in 157 bytes (1 switches on core 0) [pid: 8|app: 0|req: 1365/2696] 10.0.0.228 () {32 vars in 736 bytes} [Wed Jun 24 19:40:09 2026] GET /v2.0/ports?device_id=3ab6e7f5-85b9-43ea-8c3e-1d7fed44f11e => generated 1209 bytes in 36 msecs (HTTP/1.1 200) 4 headers in 158 bytes (1 switches on core 0)
2026-06-24 19:40:10.439 7 WARNING neutron.scheduler.dhcp_agent_scheduler [None req-81a6e433-75df-4a3d-ba18-0fa66c843c01 197a2341205f40859dbabe17421126aa 6ad8e35b6f994c7d817893bb70c01e6d - - default default] No more DHCP agents
2026-06-24 19:40:10.442 7 WARNING neutron.api.rpc.agentnotifiers.dhcp_rpc_agent_api [None req-81a6e433-75df-4a3d-ba18-0fa66c843c01 197a2341205f40859dbabe17421126aa 6ad8e35b6f994c7d817893bb70c01e6d - - default default] Unable to schedule network 3b79a737-5624-4b7e-b5f6-81c2c596cbc9: no agents available; will retry on subsequent port and subnet creation events.
2026-06-24 19:40:10.458 7 INFO neutron.db.ovn_revision_numbers_db [None req-faadb278-e291-4088-b87d-85a2b88dd240 - - - - - -] Successfully bumped revision number for resource 53e76dce-2418-45e3-b845-7f2a410e7512 (type: ports) to 4
2026-06-24 19:40:10.699 7 INFO neutron.db.ovn_revision_numbers_db [None req-81a6e433-75df-4a3d-ba18-0fa66c843c01 197a2341205f40859dbabe17421126aa 6ad8e35b6f994c7d817893bb70c01e6d - - default default] Successfully bumped revision number for resource 51b3cfa7-384f-4066-ab08-74c162b1ed5a (type: ports) to 1
2026-06-24 19:40:10.739 8 WARNING neutron.scheduler.dhcp_agent_scheduler [None req-bba70972-0246-4a90-820b-9f1eea905290 - - - - - -] No more DHCP agents
2026-06-24 19:40:10.741 8 WARNING neutron.api.rpc.agentnotifiers.dhcp_rpc_agent_api [None req-bba70972-0246-4a90-820b-9f1eea905290 - - - - - -] Unable to schedule network b403875c-7f00-40aa-b20c-e9e42c30f93a: no agents available; will retry on subsequent port and subnet creation events.
2026-06-24 19:40:10.888 8 INFO neutron.db.ovn_revision_numbers_db [None req-bba70972-0246-4a90-820b-9f1eea905290 - - - - - -] Successfully bumped revision number for resource ddd519c5-70af-4270-9cd4-e90fd8003ac6 (type: ports) to 1
2026-06-24 19:40:11.062 7 INFO neutron.plugins.ml2.drivers.ovn.mech_driver.mech_driver [None req-7614104a-c840-44be-8ecb-606670c2562d - - - - - -] OVN reports status down for port: c005b10a-b57a-4fa3-b695-3dc76afbd0f2
2026-06-24 19:40:11.146 8 INFO neutron.db.ovn_revision_numbers_db [None req-bba70972-0246-4a90-820b-9f1eea905290 - - - - - -] Successfully bumped revision number for resource ddd519c5-70af-4270-9cd4-e90fd8003ac6 (type: ports) to 3
2026-06-24 19:40:11.164 7 INFO neutron.db.ovn_revision_numbers_db [None req-faadb278-e291-4088-b87d-85a2b88dd240 - - - - - -] Successfully bumped revision number for resource 53e76dce-2418-45e3-b845-7f2a410e7512 (type: ports) to 5
2026-06-24 19:40:11.212 8 INFO neutron.db.segments_db [None req-bba70972-0246-4a90-820b-9f1eea905290 - - - - - -] Added segment 3e680504-c6e6-4988-ae17-fe43560a0b95 of type geneve for network db028b09-ca8b-4c20-b31e-ce6ae3820fb9
2026-06-24 19:40:11.244 7 WARNING neutron.plugins.ml2.drivers.ovn.mech_driver.ovsdb.ovn_client [None req-7614104a-c840-44be-8ecb-606670c2562d - - - - - -] Logical_Switch_Port c005b10a-b57a-4fa3-b695-3dc76afbd0f2 host information not removed, the port state is up
2026-06-24 19:40:11.244 7 INFO neutron.plugins.ml2.drivers.ovn.mech_driver.mech_driver [None req-7614104a-c840-44be-8ecb-606670c2562d - - - - - -] OVN reports status up for port: c005b10a-b57a-4fa3-b695-3dc76afbd0f2
2026-06-24 19:40:11.293 7 INFO neutron.plugins.ml2.plugin [None req-7614104a-c840-44be-8ecb-606670c2562d - - - - - -] Attempt 1 to provision port c005b10a-b57a-4fa3-b695-3dc76afbd0f2
2026-06-24 19:40:11.348 8 INFO neutron.db.ovn_revision_numbers_db [None req-649f3e3b-04ec-4e0d-b38d-621e41f85217 - - - - - -] Successfully bumped revision number for resource db028b09-ca8b-4c20-b31e-ce6ae3820fb9 (type: networks) to 1
2026-06-24 19:40:11.480 8 WARNING neutron.scheduler.dhcp_agent_scheduler [None req-649f3e3b-04ec-4e0d-b38d-621e41f85217 - - - - - -] No more DHCP agents
2026-06-24 19:40:11.482 8 WARNING neutron.api.rpc.agentnotifiers.dhcp_rpc_agent_api [None req-649f3e3b-04ec-4e0d-b38d-621e41f85217 - - - - - -] Unable to schedule network db028b09-ca8b-4c20-b31e-ce6ae3820fb9: no agents available; will retry on subsequent port and subnet creation events.
2026-06-24 19:40:11.576 8 INFO neutron.db.ovn_revision_numbers_db [None req-649f3e3b-04ec-4e0d-b38d-621e41f85217 - - - - - -] Successfully bumped revision number for resource f00d2017-2ddf-41fe-a0e3-34d13ba5f73c (type: ports) to 1
2026-06-24 19:40:11.714 8 WARNING neutron.scheduler.dhcp_agent_scheduler [None req-649f3e3b-04ec-4e0d-b38d-621e41f85217 - - - - - -] No more DHCP agents
2026-06-24 19:40:11.717 8 WARNING neutron.api.rpc.agentnotifiers.dhcp_rpc_agent_api [None req-649f3e3b-04ec-4e0d-b38d-621e41f85217 - - - - - -] Unable to schedule network db028b09-ca8b-4c20-b31e-ce6ae3820fb9: no agents available; will retry on subsequent port and subnet creation events.
2026-06-24 19:40:11.753 8 INFO neutron.db.ovn_revision_numbers_db [None req-649f3e3b-04ec-4e0d-b38d-621e41f85217 - - - - - -] Successfully bumped revision number for resource 1e7ece6d-10b7-414b-b177-31cc92931959 (type: subnets) to 0
2026-06-24 19:40:12.174 7 INFO neutron.db.ovn_revision_numbers_db [None req-7614104a-c840-44be-8ecb-606670c2562d - - - - - -] Successfully bumped revision number for resource c005b10a-b57a-4fa3-b695-3dc76afbd0f2 (type: ports) to 2
2026-06-24 19:40:12.177 8 WARNING neutron.scheduler.dhcp_agent_scheduler [None req-649f3e3b-04ec-4e0d-b38d-621e41f85217 - - - - - -] No more DHCP agents
2026-06-24 19:40:12.179 8 WARNING neutron.api.rpc.agentnotifiers.dhcp_rpc_agent_api [None req-649f3e3b-04ec-4e0d-b38d-621e41f85217 - - - - - -] Unable to schedule network db028b09-ca8b-4c20-b31e-ce6ae3820fb9: no agents available; will retry on subsequent port and subnet creation events.
2026-06-24 19:40:12.179 7 WARNING neutron.scheduler.dhcp_agent_scheduler [None req-81a6e433-75df-4a3d-ba18-0fa66c843c01 197a2341205f40859dbabe17421126aa 6ad8e35b6f994c7d817893bb70c01e6d - - default default] No more DHCP agents
2026-06-24 19:40:12.181 7 WARNING neutron.api.rpc.agentnotifiers.dhcp_rpc_agent_api [None req-81a6e433-75df-4a3d-ba18-0fa66c843c01 197a2341205f40859dbabe17421126aa 6ad8e35b6f994c7d817893bb70c01e6d - - default default] Unable to schedule network 3b79a737-5624-4b7e-b5f6-81c2c596cbc9: no agents available; will retry on subsequent port and subnet creation events.
2026-06-24 19:40:12.327 8 INFO neutron.db.ovn_revision_numbers_db [None req-649f3e3b-04ec-4e0d-b38d-621e41f85217 - - - - - -] Successfully bumped revision number for resource 72624ac2-e246-404d-b114-8a4ee12ece19 (type: ports) to 1
2026-06-24 19:40:12.617 7 INFO neutron.db.ovn_revision_numbers_db [None req-81a6e433-75df-4a3d-ba18-0fa66c843c01 197a2341205f40859dbabe17421126aa 6ad8e35b6f994c7d817893bb70c01e6d - - default default] Successfully bumped revision number for resource 51b3cfa7-384f-4066-ab08-74c162b1ed5a (type: router_ports) to 1 [pid: 7|app: 0|req: 1332/2697] 10.0.0.228 () {34 vars in 783 bytes} [Wed Jun 24 19:40:08 2026] PUT /v2.0/routers/aabf1565-7c42-4e0f-baae-ad8e3ecaf3c1/add_router_interface => generated 309 bytes in 3895 msecs (HTTP/1.1 200) 4 headers in 157 bytes (1 switches on core 0)
2026-06-24 19:40:13.139 7 INFO neutron.db.ovn_revision_numbers_db [None req-1acd23a0-c7c5-49a1-82c3-01a854b69f47 6cf1c940a38540a0830712bb517a30ed d985a38b982340a59b248729a0180634 - - default default] Successfully bumped revision number for resource 9a74dd74-bac3-488c-a1e9-c9adb5fe2a95 (type: floatingips) to 4
2026-06-24 19:40:13.168 8 WARNING neutron.scheduler.dhcp_agent_scheduler [None req-649f3e3b-04ec-4e0d-b38d-621e41f85217 - - - - - -] No more DHCP agents
2026-06-24 19:40:13.169 8 WARNING neutron.api.rpc.agentnotifiers.dhcp_rpc_agent_api [None req-649f3e3b-04ec-4e0d-b38d-621e41f85217 - - - - - -] Unable to schedule network db028b09-ca8b-4c20-b31e-ce6ae3820fb9: no agents available; will retry on subsequent port and subnet creation events.
2026-06-24 19:40:13.261 7 INFO neutron.db.ovn_revision_numbers_db [None req-1acd23a0-c7c5-49a1-82c3-01a854b69f47 6cf1c940a38540a0830712bb517a30ed d985a38b982340a59b248729a0180634 - - default default] Successfully bumped revision number for resource 9a74dd74-bac3-488c-a1e9-c9adb5fe2a95 (type: floatingips) to 5
2026-06-24 19:40:13.261 7 INFO neutron.db.l3_db [None req-1acd23a0-c7c5-49a1-82c3-01a854b69f47 6cf1c940a38540a0830712bb517a30ed d985a38b982340a59b248729a0180634 - - default default] Floating IP 9a74dd74-bac3-488c-a1e9-c9adb5fe2a95 associated. External IP: 10.96.250.201, port: 545eb470-794f-43e6-8966-ee2f3a12265e. [pid: 7|app: 0|req: 1333/2698] 10.0.0.228 () {34 vars in 749 bytes} [Wed Jun 24 19:40:12 2026] PUT /v2.0/floatingips/9a74dd74-bac3-488c-a1e9-c9adb5fe2a95 => generated 855 bytes in 665 msecs (HTTP/1.1 200) 4 headers in 157 bytes (1 switches on core 0)
2026-06-24 19:40:13.332 7 INFO neutron.notifiers.nova [-] Nova event matching ['req-347a3ce9-4665-49af-aaca-9b9684617ee9'] response: {'name': 'network-changed', 'server_uuid': '3ab6e7f5-85b9-43ea-8c3e-1d7fed44f11e', 'tag': '545eb470-794f-43e6-8966-ee2f3a12265e', 'status': 'completed', 'code': 200}
2026-06-24 19:40:13.392 8 WARNING neutron.plugins.ml2.drivers.ovn.mech_driver.ovsdb.ovn_client [None req-aa6b8a8f-b5cd-4452-81cf-8c92e76bc259 - - - - - -] No hosting information found for port 3446550a-eed7-4375-86dc-c573b35954b8: RuntimeError: No hosting information found for port 3446550a-eed7-4375-86dc-c573b35954b8
2026-06-24 19:40:13.393 8 INFO neutron.plugins.ml2.drivers.ovn.mech_driver.mech_driver [None req-aa6b8a8f-b5cd-4452-81cf-8c92e76bc259 - - - - - -] OVN reports status down for port: 51b3cfa7-384f-4066-ab08-74c162b1ed5a
2026-06-24 19:40:13.551 8 WARNING neutron.plugins.ml2.drivers.ovn.mech_driver.ovsdb.ovn_client [None req-aa6b8a8f-b5cd-4452-81cf-8c92e76bc259 - - - - - -] Logical_Switch_Port 51b3cfa7-384f-4066-ab08-74c162b1ed5a host information not removed, the port state is up
2026-06-24 19:40:13.552 8 INFO neutron.plugins.ml2.drivers.ovn.mech_driver.mech_driver [None req-aa6b8a8f-b5cd-4452-81cf-8c92e76bc259 - - - - - -] OVN reports status down for port: ddd519c5-70af-4270-9cd4-e90fd8003ac6
2026-06-24 19:40:13.674 8 INFO neutron.plugins.ml2.drivers.ovn.mech_driver.mech_driver [None req-aa6b8a8f-b5cd-4452-81cf-8c92e76bc259 - - - - - -] OVN reports status up for port: 51b3cfa7-384f-4066-ab08-74c162b1ed5a
2026-06-24 19:40:13.699 8 INFO neutron.plugins.ml2.plugin [None req-aa6b8a8f-b5cd-4452-81cf-8c92e76bc259 - - - - - -] Attempt 1 to provision port 51b3cfa7-384f-4066-ab08-74c162b1ed5a
2026-06-24 19:40:13.915 7 WARNING neutron.scheduler.dhcp_agent_scheduler [None req-6650ccda-f83e-489a-b081-9ef525fc4fe9 197a2341205f40859dbabe17421126aa 6ad8e35b6f994c7d817893bb70c01e6d - - default default] No more DHCP agents
2026-06-24 19:40:13.917 7 WARNING neutron.api.rpc.agentnotifiers.dhcp_rpc_agent_api [None req-6650ccda-f83e-489a-b081-9ef525fc4fe9 197a2341205f40859dbabe17421126aa 6ad8e35b6f994c7d817893bb70c01e6d - - default default] Unable to schedule network b04260e4-50fb-4af7-b3ef-e996760cd8e8: no agents available; will retry on subsequent port and subnet creation events.
2026-06-24 19:40:13.967 8 INFO neutron.db.ovn_revision_numbers_db [None req-649f3e3b-04ec-4e0d-b38d-621e41f85217 - - - - - -] Successfully bumped revision number for resource 72624ac2-e246-404d-b114-8a4ee12ece19 (type: router_ports) to 1
2026-06-24 19:40:14.069 7 INFO neutron.db.ovn_revision_numbers_db [None req-6650ccda-f83e-489a-b081-9ef525fc4fe9 197a2341205f40859dbabe17421126aa 6ad8e35b6f994c7d817893bb70c01e6d - - default default] Successfully bumped revision number for resource f5f52f16-ba81-4d80-9cd6-044be0dfcb2e (type: ports) to 1
2026-06-24 19:40:14.385 8 WARNING neutron.scheduler.dhcp_agent_scheduler [None req-649f3e3b-04ec-4e0d-b38d-621e41f85217 - - - - - -] No more DHCP agents
2026-06-24 19:40:14.389 8 WARNING neutron.api.rpc.agentnotifiers.dhcp_rpc_agent_api [None req-649f3e3b-04ec-4e0d-b38d-621e41f85217 - - - - - -] Unable to schedule network db028b09-ca8b-4c20-b31e-ce6ae3820fb9: no agents available; will retry on subsequent port and subnet creation events.
2026-06-24 19:40:14.519 8 INFO neutron.db.ovn_revision_numbers_db [None req-aa6b8a8f-b5cd-4452-81cf-8c92e76bc259 - - - - - -] Successfully bumped revision number for resource 51b3cfa7-384f-4066-ab08-74c162b1ed5a (type: ports) to 2
2026-06-24 19:40:14.672 8 INFO neutron.db.ovn_revision_numbers_db [None req-649f3e3b-04ec-4e0d-b38d-621e41f85217 - - - - - -] Successfully bumped revision number for resource 97ffb8ed-73f9-43a7-ba50-b0eca0e7d3ae (type: ports) to 1
2026-06-24 19:40:14.916 7 WARNING neutron.scheduler.dhcp_agent_scheduler [None req-6650ccda-f83e-489a-b081-9ef525fc4fe9 197a2341205f40859dbabe17421126aa 6ad8e35b6f994c7d817893bb70c01e6d - - default default] No more DHCP agents
2026-06-24 19:40:14.918 7 WARNING neutron.api.rpc.agentnotifiers.dhcp_rpc_agent_api [None req-6650ccda-f83e-489a-b081-9ef525fc4fe9 197a2341205f40859dbabe17421126aa 6ad8e35b6f994c7d817893bb70c01e6d - - default default] Unable to schedule network b04260e4-50fb-4af7-b3ef-e996760cd8e8: no agents available; will retry on subsequent port and subnet creation events.
2026-06-24 19:40:14.965 8 INFO neutron.db.ovn_revision_numbers_db [None req-649f3e3b-04ec-4e0d-b38d-621e41f85217 - - - - - -] Successfully bumped revision number for resource 97ffb8ed-73f9-43a7-ba50-b0eca0e7d3ae (type: ports) to 3 [pid: 8|app: 0|req: 1366/2699] 10.0.0.228 () {34 vars in 685 bytes} [Wed Jun 24 19:40:10 2026] POST /v2.0/vpn/vpnservices => generated 458 bytes in 5273 msecs (HTTP/1.1 201) 4 headers in 162 bytes (1 switches on core 0) [pid: 8|app: 0|req: 1367/2700] 10.0.0.228 () {32 vars in 729 bytes} [Wed Jun 24 19:40:15 2026] GET /v2.0/floatingips/9a74dd74-bac3-488c-a1e9-c9adb5fe2a95 => generated 857 bytes in 51 msecs (HTTP/1.1 200) 4 headers in 157 bytes (1 switches on core 0)
2026-06-24 19:40:15.343 7 INFO neutron.db.ovn_revision_numbers_db [None req-6650ccda-f83e-489a-b081-9ef525fc4fe9 197a2341205f40859dbabe17421126aa 6ad8e35b6f994c7d817893bb70c01e6d - - default default] Successfully bumped revision number for resource f5f52f16-ba81-4d80-9cd6-044be0dfcb2e (type: router_ports) to 1 [pid: 7|app: 0|req: 1334/2701] 10.0.0.228 () {34 vars in 783 bytes} [Wed Jun 24 19:40:13 2026] PUT /v2.0/routers/aabf1565-7c42-4e0f-baae-ad8e3ecaf3c1/add_router_interface => generated 309 bytes in 2054 msecs (HTTP/1.1 200) 4 headers in 157 bytes (1 switches on core 0) [pid: 8|app: 0|req: 1368/2702] 199.204.45.78 () {34 vars in 1079 bytes} [Wed Jun 24 19:40:15 2026] GET /v2.0/ports?tenant_id=d985a38b982340a59b248729a0180634&device_id=3ab6e7f5-85b9-43ea-8c3e-1d7fed44f11e => generated 1209 bytes in 46 msecs (HTTP/1.1 200) 4 headers in 158 bytes (1 switches on core 0) [pid: 7|app: 0|req: 1335/2705] 10.0.0.130 () {34 vars in 990 bytes} [Wed Jun 24 19:40:15 2026] GET /v2.0/ports?device_id=3ab6e7f5-85b9-43ea-8c3e-1d7fed44f11e => generated 1209 bytes in 44 msecs (HTTP/1.1 200) 4 headers in 158 bytes (1 switches on core 0) [pid: 8|app: 0|req: 1371/2706] 10.0.0.228 () {34 vars in 685 bytes} [Wed Jun 24 19:40:15 2026] POST /v2.0/vpn/vpnservices => generated 423 bytes in 440 msecs (HTTP/1.1 201) 4 headers in 162 bytes (1 switches on core 0) [pid: 8|app: 0|req: 1372/2707] 199.204.45.78 () {34 vars in 985 bytes} [Wed Jun 24 19:40:15 2026] GET /v2.0/networks?id=17c96949-2d51-4382-a637-4f4cb5224ee8 => generated 796 bytes in 45 msecs (HTTP/1.1 200) 4 headers in 157 bytes (1 switches on core 0) [pid: 8|app: 0|req: 1373/2708] 10.0.0.130 () {34 vars in 1040 bytes} [Wed Jun 24 19:40:15 2026] GET /v2.0/security-groups?id=a7016ad1-17ee-4fb2-9dd6-30cbafc65fd2&fields=id&fields=name => generated 114 bytes in 44 msecs (HTTP/1.1 200) 4 headers in 157 bytes (1 switches on core 0)
2026-06-24 19:40:15.951 7 WARNING neutron.scheduler.dhcp_agent_scheduler [None req-d994c212-bba5-4b3c-8f11-3087e3d6de68 197a2341205f40859dbabe17421126aa 6ad8e35b6f994c7d817893bb70c01e6d - - default default] No more DHCP agents
2026-06-24 19:40:15.952 7 WARNING neutron.api.rpc.agentnotifiers.dhcp_rpc_agent_api [None req-d994c212-bba5-4b3c-8f11-3087e3d6de68 197a2341205f40859dbabe17421126aa 6ad8e35b6f994c7d817893bb70c01e6d - - default default] Unable to schedule network 90b0a07a-706d-4918-8540-8bc15dcc8ded: no agents available; will retry on subsequent port and subnet creation events. [pid: 8|app: 0|req: 1374/2709] 10.0.0.228 () {34 vars in 684 bytes} [Wed Jun 24 19:40:15 2026] POST /v2.0/vpn/ikepolicies => generated 404 bytes in 42 msecs (HTTP/1.1 201) 4 headers in 162 bytes (1 switches on core 0) [pid: 8|app: 0|req: 1375/2710] 199.204.45.78 () {34 vars in 1057 bytes} [Wed Jun 24 19:40:15 2026] GET /v2.0/floatingips?fixed_ip_address=10.100.0.6&port_id=545eb470-794f-43e6-8966-ee2f3a12265e => generated 860 bytes in 43 msecs (HTTP/1.1 200) 4 headers in 157 bytes (1 switches on core 0) [pid: 8|app: 0|req: 1376/2711] 10.0.0.228 () {34 vars in 688 bytes} [Wed Jun 24 19:40:16 2026] POST /v2.0/vpn/ipsecpolicies => generated 411 bytes in 36 msecs (HTTP/1.1 201) 4 headers in 162 bytes (1 switches on core 0)
2026-06-24 19:40:16.106 7 INFO neutron.db.ovn_revision_numbers_db [None req-d994c212-bba5-4b3c-8f11-3087e3d6de68 197a2341205f40859dbabe17421126aa 6ad8e35b6f994c7d817893bb70c01e6d - - default default] Successfully bumped revision number for resource e09bfb64-f077-42b8-899b-990682cb419f (type: ports) to 1 [pid: 8|app: 0|req: 1377/2712] 199.204.45.78 () {34 vars in 983 bytes} [Wed Jun 24 19:40:16 2026] GET /v2.0/subnets?id=5f55e642-43b0-472a-84b4-41ff6ecfd66c => generated 677 bytes in 71 msecs (HTTP/1.1 200) 4 headers in 157 bytes (1 switches on core 0) [pid: 8|app: 0|req: 1378/2713] 10.0.0.228 () {34 vars in 693 bytes} [Wed Jun 24 19:40:16 2026] POST /v2.0/vpn/endpoint-groups => generated 328 bytes in 83 msecs (HTTP/1.1 201) 4 headers in 162 bytes (1 switches on core 0) [pid: 8|app: 0|req: 1379/2714] 199.204.45.78 () {34 vars in 1051 bytes} [Wed Jun 24 19:40:16 2026] GET /v2.0/ports?network_id=17c96949-2d51-4382-a637-4f4cb5224ee8&device_owner=network%3Adhcp => generated 12 bytes in 24 msecs (HTTP/1.1 200) 4 headers in 156 bytes (1 switches on core 0) [pid: 8|app: 0|req: 1380/2715] 10.0.0.228 () {34 vars in 693 bytes} [Wed Jun 24 19:40:16 2026] POST /v2.0/vpn/endpoint-groups => generated 319 bytes in 41 msecs (HTTP/1.1 201) 4 headers in 162 bytes (1 switches on core 0) [pid: 8|app: 0|req: 1381/2716] 199.204.45.78 () {34 vars in 1011 bytes} [Wed Jun 24 19:40:16 2026] GET /v2.0/networks/17c96949-2d51-4382-a637-4f4cb5224ee8?fields=segments => generated 14 bytes in 44 msecs (HTTP/1.1 200) 4 headers in 156 bytes (1 switches on core 0)
2026-06-24 19:40:16.974 7 WARNING neutron.scheduler.dhcp_agent_scheduler [None req-d994c212-bba5-4b3c-8f11-3087e3d6de68 197a2341205f40859dbabe17421126aa 6ad8e35b6f994c7d817893bb70c01e6d - - default default] No more DHCP agents
2026-06-24 19:40:16.976 7 WARNING neutron.api.rpc.agentnotifiers.dhcp_rpc_agent_api [None req-d994c212-bba5-4b3c-8f11-3087e3d6de68 197a2341205f40859dbabe17421126aa 6ad8e35b6f994c7d817893bb70c01e6d - - default default] Unable to schedule network 90b0a07a-706d-4918-8540-8bc15dcc8ded: no agents available; will retry on subsequent port and subnet creation events.
2026-06-24 19:40:17.304 7 INFO neutron.db.ovn_revision_numbers_db [None req-d994c212-bba5-4b3c-8f11-3087e3d6de68 197a2341205f40859dbabe17421126aa 6ad8e35b6f994c7d817893bb70c01e6d - - default default] Successfully bumped revision number for resource e09bfb64-f077-42b8-899b-990682cb419f (type: router_ports) to 1 [pid: 7|app: 0|req: 1336/2717] 10.0.0.228 () {34 vars in 783 bytes} [Wed Jun 24 19:40:15 2026] PUT /v2.0/routers/aabf1565-7c42-4e0f-baae-ad8e3ecaf3c1/add_router_interface => generated 309 bytes in 1916 msecs (HTTP/1.1 200) 4 headers in 157 bytes (1 switches on core 0) [pid: 7|app: 0|req: 1337/2718] 199.204.45.78 () {34 vars in 1111 bytes} [Wed Jun 24 19:40:17 2026] GET /v2.0/networks/17c96949-2d51-4382-a637-4f4cb5224ee8?fields=provider%3Aphysical_network&fields=provider%3Anetwork_type => generated 79 bytes in 50 msecs (HTTP/1.1 200) 4 headers in 156 bytes (1 switches on core 0)
2026-06-24 19:40:17.391 7 WARNING neutron.plugins.ml2.drivers.ovn.mech_driver.ovsdb.ovn_client [None req-b04ac7aa-9802-4118-a864-43d13d1ebaeb - - - - - -] No hosting information found for port c005b10a-b57a-4fa3-b695-3dc76afbd0f2: RuntimeError: No hosting information found for port c005b10a-b57a-4fa3-b695-3dc76afbd0f2
2026-06-24 19:40:17.515 7 INFO neutron.db.ovn_revision_numbers_db [None req-b04ac7aa-9802-4118-a864-43d13d1ebaeb - - - - - -] Successfully bumped revision number for resource c005b10a-b57a-4fa3-b695-3dc76afbd0f2 (type: router_ports) to 2
2026-06-24 19:40:17.515 7 INFO neutron.plugins.ml2.drivers.ovn.mech_driver.mech_driver [None req-b04ac7aa-9802-4118-a864-43d13d1ebaeb - - - - - -] OVN reports status down for port: f00d2017-2ddf-41fe-a0e3-34d13ba5f73c
2026-06-24 19:40:17.560 7 INFO neutron.db.ovn_revision_numbers_db [None req-4f4f39ed-1eda-4b7f-8b87-0318132b6991 197a2341205f40859dbabe17421126aa 6ad8e35b6f994c7d817893bb70c01e6d - - default default] Successfully bumped revision number for resource cf58cc48-0bdb-4d83-ac43-f34d1e609b0e (type: security_groups) to 1
2026-06-24 19:40:17.584 7 INFO neutron.db.ovn_revision_numbers_db [None req-4f4f39ed-1eda-4b7f-8b87-0318132b6991 197a2341205f40859dbabe17421126aa 6ad8e35b6f994c7d817893bb70c01e6d - - default default] Successfully bumped revision number for resource 3065b093-0595-425c-acbc-48e99281b737 (type: security_group_rules) to 0
2026-06-24 19:40:17.612 7 INFO neutron.db.ovn_revision_numbers_db [None req-4f4f39ed-1eda-4b7f-8b87-0318132b6991 197a2341205f40859dbabe17421126aa 6ad8e35b6f994c7d817893bb70c01e6d - - default default] Successfully bumped revision number for resource ddd14f3c-c43d-41cd-b7b1-c64498a45cb3 (type: security_group_rules) to 0 [pid: 7|app: 0|req: 1338/2719] 10.0.0.228 () {34 vars in 684 bytes} [Wed Jun 24 19:40:17 2026] POST /v2.0/security-groups => generated 1630 bytes in 308 msecs (HTTP/1.1 201) 4 headers in 163 bytes (1 switches on core 0)
2026-06-24 19:40:17.739 7 INFO neutron.plugins.ml2.drivers.ovn.mech_driver.mech_driver [None req-b04ac7aa-9802-4118-a864-43d13d1ebaeb - - - - - -] OVN reports status down for port: f5f52f16-ba81-4d80-9cd6-044be0dfcb2e
2026-06-24 19:40:17.853 8 INFO neutron.db.ovn_revision_numbers_db [None req-2330b685-2be0-404c-8710-4ca8f1aa09c1 1133d0c46df44f5590c5e3fc7e48d6f7 58f8ffbabd154b359e9cbde80451486a - - default default] Successfully bumped revision number for resource 88c6cb33-a1b1-48a9-ae53-bd9c6c68abad (type: routers) to 5
2026-06-24 19:40:17.861 7 WARNING neutron.plugins.ml2.drivers.ovn.mech_driver.ovsdb.ovn_client [None req-b04ac7aa-9802-4118-a864-43d13d1ebaeb - - - - - -] Logical_Switch_Port f5f52f16-ba81-4d80-9cd6-044be0dfcb2e host information not removed, the port state is up
2026-06-24 19:40:17.861 7 INFO neutron.plugins.ml2.drivers.ovn.mech_driver.mech_driver [None req-b04ac7aa-9802-4118-a864-43d13d1ebaeb - - - - - -] OVN reports status down for port: 97ffb8ed-73f9-43a7-ba50-b0eca0e7d3ae
2026-06-24 19:40:17.936 7 INFO neutron.db.ovn_revision_numbers_db [None req-3b84d454-0e0e-458c-9121-f3641ac1b479 197a2341205f40859dbabe17421126aa 6ad8e35b6f994c7d817893bb70c01e6d - - default default] Successfully bumped revision number for resource 6057fa1d-2416-4ba6-a295-0853a4c7ad1c (type: security_group_rules) to 0
2026-06-24 19:40:17.952 7 INFO neutron.plugins.ml2.drivers.ovn.mech_driver.mech_driver [None req-b04ac7aa-9802-4118-a864-43d13d1ebaeb - - - - - -] OVN reports status up for port: f5f52f16-ba81-4d80-9cd6-044be0dfcb2e [pid: 8|app: 0|req: 1382/2720] 10.0.0.228 () {34 vars in 707 bytes} [Wed Jun 24 19:40:16 2026] POST /v2.0/vpn/ipsec-site-connections => generated 803 bytes in 1649 msecs (HTTP/1.1 201) 4 headers in 162 bytes (1 switches on core 0)
2026-06-24 19:40:17.966 7 INFO neutron.plugins.ml2.plugin [None req-b04ac7aa-9802-4118-a864-43d13d1ebaeb - - - - - -] Attempt 1 to provision port f5f52f16-ba81-4d80-9cd6-044be0dfcb2e [pid: 8|app: 0|req: 1383/2721] 10.0.0.228 () {34 vars in 693 bytes} [Wed Jun 24 19:40:17 2026] POST /v2.0/vpn/endpoint-groups => generated 290 bytes in 37 msecs (HTTP/1.1 201) 4 headers in 162 bytes (1 switches on core 0) [pid: 7|app: 0|req: 1339/2722] 10.0.0.228 () {34 vars in 695 bytes} [Wed Jun 24 19:40:17 2026] POST /v2.0/security-group-rules => generated 597 bytes in 317 msecs (HTTP/1.1 201) 4 headers in 162 bytes (1 switches on core 0) /var/lib/openstack/lib/python3.12/site-packages/pycadf/identifier.py:70: UserWarning: Invalid uuid: neutron. To ensure interoperability, identifiers should be a valid uuid. warnings.warn(('Invalid uuid: %s. To ensure interoperability, ' [pid: 8|app: 0|req: 1384/2723] 10.0.0.228 () {32 vars in 748 bytes} [Wed Jun 24 19:40:18 2026] DELETE /v2.0/vpn/endpoint-groups/f607c700-e459-4ea7-98c4-c0eaba85d693 => generated 0 bytes in 36 msecs (HTTP/1.1 204) 2 headers in 112 bytes (1 switches on core 0) [pid: 8|app: 0|req: 1385/2724] 10.0.0.228 () {32 vars in 671 bytes} [Wed Jun 24 19:40:18 2026] GET /v2.0/vpn/endpoint-groups => generated 632 bytes in 12 msecs (HTTP/1.1 200) 4 headers in 157 bytes (1 switches on core 0) [pid: 8|app: 0|req: 1386/2725] 10.0.0.228 () {32 vars in 671 bytes} [Wed Jun 24 19:40:18 2026] GET /v2.0/vpn/endpoint-groups => generated 632 bytes in 11 msecs (HTTP/1.1 200) 4 headers in 157 bytes (1 switches on core 0)
2026-06-24 19:40:18.215 7 INFO neutron.db.ovn_revision_numbers_db [None req-df857519-a789-4e09-8da9-ce71924948e6 197a2341205f40859dbabe17421126aa 6ad8e35b6f994c7d817893bb70c01e6d - - default default] Successfully bumped revision number for resource 2157ee37-f5b5-4384-a1b5-ffe38d864277 (type: security_group_rules) to 0 [pid: 7|app: 0|req: 1340/2726] 10.0.0.228 () {34 vars in 695 bytes} [Wed Jun 24 19:40:18 2026] POST /v2.0/security-group-rules => generated 597 bytes in 251 msecs (HTTP/1.1 201) 4 headers in 162 bytes (1 switches on core 0)
2026-06-24 19:40:18.407 8 INFO neutron.db.ovn_revision_numbers_db [None req-2c42496f-c199-4e5d-935b-07b2acdc1ed9 197a2341205f40859dbabe17421126aa 6ad8e35b6f994c7d817893bb70c01e6d - - default default] Successfully bumped revision number for resource d605b71f-793a-42c2-9032-ce11df8dadc3 (type: security_group_rules) to 0 [pid: 8|app: 0|req: 1387/2727] 10.0.0.228 () {34 vars in 695 bytes} [Wed Jun 24 19:40:18 2026] POST /v2.0/security-group-rules => generated 599 bytes in 205 msecs (HTTP/1.1 201) 4 headers in 162 bytes (1 switches on core 0) [pid: 7|app: 0|req: 1341/2728] 10.0.0.228 () {34 vars in 685 bytes} [Wed Jun 24 19:40:18 2026] POST /v2.0/vpn/ikepolicies => generated 403 bytes in 138 msecs (HTTP/1.1 201) 4 headers in 162 bytes (1 switches on core 0) [pid: 7|app: 0|req: 1342/2729] 10.0.0.228 () {32 vars in 663 bytes} [Wed Jun 24 19:40:18 2026] GET /v2.0/vpn/ikepolicies => generated 798 bytes in 28 msecs (HTTP/1.1 200) 4 headers in 157 bytes (1 switches on core 0)
2026-06-24 19:40:18.589 7 INFO neutron.db.ovn_revision_numbers_db [None req-b04ac7aa-9802-4118-a864-43d13d1ebaeb - - - - - -] Successfully bumped revision number for resource f5f52f16-ba81-4d80-9cd6-044be0dfcb2e (type: ports) to 2
2026-06-24 19:40:18.661 8 INFO neutron.db.ovn_revision_numbers_db [None req-9ee43ce9-1d7e-45be-8d26-8aa3f6a4a04a 197a2341205f40859dbabe17421126aa 6ad8e35b6f994c7d817893bb70c01e6d - - default default] Successfully bumped revision number for resource 88b8783e-9eb1-44e9-a21f-7ae9f4be4037 (type: security_group_rules) to 0 [pid: 7|app: 0|req: 1343/2730] 10.0.0.228 () {32 vars in 740 bytes} [Wed Jun 24 19:40:18 2026] DELETE /v2.0/vpn/ikepolicies/bf65a971-6d7d-4baf-8c3c-4401faa3f8dc => generated 0 bytes in 83 msecs (HTTP/1.1 204) 2 headers in 112 bytes (1 switches on core 0) [pid: 8|app: 0|req: 1388/2731] 10.0.0.228 () {34 vars in 695 bytes} [Wed Jun 24 19:40:18 2026] POST /v2.0/security-group-rules => generated 601 bytes in 221 msecs (HTTP/1.1 201) 4 headers in 162 bytes (1 switches on core 0) [pid: 8|app: 0|req: 1389/2732] 10.0.0.228 () {34 vars in 689 bytes} [Wed Jun 24 19:40:18 2026] POST /v2.0/vpn/ipsecpolicies => generated 412 bytes in 42 msecs (HTTP/1.1 201) 4 headers in 162 bytes (1 switches on core 0) [pid: 7|app: 0|req: 1344/2733] 10.0.0.61 () {34 vars in 989 bytes} [Wed Jun 24 19:40:18 2026] GET /v2.0/ports?device_id=3ab6e7f5-85b9-43ea-8c3e-1d7fed44f11e => generated 971 bytes in 135 msecs (HTTP/1.1 200) 4 headers in 157 bytes (1 switches on core 0) [pid: 7|app: 0|req: 1345/2734] 10.0.0.228 () {32 vars in 667 bytes} [Wed Jun 24 19:40:18 2026] GET /v2.0/vpn/ipsecpolicies => generated 812 bytes in 16 msecs (HTTP/1.1 200) 4 headers in 157 bytes (1 switches on core 0) [pid: 7|app: 0|req: 1346/2735] 10.0.0.61 () {34 vars in 1039 bytes} [Wed Jun 24 19:40:18 2026] GET /v2.0/security-groups?id=a7016ad1-17ee-4fb2-9dd6-30cbafc65fd2&fields=id&fields=name => generated 114 bytes in 27 msecs (HTTP/1.1 200) 4 headers in 157 bytes (1 switches on core 0)
2026-06-24 19:40:18.886 8 INFO neutron.db.ovn_revision_numbers_db [None req-84c3b902-27bd-4477-aa91-4a9437ab1746 197a2341205f40859dbabe17421126aa 6ad8e35b6f994c7d817893bb70c01e6d - - default default] Successfully bumped revision number for resource 7ab3779f-9e5b-409a-9433-8eea9789c0d9 (type: security_group_rules) to 0 [pid: 7|app: 0|req: 1347/2736] 10.0.0.228 () {32 vars in 744 bytes} [Wed Jun 24 19:40:18 2026] DELETE /v2.0/vpn/ipsecpolicies/16de9c19-745f-44a9-9993-e863dd5d56b9 => generated 0 bytes in 33 msecs (HTTP/1.1 204) 2 headers in 112 bytes (1 switches on core 0) [pid: 8|app: 0|req: 1390/2737] 10.0.0.228 () {34 vars in 695 bytes} [Wed Jun 24 19:40:18 2026] POST /v2.0/security-group-rules => generated 601 bytes in 180 msecs (HTTP/1.1 201) 4 headers in 162 bytes (1 switches on core 0)
2026-06-24 19:40:18.980 7 INFO neutron.db.segments_db [None req-6b249984-e3ad-42c8-8ae8-7837c18e34b3 1133d0c46df44f5590c5e3fc7e48d6f7 58f8ffbabd154b359e9cbde80451486a - - default default] Added segment de624c87-a0dc-4cb1-b2d2-1cdf6af2e8e8 of type geneve for network 002cbf8a-abe0-4b07-9cae-0ee66ff398a6
2026-06-24 19:40:19.103 7 INFO neutron.db.ovn_revision_numbers_db [None req-6b249984-e3ad-42c8-8ae8-7837c18e34b3 1133d0c46df44f5590c5e3fc7e48d6f7 58f8ffbabd154b359e9cbde80451486a - - default default] Successfully bumped revision number for resource 002cbf8a-abe0-4b07-9cae-0ee66ff398a6 (type: networks) to 1
2026-06-24 19:40:19.113 8 INFO neutron.db.ovn_revision_numbers_db [None req-e389cf9b-e6f7-4db7-8814-1a9d8e5320b7 197a2341205f40859dbabe17421126aa 6ad8e35b6f994c7d817893bb70c01e6d - - default default] Successfully bumped revision number for resource 5f86625f-af28-4691-bfb9-a968213bda95 (type: security_group_rules) to 0 [pid: 8|app: 0|req: 1391/2738] 10.0.0.228 () {34 vars in 695 bytes} [Wed Jun 24 19:40:18 2026] POST /v2.0/security-group-rules => generated 597 bytes in 230 msecs (HTTP/1.1 201) 4 headers in 162 bytes (1 switches on core 0)
2026-06-24 19:40:19.283 7 WARNING neutron.scheduler.dhcp_agent_scheduler [None req-6b249984-e3ad-42c8-8ae8-7837c18e34b3 1133d0c46df44f5590c5e3fc7e48d6f7 58f8ffbabd154b359e9cbde80451486a - - default default] No more DHCP agents
2026-06-24 19:40:19.285 7 WARNING neutron.api.rpc.agentnotifiers.dhcp_rpc_agent_api [None req-6b249984-e3ad-42c8-8ae8-7837c18e34b3 1133d0c46df44f5590c5e3fc7e48d6f7 58f8ffbabd154b359e9cbde80451486a - - default default] Unable to schedule network 002cbf8a-abe0-4b07-9cae-0ee66ff398a6: no agents available; will retry on subsequent port and subnet creation events.
2026-06-24 19:40:19.361 7 INFO neutron.db.ovn_revision_numbers_db [None req-6b249984-e3ad-42c8-8ae8-7837c18e34b3 1133d0c46df44f5590c5e3fc7e48d6f7 58f8ffbabd154b359e9cbde80451486a - - default default] Successfully bumped revision number for resource 15bec702-4ac6-41a6-9649-ccde07bae8b0 (type: ports) to 1
2026-06-24 19:40:19.365 8 INFO neutron.db.ovn_revision_numbers_db [None req-5215c602-08e9-4de6-a8af-8b53e290942b 197a2341205f40859dbabe17421126aa 6ad8e35b6f994c7d817893bb70c01e6d - - default default] Successfully bumped revision number for resource 9467e90f-2d35-490c-9f31-893fcf64af79 (type: security_group_rules) to 0 [pid: 7|app: 0|req: 1348/2739] 10.0.0.228 () {34 vars in 670 bytes} [Wed Jun 24 19:40:18 2026] POST /v2.0/networks => generated 670 bytes in 488 msecs (HTTP/1.1 201) 4 headers in 162 bytes (1 switches on core 0) [pid: 8|app: 0|req: 1392/2740] 10.0.0.228 () {34 vars in 695 bytes} [Wed Jun 24 19:40:19 2026] POST /v2.0/security-group-rules => generated 597 bytes in 243 msecs (HTTP/1.1 201) 4 headers in 162 bytes (1 switches on core 0)
2026-06-24 19:40:19.585 7 WARNING neutron.scheduler.dhcp_agent_scheduler [None req-2f28f2fe-9b65-44cf-8703-bf27f233181f 1133d0c46df44f5590c5e3fc7e48d6f7 58f8ffbabd154b359e9cbde80451486a - - default default] No more DHCP agents
2026-06-24 19:40:19.586 8 INFO neutron.db.ovn_revision_numbers_db [None req-13839a66-acf0-4861-85f8-df3e57799b8c 197a2341205f40859dbabe17421126aa 6ad8e35b6f994c7d817893bb70c01e6d - - default default] Successfully bumped revision number for resource 803389e2-f905-435b-aefa-4dfe9af7e89d (type: security_group_rules) to 0
2026-06-24 19:40:19.587 7 WARNING neutron.api.rpc.agentnotifiers.dhcp_rpc_agent_api [None req-2f28f2fe-9b65-44cf-8703-bf27f233181f 1133d0c46df44f5590c5e3fc7e48d6f7 58f8ffbabd154b359e9cbde80451486a - - default default] Unable to schedule network 002cbf8a-abe0-4b07-9cae-0ee66ff398a6: no agents available; will retry on subsequent port and subnet creation events. [pid: 8|app: 0|req: 1393/2741] 10.0.0.228 () {34 vars in 695 bytes} [Wed Jun 24 19:40:19 2026] POST /v2.0/security-group-rules => generated 597 bytes in 229 msecs (HTTP/1.1 201) 4 headers in 162 bytes (1 switches on core 0)
2026-06-24 19:40:19.868 8 INFO neutron.db.ovn_revision_numbers_db [None req-d6398a4a-9732-4f1a-b0e2-149c9ffb3098 197a2341205f40859dbabe17421126aa 6ad8e35b6f994c7d817893bb70c01e6d - - default default] Successfully bumped revision number for resource 39221c76-d16a-4a0f-85b5-dba5d43a03a0 (type: security_group_rules) to 0 [pid: 8|app: 0|req: 1394/2742] 10.0.0.228 () {34 vars in 695 bytes} [Wed Jun 24 19:40:19 2026] POST /v2.0/security-group-rules => generated 599 bytes in 269 msecs (HTTP/1.1 201) 4 headers in 162 bytes (1 switches on core 0)
2026-06-24 19:40:20.111 7 INFO neutron.db.ovn_revision_numbers_db [None req-b4779b6e-8391-4b76-8830-821ebf68cf9b - - - - - -] Successfully bumped revision number for resource 15bec702-4ac6-41a6-9649-ccde07bae8b0 (type: ports) to 2
2026-06-24 19:40:20.125 8 INFO neutron.db.ovn_revision_numbers_db [None req-528d7a3a-a519-421d-82ea-5b70847e2800 197a2341205f40859dbabe17421126aa 6ad8e35b6f994c7d817893bb70c01e6d - - default default] Successfully bumped revision number for resource fad5ee75-1bb2-4f62-a5d1-f18f31a2d5c1 (type: security_group_rules) to 0
2026-06-24 19:40:20.139 7 INFO neutron.db.ovn_revision_numbers_db [None req-b4779b6e-8391-4b76-8830-821ebf68cf9b - - - - - -] Successfully bumped revision number for resource f7b42b11-1508-4eb8-8c2d-b0726c8b9d9c (type: subnets) to 0 [pid: 7|app: 0|req: 1349/2743] 10.0.0.228 () {34 vars in 669 bytes} [Wed Jun 24 19:40:19 2026] POST /v2.0/subnets => generated 629 bytes in 771 msecs (HTTP/1.1 201) 4 headers in 162 bytes (1 switches on core 0) [pid: 8|app: 0|req: 1395/2744] 10.0.0.228 () {34 vars in 695 bytes} [Wed Jun 24 19:40:19 2026] POST /v2.0/security-group-rules => generated 601 bytes in 246 msecs (HTTP/1.1 201) 4 headers in 162 bytes (1 switches on core 0) [pid: 7|app: 0|req: 1350/2745] 10.0.0.61 () {34 vars in 989 bytes} [Wed Jun 24 19:40:20 2026] GET /v2.0/ports?device_id=3ab6e7f5-85b9-43ea-8c3e-1d7fed44f11e => generated 971 bytes in 37 msecs (HTTP/1.1 200) 4 headers in 157 bytes (1 switches on core 0)
2026-06-24 19:40:20.357 8 WARNING neutron.plugins.ml2.drivers.ovn.mech_driver.ovsdb.ovn_client [None req-81adf43e-6ba8-4cdc-a265-6bbd78551fb4 - - - - - -] No hosting information found for port 51b3cfa7-384f-4066-ab08-74c162b1ed5a: RuntimeError: No hosting information found for port 51b3cfa7-384f-4066-ab08-74c162b1ed5a
2026-06-24 19:40:20.358 8 INFO neutron.plugins.ml2.drivers.ovn.mech_driver.mech_driver [None req-81adf43e-6ba8-4cdc-a265-6bbd78551fb4 - - - - - -] OVN reports status down for port: 72624ac2-e246-404d-b114-8a4ee12ece19
2026-06-24 19:40:20.385 7 INFO neutron.db.ovn_revision_numbers_db [None req-bcb54d29-38d7-4ffd-b999-b65a24725bef 197a2341205f40859dbabe17421126aa 6ad8e35b6f994c7d817893bb70c01e6d - - default default] Successfully bumped revision number for resource 44c08235-015c-482d-b027-18acbdb07c14 (type: security_group_rules) to 0 [pid: 7|app: 0|req: 1351/2746] 10.0.0.228 () {34 vars in 695 bytes} [Wed Jun 24 19:40:20 2026] POST /v2.0/security-group-rules => generated 597 bytes in 225 msecs (HTTP/1.1 201) 4 headers in 162 bytes (1 switches on core 0)
2026-06-24 19:40:20.471 8 WARNING neutron.plugins.ml2.drivers.ovn.mech_driver.ovsdb.ovn_client [None req-81adf43e-6ba8-4cdc-a265-6bbd78551fb4 - - - - - -] Logical_Switch_Port 72624ac2-e246-404d-b114-8a4ee12ece19 host information not removed, the port state is up [pid: 7|app: 0|req: 1352/2747] 10.0.0.61 () {34 vars in 1039 bytes} [Wed Jun 24 19:40:20 2026] GET /v2.0/security-groups?id=a7016ad1-17ee-4fb2-9dd6-30cbafc65fd2&fields=id&fields=name => generated 114 bytes in 59 msecs (HTTP/1.1 200) 4 headers in 157 bytes (1 switches on core 0) [pid: 7|app: 0|req: 1353/2748] 10.0.0.61 () {34 vars in 1095 bytes} [Wed Jun 24 19:40:20 2026] GET /v2.0/security-groups?name=tempest-lb_member_SG-1057573419&fields=id&tenant_id=6ad8e35b6f994c7d817893bb70c01e6d => generated 69 bytes in 51 msecs (HTTP/1.1 200) 4 headers in 156 bytes (1 switches on core 0) [pid: 7|app: 0|req: 1354/2749] 10.0.0.61 () {34 vars in 981 bytes} [Wed Jun 24 19:40:20 2026] GET /v2.0/networks?id=b04260e4-50fb-4af7-b3ef-e996760cd8e8 => generated 743 bytes in 60 msecs (HTTP/1.1 200) 4 headers in 157 bytes (1 switches on core 0)
2026-06-24 19:40:20.685 8 INFO neutron.db.ovn_revision_numbers_db [None req-81adf43e-6ba8-4cdc-a265-6bbd78551fb4 - - - - - -] Successfully bumped revision number for resource 51b3cfa7-384f-4066-ab08-74c162b1ed5a (type: router_ports) to 2
2026-06-24 19:40:20.686 8 INFO neutron.plugins.ml2.drivers.ovn.mech_driver.mech_driver [None req-81adf43e-6ba8-4cdc-a265-6bbd78551fb4 - - - - - -] OVN reports status up for port: 72624ac2-e246-404d-b114-8a4ee12ece19 [pid: 7|app: 0|req: 1355/2750] 10.0.0.61 () {34 vars in 964 bytes} [Wed Jun 24 19:40:20 2026] GET /v2.0/quotas/6ad8e35b6f994c7d817893bb70c01e6d => generated 292 bytes in 15 msecs (HTTP/1.1 200) 4 headers in 157 bytes (1 switches on core 0)
2026-06-24 19:40:20.707 8 INFO neutron.plugins.ml2.plugin [None req-81adf43e-6ba8-4cdc-a265-6bbd78551fb4 - - - - - -] Attempt 1 to provision port 72624ac2-e246-404d-b114-8a4ee12ece19 [pid: 7|app: 0|req: 1356/2751] 10.0.0.61 () {34 vars in 1001 bytes} [Wed Jun 24 19:40:20 2026] GET /v2.0/ports?tenant_id=6ad8e35b6f994c7d817893bb70c01e6d&fields=id => generated 287 bytes in 167 msecs (HTTP/1.1 200) 4 headers in 157 bytes (1 switches on core 0)
2026-06-24 19:40:20.919 8 WARNING neutron.scheduler.dhcp_agent_scheduler [None req-9d1cedd2-2278-4955-96b1-5ce4809c9a97 1133d0c46df44f5590c5e3fc7e48d6f7 58f8ffbabd154b359e9cbde80451486a - - default default] No more DHCP agents
