2026-06-24 19:38:25.398 8 WARNING neutron.api.rpc.agentnotifiers.dhcp_rpc_agent_api [None req-0d0301fb-52af-4975-9f1c-0c26fa596351 92d0f2b4ac2c40529687590e6ba99ee0 d4dc1a2106b94ddab687b6704f124af7 - - default default] Unable to schedule network 09b1996c-8238-42e5-b3c3-b2ea6f6a542d: no agents available; will retry on subsequent port and subnet creation events.
2026-06-24 19:38:25.407 7 INFO neutron.db.ovn_revision_numbers_db [None req-207f1f17-b7dd-4103-9657-e6c7d27c4831 bb9b0e46d0da490b953b14daf4ceab77 712f5b4a76d24b27892c2d7bbc4d8bbd - - default default] Successfully bumped revision number for resource 3299cbf5-1078-4261-8184-a76d349991ae (type: security_group_rules) to 0
2026-06-24 19:38:25.495 7 INFO neutron.plugins.ml2.drivers.ovn.mech_driver.mech_driver [None req-1a9c924e-44ea-40a1-95ad-4b7ff0d7ead6 - - - - - -] OVN reports status down for port: e9701952-bf04-43f6-9b03-c95524b063e4
2026-06-24 19:38:25.505 7 INFO neutron.notifiers.nova [-] Nova event matching ['req-4d864886-03bb-4151-94cd-a2660efcdc6b'] response: {'server_uuid': '78513d9b-5f2e-4ab4-89ab-ef0ba6e391f7', 'name': 'network-vif-plugged', 'status': 'completed', 'tag': '1be6ae43-5459-4f1f-9969-4be99cf3638f', 'code': 200}
2026-06-24 19:38:25.507 7 INFO neutron.db.ovn_revision_numbers_db [None req-207f1f17-b7dd-4103-9657-e6c7d27c4831 bb9b0e46d0da490b953b14daf4ceab77 712f5b4a76d24b27892c2d7bbc4d8bbd - - default default] Successfully bumped revision number for resource 6d38a758-f7f6-45b3-bc0f-0a4829db236b (type: security_group_rules) to 0
2026-06-24 19:38:25.549 7 INFO neutron.db.ovn_revision_numbers_db [None req-207f1f17-b7dd-4103-9657-e6c7d27c4831 bb9b0e46d0da490b953b14daf4ceab77 712f5b4a76d24b27892c2d7bbc4d8bbd - - default default] Successfully bumped revision number for resource add10eed-a77a-48c5-9109-61ba38e8460b (type: security_group_rules) to 0
2026-06-24 19:38:25.555 8 INFO neutron.db.ovn_revision_numbers_db [None req-0d0301fb-52af-4975-9f1c-0c26fa596351 92d0f2b4ac2c40529687590e6ba99ee0 d4dc1a2106b94ddab687b6704f124af7 - - default default] Successfully bumped revision number for resource e9701952-bf04-43f6-9b03-c95524b063e4 (type: ports) to 1
2026-06-24 19:38:25.649 7 INFO neutron.db.ovn_revision_numbers_db [None req-207f1f17-b7dd-4103-9657-e6c7d27c4831 bb9b0e46d0da490b953b14daf4ceab77 712f5b4a76d24b27892c2d7bbc4d8bbd - - default default] Successfully bumped revision number for resource b3bb5e0e-0807-4c26-871b-78b03d88e7cd (type: security_group_rules) to 0 [pid: 8|app: 0|req: 1029/1962] 10.0.0.228 () {34 vars in 670 bytes} [Wed Jun 24 19:38:24 2026] POST /v2.0/networks => generated 666 bytes in 1454 msecs (HTTP/1.1 201) 4 headers in 162 bytes (1 switches on core 0) [pid: 8|app: 0|req: 1030/1963] 10.0.0.61 () {34 vars in 1039 bytes} [Wed Jun 24 19:38:25 2026] GET /v2.0/security-groups?id=9cced37f-d915-4871-8e74-931846764fbc&fields=id&fields=name => generated 88 bytes in 31 msecs (HTTP/1.1 200) 4 headers in 156 bytes (1 switches on core 0)
2026-06-24 19:38:25.837 7 INFO neutron.db.ovn_revision_numbers_db [None req-207f1f17-b7dd-4103-9657-e6c7d27c4831 bb9b0e46d0da490b953b14daf4ceab77 712f5b4a76d24b27892c2d7bbc4d8bbd - - default default] Successfully bumped revision number for resource 578bd4c9-c243-4e75-a3b8-3c3b2c798a97 (type: security_groups) to 1
2026-06-24 19:38:25.866 7 INFO neutron.db.ovn_revision_numbers_db [None req-207f1f17-b7dd-4103-9657-e6c7d27c4831 bb9b0e46d0da490b953b14daf4ceab77 712f5b4a76d24b27892c2d7bbc4d8bbd - - default default] Successfully bumped revision number for resource 00be4ac9-1875-464a-b006-f45d748d14c2 (type: security_group_rules) to 0
2026-06-24 19:38:25.883 8 INFO neutron_taas.services.taas.taas_plugin [None req-fec7e147-0464-47ad-997c-37138437fc60 9337f4796a7e4dabbcedea8c67c0b0f5 0fe83054a2e044db99193bda2ab7ca9c - - default default] TaaS: Handle Delete Port: 932bab0f-2e0c-4eef-8c31-0b6867c52348
2026-06-24 19:38:25.887 8 INFO neutron_taas.services.taas.tap_mirror_plugin [None req-fec7e147-0464-47ad-997c-37138437fc60 9337f4796a7e4dabbcedea8c67c0b0f5 0fe83054a2e044db99193bda2ab7ca9c - - default default] Tap Mirror: Handle Delete Port: 932bab0f-2e0c-4eef-8c31-0b6867c52348
2026-06-24 19:38:25.900 7 INFO neutron.db.ovn_revision_numbers_db [None req-207f1f17-b7dd-4103-9657-e6c7d27c4831 bb9b0e46d0da490b953b14daf4ceab77 712f5b4a76d24b27892c2d7bbc4d8bbd - - default default] Successfully bumped revision number for resource c407a0c3-18f9-4955-b257-ef647022cdc2 (type: security_group_rules) to 0 [pid: 7|app: 0|req: 934/1964] 10.0.0.228 () {34 vars in 684 bytes} [Wed Jun 24 19:38:24 2026] POST /v2.0/security-groups => generated 1601 bytes in 1005 msecs (HTTP/1.1 201) 4 headers in 163 bytes (1 switches on core 0)
2026-06-24 19:38:26.108 7 INFO neutron.db.segments_db [None req-23e76abf-210d-4421-8fb8-7097ee0eb373 92d0f2b4ac2c40529687590e6ba99ee0 d4dc1a2106b94ddab687b6704f124af7 - - default default] Added segment f4f4026d-1a68-4141-85b0-67f5892da031 of type geneve for network 2c08d50f-9ea6-4944-ac05-5edb67dc81f5
2026-06-24 19:38:26.311 7 INFO neutron.db.ovn_revision_numbers_db [None req-23e76abf-210d-4421-8fb8-7097ee0eb373 92d0f2b4ac2c40529687590e6ba99ee0 d4dc1a2106b94ddab687b6704f124af7 - - default default] Successfully bumped revision number for resource 2c08d50f-9ea6-4944-ac05-5edb67dc81f5 (type: networks) to 1
2026-06-24 19:38:26.371 8 INFO neutron.services.segments.plugin [-] Segment 6499c57e-ed47-4ade-9a1b-7c1392d02717 resource provider aggregate not found
2026-06-24 19:38:26.382 8 INFO neutron.services.segments.plugin [-] Segment 6499c57e-ed47-4ade-9a1b-7c1392d02717 resource provider aggregate not found
2026-06-24 19:38:26.387 8 INFO neutron.services.segments.plugin [-] Segment 6499c57e-ed47-4ade-9a1b-7c1392d02717 resource provider not found; error: Placement Client Error (4xx): {"errors": [{"status": 404, "title": "Not Found", "detail": "The resource could not be found.\n\n No resource provider with uuid 6499c57e-ed47-4ade-9a1b-7c1392d02717 found for delete ", "request_id": "req-0a9f3c43-9ee3-4e07-8343-87354a3e0fa4"}]}
2026-06-24 19:38:26.398 8 INFO neutron.services.segments.plugin [-] Segment 6499c57e-ed47-4ade-9a1b-7c1392d02717 resource provider not found; error: Placement Client Error (4xx): {"errors": [{"status": 404, "title": "Not Found", "detail": "The resource could not be found.\n\n No resource provider with uuid 6499c57e-ed47-4ade-9a1b-7c1392d02717 found for delete ", "request_id": "req-57db9f80-2664-46de-80ed-4a22e335b111"}]} [pid: 8|app: 0|req: 1031/1965] 10.0.0.228 () {32 vars in 726 bytes} [Wed Jun 24 19:38:25 2026] DELETE /v2.0/networks/6e95a74b-60b9-4a16-b93a-fa8455b164ff => generated 0 bytes in 834 msecs (HTTP/1.1 204) 3 headers in 131 bytes (1 switches on core 0)
2026-06-24 19:38:26.549 7 WARNING neutron.scheduler.dhcp_agent_scheduler [None req-23e76abf-210d-4421-8fb8-7097ee0eb373 92d0f2b4ac2c40529687590e6ba99ee0 d4dc1a2106b94ddab687b6704f124af7 - - default default] No more DHCP agents
2026-06-24 19:38:26.550 7 WARNING neutron.api.rpc.agentnotifiers.dhcp_rpc_agent_api [None req-23e76abf-210d-4421-8fb8-7097ee0eb373 92d0f2b4ac2c40529687590e6ba99ee0 d4dc1a2106b94ddab687b6704f124af7 - - default default] Unable to schedule network 2c08d50f-9ea6-4944-ac05-5edb67dc81f5: no agents available; will retry on subsequent port and subnet creation events.
2026-06-24 19:38:26.630 8 INFO neutron.plugins.ml2.drivers.ovn.mech_driver.mech_driver [None req-78c7de9a-02dd-460b-bf3a-9e2a0e88fcc7 - - - - - -] OVN reports status down for port: ada91e9f-0fec-46f1-886e-bb53c72064ae
2026-06-24 19:38:26.666 7 INFO neutron.db.ovn_revision_numbers_db [None req-23e76abf-210d-4421-8fb8-7097ee0eb373 92d0f2b4ac2c40529687590e6ba99ee0 d4dc1a2106b94ddab687b6704f124af7 - - default default] Successfully bumped revision number for resource ada91e9f-0fec-46f1-886e-bb53c72064ae (type: ports) to 1 [pid: 7|app: 0|req: 935/1966] 10.0.0.228 () {34 vars in 670 bytes} [Wed Jun 24 19:38:25 2026] POST /v2.0/networks => generated 667 bytes in 758 msecs (HTTP/1.1 201) 4 headers in 162 bytes (1 switches on core 0)
2026-06-24 19:38:26.776 8 INFO neutron.db.ovn_revision_numbers_db [None req-0cfabdca-10ff-47bf-b57c-5c67bb8d243a bb9b0e46d0da490b953b14daf4ceab77 712f5b4a76d24b27892c2d7bbc4d8bbd - - default default] Successfully bumped revision number for resource 52b740fd-b9ae-464d-b516-3d932c5dee8c (type: security_groups) to 1
2026-06-24 19:38:26.790 8 INFO neutron.db.ovn_revision_numbers_db [None req-0cfabdca-10ff-47bf-b57c-5c67bb8d243a bb9b0e46d0da490b953b14daf4ceab77 712f5b4a76d24b27892c2d7bbc4d8bbd - - default default] Successfully bumped revision number for resource 5f1d1778-8340-4002-9c37-e1337e3574ad (type: security_group_rules) to 0
2026-06-24 19:38:26.805 8 INFO neutron.db.ovn_revision_numbers_db [None req-0cfabdca-10ff-47bf-b57c-5c67bb8d243a bb9b0e46d0da490b953b14daf4ceab77 712f5b4a76d24b27892c2d7bbc4d8bbd - - default default] Successfully bumped revision number for resource 70203bfd-aba3-4e2a-ae29-de86be09097b (type: security_group_rules) to 0
2026-06-24 19:38:26.815 7 INFO neutron.db.segments_db [None req-2f20fe6f-2ac9-43b4-a9e8-bbb7c61f23c2 9337f4796a7e4dabbcedea8c67c0b0f5 0fe83054a2e044db99193bda2ab7ca9c - - default default] Added segment 8a8ae5ed-9421-4d6d-8174-31b31af14ff4 of type geneve for network 95bc6051-96a7-414f-a755-cd4897116022 [pid: 8|app: 0|req: 1032/1967] 10.0.0.228 () {34 vars in 684 bytes} [Wed Jun 24 19:38:26 2026] POST /v2.0/security-groups => generated 1601 bytes in 320 msecs (HTTP/1.1 201) 4 headers in 163 bytes (1 switches on core 0)
2026-06-24 19:38:26.944 7 INFO neutron.db.ovn_revision_numbers_db [None req-2f20fe6f-2ac9-43b4-a9e8-bbb7c61f23c2 9337f4796a7e4dabbcedea8c67c0b0f5 0fe83054a2e044db99193bda2ab7ca9c - - default default] Successfully bumped revision number for resource 95bc6051-96a7-414f-a755-cd4897116022 (type: networks) to 1
2026-06-24 19:38:27.067 8 WARNING neutron.scheduler.dhcp_agent_scheduler [None req-8bd0aba7-b0e3-4c59-a7cc-7d47dfb70e10 92d0f2b4ac2c40529687590e6ba99ee0 d4dc1a2106b94ddab687b6704f124af7 - - default default] No more DHCP agents
2026-06-24 19:38:27.068 8 WARNING neutron.api.rpc.agentnotifiers.dhcp_rpc_agent_api [None req-8bd0aba7-b0e3-4c59-a7cc-7d47dfb70e10 92d0f2b4ac2c40529687590e6ba99ee0 d4dc1a2106b94ddab687b6704f124af7 - - default default] Unable to schedule network 09b1996c-8238-42e5-b3c3-b2ea6f6a542d: no agents available; will retry on subsequent port and subnet creation events.
2026-06-24 19:38:27.107 7 WARNING neutron.scheduler.dhcp_agent_scheduler [None req-2f20fe6f-2ac9-43b4-a9e8-bbb7c61f23c2 9337f4796a7e4dabbcedea8c67c0b0f5 0fe83054a2e044db99193bda2ab7ca9c - - default default] No more DHCP agents
2026-06-24 19:38:27.108 7 WARNING neutron.api.rpc.agentnotifiers.dhcp_rpc_agent_api [None req-2f20fe6f-2ac9-43b4-a9e8-bbb7c61f23c2 9337f4796a7e4dabbcedea8c67c0b0f5 0fe83054a2e044db99193bda2ab7ca9c - - default default] Unable to schedule network 95bc6051-96a7-414f-a755-cd4897116022: no agents available; will retry on subsequent port and subnet creation events.
2026-06-24 19:38:27.187 8 INFO neutron.plugins.ml2.drivers.ovn.mech_driver.mech_driver [None req-78c7de9a-02dd-460b-bf3a-9e2a0e88fcc7 - - - - - -] OVN reports status down for port: 5bf7bbcb-7e13-45c3-bbb7-c06b1e7d6dc8
2026-06-24 19:38:27.202 7 INFO neutron.db.ovn_revision_numbers_db [None req-2f20fe6f-2ac9-43b4-a9e8-bbb7c61f23c2 9337f4796a7e4dabbcedea8c67c0b0f5 0fe83054a2e044db99193bda2ab7ca9c - - default default] Successfully bumped revision number for resource 5bf7bbcb-7e13-45c3-bbb7-c06b1e7d6dc8 (type: ports) to 1 [pid: 7|app: 0|req: 936/1968] 10.0.0.228 () {34 vars in 670 bytes} [Wed Jun 24 19:38:26 2026] POST /v2.0/networks => generated 768 bytes in 532 msecs (HTTP/1.1 201) 4 headers in 162 bytes (1 switches on core 0) [pid: 7|app: 0|req: 937/1969] 10.0.0.61 () {34 vars in 989 bytes} [Wed Jun 24 19:38:27 2026] GET /v2.0/ports?device_id=78513d9b-5f2e-4ab4-89ab-ef0ba6e391f7 => generated 971 bytes in 37 msecs (HTTP/1.1 200) 4 headers in 157 bytes (1 switches on core 0)
2026-06-24 19:38:27.465 7 INFO neutron.db.ovn_revision_numbers_db [None req-85b16ee7-a52f-4292-aa22-4809944e5f17 bb9b0e46d0da490b953b14daf4ceab77 712f5b4a76d24b27892c2d7bbc4d8bbd - - default default] Successfully bumped revision number for resource 499e248f-6548-41c1-8b96-572e0318e028 (type: security_groups) to 1
2026-06-24 19:38:27.477 7 INFO neutron.db.ovn_revision_numbers_db [None req-85b16ee7-a52f-4292-aa22-4809944e5f17 bb9b0e46d0da490b953b14daf4ceab77 712f5b4a76d24b27892c2d7bbc4d8bbd - - default default] Successfully bumped revision number for resource b93911d5-915c-4c2f-9164-9d001f6af7b6 (type: security_group_rules) to 0
2026-06-24 19:38:27.488 7 INFO neutron.db.ovn_revision_numbers_db [None req-85b16ee7-a52f-4292-aa22-4809944e5f17 bb9b0e46d0da490b953b14daf4ceab77 712f5b4a76d24b27892c2d7bbc4d8bbd - - default default] Successfully bumped revision number for resource e5562085-1777-4180-ae5f-16d6e5086639 (type: security_group_rules) to 0 [pid: 7|app: 0|req: 938/1970] 10.0.0.228 () {34 vars in 684 bytes} [Wed Jun 24 19:38:27 2026] POST /v2.0/security-groups => generated 1601 bytes in 255 msecs (HTTP/1.1 201) 4 headers in 163 bytes (1 switches on core 0)
2026-06-24 19:38:27.637 8 INFO neutron.db.ovn_revision_numbers_db [None req-dc93ab16-f6a2-40eb-889c-cf3958fe4f1e - - - - - -] Successfully bumped revision number for resource e9701952-bf04-43f6-9b03-c95524b063e4 (type: ports) to 2
2026-06-24 19:38:27.682 8 INFO neutron.db.ovn_revision_numbers_db [None req-dc93ab16-f6a2-40eb-889c-cf3958fe4f1e - - - - - -] Successfully bumped revision number for resource 14039479-21f1-4022-abe4-f7771cb0ac49 (type: subnets) to 0 [pid: 8|app: 0|req: 1033/1971] 10.0.0.228 () {34 vars in 669 bytes} [Wed Jun 24 19:38:26 2026] POST /v2.0/subnets => generated 626 bytes in 862 msecs (HTTP/1.1 201) 4 headers in 162 bytes (1 switches on core 0)
2026-06-24 19:38:27.712 7 WARNING neutron.scheduler.dhcp_agent_scheduler [None req-3f388e79-c538-4863-a84b-40e9f7abd416 9337f4796a7e4dabbcedea8c67c0b0f5 0fe83054a2e044db99193bda2ab7ca9c - - default default] No more DHCP agents
2026-06-24 19:38:27.714 7 WARNING neutron.api.rpc.agentnotifiers.dhcp_rpc_agent_api [None req-3f388e79-c538-4863-a84b-40e9f7abd416 9337f4796a7e4dabbcedea8c67c0b0f5 0fe83054a2e044db99193bda2ab7ca9c - - default default] Unable to schedule network 95bc6051-96a7-414f-a755-cd4897116022: no agents available; will retry on subsequent port and subnet creation events. [pid: 8|app: 0|req: 1034/1972] 10.0.0.61 () {34 vars in 1039 bytes} [Wed Jun 24 19:38:27 2026] GET /v2.0/security-groups?id=9cced37f-d915-4871-8e74-931846764fbc&fields=id&fields=name => generated 88 bytes in 42 msecs (HTTP/1.1 200) 4 headers in 156 bytes (1 switches on core 0)
2026-06-24 19:38:28.164 8 INFO neutron.db.ovn_revision_numbers_db [None req-d61ae8af-6bde-44d1-8324-b07c55336e77 bb9b0e46d0da490b953b14daf4ceab77 712f5b4a76d24b27892c2d7bbc4d8bbd - - default default] Successfully bumped revision number for resource 44d336c4-5ee3-481b-9dd5-1ab44636f267 (type: security_groups) to 1
2026-06-24 19:38:28.281 8 INFO neutron.db.ovn_revision_numbers_db [None req-d61ae8af-6bde-44d1-8324-b07c55336e77 bb9b0e46d0da490b953b14daf4ceab77 712f5b4a76d24b27892c2d7bbc4d8bbd - - default default] Successfully bumped revision number for resource 5d0b8c8b-f73f-4cb7-aef1-2a887d71abe4 (type: security_group_rules) to 0
2026-06-24 19:38:28.425 8 INFO neutron.db.ovn_revision_numbers_db [None req-d61ae8af-6bde-44d1-8324-b07c55336e77 bb9b0e46d0da490b953b14daf4ceab77 712f5b4a76d24b27892c2d7bbc4d8bbd - - default default] Successfully bumped revision number for resource e07dc751-3fc9-40b8-b95a-955bf95af830 (type: security_group_rules) to 0
2026-06-24 19:38:28.489 7 INFO neutron.db.ovn_revision_numbers_db [None req-e3dd7a14-6629-48ba-b584-76c2cc74dee6 - - - - - -] Successfully bumped revision number for resource 5bf7bbcb-7e13-45c3-bbb7-c06b1e7d6dc8 (type: ports) to 2 [pid: 8|app: 0|req: 1035/1973] 10.0.0.228 () {34 vars in 684 bytes} [Wed Jun 24 19:38:27 2026] POST /v2.0/security-groups => generated 1601 bytes in 874 msecs (HTTP/1.1 201) 4 headers in 163 bytes (1 switches on core 0)
2026-06-24 19:38:28.662 7 INFO neutron.db.ovn_revision_numbers_db [None req-e3dd7a14-6629-48ba-b584-76c2cc74dee6 - - - - - -] Successfully bumped revision number for resource b0dd6a28-0dc9-4d06-a44b-76c8c24c8fb8 (type: subnets) to 0 [pid: 7|app: 0|req: 939/1974] 10.0.0.228 () {34 vars in 669 bytes} [Wed Jun 24 19:38:27 2026] POST /v2.0/subnets => generated 647 bytes in 1855 msecs (HTTP/1.1 201) 4 headers in 162 bytes (1 switches on core 0)
2026-06-24 19:38:29.732 8 WARNING neutron.scheduler.dhcp_agent_scheduler [None req-cdce9815-2659-48ec-8b43-0ba305d1ecf5 92d0f2b4ac2c40529687590e6ba99ee0 d4dc1a2106b94ddab687b6704f124af7 - - default default] No more DHCP agents
2026-06-24 19:38:29.734 8 WARNING neutron.api.rpc.agentnotifiers.dhcp_rpc_agent_api [None req-cdce9815-2659-48ec-8b43-0ba305d1ecf5 92d0f2b4ac2c40529687590e6ba99ee0 d4dc1a2106b94ddab687b6704f124af7 - - default default] Unable to schedule network 2c08d50f-9ea6-4944-ac05-5edb67dc81f5: no agents available; will retry on subsequent port and subnet creation events.
2026-06-24 19:38:29.867 7 INFO neutron.db.ovn_revision_numbers_db [None req-a15d8299-e5ac-461f-88c3-2f87d1fb4655 bb9b0e46d0da490b953b14daf4ceab77 712f5b4a76d24b27892c2d7bbc4d8bbd - - default default] Successfully bumped revision number for resource 4ca93ba8-170f-4b10-8d57-629a9dcaa11b (type: security_groups) to 1
2026-06-24 19:38:29.951 7 INFO neutron.db.ovn_revision_numbers_db [None req-a15d8299-e5ac-461f-88c3-2f87d1fb4655 bb9b0e46d0da490b953b14daf4ceab77 712f5b4a76d24b27892c2d7bbc4d8bbd - - default default] Successfully bumped revision number for resource 7c267f23-f906-4a5b-acc0-9ba863aaf0bb (type: security_group_rules) to 0
2026-06-24 19:38:30.016 7 INFO neutron.db.ovn_revision_numbers_db [None req-a15d8299-e5ac-461f-88c3-2f87d1fb4655 bb9b0e46d0da490b953b14daf4ceab77 712f5b4a76d24b27892c2d7bbc4d8bbd - - default default] Successfully bumped revision number for resource de588972-61e1-4dbf-bb4e-34b64b10c2c8 (type: security_group_rules) to 0 [pid: 7|app: 0|req: 940/1975] 10.0.0.228 () {34 vars in 684 bytes} [Wed Jun 24 19:38:29 2026] POST /v2.0/security-groups => generated 1601 bytes in 715 msecs (HTTP/1.1 201) 4 headers in 163 bytes (1 switches on core 0)
2026-06-24 19:38:30.100 7 WARNING neutron.api.v2.base [None req-0b7c57dd-cd5c-46fe-97da-c5727c8fcd42 9337f4796a7e4dabbcedea8c67c0b0f5 0fe83054a2e044db99193bda2ab7ca9c - - default default] An exception happened while processing the request body. The exception message is [Invalid input for target_tenant. Reason: '1234123412341234123412341234123412341234123412341234123412341234123412341234123412341234123412341234123412341234123412341234123412341234123412341234123412341234123412341234123412341234123412341234123412341234123412341234123412341234123412341234123412341234123412341234123412341234123412341234123412341234123412341234123412341234123412341234123412341234123412341234123412341234123412341234123412341234' exceeds maximum length of 255.].: webob.exc.HTTPBadRequest: Invalid input for target_tenant. Reason: '1234123412341234123412341234123412341234123412341234123412341234123412341234123412341234123412341234123412341234123412341234123412341234123412341234123412341234123412341234123412341234123412341234123412341234123412341234123412341234123412341234123412341234123412341234123412341234123412341234123412341234123412341234123412341234123412341234123412341234123412341234123412341234123412341234123412341234' exceeds maximum length of 255.
2026-06-24 19:38:30.100 7 INFO neutron.api.v2.resource [None req-0b7c57dd-cd5c-46fe-97da-c5727c8fcd42 9337f4796a7e4dabbcedea8c67c0b0f5 0fe83054a2e044db99193bda2ab7ca9c - - default default] create failed (client error): Invalid input for target_tenant. Reason: '1234123412341234123412341234123412341234123412341234123412341234123412341234123412341234123412341234123412341234123412341234123412341234123412341234123412341234123412341234123412341234123412341234123412341234123412341234123412341234123412341234123412341234123412341234123412341234123412341234123412341234123412341234123412341234123412341234123412341234123412341234123412341234123412341234123412341234' exceeds maximum length of 255. [pid: 7|app: 0|req: 941/1976] 10.0.0.228 () {34 vars in 681 bytes} [Wed Jun 24 19:38:30 2026] POST /v2.0/rbac-policies => generated 547 bytes in 6 msecs (HTTP/1.1 400) 4 headers in 166 bytes (1 switches on core 0) [pid: 7|app: 0|req: 942/1977] 10.0.0.61 () {34 vars in 989 bytes} [Wed Jun 24 19:38:30 2026] GET /v2.0/ports?device_id=78513d9b-5f2e-4ab4-89ab-ef0ba6e391f7 => generated 971 bytes in 104 msecs (HTTP/1.1 200) 4 headers in 157 bytes (1 switches on core 0)
2026-06-24 19:38:30.298 8 INFO neutron.db.ovn_revision_numbers_db [None req-0ae56133-fdb5-46b9-a25b-533a733a3063 - - - - - -] Successfully bumped revision number for resource ada91e9f-0fec-46f1-886e-bb53c72064ae (type: ports) to 2 [pid: 7|app: 0|req: 943/1978] 10.0.0.228 () {34 vars in 767 bytes} [Wed Jun 24 19:38:30 2026] PUT /v2.0/security-groups/578bd4c9-c243-4e75-a3b8-3c3b2c798a97/tags => generated 17 bytes in 107 msecs (HTTP/1.1 200) 4 headers in 156 bytes (1 switches on core 0)
2026-06-24 19:38:30.359 8 INFO neutron.db.ovn_revision_numbers_db [None req-0ae56133-fdb5-46b9-a25b-533a733a3063 - - - - - -] Successfully bumped revision number for resource 29aaf214-3721-4b06-b70b-4ca94a1d5590 (type: subnets) to 0 [pid: 8|app: 0|req: 1036/1979] 10.0.0.228 () {34 vars in 669 bytes} [Wed Jun 24 19:38:28 2026] POST /v2.0/subnets => generated 626 bytes in 1773 msecs (HTTP/1.1 201) 4 headers in 162 bytes (1 switches on core 0) [pid: 8|app: 0|req: 1039/1982] 10.0.0.61 () {34 vars in 1039 bytes} [Wed Jun 24 19:38:30 2026] GET /v2.0/security-groups?id=9cced37f-d915-4871-8e74-931846764fbc&fields=id&fields=name => generated 88 bytes in 47 msecs (HTTP/1.1 200) 4 headers in 156 bytes (1 switches on core 0)
2026-06-24 19:38:30.460 7 INFO neutron_taas.services.taas.taas_plugin [None req-bee63500-71ae-4faf-8548-cd3d2d6b7e7b 9337f4796a7e4dabbcedea8c67c0b0f5 0fe83054a2e044db99193bda2ab7ca9c - - default default] TaaS: Handle Delete Port: 5bf7bbcb-7e13-45c3-bbb7-c06b1e7d6dc8
2026-06-24 19:38:30.466 7 INFO neutron_taas.services.taas.tap_mirror_plugin [None req-bee63500-71ae-4faf-8548-cd3d2d6b7e7b 9337f4796a7e4dabbcedea8c67c0b0f5 0fe83054a2e044db99193bda2ab7ca9c - - default default] Tap Mirror: Handle Delete Port: 5bf7bbcb-7e13-45c3-bbb7-c06b1e7d6dc8 [pid: 8|app: 0|req: 1040/1983] 10.0.0.228 () {34 vars in 767 bytes} [Wed Jun 24 19:38:30 2026] PUT /v2.0/security-groups/52b740fd-b9ae-464d-b516-3d932c5dee8c/tags => generated 25 bytes in 75 msecs (HTTP/1.1 200) 4 headers in 156 bytes (1 switches on core 0)
2026-06-24 19:38:30.776 8 INFO neutron.db.ovn_revision_numbers_db [None req-5b3cc4a6-3a95-48f4-9453-b215b865db97 92d0f2b4ac2c40529687590e6ba99ee0 d4dc1a2106b94ddab687b6704f124af7 - - default default] Successfully bumped revision number for resource 4597a9d4-a8b8-498f-9ca8-46e2aa5f6784 (type: routers) to 1 [pid: 8|app: 0|req: 1041/1984] 10.0.0.228 () {34 vars in 669 bytes} [Wed Jun 24 19:38:30 2026] POST /v2.0/routers => generated 602 bytes in 278 msecs (HTTP/1.1 201) 4 headers in 162 bytes (1 switches on core 0) [pid: 8|app: 0|req: 1042/1985] 10.0.0.228 () {34 vars in 767 bytes} [Wed Jun 24 19:38:30 2026] PUT /v2.0/security-groups/499e248f-6548-41c1-8b96-572e0318e028/tags => generated 34 bytes in 79 msecs (HTTP/1.1 200) 4 headers in 156 bytes (1 switches on core 0)
2026-06-24 19:38:30.973 7 INFO neutron.plugins.ml2.drivers.ovn.mech_driver.mech_driver [None req-1a9c924e-44ea-40a1-95ad-4b7ff0d7ead6 - - - - - -] OVN reports status down for port: 1be6ae43-5459-4f1f-9969-4be99cf3638f
2026-06-24 19:38:31.004 7 INFO neutron.services.segments.plugin [-] Segment 8a8ae5ed-9421-4d6d-8174-31b31af14ff4 resource provider aggregate not found
2026-06-24 19:38:31.024 7 INFO neutron.services.segments.plugin [-] Segment 8a8ae5ed-9421-4d6d-8174-31b31af14ff4 resource provider aggregate not found
2026-06-24 19:38:31.029 7 INFO neutron.services.segments.plugin [-] Segment 8a8ae5ed-9421-4d6d-8174-31b31af14ff4 resource provider not found; error: Placement Client Error (4xx): {"errors": [{"status": 404, "title": "Not Found", "detail": "The resource could not be found.\n\n No resource provider with uuid 8a8ae5ed-9421-4d6d-8174-31b31af14ff4 found for delete ", "request_id": "req-ff99bac9-fe15-4a6b-bead-68af3670e7ad"}]}
2026-06-24 19:38:31.042 7 INFO neutron.services.segments.plugin [-] Segment 8a8ae5ed-9421-4d6d-8174-31b31af14ff4 resource provider not found; error: Placement Client Error (4xx): {"errors": [{"status": 404, "title": "Not Found", "detail": "The resource could not be found.\n\n No resource provider with uuid 8a8ae5ed-9421-4d6d-8174-31b31af14ff4 found for delete ", "request_id": "req-bf5b72df-de7d-4c76-b0fb-fb51395156ae"}]} [pid: 7|app: 0|req: 944/1986] 10.0.0.228 () {32 vars in 726 bytes} [Wed Jun 24 19:38:30 2026] DELETE /v2.0/networks/95bc6051-96a7-414f-a755-cd4897116022 => generated 0 bytes in 847 msecs (HTTP/1.1 204) 3 headers in 131 bytes (1 switches on core 0)
2026-06-24 19:38:31.249 7 INFO neutron.notifiers.nova [-] Nova event matching ['req-8d8ff94f-4e92-4d65-b146-fb8c30c0f883'] response: {'server_uuid': '78513d9b-5f2e-4ab4-89ab-ef0ba6e391f7', 'name': 'network-vif-unplugged', 'status': 'completed', 'tag': '1be6ae43-5459-4f1f-9969-4be99cf3638f', 'code': 200} [pid: 7|app: 0|req: 945/1987] 10.0.0.228 () {34 vars in 767 bytes} [Wed Jun 24 19:38:31 2026] PUT /v2.0/security-groups/44d336c4-5ee3-481b-9dd5-1ab44636f267/tags => generated 19 bytes in 295 msecs (HTTP/1.1 200) 4 headers in 156 bytes (1 switches on core 0)
2026-06-24 19:38:31.498 8 WARNING neutron.scheduler.dhcp_agent_scheduler [None req-e9c54835-6109-4e05-83c1-20d3b0e0c414 92d0f2b4ac2c40529687590e6ba99ee0 d4dc1a2106b94ddab687b6704f124af7 - - default default] No more DHCP agents
2026-06-24 19:38:31.500 8 WARNING neutron.api.rpc.agentnotifiers.dhcp_rpc_agent_api [None req-e9c54835-6109-4e05-83c1-20d3b0e0c414 92d0f2b4ac2c40529687590e6ba99ee0 d4dc1a2106b94ddab687b6704f124af7 - - default default] Unable to schedule network 09b1996c-8238-42e5-b3c3-b2ea6f6a542d: no agents available; will retry on subsequent port and subnet creation events.
2026-06-24 19:38:31.533 7 INFO neutron.db.ovn_revision_numbers_db [None req-1a9c924e-44ea-40a1-95ad-4b7ff0d7ead6 - - - - - -] Successfully bumped revision number for resource 1be6ae43-5459-4f1f-9969-4be99cf3638f (type: ports) to 6
2026-06-24 19:38:31.671 7 INFO neutron.db.segments_db [None req-e1b2fc8e-8fe6-49f6-95ca-dadc1ed3243c 9337f4796a7e4dabbcedea8c67c0b0f5 0fe83054a2e044db99193bda2ab7ca9c - - default default] Added segment 36c76346-71fe-49cd-a038-f286b0216996 of type geneve for network e969881c-4209-4150-b1ad-43e7f393881d
2026-06-24 19:38:31.769 8 INFO neutron.plugins.ml2.drivers.ovn.mech_driver.mech_driver [None req-78c7de9a-02dd-460b-bf3a-9e2a0e88fcc7 - - - - - -] OVN reports status down for port: 065630d1-448e-4357-912b-abfad7b60115
2026-06-24 19:38:31.966 8 INFO neutron.db.ovn_revision_numbers_db [None req-e9c54835-6109-4e05-83c1-20d3b0e0c414 92d0f2b4ac2c40529687590e6ba99ee0 d4dc1a2106b94ddab687b6704f124af7 - - default default] Successfully bumped revision number for resource 065630d1-448e-4357-912b-abfad7b60115 (type: ports) to 1
2026-06-24 19:38:31.968 7 INFO neutron.db.ovn_revision_numbers_db [None req-e1b2fc8e-8fe6-49f6-95ca-dadc1ed3243c 9337f4796a7e4dabbcedea8c67c0b0f5 0fe83054a2e044db99193bda2ab7ca9c - - default default] Successfully bumped revision number for resource e969881c-4209-4150-b1ad-43e7f393881d (type: networks) to 1
2026-06-24 19:38:32.175 7 WARNING neutron.scheduler.dhcp_agent_scheduler [None req-e1b2fc8e-8fe6-49f6-95ca-dadc1ed3243c 9337f4796a7e4dabbcedea8c67c0b0f5 0fe83054a2e044db99193bda2ab7ca9c - - default default] No more DHCP agents
2026-06-24 19:38:32.177 7 WARNING neutron.api.rpc.agentnotifiers.dhcp_rpc_agent_api [None req-e1b2fc8e-8fe6-49f6-95ca-dadc1ed3243c 9337f4796a7e4dabbcedea8c67c0b0f5 0fe83054a2e044db99193bda2ab7ca9c - - default default] Unable to schedule network e969881c-4209-4150-b1ad-43e7f393881d: no agents available; will retry on subsequent port and subnet creation events.
2026-06-24 19:38:32.250 8 INFO neutron.plugins.ml2.drivers.ovn.mech_driver.mech_driver [None req-78c7de9a-02dd-460b-bf3a-9e2a0e88fcc7 - - - - - -] OVN reports status down for port: 32a0ed35-361d-4756-8fe8-b4ca1bd5592b
2026-06-24 19:38:32.308 7 INFO neutron.db.ovn_revision_numbers_db [None req-e1b2fc8e-8fe6-49f6-95ca-dadc1ed3243c 9337f4796a7e4dabbcedea8c67c0b0f5 0fe83054a2e044db99193bda2ab7ca9c - - default default] Successfully bumped revision number for resource 32a0ed35-361d-4756-8fe8-b4ca1bd5592b (type: ports) to 1 [pid: 7|app: 0|req: 946/1988] 10.0.0.228 () {34 vars in 670 bytes} [Wed Jun 24 19:38:31 2026] POST /v2.0/networks => generated 768 bytes in 922 msecs (HTTP/1.1 201) 4 headers in 162 bytes (1 switches on core 0) /var/lib/openstack/lib/python3.12/site-packages/pycadf/identifier.py:70: UserWarning: Invalid uuid: neutron. To ensure interoperability, identifiers should be a valid uuid. warnings.warn(('Invalid uuid: %s. To ensure interoperability, ' [pid: 7|app: 0|req: 947/1989] 10.0.0.228 () {32 vars in 680 bytes} [Wed Jun 24 19:38:32 2026] GET /v2.0/security-groups?tags=red => generated 4804 bytes in 41 msecs (HTTP/1.1 200) 4 headers in 158 bytes (1 switches on core 0) [pid: 7|app: 0|req: 948/1990] 10.0.0.61 () {34 vars in 989 bytes} [Wed Jun 24 19:38:32 2026] GET /v2.0/ports?device_id=78513d9b-5f2e-4ab4-89ab-ef0ba6e391f7 => generated 969 bytes in 39 msecs (HTTP/1.1 200) 4 headers in 157 bytes (1 switches on core 0) [pid: 7|app: 0|req: 949/1991] 199.204.45.78 () {34 vars in 993 bytes} [Wed Jun 24 19:38:32 2026] GET /v2.0/ports?device_id=78513d9b-5f2e-4ab4-89ab-ef0ba6e391f7 => generated 969 bytes in 39 msecs (HTTP/1.1 200) 4 headers in 157 bytes (1 switches on core 0)
2026-06-24 19:38:32.768 8 INFO neutron.plugins.ml2.drivers.ovn.mech_driver.mech_driver [None req-78c7de9a-02dd-460b-bf3a-9e2a0e88fcc7 - - - - - -] OVN reports status up for port: 065630d1-448e-4357-912b-abfad7b60115
2026-06-24 19:38:32.809 8 INFO neutron.plugins.ml2.plugin [None req-78c7de9a-02dd-460b-bf3a-9e2a0e88fcc7 - - - - - -] Attempt 1 to provision port 065630d1-448e-4357-912b-abfad7b60115
2026-06-24 19:38:32.815 7 WARNING neutron.scheduler.dhcp_agent_scheduler [None req-938f9485-27e5-4392-b6da-ae622ad07d5a 9337f4796a7e4dabbcedea8c67c0b0f5 0fe83054a2e044db99193bda2ab7ca9c - - default default] No more DHCP agents
2026-06-24 19:38:32.816 7 WARNING neutron.api.rpc.agentnotifiers.dhcp_rpc_agent_api [None req-938f9485-27e5-4392-b6da-ae622ad07d5a 9337f4796a7e4dabbcedea8c67c0b0f5 0fe83054a2e044db99193bda2ab7ca9c - - default default] Unable to schedule network e969881c-4209-4150-b1ad-43e7f393881d: no agents available; will retry on subsequent port and subnet creation events.
2026-06-24 19:38:32.822 8 INFO neutron.plugins.ml2.plugin [None req-e9c54835-6109-4e05-83c1-20d3b0e0c414 92d0f2b4ac2c40529687590e6ba99ee0 d4dc1a2106b94ddab687b6704f124af7 - - default default] Attempt 1 to provision port 065630d1-448e-4357-912b-abfad7b60115
2026-06-24 19:38:32.953 8 WARNING neutron.scheduler.dhcp_agent_scheduler [None req-e9c54835-6109-4e05-83c1-20d3b0e0c414 92d0f2b4ac2c40529687590e6ba99ee0 d4dc1a2106b94ddab687b6704f124af7 - - default default] No more DHCP agents
2026-06-24 19:38:32.961 8 WARNING neutron.api.rpc.agentnotifiers.dhcp_rpc_agent_api [None req-e9c54835-6109-4e05-83c1-20d3b0e0c414 92d0f2b4ac2c40529687590e6ba99ee0 d4dc1a2106b94ddab687b6704f124af7 - - default default] Unable to schedule network 09b1996c-8238-42e5-b3c3-b2ea6f6a542d: no agents available; will retry on subsequent port and subnet creation events.
2026-06-24 19:38:33.298 7 INFO neutron.notifiers.nova [-] Nova event matching ['req-4034584a-50ca-4ef3-a463-5593e3de47c0'] response: {'server_uuid': '78513d9b-5f2e-4ab4-89ab-ef0ba6e391f7', 'name': 'network-vif-unplugged', 'status': 'completed', 'tag': '1be6ae43-5459-4f1f-9969-4be99cf3638f', 'code': 200}
2026-06-24 19:38:33.436 8 INFO neutron.db.ovn_revision_numbers_db [None req-e9c54835-6109-4e05-83c1-20d3b0e0c414 92d0f2b4ac2c40529687590e6ba99ee0 d4dc1a2106b94ddab687b6704f124af7 - - default default] Successfully bumped revision number for resource 065630d1-448e-4357-912b-abfad7b60115 (type: router_ports) to 1
2026-06-24 19:38:33.442 7 INFO neutron.db.ovn_revision_numbers_db [None req-24ec8b71-6894-4f70-97ff-9b2782dc9ad8 - - - - - -] Successfully bumped revision number for resource 32a0ed35-361d-4756-8fe8-b4ca1bd5592b (type: ports) to 2 [pid: 8|app: 0|req: 1043/1992] 10.0.0.228 () {34 vars in 783 bytes} [Wed Jun 24 19:38:30 2026] PUT /v2.0/routers/4597a9d4-a8b8-498f-9ca8-46e2aa5f6784/add_router_interface => generated 309 bytes in 2565 msecs (HTTP/1.1 200) 4 headers in 157 bytes (1 switches on core 0)
2026-06-24 19:38:33.499 7 INFO neutron.db.ovn_revision_numbers_db [None req-24ec8b71-6894-4f70-97ff-9b2782dc9ad8 - - - - - -] Successfully bumped revision number for resource b2bda40e-019e-4acf-9b6d-a0c31a4a8208 (type: subnets) to 0 [pid: 8|app: 0|req: 1044/1993] 10.0.0.228 () {32 vars in 694 bytes} [Wed Jun 24 19:38:33 2026] GET /v2.0/security-groups?tags=red%2Cblue => generated 3218 bytes in 95 msecs (HTTP/1.1 200) 4 headers in 158 bytes (1 switches on core 0) [pid: 7|app: 0|req: 950/1994] 10.0.0.228 () {34 vars in 669 bytes} [Wed Jun 24 19:38:32 2026] POST /v2.0/subnets => generated 647 bytes in 1101 msecs (HTTP/1.1 201) 4 headers in 162 bytes (1 switches on core 0) [pid: 8|app: 0|req: 1045/1995] 10.0.0.61 () {34 vars in 1039 bytes} [Wed Jun 24 19:38:33 2026] GET /v2.0/security-groups?id=9cced37f-d915-4871-8e74-931846764fbc&fields=id&fields=name => generated 88 bytes in 66 msecs (HTTP/1.1 200) 4 headers in 156 bytes (1 switches on core 0)
2026-06-24 19:38:33.698 8 INFO neutron.db.ovn_revision_numbers_db [None req-78c7de9a-02dd-460b-bf3a-9e2a0e88fcc7 - - - - - -] Successfully bumped revision number for resource 065630d1-448e-4357-912b-abfad7b60115 (type: ports) to 2 [pid: 8|app: 0|req: 1046/1996] 10.0.0.228 () {32 vars in 717 bytes} [Wed Jun 24 19:38:33 2026] GET /v2.0/ports/065630d1-448e-4357-912b-abfad7b60115 => generated 943 bytes in 117 msecs (HTTP/1.1 200) 4 headers in 157 bytes (1 switches on core 0)
2026-06-24 19:38:33.778 7 INFO neutron_taas.services.taas.taas_plugin [req-6ead5b53-afaf-4e16-9ec8-4418624af2f4 req-f9bcbb23-a270-4ee7-907b-a4472d101711 bbb619cf174249398056bc4cc61bb3bc a7ccf493e8a14a7c8a882710beb688d5 - - default default] TaaS: Handle Delete Port: 1be6ae43-5459-4f1f-9969-4be99cf3638f
2026-06-24 19:38:33.787 7 INFO neutron_taas.services.taas.tap_mirror_plugin [req-6ead5b53-afaf-4e16-9ec8-4418624af2f4 req-f9bcbb23-a270-4ee7-907b-a4472d101711 bbb619cf174249398056bc4cc61bb3bc a7ccf493e8a14a7c8a882710beb688d5 - - default default] Tap Mirror: Handle Delete Port: 1be6ae43-5459-4f1f-9969-4be99cf3638f [pid: 8|app: 0|req: 1047/1997] 10.0.0.228 () {32 vars in 690 bytes} [Wed Jun 24 19:38:33 2026] GET /v2.0/security-groups?tags-any=blue => generated 3218 bytes in 76 msecs (HTTP/1.1 200) 4 headers in 158 bytes (1 switches on core 0) [pid: 7|app: 0|req: 951/1998] 199.204.45.78 () {36 vars in 996 bytes} [Wed Jun 24 19:38:33 2026] DELETE /v2.0/ports/1be6ae43-5459-4f1f-9969-4be99cf3638f => generated 0 bytes in 731 msecs (HTTP/1.1 204) 3 headers in 131 bytes (1 switches on core 0) [pid: 8|app: 0|req: 1048/1999] 10.0.0.228 () {34 vars in 681 bytes} [Wed Jun 24 19:38:33 2026] POST /v2.0/rbac-policies => generated 324 bytes in 710 msecs (HTTP/1.1 201) 4 headers in 162 bytes (1 switches on core 0) [pid: 8|app: 0|req: 1049/2000] 10.0.0.228 () {32 vars in 702 bytes} [Wed Jun 24 19:38:34 2026] GET /v2.0/security-groups?tags-any=red%2Cblue => generated 4804 bytes in 40 msecs (HTTP/1.1 200) 4 headers in 158 bytes (1 switches on core 0) [pid: 8|app: 0|req: 1050/2001] 10.0.0.228 () {32 vars in 688 bytes} [Wed Jun 24 19:38:34 2026] GET /v2.0/security-groups?not-tags=red => generated 6094 bytes in 60 msecs (HTTP/1.1 200) 4 headers in 158 bytes (1 switches on core 0) [pid: 8|app: 0|req: 1051/2002] 10.0.0.228 () {32 vars in 702 bytes} [Wed Jun 24 19:38:34 2026] GET /v2.0/security-groups?not-tags=red%2Cblue => generated 7680 bytes in 54 msecs (HTTP/1.1 200) 4 headers in 158 bytes (1 switches on core 0) [pid: 8|app: 0|req: 1052/2003] 10.0.0.61 () {34 vars in 989 bytes} [Wed Jun 24 19:38:34 2026] GET /v2.0/ports?device_id=78513d9b-5f2e-4ab4-89ab-ef0ba6e391f7 => generated 12 bytes in 27 msecs (HTTP/1.1 200) 4 headers in 156 bytes (1 switches on core 0) [pid: 8|app: 0|req: 1053/2004] 10.0.0.228 () {32 vars in 698 bytes} [Wed Jun 24 19:38:34 2026] GET /v2.0/security-groups?not-tags-any=blue => generated 7680 bytes in 43 msecs (HTTP/1.1 200) 4 headers in 158 bytes (1 switches on core 0) [pid: 8|app: 0|req: 1054/2005] 10.0.0.228 () {32 vars in 710 bytes} [Wed Jun 24 19:38:34 2026] GET /v2.0/security-groups?not-tags-any=red%2Cblue => generated 6094 bytes in 48 msecs (HTTP/1.1 200) 4 headers in 158 bytes (1 switches on core 0)
2026-06-24 19:38:34.863 7 WARNING neutron.scheduler.dhcp_agent_scheduler [None req-c58f6859-8b59-4a80-9a4b-fa3d95fb78a2 92d0f2b4ac2c40529687590e6ba99ee0 d4dc1a2106b94ddab687b6704f124af7 - - default default] No more DHCP agents
2026-06-24 19:38:34.865 7 WARNING neutron.api.rpc.agentnotifiers.dhcp_rpc_agent_api [None req-c58f6859-8b59-4a80-9a4b-fa3d95fb78a2 92d0f2b4ac2c40529687590e6ba99ee0 d4dc1a2106b94ddab687b6704f124af7 - - default default] Unable to schedule network 2c08d50f-9ea6-4944-ac05-5edb67dc81f5: no agents available; will retry on subsequent port and subnet creation events.
2026-06-24 19:38:35.017 7 INFO neutron.plugins.ml2.drivers.ovn.mech_driver.mech_driver [None req-558d2f47-3ebd-4a80-b44e-3aee4e8d2b81 - - - - - -] OVN reports status down for port: 0071ce0c-5bd2-4d3a-a798-92f7c05fc7ff [pid: 8|app: 0|req: 1055/2006] 10.0.0.228 () {32 vars in 740 bytes} [Wed Jun 24 19:38:34 2026] DELETE /v2.0/security-groups/578bd4c9-c243-4e75-a3b8-3c3b2c798a97 => generated 0 bytes in 244 msecs (HTTP/1.1 204) 2 headers in 112 bytes (1 switches on core 0)
2026-06-24 19:38:35.082 7 INFO neutron.db.ovn_revision_numbers_db [None req-c58f6859-8b59-4a80-9a4b-fa3d95fb78a2 92d0f2b4ac2c40529687590e6ba99ee0 d4dc1a2106b94ddab687b6704f124af7 - - default default] Successfully bumped revision number for resource 0071ce0c-5bd2-4d3a-a798-92f7c05fc7ff (type: ports) to 1 [pid: 8|app: 0|req: 1056/2007] 10.0.0.228 () {32 vars in 723 bytes} [Wed Jun 24 19:38:35 2026] GET /v2.0/networks/e969881c-4209-4150-b1ad-43e7f393881d => generated 693 bytes in 92 msecs (HTTP/1.1 200) 4 headers in 157 bytes (1 switches on core 0)
2026-06-24 19:38:35.359 7 INFO neutron.notifiers.nova [-] Nova event matching ['req-902ea77b-f851-47fb-88fc-8806303ac2a1'] response: {'server_uuid': '78513d9b-5f2e-4ab4-89ab-ef0ba6e391f7', 'name': 'network-vif-deleted', 'tag': '1be6ae43-5459-4f1f-9969-4be99cf3638f', 'status': 'completed', 'code': 200} [pid: 8|app: 0|req: 1057/2008] 10.0.0.228 () {32 vars in 740 bytes} [Wed Jun 24 19:38:35 2026] DELETE /v2.0/security-groups/52b740fd-b9ae-464d-b516-3d932c5dee8c => generated 0 bytes in 296 msecs (HTTP/1.1 204) 2 headers in 112 bytes (1 switches on core 0)
2026-06-24 19:38:35.827 7 INFO neutron.plugins.ml2.drivers.ovn.mech_driver.mech_driver [None req-558d2f47-3ebd-4a80-b44e-3aee4e8d2b81 - - - - - -] OVN reports status up for port: 0071ce0c-5bd2-4d3a-a798-92f7c05fc7ff [pid: 8|app: 0|req: 1058/2009] 10.0.0.228 () {32 vars in 740 bytes} [Wed Jun 24 19:38:35 2026] DELETE /v2.0/security-groups/499e248f-6548-41c1-8b96-572e0318e028 => generated 0 bytes in 387 msecs (HTTP/1.1 204) 2 headers in 112 bytes (1 switches on core 0)
2026-06-24 19:38:35.884 7 INFO neutron.plugins.ml2.plugin [None req-558d2f47-3ebd-4a80-b44e-3aee4e8d2b81 - - - - - -] Attempt 1 to provision port 0071ce0c-5bd2-4d3a-a798-92f7c05fc7ff
2026-06-24 19:38:35.888 8 INFO neutron.pecan_wsgi.hooks.translation [None req-48718893-5711-41bf-9778-304f0f3d95cf 32b4e6fab56d46f4b547dcb3fe10abf4 d77e6323848644d190746a26645b8445 - - default default] GET failed (client error): The resource could not be found. [pid: 8|app: 0|req: 1059/2010] 10.0.0.228 () {32 vars in 723 bytes} [Wed Jun 24 19:38:35 2026] GET /v2.0/networks/e969881c-4209-4150-b1ad-43e7f393881d => generated 138 bytes in 43 msecs (HTTP/1.1 404) 4 headers in 164 bytes (1 switches on core 0)
2026-06-24 19:38:35.970 7 WARNING neutron.scheduler.dhcp_agent_scheduler [None req-c58f6859-8b59-4a80-9a4b-fa3d95fb78a2 92d0f2b4ac2c40529687590e6ba99ee0 d4dc1a2106b94ddab687b6704f124af7 - - default default] No more DHCP agents
2026-06-24 19:38:35.972 7 WARNING neutron.api.rpc.agentnotifiers.dhcp_rpc_agent_api [None req-c58f6859-8b59-4a80-9a4b-fa3d95fb78a2 92d0f2b4ac2c40529687590e6ba99ee0 d4dc1a2106b94ddab687b6704f124af7 - - default default] Unable to schedule network 2c08d50f-9ea6-4944-ac05-5edb67dc81f5: no agents available; will retry on subsequent port and subnet creation events. [pid: 8|app: 0|req: 1060/2011] 10.0.0.61 () {34 vars in 989 bytes} [Wed Jun 24 19:38:35 2026] GET /v2.0/ports?device_id=78513d9b-5f2e-4ab4-89ab-ef0ba6e391f7 => generated 12 bytes in 124 msecs (HTTP/1.1 200) 4 headers in 156 bytes (1 switches on core 0) [pid: 8|app: 0|req: 1061/2012] 10.0.0.228 () {32 vars in 740 bytes} [Wed Jun 24 19:38:36 2026] DELETE /v2.0/security-groups/44d336c4-5ee3-481b-9dd5-1ab44636f267 => generated 0 bytes in 310 msecs (HTTP/1.1 204) 2 headers in 112 bytes (1 switches on core 0)
2026-06-24 19:38:36.457 7 INFO neutron.db.ovn_revision_numbers_db [None req-c58f6859-8b59-4a80-9a4b-fa3d95fb78a2 92d0f2b4ac2c40529687590e6ba99ee0 d4dc1a2106b94ddab687b6704f124af7 - - default default] Successfully bumped revision number for resource 0071ce0c-5bd2-4d3a-a798-92f7c05fc7ff (type: router_ports) to 1 [pid: 7|app: 0|req: 952/2013] 10.0.0.228 () {34 vars in 783 bytes} [Wed Jun 24 19:38:34 2026] PUT /v2.0/routers/4597a9d4-a8b8-498f-9ca8-46e2aa5f6784/add_router_interface => generated 309 bytes in 2131 msecs (HTTP/1.1 200) 4 headers in 157 bytes (1 switches on core 0)
2026-06-24 19:38:36.493 8 INFO neutron_taas.services.taas.taas_plugin [None req-cde43961-88c0-4aff-a4dd-ec6412debde2 9337f4796a7e4dabbcedea8c67c0b0f5 0fe83054a2e044db99193bda2ab7ca9c - - default default] TaaS: Handle Delete Port: 32a0ed35-361d-4756-8fe8-b4ca1bd5592b
2026-06-24 19:38:36.495 8 INFO neutron_taas.services.taas.tap_mirror_plugin [None req-cde43961-88c0-4aff-a4dd-ec6412debde2 9337f4796a7e4dabbcedea8c67c0b0f5 0fe83054a2e044db99193bda2ab7ca9c - - default default] Tap Mirror: Handle Delete Port: 32a0ed35-361d-4756-8fe8-b4ca1bd5592b
2026-06-24 19:38:36.875 7 INFO neutron.db.ovn_revision_numbers_db [None req-558d2f47-3ebd-4a80-b44e-3aee4e8d2b81 - - - - - -] Successfully bumped revision number for resource 0071ce0c-5bd2-4d3a-a798-92f7c05fc7ff (type: ports) to 2 [pid: 7|app: 0|req: 953/2014] 10.0.0.228 () {32 vars in 740 bytes} [Wed Jun 24 19:38:36 2026] DELETE /v2.0/security-groups/4ca93ba8-170f-4b10-8d57-629a9dcaa11b => generated 0 bytes in 451 msecs (HTTP/1.1 204) 2 headers in 112 bytes (1 switches on core 0)
2026-06-24 19:38:37.026 8 INFO neutron.services.segments.plugin [-] Segment 36c76346-71fe-49cd-a038-f286b0216996 resource provider aggregate not found
2026-06-24 19:38:37.035 8 INFO neutron.services.segments.plugin [-] Segment 36c76346-71fe-49cd-a038-f286b0216996 resource provider aggregate not found
2026-06-24 19:38:37.054 8 INFO neutron.services.segments.plugin [-] Segment 36c76346-71fe-49cd-a038-f286b0216996 resource provider not found; error: Placement Client Error (4xx): {"errors": [{"status": 404, "title": "Not Found", "detail": "The resource could not be found.\n\n No resource provider with uuid 36c76346-71fe-49cd-a038-f286b0216996 found for delete ", "request_id": "req-315db474-96bc-47c2-97a1-51f4a8f6e22d"}]}
2026-06-24 19:38:37.055 8 INFO neutron.services.segments.plugin [-] Segment 36c76346-71fe-49cd-a038-f286b0216996 resource provider not found; error: Placement Client Error (4xx): {"errors": [{"status": 404, "title": "Not Found", "detail": "The resource could not be found.\n\n No resource provider with uuid 36c76346-71fe-49cd-a038-f286b0216996 found for delete ", "request_id": "req-8dc371ea-728a-46b5-8007-910db8bf8103"}]} [pid: 7|app: 0|req: 954/2015] 10.0.0.228 () {32 vars in 717 bytes} [Wed Jun 24 19:38:36 2026] GET /v2.0/ports/0071ce0c-5bd2-4d3a-a798-92f7c05fc7ff => generated 943 bytes in 144 msecs (HTTP/1.1 200) 4 headers in 157 bytes (1 switches on core 0) [pid: 8|app: 0|req: 1062/2016] 10.0.0.228 () {32 vars in 726 bytes} [Wed Jun 24 19:38:36 2026] DELETE /v2.0/networks/e969881c-4209-4150-b1ad-43e7f393881d => generated 0 bytes in 763 msecs (HTTP/1.1 204) 3 headers in 131 bytes (1 switches on core 0) [pid: 7|app: 0|req: 955/2017] 10.0.0.228 () {32 vars in 717 bytes} [Wed Jun 24 19:38:37 2026] GET /v2.0/ports/0071ce0c-5bd2-4d3a-a798-92f7c05fc7ff => generated 943 bytes in 43 msecs (HTTP/1.1 200) 4 headers in 157 bytes (1 switches on core 0)
2026-06-24 19:38:37.136 7 INFO neutron.pecan_wsgi.hooks.translation [None req-1588a820-b322-40bf-bf3b-c84bf3e2ed73 9337f4796a7e4dabbcedea8c67c0b0f5 0fe83054a2e044db99193bda2ab7ca9c - - default default] DELETE failed (client error): The resource could not be found. [pid: 7|app: 0|req: 956/2018] 10.0.0.228 () {32 vars in 724 bytes} [Wed Jun 24 19:38:37 2026] DELETE /v2.0/subnets/2a8d020a-8095-4741-b20c-079275baf15f => generated 136 bytes in 24 msecs (HTTP/1.1 404) 4 headers in 164 bytes (1 switches on core 0) [pid: 8|app: 0|req: 1063/2019] 10.0.0.61 () {34 vars in 989 bytes} [Wed Jun 24 19:38:37 2026] GET /v2.0/ports?device_id=78513d9b-5f2e-4ab4-89ab-ef0ba6e391f7 => generated 12 bytes in 194 msecs (HTTP/1.1 200) 4 headers in 156 bytes (1 switches on core 0)
2026-06-24 19:38:37.301 8 INFO neutron.pecan_wsgi.hooks.translation [None req-4cad75c6-69a5-4297-8326-017eb78e14ed 9337f4796a7e4dabbcedea8c67c0b0f5 0fe83054a2e044db99193bda2ab7ca9c - - default default] DELETE failed (client error): The resource could not be found. [pid: 8|app: 0|req: 1064/2020] 10.0.0.228 () {32 vars in 724 bytes} [Wed Jun 24 19:38:37 2026] DELETE /v2.0/subnets/b0dd6a28-0dc9-4d06-a44b-76c8c24c8fb8 => generated 136 bytes in 10 msecs (HTTP/1.1 404) 4 headers in 164 bytes (1 switches on core 0)
2026-06-24 19:38:37.317 8 INFO neutron.pecan_wsgi.hooks.translation [None req-89463b4e-e0c4-4a9a-b1cb-25bea65a92a9 9337f4796a7e4dabbcedea8c67c0b0f5 0fe83054a2e044db99193bda2ab7ca9c - - default default] DELETE failed (client error): The resource could not be found. [pid: 8|app: 0|req: 1065/2021] 10.0.0.228 () {32 vars in 724 bytes} [Wed Jun 24 19:38:37 2026] DELETE /v2.0/subnets/b2bda40e-019e-4acf-9b6d-a0c31a4a8208 => generated 136 bytes in 10 msecs (HTTP/1.1 404) 4 headers in 164 bytes (1 switches on core 0)
2026-06-24 19:38:37.455 7 INFO neutron_taas.services.taas.taas_plugin [None req-1b554de1-7e76-4abd-92de-01da5210bbb3 92d0f2b4ac2c40529687590e6ba99ee0 d4dc1a2106b94ddab687b6704f124af7 - - default default] TaaS: Handle Delete Port: 0071ce0c-5bd2-4d3a-a798-92f7c05fc7ff
2026-06-24 19:38:37.460 7 INFO neutron_taas.services.taas.tap_mirror_plugin [None req-1b554de1-7e76-4abd-92de-01da5210bbb3 92d0f2b4ac2c40529687590e6ba99ee0 d4dc1a2106b94ddab687b6704f124af7 - - default default] Tap Mirror: Handle Delete Port: 0071ce0c-5bd2-4d3a-a798-92f7c05fc7ff [pid: 7|app: 0|req: 957/2022] 10.0.0.228 () {34 vars in 789 bytes} [Wed Jun 24 19:38:37 2026] PUT /v2.0/routers/4597a9d4-a8b8-498f-9ca8-46e2aa5f6784/remove_router_interface => generated 309 bytes in 778 msecs (HTTP/1.1 200) 4 headers in 157 bytes (1 switches on core 0) /var/lib/openstack/lib/python3.12/site-packages/pycadf/identifier.py:70: UserWarning: Invalid uuid: neutron. To ensure interoperability, identifiers should be a valid uuid. warnings.warn(('Invalid uuid: %s. To ensure interoperability, ' [pid: 7|app: 0|req: 958/2023] 10.0.0.228 () {32 vars in 717 bytes} [Wed Jun 24 19:38:37 2026] GET /v2.0/ports/065630d1-448e-4357-912b-abfad7b60115 => generated 943 bytes in 84 msecs (HTTP/1.1 200) 4 headers in 157 bytes (1 switches on core 0)
2026-06-24 19:38:38.201 8 INFO neutron.db.ovn_revision_numbers_db [None req-13715304-d4a2-4ef0-a36b-3c94d3ef4c4c bd4a079fc4784f5a850ec38ed9a6586f 0ae2a108a69046b482de73fd44e7940d - - default default] Successfully bumped revision number for resource 0bd1e232-13ab-4042-a1ae-170336bf654a (type: security_groups) to 1
2026-06-24 19:38:38.216 8 INFO neutron.db.ovn_revision_numbers_db [None req-13715304-d4a2-4ef0-a36b-3c94d3ef4c4c bd4a079fc4784f5a850ec38ed9a6586f 0ae2a108a69046b482de73fd44e7940d - - default default] Successfully bumped revision number for resource 30dc5b55-272f-4849-b4f6-bc6236967b99 (type: security_group_rules) to 0
2026-06-24 19:38:38.229 8 INFO neutron.db.ovn_revision_numbers_db [None req-13715304-d4a2-4ef0-a36b-3c94d3ef4c4c bd4a079fc4784f5a850ec38ed9a6586f 0ae2a108a69046b482de73fd44e7940d - - default default] Successfully bumped revision number for resource 7a13f1ae-3634-4ba0-a8db-096252e17bbb (type: security_group_rules) to 0
2026-06-24 19:38:38.243 8 INFO neutron.db.ovn_revision_numbers_db [None req-13715304-d4a2-4ef0-a36b-3c94d3ef4c4c bd4a079fc4784f5a850ec38ed9a6586f 0ae2a108a69046b482de73fd44e7940d - - default default] Successfully bumped revision number for resource 969f0cbd-fcae-4fd7-aff7-a48a9086e684 (type: security_group_rules) to 0
2026-06-24 19:38:38.255 8 INFO neutron.db.ovn_revision_numbers_db [None req-13715304-d4a2-4ef0-a36b-3c94d3ef4c4c bd4a079fc4784f5a850ec38ed9a6586f 0ae2a108a69046b482de73fd44e7940d - - default default] Successfully bumped revision number for resource d869d650-cac0-481e-9887-5fe9c1ae8b08 (type: security_group_rules) to 0 [pid: 8|app: 0|req: 1066/2024] 10.0.0.228 () {32 vars in 774 bytes} [Wed Jun 24 19:38:37 2026] GET /v2.0/security-groups?tenant_id=efa60e2965b14c759e2bdbfbbb9909ab&name=default => generated 2925 bytes in 442 msecs (HTTP/1.1 200) 4 headers in 158 bytes (1 switches on core 0)
