2026-06-24 19:38:11.924 8 INFO neutron.services.segments.plugin [-] Segment 0a083dc5-81bb-47bf-9e68-04c8c69f31d4 resource provider not found; error: Placement Client Error (4xx): {"errors": [{"status": 404, "title": "Not Found", "detail": "The resource could not be found.\n\n No resource provider with uuid 0a083dc5-81bb-47bf-9e68-04c8c69f31d4 found for delete ", "request_id": "req-c7daffb2-fd38-4bfb-93c3-d7a695501f2d"}]} [pid: 8|app: 0|req: 1003/1901] 10.0.0.228 () {32 vars in 726 bytes} [Wed Jun 24 19:38:11 2026] DELETE /v2.0/networks/a34ad098-2ea6-4445-897a-3e0477975231 => generated 0 bytes in 618 msecs (HTTP/1.1 204) 3 headers in 131 bytes (1 switches on core 0) [pid: 8|app: 0|req: 1004/1902] 10.0.0.61 () {34 vars in 989 bytes} [Wed Jun 24 19:38:12 2026] GET /v2.0/ports?device_id=78513d9b-5f2e-4ab4-89ab-ef0ba6e391f7 => generated 12 bytes in 17 msecs (HTTP/1.1 200) 4 headers in 156 bytes (1 switches on core 0) [pid: 7|app: 0|req: 899/1903] 10.0.0.228 () {32 vars in 649 bytes} [Wed Jun 24 19:38:12 2026] GET /v2.0/networks => generated 689 bytes in 63 msecs (HTTP/1.1 200) 4 headers in 157 bytes (1 switches on core 0)
2026-06-24 19:38:12.217 8 INFO neutron.db.segments_db [None req-caaac6a8-3c2d-4b1c-9f75-035e6a30f17e 89505d8a544b458084120b2fa125f256 3fc4b88aec2f42f78b7cdddfb0598420 - - default default] Added segment e37a7888-6aa2-4456-a146-134e7400e2f2 of type geneve for network 181777fb-39eb-4f8a-9486-cbb24990cc32
2026-06-24 19:38:12.409 8 INFO neutron.db.ovn_revision_numbers_db [None req-caaac6a8-3c2d-4b1c-9f75-035e6a30f17e 89505d8a544b458084120b2fa125f256 3fc4b88aec2f42f78b7cdddfb0598420 - - default default] Successfully bumped revision number for resource 181777fb-39eb-4f8a-9486-cbb24990cc32 (type: networks) to 1
2026-06-24 19:38:12.712 8 WARNING neutron.scheduler.dhcp_agent_scheduler [None req-caaac6a8-3c2d-4b1c-9f75-035e6a30f17e 89505d8a544b458084120b2fa125f256 3fc4b88aec2f42f78b7cdddfb0598420 - - default default] No more DHCP agents
2026-06-24 19:38:12.713 8 WARNING neutron.api.rpc.agentnotifiers.dhcp_rpc_agent_api [None req-caaac6a8-3c2d-4b1c-9f75-035e6a30f17e 89505d8a544b458084120b2fa125f256 3fc4b88aec2f42f78b7cdddfb0598420 - - default default] Unable to schedule network 181777fb-39eb-4f8a-9486-cbb24990cc32: no agents available; will retry on subsequent port and subnet creation events.
2026-06-24 19:38:12.949 8 INFO neutron.db.ovn_revision_numbers_db [None req-caaac6a8-3c2d-4b1c-9f75-035e6a30f17e 89505d8a544b458084120b2fa125f256 3fc4b88aec2f42f78b7cdddfb0598420 - - default default] Successfully bumped revision number for resource 9f8596de-5aee-4852-9c3a-7951b0d7ed24 (type: ports) to 1 [pid: 8|app: 0|req: 1005/1904] 10.0.0.228 () {34 vars in 670 bytes} [Wed Jun 24 19:38:12 2026] POST /v2.0/networks => generated 691 bytes in 954 msecs (HTTP/1.1 201) 4 headers in 162 bytes (1 switches on core 0) [pid: 8|app: 0|req: 1006/1905] 10.0.0.61 () {34 vars in 989 bytes} [Wed Jun 24 19:38:13 2026] GET /v2.0/ports?device_id=78513d9b-5f2e-4ab4-89ab-ef0ba6e391f7 => generated 12 bytes in 24 msecs (HTTP/1.1 200) 4 headers in 156 bytes (1 switches on core 0) [pid: 8|app: 0|req: 1007/1906] 10.0.0.62 () {32 vars in 801 bytes} [Wed Jun 24 19:38:13 2026] GET /v2.0/extensions => generated 20541 bytes in 10 msecs (HTTP/1.1 200) 4 headers in 159 bytes (1 switches on core 0)
2026-06-24 19:38:13.348 7 INFO neutron.db.segments_db [None req-95c9c54e-2d25-4930-9d90-3432cc8a521b 89505d8a544b458084120b2fa125f256 3fc4b88aec2f42f78b7cdddfb0598420 - - default default] Added segment ecc16689-3370-406d-9ad5-1890a20bd264 of type geneve for network 48b9b4b8-33bf-4ea0-a37e-9f3c86d02ea0 [pid: 8|app: 0|req: 1008/1907] 10.0.0.62 () {30 vars in 723 bytes} [Wed Jun 24 19:38:13 2026] GET /v2.0/quotas/9bb508ccb0a54b5ebbc0f8a415badc07/details => generated 847 bytes in 123 msecs (HTTP/1.1 200) 4 headers in 157 bytes (1 switches on core 0)
2026-06-24 19:38:13.610 7 INFO neutron.db.ovn_revision_numbers_db [None req-95c9c54e-2d25-4930-9d90-3432cc8a521b 89505d8a544b458084120b2fa125f256 3fc4b88aec2f42f78b7cdddfb0598420 - - default default] Successfully bumped revision number for resource 48b9b4b8-33bf-4ea0-a37e-9f3c86d02ea0 (type: networks) to 1
2026-06-24 19:38:13.832 7 WARNING neutron.scheduler.dhcp_agent_scheduler [None req-95c9c54e-2d25-4930-9d90-3432cc8a521b 89505d8a544b458084120b2fa125f256 3fc4b88aec2f42f78b7cdddfb0598420 - - default default] No more DHCP agents
2026-06-24 19:38:13.834 7 WARNING neutron.api.rpc.agentnotifiers.dhcp_rpc_agent_api [None req-95c9c54e-2d25-4930-9d90-3432cc8a521b 89505d8a544b458084120b2fa125f256 3fc4b88aec2f42f78b7cdddfb0598420 - - default default] Unable to schedule network 48b9b4b8-33bf-4ea0-a37e-9f3c86d02ea0: no agents available; will retry on subsequent port and subnet creation events.
2026-06-24 19:38:14.126 7 INFO neutron.db.ovn_revision_numbers_db [None req-95c9c54e-2d25-4930-9d90-3432cc8a521b 89505d8a544b458084120b2fa125f256 3fc4b88aec2f42f78b7cdddfb0598420 - - default default] Successfully bumped revision number for resource f8862960-996d-42e7-9b4d-8b7fa0ddeac6 (type: ports) to 1 [pid: 7|app: 0|req: 900/1908] 10.0.0.228 () {34 vars in 670 bytes} [Wed Jun 24 19:38:13 2026] POST /v2.0/networks => generated 690 bytes in 1159 msecs (HTTP/1.1 201) 4 headers in 162 bytes (1 switches on core 0) [pid: 7|app: 0|req: 901/1909] 10.0.0.61 () {34 vars in 989 bytes} [Wed Jun 24 19:38:14 2026] GET /v2.0/ports?device_id=78513d9b-5f2e-4ab4-89ab-ef0ba6e391f7 => generated 12 bytes in 20 msecs (HTTP/1.1 200) 4 headers in 156 bytes (1 switches on core 0)
2026-06-24 19:38:14.816 8 WARNING neutron.scheduler.dhcp_agent_scheduler [None req-ada1f9a4-6ad0-4a9e-8a39-12a622b12ead 89505d8a544b458084120b2fa125f256 3fc4b88aec2f42f78b7cdddfb0598420 - - default default] No more DHCP agents
2026-06-24 19:38:14.817 8 WARNING neutron.api.rpc.agentnotifiers.dhcp_rpc_agent_api [None req-ada1f9a4-6ad0-4a9e-8a39-12a622b12ead 89505d8a544b458084120b2fa125f256 3fc4b88aec2f42f78b7cdddfb0598420 - - default default] Unable to schedule network 181777fb-39eb-4f8a-9486-cbb24990cc32: no agents available; will retry on subsequent port and subnet creation events.
2026-06-24 19:38:14.976 8 INFO neutron.db.ovn_revision_numbers_db [None req-ada1f9a4-6ad0-4a9e-8a39-12a622b12ead 89505d8a544b458084120b2fa125f256 3fc4b88aec2f42f78b7cdddfb0598420 - - default default] Successfully bumped revision number for resource 1fab7753-ec65-4e68-a5fa-40f2eafcc696 (type: ports) to 1
2026-06-24 19:38:15.031 8 WARNING neutron.scheduler.dhcp_agent_scheduler [None req-ada1f9a4-6ad0-4a9e-8a39-12a622b12ead 89505d8a544b458084120b2fa125f256 3fc4b88aec2f42f78b7cdddfb0598420 - - default default] No more DHCP agents
2026-06-24 19:38:15.033 8 WARNING neutron.api.rpc.agentnotifiers.dhcp_rpc_agent_api [None req-ada1f9a4-6ad0-4a9e-8a39-12a622b12ead 89505d8a544b458084120b2fa125f256 3fc4b88aec2f42f78b7cdddfb0598420 - - default default] Unable to schedule network 48b9b4b8-33bf-4ea0-a37e-9f3c86d02ea0: no agents available; will retry on subsequent port and subnet creation events.
2026-06-24 19:38:15.094 7 INFO neutron.plugins.ml2.drivers.ovn.mech_driver.mech_driver [None req-6c1b588d-404f-4acc-813d-e014abe8f5f4 - - - - - -] OVN reports status down for port: 61eb6861-fb6c-498a-a6de-0903f2302772
2026-06-24 19:38:15.153 8 INFO neutron.db.ovn_revision_numbers_db [None req-ada1f9a4-6ad0-4a9e-8a39-12a622b12ead 89505d8a544b458084120b2fa125f256 3fc4b88aec2f42f78b7cdddfb0598420 - - default default] Successfully bumped revision number for resource 61eb6861-fb6c-498a-a6de-0903f2302772 (type: ports) to 1
2026-06-24 19:38:15.191 8 WARNING neutron.plugins.ml2.drivers.ovn.mech_driver.ovsdb.ovn_client [None req-78c7de9a-02dd-460b-bf3a-9e2a0e88fcc7 - - - - - -] No hosting information found for port ae5bf685-86b8-4b07-9a4e-41519ff7ef22: RuntimeError: No hosting information found for port ae5bf685-86b8-4b07-9a4e-41519ff7ef22 [pid: 7|app: 0|req: 904/1912] 10.0.0.61 () {34 vars in 989 bytes} [Wed Jun 24 19:38:15 2026] GET /v2.0/ports?device_id=78513d9b-5f2e-4ab4-89ab-ef0ba6e391f7 => generated 12 bytes in 26 msecs (HTTP/1.1 200) 4 headers in 156 bytes (1 switches on core 0) [pid: 8|app: 0|req: 1009/1913] 10.0.0.228 () {34 vars in 665 bytes} [Wed Jun 24 19:38:14 2026] POST /v2.0/ports => generated 1506 bytes in 1173 msecs (HTTP/1.1 201) 4 headers in 163 bytes (1 switches on core 0)
2026-06-24 19:38:15.374 8 INFO neutron.db.ovn_revision_numbers_db [None req-78c7de9a-02dd-460b-bf3a-9e2a0e88fcc7 - - - - - -] Successfully bumped revision number for resource ae5bf685-86b8-4b07-9a4e-41519ff7ef22 (type: router_ports) to 2
2026-06-24 19:38:15.434 8 INFO neutron.plugins.ml2.drivers.ovn.mech_driver.mech_driver [None req-78c7de9a-02dd-460b-bf3a-9e2a0e88fcc7 - - - - - -] OVN reports status down for port: 5fc39fc4-a226-4503-a453-b700fa30a1ab
2026-06-24 19:38:15.443 8 INFO neutron.plugins.ml2.drivers.ovn.mech_driver.mech_driver [None req-78c7de9a-02dd-460b-bf3a-9e2a0e88fcc7 - - - - - -] OVN reports status down for port: 9f8596de-5aee-4852-9c3a-7951b0d7ed24 [pid: 7|app: 0|req: 905/1914] 10.0.0.228 () {32 vars in 643 bytes} [Wed Jun 24 19:38:15 2026] GET /v2.0/ports => generated 3018 bytes in 119 msecs (HTTP/1.1 200) 4 headers in 158 bytes (1 switches on core 0) /var/lib/openstack/lib/python3.12/site-packages/pycadf/identifier.py:70: UserWarning: Invalid uuid: neutron. To ensure interoperability, identifiers should be a valid uuid. warnings.warn(('Invalid uuid: %s. To ensure interoperability, '
2026-06-24 19:38:15.514 8 INFO neutron.plugins.ml2.drivers.ovn.mech_driver.mech_driver [None req-78c7de9a-02dd-460b-bf3a-9e2a0e88fcc7 - - - - - -] OVN reports status down for port: f8862960-996d-42e7-9b4d-8b7fa0ddeac6
2026-06-24 19:38:15.670 8 INFO neutron_taas.services.taas.taas_plugin [None req-a3c0431b-4044-4e1b-834d-50107b1d2489 89505d8a544b458084120b2fa125f256 3fc4b88aec2f42f78b7cdddfb0598420 - - default default] TaaS: Handle Delete Port: 1fab7753-ec65-4e68-a5fa-40f2eafcc696
2026-06-24 19:38:15.674 8 INFO neutron_taas.services.taas.tap_mirror_plugin [None req-a3c0431b-4044-4e1b-834d-50107b1d2489 89505d8a544b458084120b2fa125f256 3fc4b88aec2f42f78b7cdddfb0598420 - - default default] Tap Mirror: Handle Delete Port: 1fab7753-ec65-4e68-a5fa-40f2eafcc696
2026-06-24 19:38:15.733 8 INFO neutron.plugins.ml2.drivers.ovn.mech_driver.mech_driver [None req-78c7de9a-02dd-460b-bf3a-9e2a0e88fcc7 - - - - - -] OVN reports status down for port: 1fab7753-ec65-4e68-a5fa-40f2eafcc696 [pid: 8|app: 0|req: 1010/1915] 10.0.0.228 () {32 vars in 720 bytes} [Wed Jun 24 19:38:15 2026] DELETE /v2.0/ports/1fab7753-ec65-4e68-a5fa-40f2eafcc696 => generated 0 bytes in 408 msecs (HTTP/1.1 204) 3 headers in 131 bytes (1 switches on core 0)
2026-06-24 19:38:16.066 7 INFO neutron_taas.services.taas.taas_plugin [None req-fa4d3a96-224b-45f2-b376-5503c8498cfa 89505d8a544b458084120b2fa125f256 3fc4b88aec2f42f78b7cdddfb0598420 - - default default] TaaS: Handle Delete Port: 61eb6861-fb6c-498a-a6de-0903f2302772
2026-06-24 19:38:16.070 7 INFO neutron_taas.services.taas.tap_mirror_plugin [None req-fa4d3a96-224b-45f2-b376-5503c8498cfa 89505d8a544b458084120b2fa125f256 3fc4b88aec2f42f78b7cdddfb0598420 - - default default] Tap Mirror: Handle Delete Port: 61eb6861-fb6c-498a-a6de-0903f2302772 [pid: 7|app: 0|req: 906/1916] 10.0.0.228 () {32 vars in 720 bytes} [Wed Jun 24 19:38:15 2026] DELETE /v2.0/ports/61eb6861-fb6c-498a-a6de-0903f2302772 => generated 0 bytes in 312 msecs (HTTP/1.1 204) 3 headers in 131 bytes (1 switches on core 0) [pid: 8|app: 0|req: 1011/1917] 10.0.0.228 () {32 vars in 643 bytes} [Wed Jun 24 19:38:16 2026] GET /v2.0/ports => generated 1523 bytes in 44 msecs (HTTP/1.1 200) 4 headers in 158 bytes (1 switches on core 0)
2026-06-24 19:38:16.416 7 INFO neutron.db.segments_db [None req-40b566d2-fdd6-44b1-90f9-f971f37b6369 89505d8a544b458084120b2fa125f256 3fc4b88aec2f42f78b7cdddfb0598420 - - default default] Added segment dfe2d185-1531-4e55-a311-7494485d0f65 of type geneve for network db2b5584-cbe2-495e-b5d9-dfc56c2b2182 [pid: 8|app: 0|req: 1012/1918] 10.0.0.61 () {34 vars in 989 bytes} [Wed Jun 24 19:38:16 2026] GET /v2.0/ports?device_id=78513d9b-5f2e-4ab4-89ab-ef0ba6e391f7 => generated 12 bytes in 29 msecs (HTTP/1.1 200) 4 headers in 156 bytes (1 switches on core 0)
2026-06-24 19:38:16.624 7 INFO neutron.db.ovn_revision_numbers_db [None req-40b566d2-fdd6-44b1-90f9-f971f37b6369 89505d8a544b458084120b2fa125f256 3fc4b88aec2f42f78b7cdddfb0598420 - - default default] Successfully bumped revision number for resource db2b5584-cbe2-495e-b5d9-dfc56c2b2182 (type: networks) to 1 [pid: 8|app: 0|req: 1013/1919] 199.204.45.78 () {34 vars in 985 bytes} [Wed Jun 24 19:38:16 2026] GET /v2.0/networks?id=e2f227b9-34b1-44b0-86ff-77be5212de2e => generated 710 bytes in 55 msecs (HTTP/1.1 200) 4 headers in 157 bytes (1 switches on core 0)
2026-06-24 19:38:16.835 7 WARNING neutron.scheduler.dhcp_agent_scheduler [None req-40b566d2-fdd6-44b1-90f9-f971f37b6369 89505d8a544b458084120b2fa125f256 3fc4b88aec2f42f78b7cdddfb0598420 - - default default] No more DHCP agents
2026-06-24 19:38:16.837 7 WARNING neutron.api.rpc.agentnotifiers.dhcp_rpc_agent_api [None req-40b566d2-fdd6-44b1-90f9-f971f37b6369 89505d8a544b458084120b2fa125f256 3fc4b88aec2f42f78b7cdddfb0598420 - - default default] Unable to schedule network db2b5584-cbe2-495e-b5d9-dfc56c2b2182: no agents available; will retry on subsequent port and subnet creation events.
2026-06-24 19:38:16.891 7 INFO neutron.plugins.ml2.drivers.ovn.mech_driver.mech_driver [None req-6c1b588d-404f-4acc-813d-e014abe8f5f4 - - - - - -] OVN reports status down for port: 84f855ba-93a8-4a11-ad16-8e74529477f4
2026-06-24 19:38:16.972 7 INFO neutron.db.ovn_revision_numbers_db [None req-40b566d2-fdd6-44b1-90f9-f971f37b6369 89505d8a544b458084120b2fa125f256 3fc4b88aec2f42f78b7cdddfb0598420 - - default default] Successfully bumped revision number for resource 84f855ba-93a8-4a11-ad16-8e74529477f4 (type: ports) to 1 [pid: 7|app: 0|req: 907/1920] 10.0.0.228 () {34 vars in 670 bytes} [Wed Jun 24 19:38:16 2026] POST /v2.0/networks => generated 691 bytes in 756 msecs (HTTP/1.1 201) 4 headers in 162 bytes (1 switches on core 0)
2026-06-24 19:38:17.047 8 WARNING neutron.scheduler.dhcp_agent_scheduler [req-174bf71b-7848-4174-8744-8479edf748e5 req-a3ed5c1c-b410-46a8-b4aa-a92d2f0dd74f bbb619cf174249398056bc4cc61bb3bc a7ccf493e8a14a7c8a882710beb688d5 - - default default] No more DHCP agents
2026-06-24 19:38:17.048 8 WARNING neutron.api.rpc.agentnotifiers.dhcp_rpc_agent_api [req-174bf71b-7848-4174-8744-8479edf748e5 req-a3ed5c1c-b410-46a8-b4aa-a92d2f0dd74f bbb619cf174249398056bc4cc61bb3bc a7ccf493e8a14a7c8a882710beb688d5 - - default default] Unable to schedule network e2f227b9-34b1-44b0-86ff-77be5212de2e: no agents available; will retry on subsequent port and subnet creation events.
2026-06-24 19:38:17.146 7 INFO neutron.db.segments_db [None req-9d846c17-432f-4041-ba3a-7e000f07af62 89505d8a544b458084120b2fa125f256 3fc4b88aec2f42f78b7cdddfb0598420 - - default default] Added segment 503312a0-461c-4572-bfd2-26d590cb4698 of type geneve for network faa4b9cb-d64f-47a7-acb6-67e56a34e16a
2026-06-24 19:38:17.181 7 INFO neutron.plugins.ml2.drivers.ovn.mech_driver.mech_driver [None req-6c1b588d-404f-4acc-813d-e014abe8f5f4 - - - - - -] OVN reports status down for port: 1be6ae43-5459-4f1f-9969-4be99cf3638f
2026-06-24 19:38:17.218 8 INFO neutron.db.ovn_revision_numbers_db [req-174bf71b-7848-4174-8744-8479edf748e5 req-a3ed5c1c-b410-46a8-b4aa-a92d2f0dd74f bbb619cf174249398056bc4cc61bb3bc a7ccf493e8a14a7c8a882710beb688d5 - - default default] Successfully bumped revision number for resource 1be6ae43-5459-4f1f-9969-4be99cf3638f (type: ports) to 1 [pid: 8|app: 0|req: 1014/1921] 199.204.45.78 () {38 vars in 954 bytes} [Wed Jun 24 19:38:16 2026] POST /v2.0/ports => generated 954 bytes in 626 msecs (HTTP/1.1 201) 4 headers in 162 bytes (1 switches on core 0)
2026-06-24 19:38:17.342 7 INFO neutron.db.ovn_revision_numbers_db [None req-9d846c17-432f-4041-ba3a-7e000f07af62 89505d8a544b458084120b2fa125f256 3fc4b88aec2f42f78b7cdddfb0598420 - - default default] Successfully bumped revision number for resource faa4b9cb-d64f-47a7-acb6-67e56a34e16a (type: networks) to 1 /var/lib/openstack/lib/python3.12/site-packages/pycadf/identifier.py:70: UserWarning: Invalid uuid: neutron. To ensure interoperability, identifiers should be a valid uuid. warnings.warn(('Invalid uuid: %s. To ensure interoperability, '
2026-06-24 19:38:17.591 7 WARNING neutron.scheduler.dhcp_agent_scheduler [None req-9d846c17-432f-4041-ba3a-7e000f07af62 89505d8a544b458084120b2fa125f256 3fc4b88aec2f42f78b7cdddfb0598420 - - default default] No more DHCP agents
2026-06-24 19:38:17.592 7 WARNING neutron.api.rpc.agentnotifiers.dhcp_rpc_agent_api [None req-9d846c17-432f-4041-ba3a-7e000f07af62 89505d8a544b458084120b2fa125f256 3fc4b88aec2f42f78b7cdddfb0598420 - - default default] Unable to schedule network faa4b9cb-d64f-47a7-acb6-67e56a34e16a: no agents available; will retry on subsequent port and subnet creation events.
2026-06-24 19:38:17.692 7 INFO neutron.db.ovn_revision_numbers_db [None req-9d846c17-432f-4041-ba3a-7e000f07af62 89505d8a544b458084120b2fa125f256 3fc4b88aec2f42f78b7cdddfb0598420 - - default default] Successfully bumped revision number for resource e873a23b-298c-49bf-8d31-3c225404f24b (type: ports) to 1
2026-06-24 19:38:17.695 8 INFO neutron.db.ovn_revision_numbers_db [None req-91810676-48d1-46d6-8ff5-27c7198e2065 bd4a079fc4784f5a850ec38ed9a6586f 0ae2a108a69046b482de73fd44e7940d - - default default] Successfully bumped revision number for resource 0a22d4d5-9684-46a7-ad7c-6b083ac66819 (type: security_groups) to 1
2026-06-24 19:38:17.712 8 INFO neutron.db.ovn_revision_numbers_db [None req-91810676-48d1-46d6-8ff5-27c7198e2065 bd4a079fc4784f5a850ec38ed9a6586f 0ae2a108a69046b482de73fd44e7940d - - default default] Successfully bumped revision number for resource 12a52e2a-b15d-4e1c-bc77-f08e0819cbdc (type: security_group_rules) to 0
2026-06-24 19:38:17.717 8 INFO neutron.plugins.ml2.drivers.ovn.mech_driver.mech_driver [None req-78c7de9a-02dd-460b-bf3a-9e2a0e88fcc7 - - - - - -] OVN reports status down for port: e873a23b-298c-49bf-8d31-3c225404f24b [pid: 7|app: 0|req: 908/1922] 10.0.0.228 () {34 vars in 670 bytes} [Wed Jun 24 19:38:17 2026] POST /v2.0/networks => generated 691 bytes in 690 msecs (HTTP/1.1 201) 4 headers in 162 bytes (1 switches on core 0)
2026-06-24 19:38:17.748 8 INFO neutron.db.ovn_revision_numbers_db [None req-91810676-48d1-46d6-8ff5-27c7198e2065 bd4a079fc4784f5a850ec38ed9a6586f 0ae2a108a69046b482de73fd44e7940d - - default default] Successfully bumped revision number for resource 3506149d-f1cc-430c-8c1c-a0089cf4fae3 (type: security_group_rules) to 0
2026-06-24 19:38:17.925 8 INFO neutron.db.ovn_revision_numbers_db [None req-91810676-48d1-46d6-8ff5-27c7198e2065 bd4a079fc4784f5a850ec38ed9a6586f 0ae2a108a69046b482de73fd44e7940d - - default default] Successfully bumped revision number for resource 637d76b0-1915-49d5-86ca-7133ae6db3f6 (type: security_group_rules) to 0
2026-06-24 19:38:17.952 8 INFO neutron.db.ovn_revision_numbers_db [None req-91810676-48d1-46d6-8ff5-27c7198e2065 bd4a079fc4784f5a850ec38ed9a6586f 0ae2a108a69046b482de73fd44e7940d - - default default] Successfully bumped revision number for resource 73fa901a-bf25-40e7-aced-cb606fb203f0 (type: security_group_rules) to 0 [pid: 8|app: 0|req: 1015/1923] 10.0.0.228 () {32 vars in 774 bytes} [Wed Jun 24 19:38:17 2026] GET /v2.0/security-groups?tenant_id=9bb508ccb0a54b5ebbc0f8a415badc07&name=default => generated 2925 bytes in 732 msecs (HTTP/1.1 200) 4 headers in 158 bytes (1 switches on core 0) [pid: 8|app: 0|req: 1016/1924] 10.0.0.61 () {34 vars in 989 bytes} [Wed Jun 24 19:38:18 2026] GET /v2.0/ports?device_id=78513d9b-5f2e-4ab4-89ab-ef0ba6e391f7 => generated 969 bytes in 56 msecs (HTTP/1.1 200) 4 headers in 157 bytes (1 switches on core 0)
2026-06-24 19:38:18.166 7 INFO neutron.db.ovn_revision_numbers_db [req-174bf71b-7848-4174-8744-8479edf748e5 req-e428dda5-f750-4ad0-80ef-da88c3d26008 d2a02e50eb8a436fa8371cb3435a4e9b f816ba906c4949ebbfac206c5b388ddc - - a03dc18ecbd74a729f453515b87e899a a03dc18ecbd74a729f453515b87e899a] Successfully bumped revision number for resource 1be6ae43-5459-4f1f-9969-4be99cf3638f (type: ports) to 2 [pid: 8|app: 0|req: 1017/1925] 10.0.0.228 () {32 vars in 740 bytes} [Wed Jun 24 19:38:18 2026] DELETE /v2.0/security-groups/0a22d4d5-9684-46a7-ad7c-6b083ac66819 => generated 0 bytes in 394 msecs (HTTP/1.1 204) 2 headers in 112 bytes (1 switches on core 0)
2026-06-24 19:38:18.473 7 INFO neutron.db.ovn_revision_numbers_db [req-174bf71b-7848-4174-8744-8479edf748e5 req-e428dda5-f750-4ad0-80ef-da88c3d26008 d2a02e50eb8a436fa8371cb3435a4e9b f816ba906c4949ebbfac206c5b388ddc - - a03dc18ecbd74a729f453515b87e899a a03dc18ecbd74a729f453515b87e899a] Successfully bumped revision number for resource 1be6ae43-5459-4f1f-9969-4be99cf3638f (type: ports) to 4 [pid: 7|app: 0|req: 909/1926] 199.204.45.78 () {38 vars in 1027 bytes} [Wed Jun 24 19:38:17 2026] PUT /v2.0/ports/1be6ae43-5459-4f1f-9969-4be99cf3638f => generated 1204 bytes in 759 msecs (HTTP/1.1 200) 4 headers in 158 bytes (1 switches on core 0) /var/lib/openstack/lib/python3.12/site-packages/pycadf/identifier.py:70: UserWarning: Invalid uuid: neutron. To ensure interoperability, identifiers should be a valid uuid. warnings.warn(('Invalid uuid: %s. To ensure interoperability, ' [pid: 8|app: 0|req: 1018/1927] 10.0.0.61 () {34 vars in 1039 bytes} [Wed Jun 24 19:38:18 2026] GET /v2.0/security-groups?id=9cced37f-d915-4871-8e74-931846764fbc&fields=id&fields=name => generated 88 bytes in 54 msecs (HTTP/1.1 200) 4 headers in 156 bytes (1 switches on core 0)
2026-06-24 19:38:18.562 7 INFO neutron.notifiers.nova [-] Nova event matching ['req-b9109877-f36e-4dd5-91de-b677885d8198'] response: {'name': 'network-changed', 'server_uuid': '78513d9b-5f2e-4ab4-89ab-ef0ba6e391f7', 'tag': '1be6ae43-5459-4f1f-9969-4be99cf3638f', 'status': 'completed', 'code': 200}
2026-06-24 19:38:18.861 7 WARNING neutron.scheduler.dhcp_agent_scheduler [None req-f482eafb-fa9e-47c8-8e31-29781f76b172 89505d8a544b458084120b2fa125f256 3fc4b88aec2f42f78b7cdddfb0598420 - - default default] No more DHCP agents
2026-06-24 19:38:18.862 7 WARNING neutron.api.rpc.agentnotifiers.dhcp_rpc_agent_api [None req-f482eafb-fa9e-47c8-8e31-29781f76b172 89505d8a544b458084120b2fa125f256 3fc4b88aec2f42f78b7cdddfb0598420 - - default default] Unable to schedule network db2b5584-cbe2-495e-b5d9-dfc56c2b2182: no agents available; will retry on subsequent port and subnet creation events.
2026-06-24 19:38:18.897 7 INFO neutron.db.ovn_revision_numbers_db [None req-f482eafb-fa9e-47c8-8e31-29781f76b172 89505d8a544b458084120b2fa125f256 3fc4b88aec2f42f78b7cdddfb0598420 - - default default] Successfully bumped revision number for resource 377b7a91-6a22-47d7-80dc-e28c87d9f8a8 (type: subnets) to 0
2026-06-24 19:38:18.928 7 WARNING neutron.scheduler.dhcp_agent_scheduler [None req-f482eafb-fa9e-47c8-8e31-29781f76b172 89505d8a544b458084120b2fa125f256 3fc4b88aec2f42f78b7cdddfb0598420 - - default default] No more DHCP agents
2026-06-24 19:38:18.930 7 WARNING neutron.api.rpc.agentnotifiers.dhcp_rpc_agent_api [None req-f482eafb-fa9e-47c8-8e31-29781f76b172 89505d8a544b458084120b2fa125f256 3fc4b88aec2f42f78b7cdddfb0598420 - - default default] Unable to schedule network faa4b9cb-d64f-47a7-acb6-67e56a34e16a: no agents available; will retry on subsequent port and subnet creation events.
2026-06-24 19:38:19.017 7 INFO neutron.db.ovn_revision_numbers_db [None req-f482eafb-fa9e-47c8-8e31-29781f76b172 89505d8a544b458084120b2fa125f256 3fc4b88aec2f42f78b7cdddfb0598420 - - default default] Successfully bumped revision number for resource ebf809e7-938d-49a9-ad33-b0d84396a311 (type: subnets) to 0 [pid: 7|app: 0|req: 910/1928] 10.0.0.228 () {34 vars in 669 bytes} [Wed Jun 24 19:38:18 2026] POST /v2.0/subnets => generated 1323 bytes in 546 msecs (HTTP/1.1 201) 4 headers in 163 bytes (1 switches on core 0) [pid: 8|app: 0|req: 1019/1929] 10.0.0.228 () {32 vars in 647 bytes} [Wed Jun 24 19:38:19 2026] GET /v2.0/subnets => generated 1959 bytes in 53 msecs (HTTP/1.1 200) 4 headers in 158 bytes (1 switches on core 0) [pid: 7|app: 0|req: 911/1930] 199.204.45.78 () {34 vars in 1079 bytes} [Wed Jun 24 19:38:19 2026] GET /v2.0/ports?tenant_id=a7ccf493e8a14a7c8a882710beb688d5&device_id=78513d9b-5f2e-4ab4-89ab-ef0ba6e391f7 => generated 1207 bytes in 55 msecs (HTTP/1.1 200) 4 headers in 158 bytes (1 switches on core 0) [pid: 7|app: 0|req: 912/1931] 199.204.45.78 () {34 vars in 1017 bytes} [Wed Jun 24 19:38:19 2026] GET /v2.0/networks?tenant_id=a7ccf493e8a14a7c8a882710beb688d5&shared=False => generated 809 bytes in 45 msecs (HTTP/1.1 200) 4 headers in 157 bytes (1 switches on core 0) [pid: 7|app: 0|req: 913/1932] 199.204.45.78 () {34 vars in 929 bytes} [Wed Jun 24 19:38:19 2026] GET /v2.0/networks?shared=True => generated 791 bytes in 49 msecs (HTTP/1.1 200) 4 headers in 157 bytes (1 switches on core 0) [pid: 8|app: 0|req: 1020/1933] 10.0.0.228 () {32 vars in 724 bytes} [Wed Jun 24 19:38:19 2026] DELETE /v2.0/subnets/377b7a91-6a22-47d7-80dc-e28c87d9f8a8 => generated 0 bytes in 193 msecs (HTTP/1.1 204) 3 headers in 131 bytes (1 switches on core 0) [pid: 7|app: 0|req: 914/1934] 10.0.0.228 () {32 vars in 724 bytes} [Wed Jun 24 19:38:19 2026] DELETE /v2.0/subnets/ebf809e7-938d-49a9-ad33-b0d84396a311 => generated 0 bytes in 157 msecs (HTTP/1.1 204) 3 headers in 131 bytes (1 switches on core 0) [pid: 7|app: 0|req: 915/1935] 10.0.0.228 () {32 vars in 647 bytes} [Wed Jun 24 19:38:19 2026] GET /v2.0/subnets => generated 649 bytes in 34 msecs (HTTP/1.1 200) 4 headers in 157 bytes (1 switches on core 0)
2026-06-24 19:38:19.668 7 INFO neutron_taas.services.taas.taas_plugin [None req-a37d948b-9120-4901-b159-ecb695e82234 89505d8a544b458084120b2fa125f256 3fc4b88aec2f42f78b7cdddfb0598420 - - default default] TaaS: Handle Delete Port: e873a23b-298c-49bf-8d31-3c225404f24b
2026-06-24 19:38:19.671 7 INFO neutron_taas.services.taas.tap_mirror_plugin [None req-a37d948b-9120-4901-b159-ecb695e82234 89505d8a544b458084120b2fa125f256 3fc4b88aec2f42f78b7cdddfb0598420 - - default default] Tap Mirror: Handle Delete Port: e873a23b-298c-49bf-8d31-3c225404f24b
2026-06-24 19:38:19.783 8 INFO neutron.db.ovn_revision_numbers_db [None req-d93d26d6-8533-4231-838a-0e6b134faffa bd4a079fc4784f5a850ec38ed9a6586f 0ae2a108a69046b482de73fd44e7940d - - default default] Successfully bumped revision number for resource 8d3220ca-3e99-478c-8040-0c7b4759b0b8 (type: security_groups) to 1
2026-06-24 19:38:19.814 8 INFO neutron.db.ovn_revision_numbers_db [None req-d93d26d6-8533-4231-838a-0e6b134faffa bd4a079fc4784f5a850ec38ed9a6586f 0ae2a108a69046b482de73fd44e7940d - - default default] Successfully bumped revision number for resource 1829aa57-fab2-43ac-80c3-ae99f12899c6 (type: security_group_rules) to 0
2026-06-24 19:38:19.827 8 INFO neutron.db.ovn_revision_numbers_db [None req-d93d26d6-8533-4231-838a-0e6b134faffa bd4a079fc4784f5a850ec38ed9a6586f 0ae2a108a69046b482de73fd44e7940d - - default default] Successfully bumped revision number for resource 6d783eae-ac48-4eee-beb6-1e74ce60aa18 (type: security_group_rules) to 0
2026-06-24 19:38:19.839 8 INFO neutron.db.ovn_revision_numbers_db [None req-d93d26d6-8533-4231-838a-0e6b134faffa bd4a079fc4784f5a850ec38ed9a6586f 0ae2a108a69046b482de73fd44e7940d - - default default] Successfully bumped revision number for resource c1f832f8-7a7c-4335-b18c-db3bbd5ec44c (type: security_group_rules) to 0
2026-06-24 19:38:19.853 8 INFO neutron.db.ovn_revision_numbers_db [None req-d93d26d6-8533-4231-838a-0e6b134faffa bd4a079fc4784f5a850ec38ed9a6586f 0ae2a108a69046b482de73fd44e7940d - - default default] Successfully bumped revision number for resource d41d9907-13c8-4e40-8d31-7b8682108186 (type: security_group_rules) to 0
2026-06-24 19:38:19.875 7 INFO neutron.services.segments.plugin [-] Segment 503312a0-461c-4572-bfd2-26d590cb4698 resource provider aggregate not found
2026-06-24 19:38:19.882 7 INFO neutron.services.segments.plugin [-] Segment 503312a0-461c-4572-bfd2-26d590cb4698 resource provider aggregate not found [pid: 8|app: 0|req: 1021/1936] 10.0.0.228 () {32 vars in 774 bytes} [Wed Jun 24 19:38:19 2026] GET /v2.0/security-groups?tenant_id=3e227e07c2eb4c8b8c1e8bd7df928748&name=default => generated 2925 bytes in 474 msecs (HTTP/1.1 200) 4 headers in 158 bytes (1 switches on core 0)
2026-06-24 19:38:19.899 7 INFO neutron.services.segments.plugin [-] Segment 503312a0-461c-4572-bfd2-26d590cb4698 resource provider not found; error: Placement Client Error (4xx): {"errors": [{"status": 404, "title": "Not Found", "detail": "The resource could not be found.\n\n No resource provider with uuid 503312a0-461c-4572-bfd2-26d590cb4698 found for delete ", "request_id": "req-90177a43-20d6-49fb-93b6-530ef89a3f41"}]}
2026-06-24 19:38:19.903 7 INFO neutron.services.segments.plugin [-] Segment 503312a0-461c-4572-bfd2-26d590cb4698 resource provider not found; error: Placement Client Error (4xx): {"errors": [{"status": 404, "title": "Not Found", "detail": "The resource could not be found.\n\n No resource provider with uuid 503312a0-461c-4572-bfd2-26d590cb4698 found for delete ", "request_id": "req-8ed7ee7a-9706-4e37-a8c7-15e62a07d79e"}]} [pid: 7|app: 0|req: 916/1937] 10.0.0.228 () {32 vars in 726 bytes} [Wed Jun 24 19:38:19 2026] DELETE /v2.0/networks/faa4b9cb-d64f-47a7-acb6-67e56a34e16a => generated 0 bytes in 421 msecs (HTTP/1.1 204) 3 headers in 131 bytes (1 switches on core 0) [pid: 8|app: 0|req: 1022/1938] 10.0.0.61 () {34 vars in 989 bytes} [Wed Jun 24 19:38:19 2026] GET /v2.0/ports?device_id=78513d9b-5f2e-4ab4-89ab-ef0ba6e391f7 => generated 969 bytes in 51 msecs (HTTP/1.1 200) 4 headers in 157 bytes (1 switches on core 0)
2026-06-24 19:38:20.076 8 INFO neutron_taas.services.taas.taas_plugin [None req-73909645-9a4f-49a5-a6a2-775e72711e7f 89505d8a544b458084120b2fa125f256 3fc4b88aec2f42f78b7cdddfb0598420 - - default default] TaaS: Handle Delete Port: 84f855ba-93a8-4a11-ad16-8e74529477f4
2026-06-24 19:38:20.079 8 INFO neutron_taas.services.taas.tap_mirror_plugin [None req-73909645-9a4f-49a5-a6a2-775e72711e7f 89505d8a544b458084120b2fa125f256 3fc4b88aec2f42f78b7cdddfb0598420 - - default default] Tap Mirror: Handle Delete Port: 84f855ba-93a8-4a11-ad16-8e74529477f4 [pid: 7|app: 0|req: 917/1939] 10.0.0.228 () {32 vars in 740 bytes} [Wed Jun 24 19:38:19 2026] DELETE /v2.0/security-groups/8d3220ca-3e99-478c-8040-0c7b4759b0b8 => generated 0 bytes in 233 msecs (HTTP/1.1 204) 2 headers in 112 bytes (1 switches on core 0) [pid: 7|app: 0|req: 918/1940] 10.0.0.61 () {34 vars in 1039 bytes} [Wed Jun 24 19:38:20 2026] GET /v2.0/security-groups?id=9cced37f-d915-4871-8e74-931846764fbc&fields=id&fields=name => generated 88 bytes in 31 msecs (HTTP/1.1 200) 4 headers in 156 bytes (1 switches on core 0) [pid: 7|app: 0|req: 919/1941] 199.204.45.78 () {34 vars in 1079 bytes} [Wed Jun 24 19:38:20 2026] GET /v2.0/ports?tenant_id=a7ccf493e8a14a7c8a882710beb688d5&device_id=78513d9b-5f2e-4ab4-89ab-ef0ba6e391f7 => generated 1207 bytes in 50 msecs (HTTP/1.1 200) 4 headers in 158 bytes (1 switches on core 0)
2026-06-24 19:38:20.314 8 INFO neutron.services.segments.plugin [-] Segment dfe2d185-1531-4e55-a311-7494485d0f65 resource provider aggregate not found
2026-06-24 19:38:20.321 8 INFO neutron.services.segments.plugin [-] Segment dfe2d185-1531-4e55-a311-7494485d0f65 resource provider aggregate not found [pid: 7|app: 0|req: 920/1942] 199.204.45.78 () {34 vars in 1057 bytes} [Wed Jun 24 19:38:20 2026] GET /v2.0/floatingips?fixed_ip_address=10.100.0.8&port_id=1be6ae43-5459-4f1f-9969-4be99cf3638f => generated 19 bytes in 28 msecs (HTTP/1.1 200) 4 headers in 156 bytes (1 switches on core 0)
2026-06-24 19:38:20.340 8 INFO neutron.services.segments.plugin [-] Segment dfe2d185-1531-4e55-a311-7494485d0f65 resource provider not found; error: Placement Client Error (4xx): {"errors": [{"status": 404, "title": "Not Found", "detail": "The resource could not be found.\n\n No resource provider with uuid dfe2d185-1531-4e55-a311-7494485d0f65 found for delete ", "request_id": "req-5212061d-d54c-42a3-8cb3-4703c4b945d7"}]}
2026-06-24 19:38:20.347 8 INFO neutron.services.segments.plugin [-] Segment dfe2d185-1531-4e55-a311-7494485d0f65 resource provider not found; error: Placement Client Error (4xx): {"errors": [{"status": 404, "title": "Not Found", "detail": "The resource could not be found.\n\n No resource provider with uuid dfe2d185-1531-4e55-a311-7494485d0f65 found for delete ", "request_id": "req-2d8eae55-ccf1-4e80-b024-8cf3489aa169"}]} [pid: 7|app: 0|req: 921/1943] 199.204.45.78 () {34 vars in 983 bytes} [Wed Jun 24 19:38:20 2026] GET /v2.0/subnets?id=59a58a1f-b3e4-4801-9c75-25253ce6cf43 => generated 690 bytes in 31 msecs (HTTP/1.1 200) 4 headers in 157 bytes (1 switches on core 0) [pid: 8|app: 0|req: 1023/1944] 10.0.0.228 () {32 vars in 726 bytes} [Wed Jun 24 19:38:19 2026] DELETE /v2.0/networks/db2b5584-cbe2-495e-b5d9-dfc56c2b2182 => generated 0 bytes in 433 msecs (HTTP/1.1 204) 3 headers in 131 bytes (1 switches on core 0) [pid: 7|app: 0|req: 922/1945] 199.204.45.78 () {34 vars in 1051 bytes} [Wed Jun 24 19:38:20 2026] GET /v2.0/ports?network_id=e2f227b9-34b1-44b0-86ff-77be5212de2e&device_owner=network%3Adhcp => generated 12 bytes in 20 msecs (HTTP/1.1 200) 4 headers in 156 bytes (1 switches on core 0) [pid: 7|app: 0|req: 923/1946] 199.204.45.78 () {34 vars in 1011 bytes} [Wed Jun 24 19:38:20 2026] GET /v2.0/networks/e2f227b9-34b1-44b0-86ff-77be5212de2e?fields=segments => generated 14 bytes in 41 msecs (HTTP/1.1 200) 4 headers in 156 bytes (1 switches on core 0) [pid: 7|app: 0|req: 924/1947] 199.204.45.78 () {34 vars in 1111 bytes} [Wed Jun 24 19:38:20 2026] GET /v2.0/networks/e2f227b9-34b1-44b0-86ff-77be5212de2e?fields=provider%3Aphysical_network&fields=provider%3Anetwork_type => generated 79 bytes in 40 msecs (HTTP/1.1 200) 4 headers in 156 bytes (1 switches on core 0)
2026-06-24 19:38:20.538 8 INFO neutron_taas.services.taas.taas_plugin [None req-5fd41847-8512-4858-8f27-bec8b760cfde 89505d8a544b458084120b2fa125f256 3fc4b88aec2f42f78b7cdddfb0598420 - - default default] TaaS: Handle Delete Port: f8862960-996d-42e7-9b4d-8b7fa0ddeac6
2026-06-24 19:38:20.544 8 INFO neutron_taas.services.taas.tap_mirror_plugin [None req-5fd41847-8512-4858-8f27-bec8b760cfde 89505d8a544b458084120b2fa125f256 3fc4b88aec2f42f78b7cdddfb0598420 - - default default] Tap Mirror: Handle Delete Port: f8862960-996d-42e7-9b4d-8b7fa0ddeac6 [pid: 8|app: 0|req: 1024/1948] 10.0.0.228 () {32 vars in 726 bytes} [Wed Jun 24 19:38:20 2026] DELETE /v2.0/networks/48b9b4b8-33bf-4ea0-a37e-9f3c86d02ea0 => generated 0 bytes in 430 msecs (HTTP/1.1 204) 3 headers in 131 bytes (1 switches on core 0)
2026-06-24 19:38:20.951 7 INFO neutron_taas.services.taas.taas_plugin [None req-93c008fe-8cec-48b4-9f98-9f798d3b8eec 89505d8a544b458084120b2fa125f256 3fc4b88aec2f42f78b7cdddfb0598420 - - default default] TaaS: Handle Delete Port: 9f8596de-5aee-4852-9c3a-7951b0d7ed24
2026-06-24 19:38:20.955 7 INFO neutron_taas.services.taas.tap_mirror_plugin [None req-93c008fe-8cec-48b4-9f98-9f798d3b8eec 89505d8a544b458084120b2fa125f256 3fc4b88aec2f42f78b7cdddfb0598420 - - default default] Tap Mirror: Handle Delete Port: 9f8596de-5aee-4852-9c3a-7951b0d7ed24 [pid: 7|app: 0|req: 925/1949] 10.0.0.228 () {32 vars in 726 bytes} [Wed Jun 24 19:38:20 2026] DELETE /v2.0/networks/181777fb-39eb-4f8a-9486-cbb24990cc32 => generated 0 bytes in 338 msecs (HTTP/1.1 204) 3 headers in 131 bytes (1 switches on core 0) [pid: 8|app: 0|req: 1025/1950] 10.0.0.61 () {34 vars in 989 bytes} [Wed Jun 24 19:38:21 2026] GET /v2.0/ports?device_id=78513d9b-5f2e-4ab4-89ab-ef0ba6e391f7 => generated 969 bytes in 42 msecs (HTTP/1.1 200) 4 headers in 157 bytes (1 switches on core 0) [pid: 7|app: 0|req: 926/1951] 10.0.0.61 () {34 vars in 1039 bytes} [Wed Jun 24 19:38:21 2026] GET /v2.0/security-groups?id=9cced37f-d915-4871-8e74-931846764fbc&fields=id&fields=name => generated 88 bytes in 28 msecs (HTTP/1.1 200) 4 headers in 156 bytes (1 switches on core 0) [pid: 8|app: 0|req: 1026/1952] 10.0.0.228 () {32 vars in 774 bytes} [Wed Jun 24 19:38:21 2026] GET /v2.0/security-groups?tenant_id=3fc4b88aec2f42f78b7cdddfb0598420&name=default => generated 2925 bytes in 200 msecs (HTTP/1.1 200) 4 headers in 158 bytes (1 switches on core 0)
2026-06-24 19:38:21.928 7 INFO neutron.services.segments.plugin [-] Segment e37a7888-6aa2-4456-a146-134e7400e2f2 resource provider aggregate not found
2026-06-24 19:38:21.935 7 INFO neutron.services.segments.plugin [-] Segment e37a7888-6aa2-4456-a146-134e7400e2f2 resource provider aggregate not found
2026-06-24 19:38:21.943 7 INFO neutron.services.segments.plugin [-] Segment e37a7888-6aa2-4456-a146-134e7400e2f2 resource provider not found; error: Placement Client Error (4xx): {"errors": [{"status": 404, "title": "Not Found", "detail": "The resource could not be found.\n\n No resource provider with uuid e37a7888-6aa2-4456-a146-134e7400e2f2 found for delete ", "request_id": "req-eee36239-1657-448f-a677-a5ddd37d1fc2"}]}
2026-06-24 19:38:21.953 7 INFO neutron.services.segments.plugin [-] Segment e37a7888-6aa2-4456-a146-134e7400e2f2 resource provider not found; error: Placement Client Error (4xx): {"errors": [{"status": 404, "title": "Not Found", "detail": "The resource could not be found.\n\n No resource provider with uuid e37a7888-6aa2-4456-a146-134e7400e2f2 found for delete ", "request_id": "req-2f37cd3f-e2cb-4c48-b19a-0c92d7bbe7b3"}]} [pid: 7|app: 0|req: 927/1953] 10.0.0.228 () {32 vars in 740 bytes} [Wed Jun 24 19:38:21 2026] DELETE /v2.0/security-groups/69e22373-4604-448f-a1d0-759bb72ea4f3 => generated 0 bytes in 255 msecs (HTTP/1.1 204) 2 headers in 112 bytes (1 switches on core 0)
2026-06-24 19:38:22.368 8 INFO neutron.services.segments.plugin [-] Segment ecc16689-3370-406d-9ad5-1890a20bd264 resource provider aggregate not found
2026-06-24 19:38:22.373 8 INFO neutron.services.segments.plugin [-] Segment ecc16689-3370-406d-9ad5-1890a20bd264 resource provider aggregate not found
2026-06-24 19:38:22.390 8 INFO neutron.services.segments.plugin [-] Segment ecc16689-3370-406d-9ad5-1890a20bd264 resource provider not found; error: Placement Client Error (4xx): {"errors": [{"status": 404, "title": "Not Found", "detail": "The resource could not be found.\n\n No resource provider with uuid ecc16689-3370-406d-9ad5-1890a20bd264 found for delete ", "request_id": "req-5c74b235-c0e5-468d-bf7e-e4ef0de780bb"}]}
2026-06-24 19:38:22.393 8 INFO neutron.services.segments.plugin [-] Segment ecc16689-3370-406d-9ad5-1890a20bd264 resource provider not found; error: Placement Client Error (4xx): {"errors": [{"status": 404, "title": "Not Found", "detail": "The resource could not be found.\n\n No resource provider with uuid ecc16689-3370-406d-9ad5-1890a20bd264 found for delete ", "request_id": "req-7fb486bd-4200-483e-af58-a3c03aa2cd15"}]} [pid: 8|app: 0|req: 1027/1954] 10.0.0.61 () {34 vars in 989 bytes} [Wed Jun 24 19:38:22 2026] GET /v2.0/ports?device_id=78513d9b-5f2e-4ab4-89ab-ef0ba6e391f7 => generated 969 bytes in 71 msecs (HTTP/1.1 200) 4 headers in 157 bytes (1 switches on core 0) [pid: 7|app: 0|req: 928/1955] 10.0.0.61 () {34 vars in 1039 bytes} [Wed Jun 24 19:38:22 2026] GET /v2.0/security-groups?id=9cced37f-d915-4871-8e74-931846764fbc&fields=id&fields=name => generated 88 bytes in 55 msecs (HTTP/1.1 200) 4 headers in 156 bytes (1 switches on core 0)
2026-06-24 19:38:23.244 7 INFO neutron.plugins.ml2.drivers.ovn.mech_driver.mech_driver [None req-6c1b588d-404f-4acc-813d-e014abe8f5f4 - - - - - -] OVN reports status up for port: 1be6ae43-5459-4f1f-9969-4be99cf3638f
2026-06-24 19:38:23.260 7 INFO neutron.plugins.ml2.plugin [None req-6c1b588d-404f-4acc-813d-e014abe8f5f4 - - - - - -] Attempt 1 to provision port 1be6ae43-5459-4f1f-9969-4be99cf3638f
2026-06-24 19:38:23.406 7 INFO neutron.notifiers.nova [-] Nova event matching ['req-e4e17d5d-1e6b-4fab-92a2-4bc3d6e11a04'] response: {'server_uuid': '78513d9b-5f2e-4ab4-89ab-ef0ba6e391f7', 'name': 'network-vif-plugged', 'status': 'completed', 'tag': '1be6ae43-5459-4f1f-9969-4be99cf3638f', 'code': 200}
2026-06-24 19:38:23.416 8 INFO neutron.db.ovn_revision_numbers_db [None req-b9dc5a2a-0774-471a-9ae2-7d19364ddb31 9337f4796a7e4dabbcedea8c67c0b0f5 0fe83054a2e044db99193bda2ab7ca9c - - default default] Successfully bumped revision number for resource 806f6926-81d7-494b-bea3-03636b540565 (type: security_groups) to 1
2026-06-24 19:38:23.430 8 INFO neutron.db.ovn_revision_numbers_db [None req-b9dc5a2a-0774-471a-9ae2-7d19364ddb31 9337f4796a7e4dabbcedea8c67c0b0f5 0fe83054a2e044db99193bda2ab7ca9c - - default default] Successfully bumped revision number for resource 746da3b3-36a1-4b3b-a3ed-295959cf2408 (type: security_group_rules) to 0
2026-06-24 19:38:23.444 8 INFO neutron.db.ovn_revision_numbers_db [None req-b9dc5a2a-0774-471a-9ae2-7d19364ddb31 9337f4796a7e4dabbcedea8c67c0b0f5 0fe83054a2e044db99193bda2ab7ca9c - - default default] Successfully bumped revision number for resource c14f0995-dec0-4d0a-94a4-a9594d278ca5 (type: security_group_rules) to 0
2026-06-24 19:38:23.455 8 INFO neutron.db.ovn_revision_numbers_db [None req-b9dc5a2a-0774-471a-9ae2-7d19364ddb31 9337f4796a7e4dabbcedea8c67c0b0f5 0fe83054a2e044db99193bda2ab7ca9c - - default default] Successfully bumped revision number for resource db4c649e-f7df-4de5-b811-144fad8ffa04 (type: security_group_rules) to 0
2026-06-24 19:38:23.471 8 INFO neutron.db.ovn_revision_numbers_db [None req-b9dc5a2a-0774-471a-9ae2-7d19364ddb31 9337f4796a7e4dabbcedea8c67c0b0f5 0fe83054a2e044db99193bda2ab7ca9c - - default default] Successfully bumped revision number for resource f42f4faa-9ae0-4957-8284-ff1e9ea1a4f8 (type: security_group_rules) to 0
2026-06-24 19:38:23.561 8 INFO neutron.db.segments_db [None req-b9dc5a2a-0774-471a-9ae2-7d19364ddb31 9337f4796a7e4dabbcedea8c67c0b0f5 0fe83054a2e044db99193bda2ab7ca9c - - default default] Added segment 6499c57e-ed47-4ade-9a1b-7c1392d02717 of type geneve for network 6e95a74b-60b9-4a16-b93a-fa8455b164ff
2026-06-24 19:38:23.587 7 INFO neutron.db.ovn_revision_numbers_db [None req-6c1b588d-404f-4acc-813d-e014abe8f5f4 - - - - - -] Successfully bumped revision number for resource 1be6ae43-5459-4f1f-9969-4be99cf3638f (type: ports) to 5 /var/lib/openstack/lib/python3.12/site-packages/pycadf/identifier.py:70: UserWarning: Invalid uuid: neutron. To ensure interoperability, identifiers should be a valid uuid. warnings.warn(('Invalid uuid: %s. To ensure interoperability, '
2026-06-24 19:38:23.700 8 INFO neutron.db.ovn_revision_numbers_db [None req-b9dc5a2a-0774-471a-9ae2-7d19364ddb31 9337f4796a7e4dabbcedea8c67c0b0f5 0fe83054a2e044db99193bda2ab7ca9c - - default default] Successfully bumped revision number for resource 6e95a74b-60b9-4a16-b93a-fa8455b164ff (type: networks) to 1 [pid: 7|app: 0|req: 929/1956] 10.0.0.61 () {34 vars in 989 bytes} [Wed Jun 24 19:38:23 2026] GET /v2.0/ports?device_id=78513d9b-5f2e-4ab4-89ab-ef0ba6e391f7 => generated 971 bytes in 94 msecs (HTTP/1.1 200) 4 headers in 157 bytes (1 switches on core 0) [pid: 7|app: 0|req: 930/1957] 10.0.0.61 () {34 vars in 1039 bytes} [Wed Jun 24 19:38:23 2026] GET /v2.0/security-groups?id=9cced37f-d915-4871-8e74-931846764fbc&fields=id&fields=name => generated 88 bytes in 29 msecs (HTTP/1.1 200) 4 headers in 156 bytes (1 switches on core 0)
2026-06-24 19:38:23.866 8 WARNING neutron.scheduler.dhcp_agent_scheduler [None req-b9dc5a2a-0774-471a-9ae2-7d19364ddb31 9337f4796a7e4dabbcedea8c67c0b0f5 0fe83054a2e044db99193bda2ab7ca9c - - default default] No more DHCP agents
2026-06-24 19:38:23.870 8 WARNING neutron.api.rpc.agentnotifiers.dhcp_rpc_agent_api [None req-b9dc5a2a-0774-471a-9ae2-7d19364ddb31 9337f4796a7e4dabbcedea8c67c0b0f5 0fe83054a2e044db99193bda2ab7ca9c - - default default] Unable to schedule network 6e95a74b-60b9-4a16-b93a-fa8455b164ff: no agents available; will retry on subsequent port and subnet creation events.
2026-06-24 19:38:23.937 7 INFO neutron.plugins.ml2.drivers.ovn.mech_driver.mech_driver [None req-1a9c924e-44ea-40a1-95ad-4b7ff0d7ead6 - - - - - -] OVN reports status down for port: 932bab0f-2e0c-4eef-8c31-0b6867c52348
2026-06-24 19:38:23.951 8 INFO neutron.db.ovn_revision_numbers_db [None req-b9dc5a2a-0774-471a-9ae2-7d19364ddb31 9337f4796a7e4dabbcedea8c67c0b0f5 0fe83054a2e044db99193bda2ab7ca9c - - default default] Successfully bumped revision number for resource 932bab0f-2e0c-4eef-8c31-0b6867c52348 (type: ports) to 1 [pid: 8|app: 0|req: 1028/1958] 10.0.0.228 () {34 vars in 670 bytes} [Wed Jun 24 19:38:23 2026] POST /v2.0/networks => generated 768 bytes in 960 msecs (HTTP/1.1 201) 4 headers in 162 bytes (1 switches on core 0)
2026-06-24 19:38:24.205 7 WARNING neutron.scheduler.dhcp_agent_scheduler [None req-9662aa04-448e-48b7-ab33-b63a79113524 9337f4796a7e4dabbcedea8c67c0b0f5 0fe83054a2e044db99193bda2ab7ca9c - - default default] No more DHCP agents
2026-06-24 19:38:24.206 7 WARNING neutron.api.rpc.agentnotifiers.dhcp_rpc_agent_api [None req-9662aa04-448e-48b7-ab33-b63a79113524 9337f4796a7e4dabbcedea8c67c0b0f5 0fe83054a2e044db99193bda2ab7ca9c - - default default] Unable to schedule network 6e95a74b-60b9-4a16-b93a-fa8455b164ff: no agents available; will retry on subsequent port and subnet creation events.
2026-06-24 19:38:24.692 8 INFO neutron.db.ovn_revision_numbers_db [None req-0d0301fb-52af-4975-9f1c-0c26fa596351 92d0f2b4ac2c40529687590e6ba99ee0 d4dc1a2106b94ddab687b6704f124af7 - - default default] Successfully bumped revision number for resource e06815df-697e-4170-88d9-ecca482c4d16 (type: security_groups) to 1
2026-06-24 19:38:24.710 8 INFO neutron.db.ovn_revision_numbers_db [None req-0d0301fb-52af-4975-9f1c-0c26fa596351 92d0f2b4ac2c40529687590e6ba99ee0 d4dc1a2106b94ddab687b6704f124af7 - - default default] Successfully bumped revision number for resource 015eb7b3-3941-43fa-8957-b94cedb63e98 (type: security_group_rules) to 0
2026-06-24 19:38:24.722 8 INFO neutron.db.ovn_revision_numbers_db [None req-0d0301fb-52af-4975-9f1c-0c26fa596351 92d0f2b4ac2c40529687590e6ba99ee0 d4dc1a2106b94ddab687b6704f124af7 - - default default] Successfully bumped revision number for resource 6a3a70d8-7e9f-4d4d-827a-7d1e287ce505 (type: security_group_rules) to 0
2026-06-24 19:38:24.740 8 INFO neutron.db.ovn_revision_numbers_db [None req-0d0301fb-52af-4975-9f1c-0c26fa596351 92d0f2b4ac2c40529687590e6ba99ee0 d4dc1a2106b94ddab687b6704f124af7 - - default default] Successfully bumped revision number for resource a79246c6-3c04-4ac3-a2d3-c1f10106bfcc (type: security_group_rules) to 0
2026-06-24 19:38:24.759 8 INFO neutron.db.ovn_revision_numbers_db [None req-0d0301fb-52af-4975-9f1c-0c26fa596351 92d0f2b4ac2c40529687590e6ba99ee0 d4dc1a2106b94ddab687b6704f124af7 - - default default] Successfully bumped revision number for resource bcde0aae-430f-47f1-a8a0-ff5cad23bfe8 (type: security_group_rules) to 0
2026-06-24 19:38:24.830 7 INFO neutron.db.ovn_revision_numbers_db [None req-fe598d23-06b1-40ef-b738-b0cbfd53c082 - - - - - -] Successfully bumped revision number for resource 932bab0f-2e0c-4eef-8c31-0b6867c52348 (type: ports) to 2
2026-06-24 19:38:24.868 7 INFO neutron.db.ovn_revision_numbers_db [None req-fe598d23-06b1-40ef-b738-b0cbfd53c082 - - - - - -] Successfully bumped revision number for resource 2a8d020a-8095-4741-b20c-079275baf15f (type: subnets) to 0 [pid: 7|app: 0|req: 931/1959] 10.0.0.228 () {34 vars in 669 bytes} [Wed Jun 24 19:38:23 2026] POST /v2.0/subnets => generated 644 bytes in 900 msecs (HTTP/1.1 201) 4 headers in 162 bytes (1 switches on core 0)
2026-06-24 19:38:24.892 8 INFO neutron.db.segments_db [None req-0d0301fb-52af-4975-9f1c-0c26fa596351 92d0f2b4ac2c40529687590e6ba99ee0 d4dc1a2106b94ddab687b6704f124af7 - - default default] Added segment 4e282ebb-5770-4f35-a840-0da3034d11e3 of type geneve for network 09b1996c-8238-42e5-b3c3-b2ea6f6a542d [pid: 7|app: 0|req: 932/1960] 10.0.0.61 () {34 vars in 989 bytes} [Wed Jun 24 19:38:24 2026] GET /v2.0/ports?device_id=78513d9b-5f2e-4ab4-89ab-ef0ba6e391f7 => generated 971 bytes in 42 msecs (HTTP/1.1 200) 4 headers in 157 bytes (1 switches on core 0)
2026-06-24 19:38:24.932 7 WARNING neutron.api.v2.base [None req-4d1521d2-657d-4025-b060-6aaa2c8cbaef 9337f4796a7e4dabbcedea8c67c0b0f5 0fe83054a2e044db99193bda2ab7ca9c - - default default] An exception happened while processing the request body. The exception message is [Invalid input for target_tenant. Reason: 'None' is not a valid string.].: webob.exc.HTTPBadRequest: Invalid input for target_tenant. Reason: 'None' is not a valid string.
2026-06-24 19:38:24.932 7 INFO neutron.api.v2.resource [None req-4d1521d2-657d-4025-b060-6aaa2c8cbaef 9337f4796a7e4dabbcedea8c67c0b0f5 0fe83054a2e044db99193bda2ab7ca9c - - default default] create failed (client error): Invalid input for target_tenant. Reason: 'None' is not a valid string. [pid: 7|app: 0|req: 933/1961] 10.0.0.228 () {34 vars in 681 bytes} [Wed Jun 24 19:38:24 2026] POST /v2.0/rbac-policies => generated 143 bytes in 5 msecs (HTTP/1.1 400) 4 headers in 166 bytes (1 switches on core 0)
2026-06-24 19:38:25.077 8 INFO neutron.db.ovn_revision_numbers_db [None req-0d0301fb-52af-4975-9f1c-0c26fa596351 92d0f2b4ac2c40529687590e6ba99ee0 d4dc1a2106b94ddab687b6704f124af7 - - default default] Successfully bumped revision number for resource 09b1996c-8238-42e5-b3c3-b2ea6f6a542d (type: networks) to 1
2026-06-24 19:38:25.305 7 INFO neutron.db.ovn_revision_numbers_db [None req-207f1f17-b7dd-4103-9657-e6c7d27c4831 bb9b0e46d0da490b953b14daf4ceab77 712f5b4a76d24b27892c2d7bbc4d8bbd - - default default] Successfully bumped revision number for resource acbd3bd3-ad23-4dcf-9ffe-0d7c39fa1372 (type: security_groups) to 1
2026-06-24 19:38:25.396 8 WARNING neutron.scheduler.dhcp_agent_scheduler [None req-0d0301fb-52af-4975-9f1c-0c26fa596351 92d0f2b4ac2c40529687590e6ba99ee0 d4dc1a2106b94ddab687b6704f124af7 - - default default] No more DHCP agents
