2026-07-01 14:21:44.715 9 INFO neutron.api.wsgi [req-27616c09-d6da-402a-8645-5d01886ca8a4 req-08dfcffb-199f-4ea1-b24b-8c1050284529 c09bb7d75cfb41d78419de17695603fb 9a70ac6914e84ee297359b67431146b7 - - e5366feedd3b424f815eed9c8dfda628 e5366feedd3b424f815eed9c8dfda628] 199.204.45.49 "GET /v2.0/networks/517529b8-b7e1-4d71-8e51-a8b3f468c65c?fields=provider%3Aphysical_network&fields=provider%3Anetwork_type HTTP/1.1" status: 200 len: 277 time: 0.0437832
2026-07-01 14:21:44.947 9 INFO neutron.db.ovn_revision_numbers_db [None req-f23e0777-7e1d-4eb9-9779-cac7f885698b 55a6f892eb1449bf8cc02118dfb15771 5aebe47009004de0bab6197a4cb8c35a - - default default] Successfully bumped revision number for resource 87626085-7905-4720-a3c2-8dc92ef80ff4 (type: router_ports) to 1
2026-07-01 14:21:44.952 9 INFO neutron.api.wsgi [None req-f23e0777-7e1d-4eb9-9779-cac7f885698b 55a6f892eb1449bf8cc02118dfb15771 5aebe47009004de0bab6197a4cb8c35a - - default default] 10.0.0.75 "PUT /v2.0/routers/822927de-dfdb-4c12-a005-737dec7b5712/add_router_interface HTTP/1.1" status: 200 len: 503 time: 1.8850892
2026-07-01 14:21:44.961 9 WARNING neutron_lib.context [None req-3da03fb6-6e76-4271-a2f4-26716aa136f2 55a6f892eb1449bf8cc02118dfb15771 5aebe47009004de0bab6197a4cb8c35a - - default default] Method 'is_advsvc' is deprecated since 2023.2 release (neutron-lib 3.8.0) and will be removed once support for the old RBAC API policies will be removed from Neutron. Please use method 'is_service_role' instead.
2026-07-01 14:21:45.130 10 INFO neutron.api.wsgi [None req-158a866a-94d4-4635-93d9-002833dd6241 04f120b1082c4a4d813bdfd34450b1a0 52c2d8523c904e588676de342c693328 - - default default] 10.0.0.75 "DELETE /v2.0/security-groups/682bd5ba-a4b8-40c3-836d-2b464993998a HTTP/1.1" status: 204 len: 168 time: 0.1095335
2026-07-01 14:21:45.149 10 INFO neutron.api.v2.resource [None req-260e02cf-4784-4f8c-af91-11b3ce69b67d 04f120b1082c4a4d813bdfd34450b1a0 52c2d8523c904e588676de342c693328 - - default default] show failed (client error): The resource could not be found.
2026-07-01 14:21:45.150 10 INFO neutron.api.wsgi [None req-260e02cf-4784-4f8c-af91-11b3ce69b67d 04f120b1082c4a4d813bdfd34450b1a0 52c2d8523c904e588676de342c693328 - - default default] 10.0.0.75 "GET /v2.0/security-groups/682bd5ba-a4b8-40c3-836d-2b464993998a HTTP/1.1" status: 404 len: 347 time: 0.0119357
2026-07-01 14:21:45.240 9 WARNING neutron.scheduler.dhcp_agent_scheduler [None req-3da03fb6-6e76-4271-a2f4-26716aa136f2 55a6f892eb1449bf8cc02118dfb15771 5aebe47009004de0bab6197a4cb8c35a - - default default] No more DHCP agents
2026-07-01 14:21:45.241 9 WARNING neutron.api.rpc.agentnotifiers.dhcp_rpc_agent_api [None req-3da03fb6-6e76-4271-a2f4-26716aa136f2 55a6f892eb1449bf8cc02118dfb15771 5aebe47009004de0bab6197a4cb8c35a - - default default] Unable to schedule network d264abc8-c339-4d33-a07e-279d1568ae56: no agents available; will retry on subsequent port and subnet creation events.
2026-07-01 14:21:45.384 9 INFO neutron.db.ovn_revision_numbers_db [None req-3da03fb6-6e76-4271-a2f4-26716aa136f2 55a6f892eb1449bf8cc02118dfb15771 5aebe47009004de0bab6197a4cb8c35a - - default default] Successfully bumped revision number for resource e93acc21-321e-4062-aaad-dcbe66ed59c9 (type: ports) to 1
2026-07-01 14:21:45.404 9 INFO neutron.api.wsgi [None req-3da03fb6-6e76-4271-a2f4-26716aa136f2 55a6f892eb1449bf8cc02118dfb15771 5aebe47009004de0bab6197a4cb8c35a - - default default] 10.0.0.75 "POST /v2.0/ports HTTP/1.1" status: 201 len: 1154 time: 0.4465351 /var/lib/openstack/lib/python3.12/site-packages/pycadf/identifier.py:71: UserWarning: Invalid uuid: neutron. To ensure interoperability, identifiers should be a valid uuid. warnings.warn(('Invalid uuid: %s. To ensure interoperability, '
2026-07-01 14:21:45.412 9 WARNING neutron_lib.context [None req-1922cc67-b1ba-46b9-bba3-3ca5e5ecadbc 55a6f892eb1449bf8cc02118dfb15771 5aebe47009004de0bab6197a4cb8c35a - - default default] Method 'is_advsvc' is deprecated since 2023.2 release (neutron-lib 3.8.0) and will be removed once support for the old RBAC API policies will be removed from Neutron. Please use method 'is_service_role' instead.
2026-07-01 14:21:45.456 10 INFO neutron.api.wsgi [None req-b03075b6-a61c-462a-8210-428af90192e8 04f120b1082c4a4d813bdfd34450b1a0 52c2d8523c904e588676de342c693328 - - default default] 10.0.0.75 "DELETE /v2.0/floatingips/d845aac3-8d5e-4bf3-900a-5991e0a7006f HTTP/1.1" status: 204 len: 168 time: 0.3008966
2026-07-01 14:21:45.624 10 INFO neutron.api.wsgi [req-5f5e0973-bc89-49b9-9e2f-18591d247359 req-914fa906-086f-42df-b19d-49c3c6d502cb d836a6dd4ede401eaab7ec6321376b08 e13e549f88db4177ac2d9885f42fafd1 - - default default] 10.0.0.142 "GET /v2.0/ports?device_id=d16ed7e8-c84c-4a87-832a-58f5f461baf3 HTTP/1.1" status: 200 len: 1172 time: 0.0414972
2026-07-01 14:21:45.659 10 INFO neutron.api.wsgi [req-5f5e0973-bc89-49b9-9e2f-18591d247359 req-63aca93e-0462-4e47-9f54-8b41e5232836 d836a6dd4ede401eaab7ec6321376b08 e13e549f88db4177ac2d9885f42fafd1 - - default default] 10.0.0.142 "GET /v2.0/security-groups?id=ea8554dc-68db-4517-a6d2-bf03a56d1e54&fields=id&fields=name HTTP/1.1" status: 200 len: 286 time: 0.0251887 /var/lib/openstack/lib/python3.12/site-packages/pycadf/identifier.py:71: UserWarning: Invalid uuid: neutron. To ensure interoperability, identifiers should be a valid uuid. warnings.warn(('Invalid uuid: %s. To ensure interoperability, '
2026-07-01 14:21:45.763 9 INFO neutron.api.wsgi [req-ea77ee89-7abd-451c-895a-6531b5cfec72 req-86307fed-9578-4afb-8642-5f9d0589b2c4 c09bb7d75cfb41d78419de17695603fb 9a70ac6914e84ee297359b67431146b7 - - e5366feedd3b424f815eed9c8dfda628 e5366feedd3b424f815eed9c8dfda628] 199.204.45.49 "GET /v2.0/ports?tenant_id=e13e549f88db4177ac2d9885f42fafd1&device_id=d16ed7e8-c84c-4a87-832a-58f5f461baf3 HTTP/1.1" status: 200 len: 1411 time: 0.0326784
2026-07-01 14:21:45.774 9 WARNING neutron.scheduler.dhcp_agent_scheduler [None req-1922cc67-b1ba-46b9-bba3-3ca5e5ecadbc 55a6f892eb1449bf8cc02118dfb15771 5aebe47009004de0bab6197a4cb8c35a - - default default] No more DHCP agents
2026-07-01 14:21:45.777 9 WARNING neutron.api.rpc.agentnotifiers.dhcp_rpc_agent_api [None req-1922cc67-b1ba-46b9-bba3-3ca5e5ecadbc 55a6f892eb1449bf8cc02118dfb15771 5aebe47009004de0bab6197a4cb8c35a - - default default] Unable to schedule network d264abc8-c339-4d33-a07e-279d1568ae56: no agents available; will retry on subsequent port and subnet creation events. /var/lib/openstack/lib/python3.12/site-packages/pycadf/identifier.py:71: UserWarning: Invalid uuid: neutron. To ensure interoperability, identifiers should be a valid uuid. warnings.warn(('Invalid uuid: %s. To ensure interoperability, '
2026-07-01 14:21:45.847 9 INFO neutron.api.wsgi [req-ea77ee89-7abd-451c-895a-6531b5cfec72 req-0a8a08b8-cc17-44a8-8a83-1aa9d7c1d87f c09bb7d75cfb41d78419de17695603fb 9a70ac6914e84ee297359b67431146b7 - - e5366feedd3b424f815eed9c8dfda628 e5366feedd3b424f815eed9c8dfda628] 199.204.45.49 "GET /v2.0/networks?id=517529b8-b7e1-4d71-8e51-a8b3f468c65c HTTP/1.1" status: 200 len: 970 time: 0.0681636
2026-07-01 14:21:45.870 9 INFO neutron.api.wsgi [req-ea77ee89-7abd-451c-895a-6531b5cfec72 req-a472fcde-305d-4f81-ab69-60614267c683 c09bb7d75cfb41d78419de17695603fb 9a70ac6914e84ee297359b67431146b7 - - e5366feedd3b424f815eed9c8dfda628 e5366feedd3b424f815eed9c8dfda628] 199.204.45.49 "GET /v2.0/floatingips?fixed_ip_address=10.100.0.12&port_id=22f6e126-1b9e-4b1b-88b7-7237368e59ca HTTP/1.1" status: 200 len: 217 time: 0.0192626
2026-07-01 14:21:45.914 9 INFO neutron.api.wsgi [req-ea77ee89-7abd-451c-895a-6531b5cfec72 req-ed5c69aa-5933-42b6-a938-b8d0695f705c c09bb7d75cfb41d78419de17695603fb 9a70ac6914e84ee297359b67431146b7 - - e5366feedd3b424f815eed9c8dfda628 e5366feedd3b424f815eed9c8dfda628] 199.204.45.49 "GET /v2.0/subnets?id=36c16c83-41a5-49f1-a863-0fa7c22f3445 HTTP/1.1" status: 200 len: 889 time: 0.0383554
2026-07-01 14:21:45.937 9 INFO neutron.api.wsgi [req-ea77ee89-7abd-451c-895a-6531b5cfec72 req-f6d86d72-390f-4905-aec8-9fd3310d6ace c09bb7d75cfb41d78419de17695603fb 9a70ac6914e84ee297359b67431146b7 - - e5366feedd3b424f815eed9c8dfda628 e5366feedd3b424f815eed9c8dfda628] 199.204.45.49 "GET /v2.0/ports?network_id=517529b8-b7e1-4d71-8e51-a8b3f468c65c&device_owner=network%3Adhcp HTTP/1.1" status: 200 len: 210 time: 0.0174975
2026-07-01 14:21:45.980 9 INFO neutron.db.ovn_revision_numbers_db [None req-1922cc67-b1ba-46b9-bba3-3ca5e5ecadbc 55a6f892eb1449bf8cc02118dfb15771 5aebe47009004de0bab6197a4cb8c35a - - default default] Successfully bumped revision number for resource 8f88f355-4b20-42d2-b82c-2d73d919ab02 (type: ports) to 1
2026-07-01 14:21:46.012 9 INFO neutron.api.wsgi [req-ea77ee89-7abd-451c-895a-6531b5cfec72 req-9fb6007e-b5f1-4563-8935-b7ba8fc0d922 c09bb7d75cfb41d78419de17695603fb 9a70ac6914e84ee297359b67431146b7 - - e5366feedd3b424f815eed9c8dfda628 e5366feedd3b424f815eed9c8dfda628] 199.204.45.49 "GET /v2.0/networks/517529b8-b7e1-4d71-8e51-a8b3f468c65c?fields=segments HTTP/1.1" status: 200 len: 212 time: 0.0655372
2026-07-01 14:21:46.018 9 INFO neutron.api.wsgi [None req-1922cc67-b1ba-46b9-bba3-3ca5e5ecadbc 55a6f892eb1449bf8cc02118dfb15771 5aebe47009004de0bab6197a4cb8c35a - - default default] 10.0.0.75 "POST /v2.0/ports HTTP/1.1" status: 201 len: 1154 time: 0.6100512
2026-07-01 14:21:46.030 10 WARNING neutron_lib.context [None req-8972b1cd-08bb-49a6-bd8b-a7ab3bf39009 55a6f892eb1449bf8cc02118dfb15771 5aebe47009004de0bab6197a4cb8c35a - - default default] Method 'is_advsvc' is deprecated since 2023.2 release (neutron-lib 3.8.0) and will be removed once support for the old RBAC API policies will be removed from Neutron. Please use method 'is_service_role' instead.
2026-07-01 14:21:46.067 9 INFO neutron.api.wsgi [req-ea77ee89-7abd-451c-895a-6531b5cfec72 req-3b7ea7f9-0054-4628-88de-ee60afe939ff c09bb7d75cfb41d78419de17695603fb 9a70ac6914e84ee297359b67431146b7 - - e5366feedd3b424f815eed9c8dfda628 e5366feedd3b424f815eed9c8dfda628] 199.204.45.49 "GET /v2.0/networks/517529b8-b7e1-4d71-8e51-a8b3f468c65c?fields=provider%3Aphysical_network&fields=provider%3Anetwork_type HTTP/1.1" status: 200 len: 277 time: 0.0479407
2026-07-01 14:21:46.233 10 WARNING neutron.scheduler.dhcp_agent_scheduler [None req-8972b1cd-08bb-49a6-bd8b-a7ab3bf39009 55a6f892eb1449bf8cc02118dfb15771 5aebe47009004de0bab6197a4cb8c35a - - default default] No more DHCP agents
2026-07-01 14:21:46.234 10 WARNING neutron.api.rpc.agentnotifiers.dhcp_rpc_agent_api [None req-8972b1cd-08bb-49a6-bd8b-a7ab3bf39009 55a6f892eb1449bf8cc02118dfb15771 5aebe47009004de0bab6197a4cb8c35a - - default default] Unable to schedule network 33b10bf0-7f4a-4cc2-844a-6a4d43f9d01f: no agents available; will retry on subsequent port and subnet creation events.
2026-07-01 14:21:46.638 9 INFO neutron.api.wsgi [None req-d4b413ca-a606-42c8-9391-b90a9efb5ed0 1286d8d4d190427ba7998c367135e3cf 2165447a54bc47c89783c7dacd2b560f - - default default] 10.0.0.75 "PUT /v2.0/routers/909d79f4-4cfc-478d-a2ef-5b77ee4bc00e/remove_router_interface HTTP/1.1" status: 200 len: 503 time: 1.1783750 /var/lib/openstack/lib/python3.12/site-packages/pycadf/identifier.py:71: UserWarning: Invalid uuid: neutron. To ensure interoperability, identifiers should be a valid uuid. warnings.warn(('Invalid uuid: %s. To ensure interoperability, '
2026-07-01 14:21:46.792 10 INFO neutron.api.wsgi [req-299272bc-73ef-4a61-a4af-d9b677994597 req-fdf4f012-21cd-42df-9666-dc0534c469e1 d836a6dd4ede401eaab7ec6321376b08 e13e549f88db4177ac2d9885f42fafd1 - - default default] 10.0.0.142 "GET /v2.0/ports?device_id=d16ed7e8-c84c-4a87-832a-58f5f461baf3 HTTP/1.1" status: 200 len: 1172 time: 0.0526605
2026-07-01 14:21:47.086 10 INFO neutron.api.wsgi [req-299272bc-73ef-4a61-a4af-d9b677994597 req-50caf151-2866-4493-b522-3b6dcae480d6 d836a6dd4ede401eaab7ec6321376b08 e13e549f88db4177ac2d9885f42fafd1 - - default default] 10.0.0.142 "GET /v2.0/security-groups?id=ea8554dc-68db-4517-a6d2-bf03a56d1e54&fields=id&fields=name HTTP/1.1" status: 200 len: 286 time: 0.2873449
2026-07-01 14:21:47.107 10 INFO neutron.db.ovn_revision_numbers_db [None req-8972b1cd-08bb-49a6-bd8b-a7ab3bf39009 55a6f892eb1449bf8cc02118dfb15771 5aebe47009004de0bab6197a4cb8c35a - - default default] Successfully bumped revision number for resource 8bed3435-2b6f-419f-9ff5-b637dffc29e6 (type: floatingips) to -1
2026-07-01 14:21:47.198 10 INFO neutron.db.ovn_revision_numbers_db [None req-8972b1cd-08bb-49a6-bd8b-a7ab3bf39009 55a6f892eb1449bf8cc02118dfb15771 5aebe47009004de0bab6197a4cb8c35a - - default default] Successfully bumped revision number for resource 8bed3435-2b6f-419f-9ff5-b637dffc29e6 (type: floatingips) to 1
2026-07-01 14:21:47.198 10 INFO neutron.db.l3_db [None req-8972b1cd-08bb-49a6-bd8b-a7ab3bf39009 55a6f892eb1449bf8cc02118dfb15771 5aebe47009004de0bab6197a4cb8c35a - - default default] Floating IP 8bed3435-2b6f-419f-9ff5-b637dffc29e6 associated. External IP: 10.96.250.215, port: 8f88f355-4b20-42d2-b82c-2d73d919ab02.
2026-07-01 14:21:47.239 10 INFO neutron.api.wsgi [None req-8972b1cd-08bb-49a6-bd8b-a7ab3bf39009 55a6f892eb1449bf8cc02118dfb15771 5aebe47009004de0bab6197a4cb8c35a - - default default] 10.0.0.75 "POST /v2.0/floatingips HTTP/1.1" status: 201 len: 1041 time: 1.2160299
2026-07-01 14:21:47.319 9 INFO neutron.api.wsgi [None req-41160df0-1a5d-40fe-aac6-f0a84d1f3827 1286d8d4d190427ba7998c367135e3cf 2165447a54bc47c89783c7dacd2b560f - - default default] 10.0.0.75 "DELETE /v2.0/routers/909d79f4-4cfc-478d-a2ef-5b77ee4bc00e HTTP/1.1" status: 204 len: 168 time: 0.6762393
2026-07-01 14:21:47.397 10 INFO neutron.db.ovn_revision_numbers_db [None req-7c8e1616-aa2e-4a8c-9cec-d4996ad28262 55a6f892eb1449bf8cc02118dfb15771 5aebe47009004de0bab6197a4cb8c35a - - default default] Successfully bumped revision number for resource 8bed3435-2b6f-419f-9ff5-b637dffc29e6 (type: floatingips) to 2
2026-07-01 14:21:47.462 10 INFO neutron.db.l3_db [None req-7c8e1616-aa2e-4a8c-9cec-d4996ad28262 55a6f892eb1449bf8cc02118dfb15771 5aebe47009004de0bab6197a4cb8c35a - - default default] Floating IP 8bed3435-2b6f-419f-9ff5-b637dffc29e6 disassociated. External IP: 10.96.250.215, port: 8f88f355-4b20-42d2-b82c-2d73d919ab02.
2026-07-01 14:21:47.487 10 INFO neutron.api.wsgi [None req-7c8e1616-aa2e-4a8c-9cec-d4996ad28262 55a6f892eb1449bf8cc02118dfb15771 5aebe47009004de0bab6197a4cb8c35a - - default default] 10.0.0.75 "PUT /v2.0/floatingips/8bed3435-2b6f-419f-9ff5-b637dffc29e6 HTTP/1.1" status: 200 len: 748 time: 0.2429059
2026-07-01 14:21:47.502 10 INFO neutron.api.wsgi [None req-a56ab559-76fe-451a-951f-8492ae78436f 1286d8d4d190427ba7998c367135e3cf 2165447a54bc47c89783c7dacd2b560f - - default default] 10.0.0.75 "DELETE /v2.0/subnets/f3471939-13b4-4268-9fca-1ff03d35beff HTTP/1.1" status: 204 len: 168 time: 0.1766942
2026-07-01 14:21:47.753 9 INFO neutron.api.wsgi [None req-85a4fab2-9cc7-469d-806a-0ba47884ae2f 55a6f892eb1449bf8cc02118dfb15771 5aebe47009004de0bab6197a4cb8c35a - - default default] 10.0.0.75 "DELETE /v2.0/floatingips/8bed3435-2b6f-419f-9ff5-b637dffc29e6 HTTP/1.1" status: 204 len: 168 time: 0.2619147
2026-07-01 14:21:47.763 9 WARNING neutron_lib.context [None req-1b965d7c-f358-4aa8-a176-b0dde2f0f580 55a6f892eb1449bf8cc02118dfb15771 5aebe47009004de0bab6197a4cb8c35a - - default default] Method 'is_advsvc' is deprecated since 2023.2 release (neutron-lib 3.8.0) and will be removed once support for the old RBAC API policies will be removed from Neutron. Please use method 'is_service_role' instead.
2026-07-01 14:21:47.781 10 INFO neutron.services.segments.plugin [-] Segment 06b9e102-a934-4fb8-9698-9ba3bd7b6d81 resource provider aggregate not found
2026-07-01 14:21:47.790 10 INFO neutron.services.segments.plugin [-] Segment 06b9e102-a934-4fb8-9698-9ba3bd7b6d81 resource provider aggregate not found
2026-07-01 14:21:47.795 10 INFO neutron.services.segments.plugin [-] Segment 06b9e102-a934-4fb8-9698-9ba3bd7b6d81 resource provider not found; error: Placement Client Error (4xx): {"errors": [{"status": 404, "title": "Not Found", "detail": "The resource could not be found.\n\n No resource provider with uuid 06b9e102-a934-4fb8-9698-9ba3bd7b6d81 found for delete ", "request_id": "req-403173b4-0114-4a9d-82a4-95c054f99f9b"}]}
2026-07-01 14:21:47.811 10 INFO neutron.api.wsgi [None req-e17d260d-7610-42a7-8ea9-79a754124a34 1286d8d4d190427ba7998c367135e3cf 2165447a54bc47c89783c7dacd2b560f - - default default] 10.0.0.75 "DELETE /v2.0/networks/58f999ce-d8ee-4772-bbc6-4f66b497cb14 HTTP/1.1" status: 204 len: 168 time: 0.3030329
2026-07-01 14:21:47.812 10 INFO neutron.services.segments.plugin [-] Segment 06b9e102-a934-4fb8-9698-9ba3bd7b6d81 resource provider not found; error: Placement Client Error (4xx): {"errors": [{"status": 404, "title": "Not Found", "detail": "The resource could not be found.\n\n No resource provider with uuid 06b9e102-a934-4fb8-9698-9ba3bd7b6d81 found for delete ", "request_id": "req-1acfc57f-2afa-493d-a843-1304d2a35dc1"}]}
2026-07-01 14:21:47.976 10 INFO neutron.api.wsgi [None req-ce12dbfe-c555-4130-bd37-895eb03a701a 1286d8d4d190427ba7998c367135e3cf 2165447a54bc47c89783c7dacd2b560f - - default default] 10.0.0.75 "GET /v2.0/security-groups?tenant_id=52c2d8523c904e588676de342c693328&name=default HTTP/1.1" status: 200 len: 3120 time: 0.0273533
2026-07-01 14:21:47.979 9 WARNING neutron.scheduler.dhcp_agent_scheduler [None req-1b965d7c-f358-4aa8-a176-b0dde2f0f580 55a6f892eb1449bf8cc02118dfb15771 5aebe47009004de0bab6197a4cb8c35a - - default default] No more DHCP agents
2026-07-01 14:21:47.981 9 WARNING neutron.api.rpc.agentnotifiers.dhcp_rpc_agent_api [None req-1b965d7c-f358-4aa8-a176-b0dde2f0f580 55a6f892eb1449bf8cc02118dfb15771 5aebe47009004de0bab6197a4cb8c35a - - default default] Unable to schedule network 33b10bf0-7f4a-4cc2-844a-6a4d43f9d01f: no agents available; will retry on subsequent port and subnet creation events.
2026-07-01 14:21:48.187 10 INFO neutron.api.wsgi [None req-2351bda1-dfda-414f-93a1-ad3c06bdbea4 1286d8d4d190427ba7998c367135e3cf 2165447a54bc47c89783c7dacd2b560f - - default default] 10.0.0.75 "DELETE /v2.0/security-groups/815119f1-f01a-4f2f-88da-5a3216bb8db4 HTTP/1.1" status: 204 len: 168 time: 0.2065248
2026-07-01 14:21:48.191 10 INFO neutron.api.wsgi [req-e5c45e5c-fd54-4847-bd95-35349cb32651 req-4cb9e931-aa2b-4769-b5cb-849746d9a1bf d836a6dd4ede401eaab7ec6321376b08 e13e549f88db4177ac2d9885f42fafd1 - - default default] 10.0.0.142 "GET /v2.0/ports?device_id=d16ed7e8-c84c-4a87-832a-58f5f461baf3 HTTP/1.1" status: 200 len: 1172 time: 0.0403767
2026-07-01 14:21:48.234 10 INFO neutron.api.wsgi [req-e5c45e5c-fd54-4847-bd95-35349cb32651 req-c19bc466-943c-4239-a04f-2088b45b03e2 d836a6dd4ede401eaab7ec6321376b08 e13e549f88db4177ac2d9885f42fafd1 - - default default] 10.0.0.142 "GET /v2.0/security-groups?id=ea8554dc-68db-4517-a6d2-bf03a56d1e54&fields=id&fields=name HTTP/1.1" status: 200 len: 286 time: 0.0359311
2026-07-01 14:21:48.380 10 WARNING neutron.plugins.ml2.drivers.ovn.mech_driver.ovsdb.ovn_client [None req-95e16a2b-980e-44ba-9f87-b3812d32028a - - - - - -] No hosting information found for port 3ea475a5-fa33-4042-ba9a-6d7555f27cac: RuntimeError: No hosting information found for port 3ea475a5-fa33-4042-ba9a-6d7555f27cac
2026-07-01 14:21:48.380 10 INFO neutron.plugins.ml2.drivers.ovn.mech_driver.mech_driver [None req-95e16a2b-980e-44ba-9f87-b3812d32028a - - - - - -] OVN reports status up for port: 87626085-7905-4720-a3c2-8dc92ef80ff4
2026-07-01 14:21:48.387 10 INFO neutron.plugins.ml2.plugin [None req-95e16a2b-980e-44ba-9f87-b3812d32028a - - - - - -] Attempt 1 to provision port 87626085-7905-4720-a3c2-8dc92ef80ff4
2026-07-01 14:21:48.634 9 INFO neutron.db.ovn_revision_numbers_db [None req-1b965d7c-f358-4aa8-a176-b0dde2f0f580 55a6f892eb1449bf8cc02118dfb15771 5aebe47009004de0bab6197a4cb8c35a - - default default] Successfully bumped revision number for resource edb5c3f7-71df-458b-a5cb-294fb7f6808f (type: floatingips) to -1
2026-07-01 14:21:48.742 9 INFO neutron.db.ovn_revision_numbers_db [None req-1b965d7c-f358-4aa8-a176-b0dde2f0f580 55a6f892eb1449bf8cc02118dfb15771 5aebe47009004de0bab6197a4cb8c35a - - default default] Successfully bumped revision number for resource edb5c3f7-71df-458b-a5cb-294fb7f6808f (type: floatingips) to 1
2026-07-01 14:21:48.743 9 INFO neutron.db.l3_db [None req-1b965d7c-f358-4aa8-a176-b0dde2f0f580 55a6f892eb1449bf8cc02118dfb15771 5aebe47009004de0bab6197a4cb8c35a - - default default] Floating IP edb5c3f7-71df-458b-a5cb-294fb7f6808f associated. External IP: 10.96.250.203, port: e93acc21-321e-4062-aaad-dcbe66ed59c9.
2026-07-01 14:21:48.766 10 INFO neutron.db.ovn_revision_numbers_db [None req-95e16a2b-980e-44ba-9f87-b3812d32028a - - - - - -] Successfully bumped revision number for resource 87626085-7905-4720-a3c2-8dc92ef80ff4 (type: ports) to 2
2026-07-01 14:21:48.800 9 INFO neutron.api.wsgi [None req-1b965d7c-f358-4aa8-a176-b0dde2f0f580 55a6f892eb1449bf8cc02118dfb15771 5aebe47009004de0bab6197a4cb8c35a - - default default] 10.0.0.75 "POST /v2.0/floatingips HTTP/1.1" status: 201 len: 1041 time: 1.0409660
2026-07-01 14:21:48.853 10 INFO neutron.api.wsgi [None req-a7f0825a-bdf2-4502-a02c-c29f18caf676 55a6f892eb1449bf8cc02118dfb15771 5aebe47009004de0bab6197a4cb8c35a - - default default] 10.0.0.75 "GET /v2.0/floatingips/edb5c3f7-71df-458b-a5cb-294fb7f6808f HTTP/1.1" status: 200 len: 1038 time: 0.0473185
2026-07-01 14:21:48.927 10 INFO neutron.api.wsgi [None req-c58b4ea7-5d99-48f0-8e93-901bc66a4d7a 55a6f892eb1449bf8cc02118dfb15771 5aebe47009004de0bab6197a4cb8c35a - - default default] 10.0.0.75 "GET /v2.0/floatingips HTTP/1.1" status: 200 len: 1041 time: 0.0609968 /var/lib/openstack/lib/python3.12/site-packages/pycadf/identifier.py:71: UserWarning: Invalid uuid: neutron. To ensure interoperability, identifiers should be a valid uuid. warnings.warn(('Invalid uuid: %s. To ensure interoperability, '
2026-07-01 14:21:49.241 9 INFO neutron.db.ovn_revision_numbers_db [None req-2b218d63-1639-41dd-9fe1-558f35fd64c6 1286d8d4d190427ba7998c367135e3cf 2165447a54bc47c89783c7dacd2b560f - - default default] Successfully bumped revision number for resource de95d707-5f61-4081-9514-c29f205343f1 (type: security_groups) to 1
2026-07-01 14:21:49.253 9 INFO neutron.db.ovn_revision_numbers_db [None req-2b218d63-1639-41dd-9fe1-558f35fd64c6 1286d8d4d190427ba7998c367135e3cf 2165447a54bc47c89783c7dacd2b560f - - default default] Successfully bumped revision number for resource 9002e608-2fbf-4fc1-8c8d-948789da98c4 (type: security_group_rules) to 0
2026-07-01 14:21:49.271 9 INFO neutron.db.ovn_revision_numbers_db [None req-2b218d63-1639-41dd-9fe1-558f35fd64c6 1286d8d4d190427ba7998c367135e3cf 2165447a54bc47c89783c7dacd2b560f - - default default] Successfully bumped revision number for resource c474bef1-499f-48f8-9751-efcde96f0130 (type: security_group_rules) to 0
2026-07-01 14:21:49.287 9 INFO neutron.db.ovn_revision_numbers_db [None req-2b218d63-1639-41dd-9fe1-558f35fd64c6 1286d8d4d190427ba7998c367135e3cf 2165447a54bc47c89783c7dacd2b560f - - default default] Successfully bumped revision number for resource daacb9e4-d130-47d9-9802-84c6f88bfc5d (type: security_group_rules) to 0
2026-07-01 14:21:49.302 9 INFO neutron.db.ovn_revision_numbers_db [None req-2b218d63-1639-41dd-9fe1-558f35fd64c6 1286d8d4d190427ba7998c367135e3cf 2165447a54bc47c89783c7dacd2b560f - - default default] Successfully bumped revision number for resource df50d5bb-47f4-4625-8514-89f5aa7c2eae (type: security_group_rules) to 0
2026-07-01 14:21:49.337 9 INFO neutron.api.wsgi [None req-2b218d63-1639-41dd-9fe1-558f35fd64c6 1286d8d4d190427ba7998c367135e3cf 2165447a54bc47c89783c7dacd2b560f - - default default] 10.0.0.75 "GET /v2.0/security-groups?tenant_id=a0111753531f44c09d3bb2f8ef347e66&name=default HTTP/1.1" status: 200 len: 3120 time: 0.3159747
2026-07-01 14:21:49.397 10 INFO neutron.api.wsgi [req-53d09de1-d150-4c78-8d55-28d8ec75c953 req-f551e1a3-142a-4dd1-926d-1b09601c69d4 d836a6dd4ede401eaab7ec6321376b08 e13e549f88db4177ac2d9885f42fafd1 - - default default] 10.0.0.142 "GET /v2.0/ports?device_id=d16ed7e8-c84c-4a87-832a-58f5f461baf3 HTTP/1.1" status: 200 len: 1172 time: 0.1006494
2026-07-01 14:21:49.445 10 INFO neutron.api.wsgi [req-53d09de1-d150-4c78-8d55-28d8ec75c953 req-af1f74f1-47b7-4c09-a93b-295a8a06cb59 d836a6dd4ede401eaab7ec6321376b08 e13e549f88db4177ac2d9885f42fafd1 - - default default] 10.0.0.142 "GET /v2.0/security-groups?id=ea8554dc-68db-4517-a6d2-bf03a56d1e54&fields=id&fields=name HTTP/1.1" status: 200 len: 286 time: 0.0415769
2026-07-01 14:21:49.460 10 INFO neutron.db.ovn_revision_numbers_db [None req-5049aa0e-0268-4d4e-81db-d3c1f2effc5b 55a6f892eb1449bf8cc02118dfb15771 5aebe47009004de0bab6197a4cb8c35a - - default default] Successfully bumped revision number for resource edb5c3f7-71df-458b-a5cb-294fb7f6808f (type: floatingips) to 2
2026-07-01 14:21:49.544 10 INFO neutron.db.ovn_revision_numbers_db [None req-5049aa0e-0268-4d4e-81db-d3c1f2effc5b 55a6f892eb1449bf8cc02118dfb15771 5aebe47009004de0bab6197a4cb8c35a - - default default] Successfully bumped revision number for resource edb5c3f7-71df-458b-a5cb-294fb7f6808f (type: floatingips) to 2
2026-07-01 14:21:49.545 10 INFO neutron.db.l3_db [None req-5049aa0e-0268-4d4e-81db-d3c1f2effc5b 55a6f892eb1449bf8cc02118dfb15771 5aebe47009004de0bab6197a4cb8c35a - - default default] Floating IP edb5c3f7-71df-458b-a5cb-294fb7f6808f associated. External IP: 10.96.250.203, port: e93acc21-321e-4062-aaad-dcbe66ed59c9.
2026-07-01 14:21:49.590 10 INFO neutron.api.wsgi [None req-5049aa0e-0268-4d4e-81db-d3c1f2effc5b 55a6f892eb1449bf8cc02118dfb15771 5aebe47009004de0bab6197a4cb8c35a - - default default] 10.0.0.75 "PUT /v2.0/floatingips/edb5c3f7-71df-458b-a5cb-294fb7f6808f HTTP/1.1" status: 200 len: 1038 time: 0.6566501
2026-07-01 14:21:49.608 9 INFO neutron.api.wsgi [None req-f846b5a5-daef-44af-9119-4e1930905d33 1286d8d4d190427ba7998c367135e3cf 2165447a54bc47c89783c7dacd2b560f - - default default] 10.0.0.75 "DELETE /v2.0/security-groups/de95d707-5f61-4081-9514-c29f205343f1 HTTP/1.1" status: 204 len: 168 time: 0.2652209
2026-07-01 14:21:49.729 10 INFO neutron.db.ovn_revision_numbers_db [None req-43381da7-f587-4d6b-9b04-6a71a72b7b17 55a6f892eb1449bf8cc02118dfb15771 5aebe47009004de0bab6197a4cb8c35a - - default default] Successfully bumped revision number for resource edb5c3f7-71df-458b-a5cb-294fb7f6808f (type: floatingips) to 3
2026-07-01 14:21:49.789 10 INFO neutron.db.l3_db [None req-43381da7-f587-4d6b-9b04-6a71a72b7b17 55a6f892eb1449bf8cc02118dfb15771 5aebe47009004de0bab6197a4cb8c35a - - default default] Floating IP edb5c3f7-71df-458b-a5cb-294fb7f6808f disassociated. External IP: 10.96.250.203, port: 8f88f355-4b20-42d2-b82c-2d73d919ab02.
2026-07-01 14:21:49.820 10 INFO neutron.api.wsgi [None req-43381da7-f587-4d6b-9b04-6a71a72b7b17 55a6f892eb1449bf8cc02118dfb15771 5aebe47009004de0bab6197a4cb8c35a - - default default] 10.0.0.75 "PUT /v2.0/floatingips/edb5c3f7-71df-458b-a5cb-294fb7f6808f HTTP/1.1" status: 200 len: 748 time: 0.2258260
2026-07-01 14:21:50.072 10 INFO neutron.api.wsgi [None req-d86957fd-3dff-45cc-ad0e-a33659673283 55a6f892eb1449bf8cc02118dfb15771 5aebe47009004de0bab6197a4cb8c35a - - default default] 10.0.0.75 "DELETE /v2.0/floatingips/edb5c3f7-71df-458b-a5cb-294fb7f6808f HTTP/1.1" status: 204 len: 168 time: 0.2472038 /var/lib/openstack/lib/python3.12/site-packages/pycadf/identifier.py:71: UserWarning: Invalid uuid: neutron. To ensure interoperability, identifiers should be a valid uuid. warnings.warn(('Invalid uuid: %s. To ensure interoperability, '
2026-07-01 14:21:50.095 9 INFO neutron.api.v2.resource [None req-1528699a-f8b9-4ab1-80f2-c96cd6b15d14 55a6f892eb1449bf8cc02118dfb15771 5aebe47009004de0bab6197a4cb8c35a - - default default] delete failed (client error): The resource could not be found.
2026-07-01 14:21:50.096 9 INFO neutron.api.wsgi [None req-1528699a-f8b9-4ab1-80f2-c96cd6b15d14 55a6f892eb1449bf8cc02118dfb15771 5aebe47009004de0bab6197a4cb8c35a - - default default] 10.0.0.75 "DELETE /v2.0/floatingips/edb5c3f7-71df-458b-a5cb-294fb7f6808f HTTP/1.1" status: 404 len: 345 time: 0.0193410
2026-07-01 14:21:50.168 10 INFO neutron.db.ovn_revision_numbers_db [None req-4dbc84f3-7609-42b5-b04f-f5f696c136dd 1286d8d4d190427ba7998c367135e3cf 2165447a54bc47c89783c7dacd2b560f - - default default] Successfully bumped revision number for resource 2a019f60-c647-432e-8eb5-33727dc9d22c (type: security_groups) to 1
2026-07-01 14:21:50.178 10 INFO neutron.db.ovn_revision_numbers_db [None req-4dbc84f3-7609-42b5-b04f-f5f696c136dd 1286d8d4d190427ba7998c367135e3cf 2165447a54bc47c89783c7dacd2b560f - - default default] Successfully bumped revision number for resource 54b5e26f-c26a-481a-a038-148a3e383a3d (type: security_group_rules) to 0
2026-07-01 14:21:50.199 10 INFO neutron.db.ovn_revision_numbers_db [None req-4dbc84f3-7609-42b5-b04f-f5f696c136dd 1286d8d4d190427ba7998c367135e3cf 2165447a54bc47c89783c7dacd2b560f - - default default] Successfully bumped revision number for resource a3bdf638-3c9f-4c78-ba81-35e1b55114c3 (type: security_group_rules) to 0
2026-07-01 14:21:50.210 10 INFO neutron.db.ovn_revision_numbers_db [None req-4dbc84f3-7609-42b5-b04f-f5f696c136dd 1286d8d4d190427ba7998c367135e3cf 2165447a54bc47c89783c7dacd2b560f - - default default] Successfully bumped revision number for resource ba0264eb-b8bd-49ce-9e71-b4a8a871966d (type: security_group_rules) to 0
2026-07-01 14:21:50.219 10 INFO neutron.db.ovn_revision_numbers_db [None req-4dbc84f3-7609-42b5-b04f-f5f696c136dd 1286d8d4d190427ba7998c367135e3cf 2165447a54bc47c89783c7dacd2b560f - - default default] Successfully bumped revision number for resource db12caae-0618-45ff-8d1f-eeafa6b26a2b (type: security_group_rules) to 0
2026-07-01 14:21:50.278 10 INFO neutron.db.segments_db [None req-4dbc84f3-7609-42b5-b04f-f5f696c136dd 1286d8d4d190427ba7998c367135e3cf 2165447a54bc47c89783c7dacd2b560f - - default default] Added segment 8fa4349e-2df3-429d-87e8-9725580525d8 of type geneve for network 7dcc8e5a-ef14-4fb0-8ae2-1e5efda2a589
2026-07-01 14:21:50.371 10 INFO neutron.db.ovn_revision_numbers_db [None req-4dbc84f3-7609-42b5-b04f-f5f696c136dd 1286d8d4d190427ba7998c367135e3cf 2165447a54bc47c89783c7dacd2b560f - - default default] Successfully bumped revision number for resource 7dcc8e5a-ef14-4fb0-8ae2-1e5efda2a589 (type: networks) to 1
2026-07-01 14:21:50.378 9 INFO neutron.api.wsgi [None req-18b7a13e-d3e6-42d1-be3f-f16e7aec0c48 55a6f892eb1449bf8cc02118dfb15771 5aebe47009004de0bab6197a4cb8c35a - - default default] 10.0.0.75 "DELETE /v2.0/ports/8f88f355-4b20-42d2-b82c-2d73d919ab02 HTTP/1.1" status: 204 len: 168 time: 0.2757881
2026-07-01 14:21:50.521 10 WARNING neutron.scheduler.dhcp_agent_scheduler [None req-4dbc84f3-7609-42b5-b04f-f5f696c136dd 1286d8d4d190427ba7998c367135e3cf 2165447a54bc47c89783c7dacd2b560f - - default default] No more DHCP agents
2026-07-01 14:21:50.523 10 WARNING neutron.api.rpc.agentnotifiers.dhcp_rpc_agent_api [None req-4dbc84f3-7609-42b5-b04f-f5f696c136dd 1286d8d4d190427ba7998c367135e3cf 2165447a54bc47c89783c7dacd2b560f - - default default] Unable to schedule network 7dcc8e5a-ef14-4fb0-8ae2-1e5efda2a589: no agents available; will retry on subsequent port and subnet creation events.
2026-07-01 14:21:50.534 10 INFO neutron.api.wsgi [req-d506ef2a-5d40-4c6e-af82-6ed477e337ca req-684a7f8d-f982-40b4-81e3-9eea4cc3ce35 d836a6dd4ede401eaab7ec6321376b08 e13e549f88db4177ac2d9885f42fafd1 - - default default] 10.0.0.142 "GET /v2.0/ports?device_id=d16ed7e8-c84c-4a87-832a-58f5f461baf3 HTTP/1.1" status: 200 len: 1172 time: 0.0336041
2026-07-01 14:21:50.579 10 INFO neutron.api.wsgi [req-d506ef2a-5d40-4c6e-af82-6ed477e337ca req-e8b52bff-a36b-45b0-8ac5-bd949b6a69b1 d836a6dd4ede401eaab7ec6321376b08 e13e549f88db4177ac2d9885f42fafd1 - - default default] 10.0.0.142 "GET /v2.0/security-groups?id=ea8554dc-68db-4517-a6d2-bf03a56d1e54&fields=id&fields=name HTTP/1.1" status: 200 len: 286 time: 0.0382440
2026-07-01 14:21:50.593 10 INFO neutron.db.ovn_revision_numbers_db [None req-4dbc84f3-7609-42b5-b04f-f5f696c136dd 1286d8d4d190427ba7998c367135e3cf 2165447a54bc47c89783c7dacd2b560f - - default default] Successfully bumped revision number for resource 1924b34e-bbc8-4ac8-b6df-2eecda6c15f7 (type: ports) to 1
2026-07-01 14:21:50.611 10 INFO neutron.api.wsgi [None req-4dbc84f3-7609-42b5-b04f-f5f696c136dd 1286d8d4d190427ba7998c367135e3cf 2165447a54bc47c89783c7dacd2b560f - - default default] 10.0.0.75 "POST /v2.0/networks HTTP/1.1" status: 201 len: 945 time: 0.6836903
2026-07-01 14:21:50.653 9 INFO neutron.api.wsgi [None req-4b3e47b1-7f32-49b7-b01d-0a7275376d02 55a6f892eb1449bf8cc02118dfb15771 5aebe47009004de0bab6197a4cb8c35a - - default default] 10.0.0.75 "DELETE /v2.0/ports/e93acc21-321e-4062-aaad-dcbe66ed59c9 HTTP/1.1" status: 204 len: 168 time: 0.2709386
2026-07-01 14:21:50.684 9 INFO neutron.api.wsgi [None req-62da1ff8-0e82-4c65-88f2-f42612d15495 55a6f892eb1449bf8cc02118dfb15771 5aebe47009004de0bab6197a4cb8c35a - - default default] 10.0.0.75 "GET /v2.0/ports?device_id=822927de-dfdb-4c12-a005-737dec7b5712 HTTP/1.1" status: 200 len: 1140 time: 0.0235469
2026-07-01 14:21:50.736 10 WARNING neutron.scheduler.dhcp_agent_scheduler [None req-a57827fc-16cf-4b7e-ac9c-e4bdc8beae5e 1286d8d4d190427ba7998c367135e3cf 2165447a54bc47c89783c7dacd2b560f - - default default] No more DHCP agents
2026-07-01 14:21:50.737 10 WARNING neutron.api.rpc.agentnotifiers.dhcp_rpc_agent_api [None req-a57827fc-16cf-4b7e-ac9c-e4bdc8beae5e 1286d8d4d190427ba7998c367135e3cf 2165447a54bc47c89783c7dacd2b560f - - default default] Unable to schedule network 7dcc8e5a-ef14-4fb0-8ae2-1e5efda2a589: no agents available; will retry on subsequent port and subnet creation events.
2026-07-01 14:21:51.146 10 INFO neutron.db.ovn_revision_numbers_db [None req-4f76e0f5-1b7c-4348-b4ba-a01ea4c21427 - - - - - -] Successfully bumped revision number for resource 1924b34e-bbc8-4ac8-b6df-2eecda6c15f7 (type: ports) to 2
2026-07-01 14:21:51.176 10 INFO neutron.db.ovn_revision_numbers_db [None req-4f76e0f5-1b7c-4348-b4ba-a01ea4c21427 - - - - - -] Successfully bumped revision number for resource 1802309a-7a12-45aa-86d1-83766e4279a7 (type: subnets) to 0
2026-07-01 14:21:51.191 10 INFO neutron.api.wsgi [None req-a57827fc-16cf-4b7e-ac9c-e4bdc8beae5e 1286d8d4d190427ba7998c367135e3cf 2165447a54bc47c89783c7dacd2b560f - - default default] 10.0.0.75 "POST /v2.0/subnets HTTP/1.1" status: 201 len: 889 time: 0.5742698
2026-07-01 14:21:51.521 9 INFO neutron.api.wsgi [None req-57a5e633-a5b5-4746-b9ac-e1cb3e90b55d 55a6f892eb1449bf8cc02118dfb15771 5aebe47009004de0bab6197a4cb8c35a - - default default] 10.0.0.75 "PUT /v2.0/routers/822927de-dfdb-4c12-a005-737dec7b5712/remove_router_interface HTTP/1.1" status: 200 len: 503 time: 0.8234534 /var/lib/openstack/lib/python3.12/site-packages/pycadf/identifier.py:71: UserWarning: Invalid uuid: neutron. To ensure interoperability, identifiers should be a valid uuid. warnings.warn(('Invalid uuid: %s. To ensure interoperability, '
2026-07-01 14:21:51.671 10 INFO neutron.api.wsgi [req-d8913612-2a8e-4547-b75a-a72cacda7e29 req-c303d5f4-67a4-4bcd-a952-7d4ea4cbd1c3 d836a6dd4ede401eaab7ec6321376b08 e13e549f88db4177ac2d9885f42fafd1 - - default default] 10.0.0.142 "GET /v2.0/ports?device_id=d16ed7e8-c84c-4a87-832a-58f5f461baf3 HTTP/1.1" status: 200 len: 1172 time: 0.0329423
2026-07-01 14:21:51.685 9 WARNING neutron.scheduler.dhcp_agent_scheduler [None req-511519cf-a7da-4dc7-b2d1-535c8a040e4f 1286d8d4d190427ba7998c367135e3cf 2165447a54bc47c89783c7dacd2b560f - - default default] No more DHCP agents
2026-07-01 14:21:51.686 9 WARNING neutron.api.rpc.agentnotifiers.dhcp_rpc_agent_api [None req-511519cf-a7da-4dc7-b2d1-535c8a040e4f 1286d8d4d190427ba7998c367135e3cf 2165447a54bc47c89783c7dacd2b560f - - default default] Unable to schedule network 33b10bf0-7f4a-4cc2-844a-6a4d43f9d01f: no agents available; will retry on subsequent port and subnet creation events.
2026-07-01 14:21:51.707 10 INFO neutron.api.wsgi [req-d8913612-2a8e-4547-b75a-a72cacda7e29 req-614689ca-566e-4b2c-9cfa-dde061cbf10c d836a6dd4ede401eaab7ec6321376b08 e13e549f88db4177ac2d9885f42fafd1 - - default default] 10.0.0.142 "GET /v2.0/security-groups?id=ea8554dc-68db-4517-a6d2-bf03a56d1e54&fields=id&fields=name HTTP/1.1" status: 200 len: 286 time: 0.0317435
2026-07-01 14:21:51.821 9 INFO neutron.db.ovn_revision_numbers_db [None req-511519cf-a7da-4dc7-b2d1-535c8a040e4f 1286d8d4d190427ba7998c367135e3cf 2165447a54bc47c89783c7dacd2b560f - - default default] Successfully bumped revision number for resource c6289e61-8c0b-46d3-8748-c75f3a0370ce (type: ports) to 1
2026-07-01 14:21:52.100 9 INFO neutron.api.wsgi [None req-f12fdd37-9245-41ee-95cf-1a873e1fc8c7 1286d8d4d190427ba7998c367135e3cf 2165447a54bc47c89783c7dacd2b560f - - default default] 10.0.0.201 "GET /v2.0/ports HTTP/1.1" status: 200 len: 12699 time: 0.1888831
2026-07-01 14:21:52.135 9 INFO neutron.api.wsgi [None req-2ee3faff-1f73-4edf-83de-805f93fc7c2e 1286d8d4d190427ba7998c367135e3cf 2165447a54bc47c89783c7dacd2b560f - - default default] 10.0.0.201 "GET /v2.0/network-ip-availabilities HTTP/1.1" status: 200 len: 2659 time: 0.0289841
2026-07-01 14:21:52.158 9 INFO neutron.api.wsgi [None req-e75a4e32-f198-4a73-9cf1-a5945d44663d 1286d8d4d190427ba7998c367135e3cf 2165447a54bc47c89783c7dacd2b560f - - default default] 10.0.0.201 "GET /v2.0/floatingips HTTP/1.1" status: 200 len: 193 time: 0.0212517
2026-07-01 14:21:52.199 9 INFO neutron.api.wsgi [None req-efb5ba8a-0697-4af8-a449-b43b1b593014 1286d8d4d190427ba7998c367135e3cf 2165447a54bc47c89783c7dacd2b560f - - default default] 10.0.0.201 "GET /v2.0/subnets HTTP/1.1" status: 200 len: 3476 time: 0.0401416
2026-07-01 14:21:52.297 9 INFO neutron.api.wsgi [None req-70104869-51fd-49ae-b270-13f4ba8c1b5e 1286d8d4d190427ba7998c367135e3cf 2165447a54bc47c89783c7dacd2b560f - - default default] 10.0.0.201 "GET /v2.0/routers HTTP/1.1" status: 200 len: 2725 time: 0.0913615
2026-07-01 14:21:52.346 9 INFO neutron.api.wsgi [None req-ca070ecf-d707-4c70-b05c-89499b76b8c2 1286d8d4d190427ba7998c367135e3cf 2165447a54bc47c89783c7dacd2b560f - - default default] 10.0.0.201 "GET /v2.0/agents?binary=ovn-controller HTTP/1.1" status: 200 len: 591 time: 0.0467703
2026-07-01 14:21:52.369 9 INFO neutron.api.wsgi [None req-aa27ece6-f8cf-4e7b-b1dc-13a697c3abe1 55a6f892eb1449bf8cc02118dfb15771 5aebe47009004de0bab6197a4cb8c35a - - default default] 10.0.0.75 "DELETE /v2.0/routers/822927de-dfdb-4c12-a005-737dec7b5712 HTTP/1.1" status: 204 len: 168 time: 0.8426294
2026-07-01 14:21:52.405 9 INFO neutron.api.wsgi [None req-86506c8b-2ca5-4189-a43b-ebeedcb44f7d 1286d8d4d190427ba7998c367135e3cf 2165447a54bc47c89783c7dacd2b560f - - default default] 10.0.0.201 "GET /v2.0/networks HTTP/1.1" status: 200 len: 4628 time: 0.0579238
2026-07-01 14:21:52.494 10 INFO neutron.api.wsgi [None req-67484363-7624-4af8-9b38-3319545e449c 55a6f892eb1449bf8cc02118dfb15771 5aebe47009004de0bab6197a4cb8c35a - - default default] 10.0.0.75 "DELETE /v2.0/subnets/cd488dbc-24e0-447f-b5c7-0fbb9fa7e781 HTTP/1.1" status: 204 len: 168 time: 0.1210468
2026-07-01 14:21:52.670 9 INFO neutron.api.wsgi [None req-5689de08-ff30-4a87-ba80-b3e3a1691843 1286d8d4d190427ba7998c367135e3cf 2165447a54bc47c89783c7dacd2b560f - - default default] 10.0.0.201 "GET /v2.0/security-groups HTTP/1.1" status: 200 len: 26286 time: 0.2609055
2026-07-01 14:21:52.695 9 INFO neutron.api.wsgi [None req-7624e050-c565-4564-8dec-5c0d900dc692 1286d8d4d190427ba7998c367135e3cf 2165447a54bc47c89783c7dacd2b560f - - default default] 10.0.0.201 "GET /v2.0/agents HTTP/1.1" status: 200 len: 1390 time: 0.0151014
2026-07-01 14:21:52.727 9 INFO neutron.api.wsgi [None req-731f8ac0-8115-48fb-9601-17c76312ef84 1286d8d4d190427ba7998c367135e3cf 2165447a54bc47c89783c7dacd2b560f - - default default] 10.0.0.201 "GET /v2.0/subnets HTTP/1.1" status: 200 len: 2841 time: 0.0299456
2026-07-01 14:21:52.738 9 INFO neutron.api.wsgi [None req-0fa95014-20d8-4ebb-8cdc-3ac589cb9b94 1286d8d4d190427ba7998c367135e3cf 2165447a54bc47c89783c7dacd2b560f - - default default] 10.0.0.201 "GET /v2.0/subnetpools HTTP/1.1" status: 200 len: 193 time: 0.0080178
2026-07-01 14:21:52.793 10 INFO neutron.api.wsgi [None req-d1429cbc-314f-4210-ad5e-9f72c878f5f3 57b0941208c348df9045d54a9eb9dae8 8bcc573a526f46289d29ec433cc0ea86 - - default default] 10.0.0.222 "GET /v2.0/extensions HTTP/1.1" status: 200 len: 19298 time: 0.0577884
2026-07-01 14:21:52.807 10 INFO neutron.services.segments.plugin [-] Segment dbe7550b-2269-470f-a5e8-6c84256541e9 resource provider aggregate not found
2026-07-01 14:21:52.811 10 INFO neutron.services.segments.plugin [-] Segment dbe7550b-2269-470f-a5e8-6c84256541e9 resource provider aggregate not found
2026-07-01 14:21:52.824 10 INFO neutron.services.segments.plugin [-] Segment dbe7550b-2269-470f-a5e8-6c84256541e9 resource provider not found; error: Placement Client Error (4xx): {"errors": [{"status": 404, "title": "Not Found", "detail": "The resource could not be found.\n\n No resource provider with uuid dbe7550b-2269-470f-a5e8-6c84256541e9 found for delete ", "request_id": "req-eb835398-acf5-40ea-9a9c-2952a1c77db9"}]}
2026-07-01 14:21:52.827 10 INFO neutron.api.wsgi [req-d6b15af5-11d9-48ff-9cfd-852e6cb3e790 req-feac27e8-c962-4c69-8c0c-3c66b1a01435 d836a6dd4ede401eaab7ec6321376b08 e13e549f88db4177ac2d9885f42fafd1 - - default default] 10.0.0.142 "GET /v2.0/ports?device_id=d16ed7e8-c84c-4a87-832a-58f5f461baf3 HTTP/1.1" status: 200 len: 1172 time: 0.0557566
2026-07-01 14:21:52.829 10 INFO neutron.services.segments.plugin [-] Segment dbe7550b-2269-470f-a5e8-6c84256541e9 resource provider not found; error: Placement Client Error (4xx): {"errors": [{"status": 404, "title": "Not Found", "detail": "The resource could not be found.\n\n No resource provider with uuid dbe7550b-2269-470f-a5e8-6c84256541e9 found for delete ", "request_id": "req-cd897c0f-d598-45db-8c6c-c0c202f7d6f7"}]}
2026-07-01 14:21:52.859 10 INFO neutron.api.wsgi [None req-b51e6195-8b4b-4a7c-9077-ed90fed5106d 55a6f892eb1449bf8cc02118dfb15771 5aebe47009004de0bab6197a4cb8c35a - - default default] 10.0.0.75 "DELETE /v2.0/networks/d264abc8-c339-4d33-a07e-279d1568ae56 HTTP/1.1" status: 204 len: 168 time: 0.3609297
2026-07-01 14:21:52.876 10 INFO neutron.api.wsgi [req-d6b15af5-11d9-48ff-9cfd-852e6cb3e790 req-e89985e6-dcf8-4025-b31c-4cfa12e33de2 d836a6dd4ede401eaab7ec6321376b08 e13e549f88db4177ac2d9885f42fafd1 - - default default] 10.0.0.142 "GET /v2.0/security-groups?id=ea8554dc-68db-4517-a6d2-bf03a56d1e54&fields=id&fields=name HTTP/1.1" status: 200 len: 286 time: 0.0443876
2026-07-01 14:21:52.884 9 INFO neutron.plugins.ml2.drivers.ovn.mech_driver.ovsdb.commands [None req-8ee22e53-905b-4b57-8972-971e3340d3be - - - - - -] Schedule LRP lrp-c6289e61-8c0b-46d3-8748-c75f3a0370ce on gateway 09f791e7-6b32-4bb6-b195-2d1a5195c949 with priority 1
2026-07-01 14:21:52.892 9 INFO neutron.plugins.ml2.drivers.ovn.mech_driver.mech_driver [None req-5f4edd38-e7e7-43c5-95d0-305b986acdac - - - - - -] OVN reports status up for port: c6289e61-8c0b-46d3-8748-c75f3a0370ce
2026-07-01 14:21:52.910 9 INFO neutron.plugins.ml2.plugin [None req-5f4edd38-e7e7-43c5-95d0-305b986acdac - - - - - -] Attempt 1 to provision port c6289e61-8c0b-46d3-8748-c75f3a0370ce
2026-07-01 14:21:52.915 9 INFO neutron.plugins.ml2.drivers.ovn.mech_driver.ovsdb.ovsdb_monitor [None req-22ceccf7-38f8-4969-8608-ba001ba705fc - - - - - -] Router 4ff2f348-c167-42bf-aeec-d1866e4da71f is bound to host instance
2026-07-01 14:21:52.945 9 INFO neutron.db.ovn_revision_numbers_db [None req-511519cf-a7da-4dc7-b2d1-535c8a040e4f 1286d8d4d190427ba7998c367135e3cf 2165447a54bc47c89783c7dacd2b560f - - default default] Successfully bumped revision number for resource c6289e61-8c0b-46d3-8748-c75f3a0370ce (type: router_ports) to 1
2026-07-01 14:21:53.041 9 INFO neutron.api.wsgi [None req-be3da6be-44f5-4a2f-893a-e91ae85fadbc 57b0941208c348df9045d54a9eb9dae8 8bcc573a526f46289d29ec433cc0ea86 - - default default] 10.0.0.222 "GET /v2.0/quotas/8bcc573a526f46289d29ec433cc0ea86/details HTTP/1.1" status: 200 len: 1046 time: 0.2336843
2026-07-01 14:21:53.063 9 INFO neutron.db.ovn_revision_numbers_db [None req-511519cf-a7da-4dc7-b2d1-535c8a040e4f 1286d8d4d190427ba7998c367135e3cf 2165447a54bc47c89783c7dacd2b560f - - default default] Successfully bumped revision number for resource 4ff2f348-c167-42bf-aeec-d1866e4da71f (type: routers) to 2
2026-07-01 14:21:53.083 9 INFO neutron.api.wsgi [None req-511519cf-a7da-4dc7-b2d1-535c8a040e4f 1286d8d4d190427ba7998c367135e3cf 2165447a54bc47c89783c7dacd2b560f - - default default] 10.0.0.75 "POST /v2.0/routers HTTP/1.1" status: 201 len: 1167 time: 1.8831732
2026-07-01 14:21:53.174 10 WARNING neutron.plugins.ml2.drivers.ovn.mech_driver.ovsdb.ovn_client [None req-11c2cf2a-3c2a-48c5-9c3d-0c8d3214c0e4 - - - - - -] No port found with ID 87626085-7905-4720-a3c2-8dc92ef80ff4: RuntimeError: No port found with ID 87626085-7905-4720-a3c2-8dc92ef80ff4
2026-07-01 14:21:53.185 10 INFO neutron.plugins.ml2.drivers.ovn.mech_driver.mech_driver [None req-11c2cf2a-3c2a-48c5-9c3d-0c8d3214c0e4 - - - - - -] OVN reports status up for port: 22f6e126-1b9e-4b1b-88b7-7237368e59ca
2026-07-01 14:21:53.206 10 INFO neutron.plugins.ml2.plugin [None req-11c2cf2a-3c2a-48c5-9c3d-0c8d3214c0e4 - - - - - -] Attempt 1 to provision port 22f6e126-1b9e-4b1b-88b7-7237368e59ca
2026-07-01 14:21:53.298 10 INFO neutron.notifiers.nova [-] Nova event matching ['req-558433bb-b22a-4e14-9051-d6cb7b9138b7'] response: {'server_uuid': 'd16ed7e8-c84c-4a87-832a-58f5f461baf3', 'name': 'network-vif-plugged', 'status': 'completed', 'tag': '22f6e126-1b9e-4b1b-88b7-7237368e59ca', 'code': 200}
2026-07-01 14:21:53.395 10 INFO neutron.db.ovn_revision_numbers_db [None req-11c2cf2a-3c2a-48c5-9c3d-0c8d3214c0e4 - - - - - -] Successfully bumped revision number for resource 22f6e126-1b9e-4b1b-88b7-7237368e59ca (type: ports) to 5 /var/lib/openstack/lib/python3.12/site-packages/pycadf/identifier.py:71: UserWarning: Invalid uuid: neutron. To ensure interoperability, identifiers should be a valid uuid. warnings.warn(('Invalid uuid: %s. To ensure interoperability, '
2026-07-01 14:21:53.505 9 INFO neutron.db.ovn_revision_numbers_db [None req-704cfe03-bb72-4c61-93b3-e0f78171abb2 - - - - - -] Successfully bumped revision number for resource c6289e61-8c0b-46d3-8748-c75f3a0370ce (type: ports) to 1
2026-07-01 14:21:53.520 10 INFO neutron.api.wsgi [None req-443d49cb-a1b1-47c6-a74f-16617bb33fda 1286d8d4d190427ba7998c367135e3cf 2165447a54bc47c89783c7dacd2b560f - - default default] 10.0.0.75 "GET /v2.0/security-groups?tenant_id=5aebe47009004de0bab6197a4cb8c35a&name=default HTTP/1.1" status: 200 len: 3120 time: 0.1926038
2026-07-01 14:21:53.673 9 WARNING neutron.scheduler.dhcp_agent_scheduler [None req-6027b08f-d46c-4a02-8993-9a98e63a7bb7 1286d8d4d190427ba7998c367135e3cf 2165447a54bc47c89783c7dacd2b560f - - default default] No more DHCP agents
2026-07-01 14:21:53.677 9 WARNING neutron.api.rpc.agentnotifiers.dhcp_rpc_agent_api [None req-6027b08f-d46c-4a02-8993-9a98e63a7bb7 1286d8d4d190427ba7998c367135e3cf 2165447a54bc47c89783c7dacd2b560f - - default default] Unable to schedule network 7dcc8e5a-ef14-4fb0-8ae2-1e5efda2a589: no agents available; will retry on subsequent port and subnet creation events.
2026-07-01 14:21:53.856 10 INFO neutron.api.wsgi [-] 10.0.0.12 "GET / HTTP/1.1" status: 200 len: 247 time: 0.0027194
2026-07-01 14:21:53.859 10 INFO neutron.api.wsgi [-] 10.0.0.12 "GET / HTTP/1.1" status: 200 len: 247 time: 0.0016842
2026-07-01 14:21:53.893 9 INFO neutron.db.ovn_revision_numbers_db [None req-6027b08f-d46c-4a02-8993-9a98e63a7bb7 1286d8d4d190427ba7998c367135e3cf 2165447a54bc47c89783c7dacd2b560f - - default default] Successfully bumped revision number for resource 9ed56f55-b13f-45a7-a609-536389b06393 (type: ports) to 1
2026-07-01 14:21:53.940 9 INFO neutron.api.wsgi [None req-cdc916e8-897a-413e-801c-22217e563b13 1286d8d4d190427ba7998c367135e3cf 2165447a54bc47c89783c7dacd2b560f - - default default] 10.0.0.75 "DELETE /v2.0/security-groups/0571b9c9-a0e8-467b-974d-8d91a4aea7b8 HTTP/1.1" status: 204 len: 168 time: 0.4133956 /var/lib/openstack/lib/python3.12/site-packages/pycadf/identifier.py:71: UserWarning: Invalid uuid: neutron. To ensure interoperability, identifiers should be a valid uuid. warnings.warn(('Invalid uuid: %s. To ensure interoperability, '
2026-07-01 14:21:54.005 10 INFO neutron.api.wsgi [req-906c338a-ff67-4fa5-8042-a552bb9fd374 req-bb3e603b-25a4-4620-906a-8fe52ec9cbf7 d836a6dd4ede401eaab7ec6321376b08 e13e549f88db4177ac2d9885f42fafd1 - - default default] 10.0.0.142 "GET /v2.0/ports?device_id=d16ed7e8-c84c-4a87-832a-58f5f461baf3 HTTP/1.1" status: 200 len: 1174 time: 0.0499678
2026-07-01 14:21:54.026 9 INFO neutron.db.ovn_revision_numbers_db [None req-704cfe03-bb72-4c61-93b3-e0f78171abb2 - - - - - -] Successfully bumped revision number for resource c6289e61-8c0b-46d3-8748-c75f3a0370ce (type: ports) to 4
2026-07-01 14:21:54.044 10 INFO neutron.api.wsgi [req-906c338a-ff67-4fa5-8042-a552bb9fd374 req-8298e8a1-3d8e-46ad-8805-4ced17a3ff74 d836a6dd4ede401eaab7ec6321376b08 e13e549f88db4177ac2d9885f42fafd1 - - default default] 10.0.0.142 "GET /v2.0/security-groups?id=ea8554dc-68db-4517-a6d2-bf03a56d1e54&fields=id&fields=name HTTP/1.1" status: 200 len: 286 time: 0.0342164
2026-07-01 14:21:54.392 9 INFO neutron.db.ovn_revision_numbers_db [None req-704cfe03-bb72-4c61-93b3-e0f78171abb2 - - - - - -] Successfully bumped revision number for resource c6289e61-8c0b-46d3-8748-c75f3a0370ce (type: ports) to 5
2026-07-01 14:21:54.518 9 INFO neutron.db.ovn_revision_numbers_db [None req-6027b08f-d46c-4a02-8993-9a98e63a7bb7 1286d8d4d190427ba7998c367135e3cf 2165447a54bc47c89783c7dacd2b560f - - default default] Successfully bumped revision number for resource 9ed56f55-b13f-45a7-a609-536389b06393 (type: ports) to 1
2026-07-01 14:21:54.558 9 WARNING neutron.scheduler.dhcp_agent_scheduler [None req-6027b08f-d46c-4a02-8993-9a98e63a7bb7 1286d8d4d190427ba7998c367135e3cf 2165447a54bc47c89783c7dacd2b560f - - default default] No more DHCP agents
