2026-07-01 14:20:11.708 9 WARNING neutron.scheduler.dhcp_agent_scheduler [None req-36ddf47d-e6b7-4e00-8846-54aa740e1abe 1286d8d4d190427ba7998c367135e3cf 2165447a54bc47c89783c7dacd2b560f - - default default] No more DHCP agents
2026-07-01 14:20:11.711 9 WARNING neutron.api.rpc.agentnotifiers.dhcp_rpc_agent_api [None req-36ddf47d-e6b7-4e00-8846-54aa740e1abe 1286d8d4d190427ba7998c367135e3cf 2165447a54bc47c89783c7dacd2b560f - - default default] Unable to schedule network 5feaa882-c7e1-4122-b562-42325eb82751: no agents available; will retry on subsequent port and subnet creation events.
2026-07-01 14:20:12.152 9 INFO neutron.db.ovn_revision_numbers_db [None req-dd5e9984-b2e2-41e7-aa47-43d273584445 - - - - - -] Successfully bumped revision number for resource 22b7f7e7-a2b3-4e0c-882c-57daa91c3ffe (type: ports) to 2
2026-07-01 14:20:12.185 9 INFO neutron.db.ovn_revision_numbers_db [None req-dd5e9984-b2e2-41e7-aa47-43d273584445 - - - - - -] Successfully bumped revision number for resource ef639115-fe3e-4c3a-8cf1-e41c5242a5b3 (type: subnets) to 0
2026-07-01 14:20:12.200 9 INFO neutron.api.wsgi [None req-36ddf47d-e6b7-4e00-8846-54aa740e1abe 1286d8d4d190427ba7998c367135e3cf 2165447a54bc47c89783c7dacd2b560f - - default default] 10.0.0.75 "POST /v2.0/subnets HTTP/1.1" status: 201 len: 889 time: 0.6424768
2026-07-01 14:20:12.565 10 INFO neutron.api.wsgi [req-dd4f3acf-9069-4615-a928-0c9a723d1daf req-bb7430f0-59d5-4762-a237-9960eec985f1 063c899aabf2493db22572492fd2ab17 cc42dd36f5a04cca907565972b5369d4 - - default default] 10.0.0.142 "GET /v2.0/ports?device_id=76d8f4ad-0279-4b59-bc26-bbd00fa4d8ce HTTP/1.1" status: 200 len: 210 time: 0.0168476
2026-07-01 14:20:12.619 9 WARNING neutron.scheduler.dhcp_agent_scheduler [None req-831b7551-41a8-4326-a30b-d71e70e5040a 1286d8d4d190427ba7998c367135e3cf 2165447a54bc47c89783c7dacd2b560f - - default default] No more DHCP agents
2026-07-01 14:20:12.622 9 WARNING neutron.api.rpc.agentnotifiers.dhcp_rpc_agent_api [None req-831b7551-41a8-4326-a30b-d71e70e5040a 1286d8d4d190427ba7998c367135e3cf 2165447a54bc47c89783c7dacd2b560f - - default default] Unable to schedule network 33b10bf0-7f4a-4cc2-844a-6a4d43f9d01f: no agents available; will retry on subsequent port and subnet creation events.
2026-07-01 14:20:12.756 9 INFO neutron.db.ovn_revision_numbers_db [None req-831b7551-41a8-4326-a30b-d71e70e5040a 1286d8d4d190427ba7998c367135e3cf 2165447a54bc47c89783c7dacd2b560f - - default default] Successfully bumped revision number for resource 7e34018d-8f10-4b2c-94b4-e091ba21924e (type: ports) to 1
2026-07-01 14:20:12.991 10 WARNING neutron.plugins.ml2.drivers.ovn.mech_driver.ovsdb.ovn_client [None req-abe60fd1-d1d6-4df1-adc9-4e54bd8aedcf - - - - - -] No port found with ID b132cb14-6b1e-4ea9-b080-bf5bf688fb44: RuntimeError: No port found with ID b132cb14-6b1e-4ea9-b080-bf5bf688fb44
2026-07-01 14:20:13.230 9 INFO neutron.db.ovn_revision_numbers_db [None req-f8073b52-ae17-4ba4-8cb1-d25406983ff6 1286d8d4d190427ba7998c367135e3cf 2165447a54bc47c89783c7dacd2b560f - - default default] Successfully bumped revision number for resource 0dca5fb8-656f-44a8-b469-5efcc4a823df (type: security_groups) to 1
2026-07-01 14:20:13.249 9 INFO neutron.db.ovn_revision_numbers_db [None req-f8073b52-ae17-4ba4-8cb1-d25406983ff6 1286d8d4d190427ba7998c367135e3cf 2165447a54bc47c89783c7dacd2b560f - - default default] Successfully bumped revision number for resource 2f9491bd-e674-4bfe-a3fb-64e14b092d72 (type: security_group_rules) to 0
2026-07-01 14:20:13.262 9 INFO neutron.db.ovn_revision_numbers_db [None req-f8073b52-ae17-4ba4-8cb1-d25406983ff6 1286d8d4d190427ba7998c367135e3cf 2165447a54bc47c89783c7dacd2b560f - - default default] Successfully bumped revision number for resource 96312ae5-1280-4d4b-bd83-d5d769325a19 (type: security_group_rules) to 0
2026-07-01 14:20:13.284 9 INFO neutron.db.ovn_revision_numbers_db [None req-f8073b52-ae17-4ba4-8cb1-d25406983ff6 1286d8d4d190427ba7998c367135e3cf 2165447a54bc47c89783c7dacd2b560f - - default default] Successfully bumped revision number for resource 96faf82a-df61-4ab1-9ca2-ef6f315de34a (type: security_group_rules) to 0
2026-07-01 14:20:13.300 9 INFO neutron.db.ovn_revision_numbers_db [None req-f8073b52-ae17-4ba4-8cb1-d25406983ff6 1286d8d4d190427ba7998c367135e3cf 2165447a54bc47c89783c7dacd2b560f - - default default] Successfully bumped revision number for resource df4e41c3-a227-4204-bf18-1ce27347d165 (type: security_group_rules) to 0
2026-07-01 14:20:13.310 9 INFO neutron.plugins.ml2.drivers.ovn.mech_driver.ovsdb.commands [None req-8ee22e53-905b-4b57-8972-971e3340d3be - - - - - -] Schedule LRP lrp-7e34018d-8f10-4b2c-94b4-e091ba21924e on gateway 09f791e7-6b32-4bb6-b195-2d1a5195c949 with priority 1
2026-07-01 14:20:13.319 9 INFO neutron.plugins.ml2.drivers.ovn.mech_driver.mech_driver [None req-c62fd8a2-f60a-49af-af52-d2ec05b311be - - - - - -] OVN reports status up for port: 7e34018d-8f10-4b2c-94b4-e091ba21924e
2026-07-01 14:20:13.332 10 INFO neutron.plugins.ml2.drivers.ovn.mech_driver.ovsdb.ovsdb_monitor [None req-2f629ead-9bfd-463f-97e6-f054c1697ea0 - - - - - -] Router 3661fb91-eeb4-4dca-8b93-9c54fa8d04b3 is bound to host instance
2026-07-01 14:20:13.335 9 INFO neutron.plugins.ml2.plugin [None req-c62fd8a2-f60a-49af-af52-d2ec05b311be - - - - - -] Attempt 1 to provision port 7e34018d-8f10-4b2c-94b4-e091ba21924e
2026-07-01 14:20:13.356 9 INFO neutron.db.ovn_revision_numbers_db [None req-831b7551-41a8-4326-a30b-d71e70e5040a 1286d8d4d190427ba7998c367135e3cf 2165447a54bc47c89783c7dacd2b560f - - default default] Successfully bumped revision number for resource 7e34018d-8f10-4b2c-94b4-e091ba21924e (type: router_ports) to 1
2026-07-01 14:20:13.400 9 INFO neutron.db.segments_db [None req-f8073b52-ae17-4ba4-8cb1-d25406983ff6 1286d8d4d190427ba7998c367135e3cf 2165447a54bc47c89783c7dacd2b560f - - default default] Added segment 6c03616c-263d-4739-a660-a492017e1251 of type geneve for network 1cc5968b-a7d0-4f0f-84a9-b064ce6f0939
2026-07-01 14:20:13.441 9 INFO neutron.db.ovn_revision_numbers_db [None req-831b7551-41a8-4326-a30b-d71e70e5040a 1286d8d4d190427ba7998c367135e3cf 2165447a54bc47c89783c7dacd2b560f - - default default] Successfully bumped revision number for resource 3661fb91-eeb4-4dca-8b93-9c54fa8d04b3 (type: routers) to 2
2026-07-01 14:20:13.458 9 INFO neutron.api.wsgi [None req-831b7551-41a8-4326-a30b-d71e70e5040a 1286d8d4d190427ba7998c367135e3cf 2165447a54bc47c89783c7dacd2b560f - - default default] 10.0.0.75 "POST /v2.0/routers HTTP/1.1" status: 201 len: 1167 time: 1.2518003
2026-07-01 14:20:13.545 9 INFO neutron.db.ovn_revision_numbers_db [None req-f8073b52-ae17-4ba4-8cb1-d25406983ff6 1286d8d4d190427ba7998c367135e3cf 2165447a54bc47c89783c7dacd2b560f - - default default] Successfully bumped revision number for resource 1cc5968b-a7d0-4f0f-84a9-b064ce6f0939 (type: networks) to 1
2026-07-01 14:20:13.632 10 INFO neutron.api.wsgi [req-8ef2da11-ee04-4bcc-a02f-1836f77a5851 req-829cbf74-97f9-40ca-bd15-c9b2901fbbeb 063c899aabf2493db22572492fd2ab17 cc42dd36f5a04cca907565972b5369d4 - - default default] 10.0.0.142 "GET /v2.0/ports?device_id=76d8f4ad-0279-4b59-bc26-bbd00fa4d8ce HTTP/1.1" status: 200 len: 210 time: 0.0157599
2026-07-01 14:20:13.711 9 WARNING neutron.scheduler.dhcp_agent_scheduler [None req-f8073b52-ae17-4ba4-8cb1-d25406983ff6 1286d8d4d190427ba7998c367135e3cf 2165447a54bc47c89783c7dacd2b560f - - default default] No more DHCP agents
2026-07-01 14:20:13.714 9 WARNING neutron.api.rpc.agentnotifiers.dhcp_rpc_agent_api [None req-f8073b52-ae17-4ba4-8cb1-d25406983ff6 1286d8d4d190427ba7998c367135e3cf 2165447a54bc47c89783c7dacd2b560f - - default default] Unable to schedule network 1cc5968b-a7d0-4f0f-84a9-b064ce6f0939: no agents available; will retry on subsequent port and subnet creation events.
2026-07-01 14:20:13.742 10 INFO neutron.db.ovn_revision_numbers_db [None req-83467d5d-69a0-48bb-80d5-9f06d1206052 - - - - - -] Successfully bumped revision number for resource 7e34018d-8f10-4b2c-94b4-e091ba21924e (type: ports) to 1
2026-07-01 14:20:13.787 9 INFO neutron.db.ovn_revision_numbers_db [None req-f8073b52-ae17-4ba4-8cb1-d25406983ff6 1286d8d4d190427ba7998c367135e3cf 2165447a54bc47c89783c7dacd2b560f - - default default] Successfully bumped revision number for resource 0c98f79e-f870-4fb2-be23-0153ef16eadd (type: ports) to 1
2026-07-01 14:20:13.802 10 INFO neutron.db.ovn_revision_numbers_db [None req-5dfeac4a-6c2e-4f49-abe5-f3a4df55e2df 1286d8d4d190427ba7998c367135e3cf 2165447a54bc47c89783c7dacd2b560f - - default default] Successfully bumped revision number for resource e5b4e11c-2d33-424f-88ae-f7d7719d4a77 (type: security_groups) to 1
2026-07-01 14:20:13.815 10 INFO neutron.db.ovn_revision_numbers_db [None req-5dfeac4a-6c2e-4f49-abe5-f3a4df55e2df 1286d8d4d190427ba7998c367135e3cf 2165447a54bc47c89783c7dacd2b560f - - default default] Successfully bumped revision number for resource 1ca43ed9-a388-4470-b5cc-8c07e0ac39e1 (type: security_group_rules) to 0
2026-07-01 14:20:13.821 9 INFO neutron.api.wsgi [None req-f8073b52-ae17-4ba4-8cb1-d25406983ff6 1286d8d4d190427ba7998c367135e3cf 2165447a54bc47c89783c7dacd2b560f - - default default] 10.0.0.75 "POST /v2.0/networks HTTP/1.1" status: 201 len: 953 time: 0.8745713
2026-07-01 14:20:13.861 10 INFO neutron.db.ovn_revision_numbers_db [None req-5dfeac4a-6c2e-4f49-abe5-f3a4df55e2df 1286d8d4d190427ba7998c367135e3cf 2165447a54bc47c89783c7dacd2b560f - - default default] Successfully bumped revision number for resource 35ce6c73-7be9-4d59-9409-0d3b8a6ea406 (type: security_group_rules) to 0
2026-07-01 14:20:13.892 10 INFO neutron.db.ovn_revision_numbers_db [None req-5dfeac4a-6c2e-4f49-abe5-f3a4df55e2df 1286d8d4d190427ba7998c367135e3cf 2165447a54bc47c89783c7dacd2b560f - - default default] Successfully bumped revision number for resource 563ef6a1-4b32-4f29-9eba-5c035abe6308 (type: security_group_rules) to 0
2026-07-01 14:20:13.915 10 INFO neutron.db.ovn_revision_numbers_db [None req-5dfeac4a-6c2e-4f49-abe5-f3a4df55e2df 1286d8d4d190427ba7998c367135e3cf 2165447a54bc47c89783c7dacd2b560f - - default default] Successfully bumped revision number for resource 8649fcec-305e-4c66-b08d-02ee5d37114d (type: security_group_rules) to 0
2026-07-01 14:20:13.928 9 WARNING neutron.scheduler.dhcp_agent_scheduler [None req-a815826e-f8e4-40f9-94d8-55f46c0518c2 1286d8d4d190427ba7998c367135e3cf 2165447a54bc47c89783c7dacd2b560f - - default default] No more DHCP agents
2026-07-01 14:20:13.929 9 WARNING neutron.api.rpc.agentnotifiers.dhcp_rpc_agent_api [None req-a815826e-f8e4-40f9-94d8-55f46c0518c2 1286d8d4d190427ba7998c367135e3cf 2165447a54bc47c89783c7dacd2b560f - - default default] Unable to schedule network 5feaa882-c7e1-4122-b562-42325eb82751: no agents available; will retry on subsequent port and subnet creation events.
2026-07-01 14:20:13.968 10 INFO neutron.api.wsgi [None req-5dfeac4a-6c2e-4f49-abe5-f3a4df55e2df 1286d8d4d190427ba7998c367135e3cf 2165447a54bc47c89783c7dacd2b560f - - default default] 10.0.0.75 "GET /v2.0/security-groups?tenant_id=330a4fd263b84a86a0ee37e94a95ced2&name=default HTTP/1.1" status: 200 len: 3120 time: 0.3770051
2026-07-01 14:20:14.013 10 WARNING neutron.scheduler.dhcp_agent_scheduler [None req-0e2b2430-257f-48c5-9b04-8e3a75df26a1 1286d8d4d190427ba7998c367135e3cf 2165447a54bc47c89783c7dacd2b560f - - default default] No more DHCP agents
2026-07-01 14:20:14.014 10 WARNING neutron.api.rpc.agentnotifiers.dhcp_rpc_agent_api [None req-0e2b2430-257f-48c5-9b04-8e3a75df26a1 1286d8d4d190427ba7998c367135e3cf 2165447a54bc47c89783c7dacd2b560f - - default default] Unable to schedule network 1cc5968b-a7d0-4f0f-84a9-b064ce6f0939: no agents available; will retry on subsequent port and subnet creation events.
2026-07-01 14:20:14.070 9 INFO neutron.db.ovn_revision_numbers_db [None req-a815826e-f8e4-40f9-94d8-55f46c0518c2 1286d8d4d190427ba7998c367135e3cf 2165447a54bc47c89783c7dacd2b560f - - default default] Successfully bumped revision number for resource 9326844b-fd8b-4e86-844b-4dbc765a37d2 (type: ports) to 1
2026-07-01 14:20:14.129 10 INFO neutron.db.ovn_revision_numbers_db [None req-83467d5d-69a0-48bb-80d5-9f06d1206052 - - - - - -] Successfully bumped revision number for resource 7e34018d-8f10-4b2c-94b4-e091ba21924e (type: ports) to 4
2026-07-01 14:20:14.191 9 INFO neutron.api.wsgi [req-5db9f985-32e9-4b51-9933-3687bf256937 req-50b6ce1a-32bb-4135-aa0d-3ff6c1120e66 063c899aabf2493db22572492fd2ab17 cc42dd36f5a04cca907565972b5369d4 - - default default] 199.204.45.49 "GET /v2.0/networks?id=856715ea-3aaa-4e6a-b0bc-49a6ec090edf HTTP/1.1" status: 200 len: 878 time: 0.1133838
2026-07-01 14:20:14.255 9 INFO neutron.api.wsgi [None req-b1793bde-e15f-48eb-a26e-cdf3cc13ecb4 1286d8d4d190427ba7998c367135e3cf 2165447a54bc47c89783c7dacd2b560f - - default default] 10.0.0.75 "DELETE /v2.0/security-groups/e5b4e11c-2d33-424f-88ae-f7d7719d4a77 HTTP/1.1" status: 204 len: 168 time: 0.2794337
2026-07-01 14:20:14.279 9 INFO neutron.api.wsgi [req-5db9f985-32e9-4b51-9933-3687bf256937 req-98617829-90ed-4c03-869b-38a13d23c3b9 063c899aabf2493db22572492fd2ab17 cc42dd36f5a04cca907565972b5369d4 - - default default] 199.204.45.49 "GET /v2.0/security-groups?fields=id&fields=name&tenant_id=cc42dd36f5a04cca907565972b5369d4 HTTP/1.1" status: 200 len: 380 time: 0.0547223
2026-07-01 14:20:14.286 9 WARNING neutron_lib.context [req-5db9f985-32e9-4b51-9933-3687bf256937 req-a0b42a9d-4f7f-433e-927c-3d4f5b27dd28 063c899aabf2493db22572492fd2ab17 cc42dd36f5a04cca907565972b5369d4 - - default default] Method 'is_advsvc' is deprecated since 2023.2 release (neutron-lib 3.8.0) and will be removed once support for the old RBAC API policies will be removed from Neutron. Please use method 'is_service_role' instead.
2026-07-01 14:20:14.546 10 INFO neutron.db.ovn_revision_numbers_db [None req-83467d5d-69a0-48bb-80d5-9f06d1206052 - - - - - -] Successfully bumped revision number for resource 7e34018d-8f10-4b2c-94b4-e091ba21924e (type: ports) to 5
2026-07-01 14:20:14.606 10 INFO neutron.db.ovn_revision_numbers_db [None req-731d5382-b13e-4f6b-b795-7364097b3b26 - - - - - -] Successfully bumped revision number for resource 0c98f79e-f870-4fb2-be23-0153ef16eadd (type: ports) to 2
2026-07-01 14:20:14.632 10 INFO neutron.db.ovn_revision_numbers_db [None req-731d5382-b13e-4f6b-b795-7364097b3b26 - - - - - -] Successfully bumped revision number for resource 74ee3caf-7fcd-4be4-8d7d-6b562c2f7339 (type: subnets) to 0
2026-07-01 14:20:14.644 10 INFO neutron.api.wsgi [None req-0e2b2430-257f-48c5-9b04-8e3a75df26a1 1286d8d4d190427ba7998c367135e3cf 2165447a54bc47c89783c7dacd2b560f - - default default] 10.0.0.75 "POST /v2.0/subnets HTTP/1.1" status: 201 len: 897 time: 0.8127441
2026-07-01 14:20:14.778 10 INFO neutron.api.wsgi [req-b15a1a4a-1b1d-425c-ad14-e64b338733c9 req-f5768142-c845-44e4-9901-a6dd656a27d0 063c899aabf2493db22572492fd2ab17 cc42dd36f5a04cca907565972b5369d4 - - default default] 10.0.0.142 "GET /v2.0/ports?device_id=76d8f4ad-0279-4b59-bc26-bbd00fa4d8ce HTTP/1.1" status: 200 len: 1156 time: 0.0736103
2026-07-01 14:20:14.795 9 WARNING neutron.scheduler.dhcp_agent_scheduler [req-5db9f985-32e9-4b51-9933-3687bf256937 req-a0b42a9d-4f7f-433e-927c-3d4f5b27dd28 063c899aabf2493db22572492fd2ab17 cc42dd36f5a04cca907565972b5369d4 - - default default] No more DHCP agents
2026-07-01 14:20:14.808 9 WARNING neutron.api.rpc.agentnotifiers.dhcp_rpc_agent_api [req-5db9f985-32e9-4b51-9933-3687bf256937 req-a0b42a9d-4f7f-433e-927c-3d4f5b27dd28 063c899aabf2493db22572492fd2ab17 cc42dd36f5a04cca907565972b5369d4 - - default default] Unable to schedule network 856715ea-3aaa-4e6a-b0bc-49a6ec090edf: no agents available; will retry on subsequent port and subnet creation events.
2026-07-01 14:20:14.819 10 INFO neutron.api.wsgi [req-b15a1a4a-1b1d-425c-ad14-e64b338733c9 req-298f7847-46b6-4db5-9e3d-c8ba56e48afb 063c899aabf2493db22572492fd2ab17 cc42dd36f5a04cca907565972b5369d4 - - default default] 10.0.0.142 "GET /v2.0/security-groups?id=84ebf32c-89a4-49de-87e3-68032ac5dcfc&fields=id&fields=name HTTP/1.1" status: 200 len: 313 time: 0.0370965
2026-07-01 14:20:14.967 10 INFO neutron.plugins.ml2.drivers.ovn.mech_driver.mech_driver [None req-abe60fd1-d1d6-4df1-adc9-4e54bd8aedcf - - - - - -] OVN reports status up for port: 9326844b-fd8b-4e86-844b-4dbc765a37d2
2026-07-01 14:20:14.975 10 INFO neutron.plugins.ml2.plugin [None req-abe60fd1-d1d6-4df1-adc9-4e54bd8aedcf - - - - - -] Attempt 1 to provision port 9326844b-fd8b-4e86-844b-4dbc765a37d2
2026-07-01 14:20:15.000 9 INFO neutron.db.ovn_revision_numbers_db [None req-a815826e-f8e4-40f9-94d8-55f46c0518c2 1286d8d4d190427ba7998c367135e3cf 2165447a54bc47c89783c7dacd2b560f - - default default] Successfully bumped revision number for resource 9326844b-fd8b-4e86-844b-4dbc765a37d2 (type: ports) to 1
2026-07-01 14:20:15.028 9 INFO neutron.db.ovn_revision_numbers_db [req-5db9f985-32e9-4b51-9933-3687bf256937 req-a0b42a9d-4f7f-433e-927c-3d4f5b27dd28 063c899aabf2493db22572492fd2ab17 cc42dd36f5a04cca907565972b5369d4 - - default default] Successfully bumped revision number for resource 661867fa-96bd-455b-96e7-a34138ddd6f5 (type: ports) to 1
2026-07-01 14:20:15.059 9 INFO neutron.api.wsgi [req-5db9f985-32e9-4b51-9933-3687bf256937 req-a0b42a9d-4f7f-433e-927c-3d4f5b27dd28 063c899aabf2493db22572492fd2ab17 cc42dd36f5a04cca907565972b5369d4 - - default default] 199.204.45.49 "POST /v2.0/ports HTTP/1.1" status: 201 len: 1158 time: 0.7763441 /var/lib/openstack/lib/python3.12/site-packages/pycadf/identifier.py:71: UserWarning: Invalid uuid: neutron. To ensure interoperability, identifiers should be a valid uuid. warnings.warn(('Invalid uuid: %s. To ensure interoperability, '
2026-07-01 14:20:15.073 9 INFO neutron.api.wsgi [req-5db9f985-32e9-4b51-9933-3687bf256937 req-52c9072f-ccf8-4b5b-9a54-22c761bae51b 063c899aabf2493db22572492fd2ab17 cc42dd36f5a04cca907565972b5369d4 - - default default] 199.204.45.49 "GET /v2.0/extensions HTTP/1.1" status: 200 len: 19298 time: 0.0084107
2026-07-01 14:20:15.098 9 WARNING neutron.scheduler.dhcp_agent_scheduler [None req-a815826e-f8e4-40f9-94d8-55f46c0518c2 1286d8d4d190427ba7998c367135e3cf 2165447a54bc47c89783c7dacd2b560f - - default default] No more DHCP agents
2026-07-01 14:20:15.100 9 WARNING neutron.api.rpc.agentnotifiers.dhcp_rpc_agent_api [None req-a815826e-f8e4-40f9-94d8-55f46c0518c2 1286d8d4d190427ba7998c367135e3cf 2165447a54bc47c89783c7dacd2b560f - - default default] Unable to schedule network 5feaa882-c7e1-4122-b562-42325eb82751: no agents available; will retry on subsequent port and subnet creation events.
2026-07-01 14:20:15.249 9 WARNING neutron.scheduler.dhcp_agent_scheduler [None req-8cba487b-a44d-4a17-8ae4-c4078ab66b1a 1286d8d4d190427ba7998c367135e3cf 2165447a54bc47c89783c7dacd2b560f - - default default] No more DHCP agents
2026-07-01 14:20:15.252 9 WARNING neutron.api.rpc.agentnotifiers.dhcp_rpc_agent_api [None req-8cba487b-a44d-4a17-8ae4-c4078ab66b1a 1286d8d4d190427ba7998c367135e3cf 2165447a54bc47c89783c7dacd2b560f - - default default] Unable to schedule network 33b10bf0-7f4a-4cc2-844a-6a4d43f9d01f: no agents available; will retry on subsequent port and subnet creation events.
2026-07-01 14:20:15.297 10 INFO neutron.db.ovn_revision_numbers_db [None req-abe60fd1-d1d6-4df1-adc9-4e54bd8aedcf - - - - - -] Successfully bumped revision number for resource 9326844b-fd8b-4e86-844b-4dbc765a37d2 (type: ports) to 2
2026-07-01 14:20:15.431 9 INFO neutron.db.ovn_revision_numbers_db [None req-8cba487b-a44d-4a17-8ae4-c4078ab66b1a 1286d8d4d190427ba7998c367135e3cf 2165447a54bc47c89783c7dacd2b560f - - default default] Successfully bumped revision number for resource d396750e-2978-468d-a479-b8b7650f6f25 (type: ports) to 1
2026-07-01 14:20:15.936 10 INFO neutron.api.wsgi [req-750d777d-fb27-4883-ba94-97a4a0caedbb req-35def48d-a785-4f9e-9203-e9912c6f41b0 063c899aabf2493db22572492fd2ab17 cc42dd36f5a04cca907565972b5369d4 - - default default] 10.0.0.142 "GET /v2.0/ports?device_id=76d8f4ad-0279-4b59-bc26-bbd00fa4d8ce HTTP/1.1" status: 200 len: 1168 time: 0.0459573
2026-07-01 14:20:15.994 10 INFO neutron.api.wsgi [req-750d777d-fb27-4883-ba94-97a4a0caedbb req-1d9df5f4-26e2-499a-942d-2664fec33d07 063c899aabf2493db22572492fd2ab17 cc42dd36f5a04cca907565972b5369d4 - - default default] 10.0.0.142 "GET /v2.0/security-groups?id=84ebf32c-89a4-49de-87e3-68032ac5dcfc&fields=id&fields=name HTTP/1.1" status: 200 len: 313 time: 0.0520017
2026-07-01 14:20:16.074 10 WARNING neutron_lib.context [None req-cf95b686-8447-4afd-a7eb-aae89c9a642d 9ae64cc45a3e49ec8cb55bce8c44dfa7 58acfd190f4445b5992ac442ef5f457c - - default default] Method 'is_advsvc' is deprecated since 2023.2 release (neutron-lib 3.8.0) and will be removed once support for the old RBAC API policies will be removed from Neutron. Please use method 'is_service_role' instead.
2026-07-01 14:20:16.143 9 INFO neutron.db.ovn_revision_numbers_db [None req-a815826e-f8e4-40f9-94d8-55f46c0518c2 1286d8d4d190427ba7998c367135e3cf 2165447a54bc47c89783c7dacd2b560f - - default default] Successfully bumped revision number for resource 9326844b-fd8b-4e86-844b-4dbc765a37d2 (type: router_ports) to 1
2026-07-01 14:20:16.147 9 INFO neutron.api.wsgi [None req-a815826e-f8e4-40f9-94d8-55f46c0518c2 1286d8d4d190427ba7998c367135e3cf 2165447a54bc47c89783c7dacd2b560f - - default default] 10.0.0.75 "PUT /v2.0/routers/3661fb91-eeb4-4dca-8b93-9c54fa8d04b3/add_router_interface HTTP/1.1" status: 200 len: 503 time: 2.6810353
2026-07-01 14:20:16.228 10 INFO neutron.db.ovn_revision_numbers_db [None req-cf95b686-8447-4afd-a7eb-aae89c9a642d 9ae64cc45a3e49ec8cb55bce8c44dfa7 58acfd190f4445b5992ac442ef5f457c - - default default] Successfully bumped revision number for resource 331d43bd-5090-4aea-84b1-027f2c83cfd3 (type: security_groups) to 1
2026-07-01 14:20:16.229 9 INFO neutron.db.ovn_revision_numbers_db [req-5db9f985-32e9-4b51-9933-3687bf256937 req-04d8d5cf-17f7-48fc-a619-74afbeb31c03 c09bb7d75cfb41d78419de17695603fb 9a70ac6914e84ee297359b67431146b7 - - e5366feedd3b424f815eed9c8dfda628 e5366feedd3b424f815eed9c8dfda628] Successfully bumped revision number for resource 661867fa-96bd-455b-96e7-a34138ddd6f5 (type: ports) to 2
2026-07-01 14:20:16.238 10 INFO neutron.db.ovn_revision_numbers_db [None req-cf95b686-8447-4afd-a7eb-aae89c9a642d 9ae64cc45a3e49ec8cb55bce8c44dfa7 58acfd190f4445b5992ac442ef5f457c - - default default] Successfully bumped revision number for resource 5c81ad87-11d6-47cf-81c7-db573ce41a4d (type: security_group_rules) to 0
2026-07-01 14:20:16.248 10 INFO neutron.db.ovn_revision_numbers_db [None req-cf95b686-8447-4afd-a7eb-aae89c9a642d 9ae64cc45a3e49ec8cb55bce8c44dfa7 58acfd190f4445b5992ac442ef5f457c - - default default] Successfully bumped revision number for resource ce4f4eb4-c25c-4b20-b0f9-3b3899d1b479 (type: security_group_rules) to 0
2026-07-01 14:20:16.258 10 INFO neutron.db.ovn_revision_numbers_db [None req-cf95b686-8447-4afd-a7eb-aae89c9a642d 9ae64cc45a3e49ec8cb55bce8c44dfa7 58acfd190f4445b5992ac442ef5f457c - - default default] Successfully bumped revision number for resource d59c7d16-8b4c-4c65-a68a-980ef1a8fca5 (type: security_group_rules) to 0
2026-07-01 14:20:16.267 10 INFO neutron.db.ovn_revision_numbers_db [None req-cf95b686-8447-4afd-a7eb-aae89c9a642d 9ae64cc45a3e49ec8cb55bce8c44dfa7 58acfd190f4445b5992ac442ef5f457c - - default default] Successfully bumped revision number for resource fc4a5f79-963c-4985-b5a9-efc950a9e588 (type: security_group_rules) to 0
2026-07-01 14:20:16.330 10 INFO neutron.db.segments_db [None req-cf95b686-8447-4afd-a7eb-aae89c9a642d 9ae64cc45a3e49ec8cb55bce8c44dfa7 58acfd190f4445b5992ac442ef5f457c - - default default] Added segment d2852c7c-7830-482c-8794-c4d1b8aed8db of type geneve for network 2fe13d33-d6dd-4ba8-933e-5326858e0870
2026-07-01 14:20:16.332 9 INFO neutron.plugins.ml2.drivers.ovn.mech_driver.ovsdb.commands [None req-8ee22e53-905b-4b57-8972-971e3340d3be - - - - - -] Schedule LRP lrp-d396750e-2978-468d-a479-b8b7650f6f25 on gateway 09f791e7-6b32-4bb6-b195-2d1a5195c949 with priority 1
2026-07-01 14:20:16.356 9 INFO neutron.plugins.ml2.drivers.ovn.mech_driver.ovsdb.ovsdb_monitor [None req-29db748c-be6b-4ed0-a1e9-c7f9197e3aee - - - - - -] Router 7f92b1c7-3908-4073-add9-5a73298f2b4e is bound to host instance
2026-07-01 14:20:16.384 9 INFO neutron.db.ovn_revision_numbers_db [None req-8cba487b-a44d-4a17-8ae4-c4078ab66b1a 1286d8d4d190427ba7998c367135e3cf 2165447a54bc47c89783c7dacd2b560f - - default default] Successfully bumped revision number for resource d396750e-2978-468d-a479-b8b7650f6f25 (type: router_ports) to 1
2026-07-01 14:20:16.438 10 INFO neutron.db.ovn_revision_numbers_db [None req-cf95b686-8447-4afd-a7eb-aae89c9a642d 9ae64cc45a3e49ec8cb55bce8c44dfa7 58acfd190f4445b5992ac442ef5f457c - - default default] Successfully bumped revision number for resource 2fe13d33-d6dd-4ba8-933e-5326858e0870 (type: networks) to 1
2026-07-01 14:20:16.482 9 INFO neutron.db.ovn_revision_numbers_db [None req-8cba487b-a44d-4a17-8ae4-c4078ab66b1a 1286d8d4d190427ba7998c367135e3cf 2165447a54bc47c89783c7dacd2b560f - - default default] Successfully bumped revision number for resource 7f92b1c7-3908-4073-add9-5a73298f2b4e (type: routers) to 2
2026-07-01 14:20:16.503 9 INFO neutron.api.wsgi [None req-8cba487b-a44d-4a17-8ae4-c4078ab66b1a 1286d8d4d190427ba7998c367135e3cf 2165447a54bc47c89783c7dacd2b560f - - default default] 10.0.0.75 "POST /v2.0/routers HTTP/1.1" status: 201 len: 1175 time: 1.8306210
2026-07-01 14:20:16.509 9 INFO neutron.db.ovn_revision_numbers_db [req-5db9f985-32e9-4b51-9933-3687bf256937 req-04d8d5cf-17f7-48fc-a619-74afbeb31c03 c09bb7d75cfb41d78419de17695603fb 9a70ac6914e84ee297359b67431146b7 - - e5366feedd3b424f815eed9c8dfda628 e5366feedd3b424f815eed9c8dfda628] Successfully bumped revision number for resource 661867fa-96bd-455b-96e7-a34138ddd6f5 (type: ports) to 4
2026-07-01 14:20:16.527 9 INFO neutron.api.wsgi [req-5db9f985-32e9-4b51-9933-3687bf256937 req-04d8d5cf-17f7-48fc-a619-74afbeb31c03 c09bb7d75cfb41d78419de17695603fb 9a70ac6914e84ee297359b67431146b7 - - e5366feedd3b424f815eed9c8dfda628 e5366feedd3b424f815eed9c8dfda628] 199.204.45.49 "PUT /v2.0/ports/661867fa-96bd-455b-96e7-a34138ddd6f5 HTTP/1.1" status: 200 len: 1404 time: 1.0804458
2026-07-01 14:20:16.687 10 WARNING neutron.scheduler.dhcp_agent_scheduler [None req-cf95b686-8447-4afd-a7eb-aae89c9a642d 9ae64cc45a3e49ec8cb55bce8c44dfa7 58acfd190f4445b5992ac442ef5f457c - - default default] No more DHCP agents
2026-07-01 14:20:16.692 10 WARNING neutron.api.rpc.agentnotifiers.dhcp_rpc_agent_api [None req-cf95b686-8447-4afd-a7eb-aae89c9a642d 9ae64cc45a3e49ec8cb55bce8c44dfa7 58acfd190f4445b5992ac442ef5f457c - - default default] Unable to schedule network 2fe13d33-d6dd-4ba8-933e-5326858e0870: no agents available; will retry on subsequent port and subnet creation events.
2026-07-01 14:20:16.699 10 WARNING neutron_lib.context [None req-d6c7cf97-4461-4a82-b368-ce5ee7f2ec9d 123228c20f434ed8979016dd8abad642 25e59102514d4501a2045125b2b1bdb4 - - default default] Method 'is_advsvc' is deprecated since 2023.2 release (neutron-lib 3.8.0) and will be removed once support for the old RBAC API policies will be removed from Neutron. Please use method 'is_service_role' instead.
2026-07-01 14:20:16.781 10 INFO neutron.db.ovn_revision_numbers_db [None req-cf95b686-8447-4afd-a7eb-aae89c9a642d 9ae64cc45a3e49ec8cb55bce8c44dfa7 58acfd190f4445b5992ac442ef5f457c - - default default] Successfully bumped revision number for resource e2e06179-bf6b-4d2f-932f-0970e36a6cc2 (type: ports) to 1
2026-07-01 14:20:16.811 10 INFO neutron.api.wsgi [None req-cf95b686-8447-4afd-a7eb-aae89c9a642d 9ae64cc45a3e49ec8cb55bce8c44dfa7 58acfd190f4445b5992ac442ef5f457c - - default default] 10.0.0.75 "POST /v2.0/networks HTTP/1.1" status: 201 len: 848 time: 0.8600049 /var/lib/openstack/lib/python3.12/site-packages/pycadf/identifier.py:71: UserWarning: Invalid uuid: neutron. To ensure interoperability, identifiers should be a valid uuid. warnings.warn(('Invalid uuid: %s. To ensure interoperability, '
2026-07-01 14:20:16.828 9 WARNING neutron_lib.context [None req-5323ac2c-5da3-4298-9df5-803d2ca8e0cb 9ae64cc45a3e49ec8cb55bce8c44dfa7 58acfd190f4445b5992ac442ef5f457c - - default default] Method 'is_advsvc' is deprecated since 2023.2 release (neutron-lib 3.8.0) and will be removed once support for the old RBAC API policies will be removed from Neutron. Please use method 'is_service_role' instead.
2026-07-01 14:20:16.846 9 INFO neutron.db.ovn_revision_numbers_db [None req-a3ecee44-62fe-4219-982b-c82f3f763f65 - - - - - -] Successfully bumped revision number for resource d396750e-2978-468d-a479-b8b7650f6f25 (type: ports) to 1
2026-07-01 14:20:16.876 10 INFO neutron.db.ovn_revision_numbers_db [None req-d6c7cf97-4461-4a82-b368-ce5ee7f2ec9d 123228c20f434ed8979016dd8abad642 25e59102514d4501a2045125b2b1bdb4 - - default default] Successfully bumped revision number for resource 91996408-b57f-4fc9-b0d2-8fbeb3ae58f4 (type: security_groups) to 1
2026-07-01 14:20:16.916 10 INFO neutron.db.ovn_revision_numbers_db [None req-d6c7cf97-4461-4a82-b368-ce5ee7f2ec9d 123228c20f434ed8979016dd8abad642 25e59102514d4501a2045125b2b1bdb4 - - default default] Successfully bumped revision number for resource 3a14f8ca-bfce-4dd0-be9b-5f83da6cbd30 (type: security_group_rules) to 0
2026-07-01 14:20:16.930 10 INFO neutron.db.ovn_revision_numbers_db [None req-d6c7cf97-4461-4a82-b368-ce5ee7f2ec9d 123228c20f434ed8979016dd8abad642 25e59102514d4501a2045125b2b1bdb4 - - default default] Successfully bumped revision number for resource d54fab90-3e8e-4d61-a33a-44ac0375cc3e (type: security_group_rules) to 0
2026-07-01 14:20:16.976 10 INFO neutron.api.wsgi [None req-d6c7cf97-4461-4a82-b368-ce5ee7f2ec9d 123228c20f434ed8979016dd8abad642 25e59102514d4501a2045125b2b1bdb4 - - default default] 10.0.0.75 "POST /v2.0/security-groups HTTP/1.1" status: 201 len: 1860 time: 0.2810140
2026-07-01 14:20:16.986 9 WARNING neutron_lib.context [None req-54783610-ba0f-4355-b3a4-626e722e09c2 123228c20f434ed8979016dd8abad642 25e59102514d4501a2045125b2b1bdb4 - - default default] Method 'is_advsvc' is deprecated since 2023.2 release (neutron-lib 3.8.0) and will be removed once support for the old RBAC API policies will be removed from Neutron. Please use method 'is_service_role' instead.
2026-07-01 14:20:17.009 9 INFO neutron.notifiers.nova [-] Nova event matching ['req-47e3530a-c178-4f64-b75e-2a967cae315b'] response: {'name': 'network-changed', 'server_uuid': '76d8f4ad-0279-4b59-bc26-bbd00fa4d8ce', 'tag': '661867fa-96bd-455b-96e7-a34138ddd6f5', 'status': 'completed', 'code': 200}
2026-07-01 14:20:17.031 10 WARNING neutron.scheduler.dhcp_agent_scheduler [None req-e354fffe-4734-4ab7-84cc-c4488b36e21b 1286d8d4d190427ba7998c367135e3cf 2165447a54bc47c89783c7dacd2b560f - - default default] No more DHCP agents
2026-07-01 14:20:17.033 10 WARNING neutron.api.rpc.agentnotifiers.dhcp_rpc_agent_api [None req-e354fffe-4734-4ab7-84cc-c4488b36e21b 1286d8d4d190427ba7998c367135e3cf 2165447a54bc47c89783c7dacd2b560f - - default default] Unable to schedule network 1cc5968b-a7d0-4f0f-84a9-b064ce6f0939: no agents available; will retry on subsequent port and subnet creation events.
2026-07-01 14:20:17.095 10 INFO neutron.api.wsgi [req-618dbd64-a80c-4778-b5c5-a79cc8251787 req-39bef2a2-88bf-495c-ad23-3e88deafa506 063c899aabf2493db22572492fd2ab17 cc42dd36f5a04cca907565972b5369d4 - - default default] 10.0.0.142 "GET /v2.0/ports?device_id=76d8f4ad-0279-4b59-bc26-bbd00fa4d8ce HTTP/1.1" status: 200 len: 1168 time: 0.0311458
2026-07-01 14:20:17.141 10 INFO neutron.api.wsgi [req-618dbd64-a80c-4778-b5c5-a79cc8251787 req-c4daa667-7b73-4ddd-94e9-38219097b57c 063c899aabf2493db22572492fd2ab17 cc42dd36f5a04cca907565972b5369d4 - - default default] 10.0.0.142 "GET /v2.0/security-groups?id=84ebf32c-89a4-49de-87e3-68032ac5dcfc&fields=id&fields=name HTTP/1.1" status: 200 len: 313 time: 0.0402834
2026-07-01 14:20:17.158 10 INFO neutron.db.ovn_revision_numbers_db [None req-e354fffe-4734-4ab7-84cc-c4488b36e21b 1286d8d4d190427ba7998c367135e3cf 2165447a54bc47c89783c7dacd2b560f - - default default] Successfully bumped revision number for resource e373c2e0-88ae-4d87-8503-3f92375323d4 (type: ports) to 1
2026-07-01 14:20:17.160 9 WARNING neutron.scheduler.dhcp_agent_scheduler [None req-5323ac2c-5da3-4298-9df5-803d2ca8e0cb 9ae64cc45a3e49ec8cb55bce8c44dfa7 58acfd190f4445b5992ac442ef5f457c - - default default] No more DHCP agents
2026-07-01 14:20:17.162 9 WARNING neutron.api.rpc.agentnotifiers.dhcp_rpc_agent_api [None req-5323ac2c-5da3-4298-9df5-803d2ca8e0cb 9ae64cc45a3e49ec8cb55bce8c44dfa7 58acfd190f4445b5992ac442ef5f457c - - default default] Unable to schedule network 2fe13d33-d6dd-4ba8-933e-5326858e0870: no agents available; will retry on subsequent port and subnet creation events.
2026-07-01 14:20:17.164 9 INFO neutron.db.ovn_revision_numbers_db [None req-54783610-ba0f-4355-b3a4-626e722e09c2 123228c20f434ed8979016dd8abad642 25e59102514d4501a2045125b2b1bdb4 - - default default] Successfully bumped revision number for resource 2214667e-3a4a-415e-a932-6a754ddd08ec (type: security_group_rules) to 0
2026-07-01 14:20:17.209 9 INFO neutron.api.wsgi [None req-54783610-ba0f-4355-b3a4-626e722e09c2 123228c20f434ed8979016dd8abad642 25e59102514d4501a2045125b2b1bdb4 - - default default] 10.0.0.75 "POST /v2.0/security-group-rules HTTP/1.1" status: 201 len: 796 time: 0.2269897 /var/lib/openstack/lib/python3.12/site-packages/pycadf/identifier.py:71: UserWarning: Invalid uuid: neutron. To ensure interoperability, identifiers should be a valid uuid. warnings.warn(('Invalid uuid: %s. To ensure interoperability, '
2026-07-01 14:20:17.220 9 WARNING neutron_lib.context [None req-92702ef7-7777-473f-a97b-ee3bd66e2cf3 123228c20f434ed8979016dd8abad642 25e59102514d4501a2045125b2b1bdb4 - - default default] Method 'is_advsvc' is deprecated since 2023.2 release (neutron-lib 3.8.0) and will be removed once support for the old RBAC API policies will be removed from Neutron. Please use method 'is_service_role' instead.
2026-07-01 14:20:17.260 9 INFO neutron.db.ovn_revision_numbers_db [None req-5323ac2c-5da3-4298-9df5-803d2ca8e0cb 9ae64cc45a3e49ec8cb55bce8c44dfa7 58acfd190f4445b5992ac442ef5f457c - - default default] Successfully bumped revision number for resource 35597c34-13fc-46b1-a01c-c035a8ef5ab9 (type: ports) to 1
2026-07-01 14:20:17.284 9 INFO neutron.api.wsgi [None req-5323ac2c-5da3-4298-9df5-803d2ca8e0cb 9ae64cc45a3e49ec8cb55bce8c44dfa7 58acfd190f4445b5992ac442ef5f457c - - default default] 10.0.0.75 "POST /v2.0/ports HTTP/1.1" status: 201 len: 978 time: 0.4626417
2026-07-01 14:20:17.295 10 WARNING neutron_lib.context [None req-208fa990-32f4-4936-95b5-e725d5b2e710 9ae64cc45a3e49ec8cb55bce8c44dfa7 58acfd190f4445b5992ac442ef5f457c - - default default] Method 'is_advsvc' is deprecated since 2023.2 release (neutron-lib 3.8.0) and will be removed once support for the old RBAC API policies will be removed from Neutron. Please use method 'is_service_role' instead.
2026-07-01 14:20:17.311 9 INFO neutron.db.ovn_revision_numbers_db [None req-a3ecee44-62fe-4219-982b-c82f3f763f65 - - - - - -] Successfully bumped revision number for resource d396750e-2978-468d-a479-b8b7650f6f25 (type: ports) to 4
2026-07-01 14:20:17.355 9 INFO neutron.db.ovn_revision_numbers_db [None req-92702ef7-7777-473f-a97b-ee3bd66e2cf3 123228c20f434ed8979016dd8abad642 25e59102514d4501a2045125b2b1bdb4 - - default default] Successfully bumped revision number for resource c8229e7f-1bb6-4a4a-9d53-4f1835dd44eb (type: security_group_rules) to 0
2026-07-01 14:20:17.392 9 INFO neutron.api.wsgi [None req-92702ef7-7777-473f-a97b-ee3bd66e2cf3 123228c20f434ed8979016dd8abad642 25e59102514d4501a2045125b2b1bdb4 - - default default] 10.0.0.75 "POST /v2.0/security-group-rules HTTP/1.1" status: 201 len: 801 time: 0.1759665
2026-07-01 14:20:17.392 10 INFO neutron.db.segments_db [None req-208fa990-32f4-4936-95b5-e725d5b2e710 9ae64cc45a3e49ec8cb55bce8c44dfa7 58acfd190f4445b5992ac442ef5f457c - - default default] Added segment 47aba306-2ef6-400c-bab6-b201a812506b of type geneve for network e1daa8d0-bd31-4456-9d4e-ec55840ecda6
2026-07-01 14:20:17.404 10 WARNING neutron_lib.context [None req-0423569f-9e87-4855-8b60-1e1e9c165fac 123228c20f434ed8979016dd8abad642 25e59102514d4501a2045125b2b1bdb4 - - default default] Method 'is_advsvc' is deprecated since 2023.2 release (neutron-lib 3.8.0) and will be removed once support for the old RBAC API policies will be removed from Neutron. Please use method 'is_service_role' instead.
2026-07-01 14:20:17.554 10 INFO neutron.db.ovn_revision_numbers_db [None req-208fa990-32f4-4936-95b5-e725d5b2e710 9ae64cc45a3e49ec8cb55bce8c44dfa7 58acfd190f4445b5992ac442ef5f457c - - default default] Successfully bumped revision number for resource e1daa8d0-bd31-4456-9d4e-ec55840ecda6 (type: networks) to 1
2026-07-01 14:20:17.565 9 INFO neutron.api.wsgi [req-5f56abec-3ffe-473a-a1cd-acd173911cce req-a4ddeb44-23b8-467c-9980-03a88130e9f4 c09bb7d75cfb41d78419de17695603fb 9a70ac6914e84ee297359b67431146b7 - - e5366feedd3b424f815eed9c8dfda628 e5366feedd3b424f815eed9c8dfda628] 199.204.45.49 "GET /v2.0/ports?tenant_id=cc42dd36f5a04cca907565972b5369d4&device_id=76d8f4ad-0279-4b59-bc26-bbd00fa4d8ce HTTP/1.1" status: 200 len: 1407 time: 0.0535192
2026-07-01 14:20:17.620 9 INFO neutron.api.wsgi [req-5f56abec-3ffe-473a-a1cd-acd173911cce req-c054edae-53ae-4ac1-aa31-f143bf7ba449 c09bb7d75cfb41d78419de17695603fb 9a70ac6914e84ee297359b67431146b7 - - e5366feedd3b424f815eed9c8dfda628 e5366feedd3b424f815eed9c8dfda628] 199.204.45.49 "GET /v2.0/networks?tenant_id=cc42dd36f5a04cca907565972b5369d4&shared=False HTTP/1.1" status: 200 len: 977 time: 0.0476701
2026-07-01 14:20:17.665 9 INFO neutron.db.ovn_revision_numbers_db [None req-a3ecee44-62fe-4219-982b-c82f3f763f65 - - - - - -] Successfully bumped revision number for resource d396750e-2978-468d-a479-b8b7650f6f25 (type: ports) to 5
2026-07-01 14:20:17.673 9 INFO neutron.api.wsgi [req-5f56abec-3ffe-473a-a1cd-acd173911cce req-545b15be-e144-40da-b77f-f5e7c93a3231 c09bb7d75cfb41d78419de17695603fb 9a70ac6914e84ee297359b67431146b7 - - e5366feedd3b424f815eed9c8dfda628 e5366feedd3b424f815eed9c8dfda628] 199.204.45.49 "GET /v2.0/networks?shared=True HTTP/1.1" status: 200 len: 952 time: 0.0477095
2026-07-01 14:20:17.750 10 WARNING neutron.scheduler.dhcp_agent_scheduler [None req-0423569f-9e87-4855-8b60-1e1e9c165fac 123228c20f434ed8979016dd8abad642 25e59102514d4501a2045125b2b1bdb4 - - default default] No more DHCP agents
2026-07-01 14:20:17.754 10 WARNING neutron.api.rpc.agentnotifiers.dhcp_rpc_agent_api [None req-0423569f-9e87-4855-8b60-1e1e9c165fac 123228c20f434ed8979016dd8abad642 25e59102514d4501a2045125b2b1bdb4 - - default default] Unable to schedule network 33b10bf0-7f4a-4cc2-844a-6a4d43f9d01f: no agents available; will retry on subsequent port and subnet creation events.
2026-07-01 14:20:17.791 10 WARNING neutron.scheduler.dhcp_agent_scheduler [None req-208fa990-32f4-4936-95b5-e725d5b2e710 9ae64cc45a3e49ec8cb55bce8c44dfa7 58acfd190f4445b5992ac442ef5f457c - - default default] No more DHCP agents
2026-07-01 14:20:17.794 10 WARNING neutron.api.rpc.agentnotifiers.dhcp_rpc_agent_api [None req-208fa990-32f4-4936-95b5-e725d5b2e710 9ae64cc45a3e49ec8cb55bce8c44dfa7 58acfd190f4445b5992ac442ef5f457c - - default default] Unable to schedule network e1daa8d0-bd31-4456-9d4e-ec55840ecda6: no agents available; will retry on subsequent port and subnet creation events.
2026-07-01 14:20:18.123 9 INFO neutron.plugins.ml2.drivers.ovn.mech_driver.mech_driver [None req-c62fd8a2-f60a-49af-af52-d2ec05b311be - - - - - -] OVN reports status up for port: e373c2e0-88ae-4d87-8503-3f92375323d4
2026-07-01 14:20:18.131 9 INFO neutron.plugins.ml2.plugin [None req-c62fd8a2-f60a-49af-af52-d2ec05b311be - - - - - -] Attempt 1 to provision port e373c2e0-88ae-4d87-8503-3f92375323d4
2026-07-01 14:20:18.148 10 INFO neutron.db.ovn_revision_numbers_db [None req-208fa990-32f4-4936-95b5-e725d5b2e710 9ae64cc45a3e49ec8cb55bce8c44dfa7 58acfd190f4445b5992ac442ef5f457c - - default default] Successfully bumped revision number for resource 4b58872e-bbe1-4784-adc9-38a4767e2d96 (type: ports) to 1
2026-07-01 14:20:18.155 10 INFO neutron.db.ovn_revision_numbers_db [None req-e354fffe-4734-4ab7-84cc-c4488b36e21b 1286d8d4d190427ba7998c367135e3cf 2165447a54bc47c89783c7dacd2b560f - - default default] Successfully bumped revision number for resource e373c2e0-88ae-4d87-8503-3f92375323d4 (type: ports) to 1
2026-07-01 14:20:18.177 10 INFO neutron.api.wsgi [None req-208fa990-32f4-4936-95b5-e725d5b2e710 9ae64cc45a3e49ec8cb55bce8c44dfa7 58acfd190f4445b5992ac442ef5f457c - - default default] 10.0.0.75 "POST /v2.0/networks HTTP/1.1" status: 201 len: 835 time: 0.8865392
2026-07-01 14:20:18.189 9 WARNING neutron_lib.context [None req-c530dc6c-9067-4380-9289-bb5d773e1227 9ae64cc45a3e49ec8cb55bce8c44dfa7 58acfd190f4445b5992ac442ef5f457c - - default default] Method 'is_advsvc' is deprecated since 2023.2 release (neutron-lib 3.8.0) and will be removed once support for the old RBAC API policies will be removed from Neutron. Please use method 'is_service_role' instead.
2026-07-01 14:20:18.233 10 WARNING neutron.scheduler.dhcp_agent_scheduler [None req-e354fffe-4734-4ab7-84cc-c4488b36e21b 1286d8d4d190427ba7998c367135e3cf 2165447a54bc47c89783c7dacd2b560f - - default default] No more DHCP agents
2026-07-01 14:20:18.238 10 INFO neutron.api.wsgi [req-f4339940-fbf0-4c27-9038-a8fcc523e506 req-71dcdef8-28b8-40e8-a918-935ff733c3d8 063c899aabf2493db22572492fd2ab17 cc42dd36f5a04cca907565972b5369d4 - - default default] 10.0.0.142 "GET /v2.0/ports?device_id=76d8f4ad-0279-4b59-bc26-bbd00fa4d8ce HTTP/1.1" status: 200 len: 1168 time: 0.0383162
2026-07-01 14:20:18.239 10 WARNING neutron.api.rpc.agentnotifiers.dhcp_rpc_agent_api [None req-e354fffe-4734-4ab7-84cc-c4488b36e21b 1286d8d4d190427ba7998c367135e3cf 2165447a54bc47c89783c7dacd2b560f - - default default] Unable to schedule network 1cc5968b-a7d0-4f0f-84a9-b064ce6f0939: no agents available; will retry on subsequent port and subnet creation events.
2026-07-01 14:20:18.296 10 INFO neutron.api.wsgi [req-f4339940-fbf0-4c27-9038-a8fcc523e506 req-5279fcaf-40f4-4303-bcc7-e4690ce3326f 063c899aabf2493db22572492fd2ab17 cc42dd36f5a04cca907565972b5369d4 - - default default] 10.0.0.142 "GET /v2.0/security-groups?id=84ebf32c-89a4-49de-87e3-68032ac5dcfc&fields=id&fields=name HTTP/1.1" status: 200 len: 313 time: 0.0488052
2026-07-01 14:20:18.354 10 INFO neutron.api.wsgi [None req-0423569f-9e87-4855-8b60-1e1e9c165fac 123228c20f434ed8979016dd8abad642 25e59102514d4501a2045125b2b1bdb4 - - default default] 10.0.0.75 "POST /v2.0/floatingips HTTP/1.1" status: 201 len: 751 time: 0.9538317
2026-07-01 14:20:18.396 9 WARNING neutron.scheduler.dhcp_agent_scheduler [None req-c530dc6c-9067-4380-9289-bb5d773e1227 9ae64cc45a3e49ec8cb55bce8c44dfa7 58acfd190f4445b5992ac442ef5f457c - - default default] No more DHCP agents
2026-07-01 14:20:18.398 9 WARNING neutron.api.rpc.agentnotifiers.dhcp_rpc_agent_api [None req-c530dc6c-9067-4380-9289-bb5d773e1227 9ae64cc45a3e49ec8cb55bce8c44dfa7 58acfd190f4445b5992ac442ef5f457c - - default default] Unable to schedule network e1daa8d0-bd31-4456-9d4e-ec55840ecda6: no agents available; will retry on subsequent port and subnet creation events.
2026-07-01 14:20:18.424 9 INFO neutron.db.ovn_revision_numbers_db [None req-c530dc6c-9067-4380-9289-bb5d773e1227 9ae64cc45a3e49ec8cb55bce8c44dfa7 58acfd190f4445b5992ac442ef5f457c - - default default] Successfully bumped revision number for resource 251398c3-0b9c-4558-a72c-577dbc072966 (type: subnets) to 0
2026-07-01 14:20:18.443 9 INFO neutron.api.wsgi [None req-c530dc6c-9067-4380-9289-bb5d773e1227 9ae64cc45a3e49ec8cb55bce8c44dfa7 58acfd190f4445b5992ac442ef5f457c - - default default] 10.0.0.75 "POST /v2.0/subnets HTTP/1.1" status: 201 len: 845 time: 0.2587547
2026-07-01 14:20:18.452 9 WARNING neutron_lib.context [None req-2d4b1467-7b5b-4d8a-b80a-bac039418ab0 9ae64cc45a3e49ec8cb55bce8c44dfa7 58acfd190f4445b5992ac442ef5f457c - - default default] Method 'is_advsvc' is deprecated since 2023.2 release (neutron-lib 3.8.0) and will be removed once support for the old RBAC API policies will be removed from Neutron. Please use method 'is_service_role' instead.
2026-07-01 14:20:18.454 9 INFO neutron.db.ovn_revision_numbers_db [None req-c62fd8a2-f60a-49af-af52-d2ec05b311be - - - - - -] Successfully bumped revision number for resource e373c2e0-88ae-4d87-8503-3f92375323d4 (type: ports) to 2 /var/lib/openstack/lib/python3.12/site-packages/pycadf/identifier.py:71: UserWarning: Invalid uuid: neutron. To ensure interoperability, identifiers should be a valid uuid. warnings.warn(('Invalid uuid: %s. To ensure interoperability, '
2026-07-01 14:20:18.717 9 INFO neutron.api.wsgi [req-5db9f985-32e9-4b51-9933-3687bf256937 req-3b4f8312-ba73-443a-9ef7-59dbe220df59 c09bb7d75cfb41d78419de17695603fb 9a70ac6914e84ee297359b67431146b7 - - e5366feedd3b424f815eed9c8dfda628 e5366feedd3b424f815eed9c8dfda628] 199.204.45.49 "GET /v2.0/ports?tenant_id=cc42dd36f5a04cca907565972b5369d4&device_id=76d8f4ad-0279-4b59-bc26-bbd00fa4d8ce HTTP/1.1" status: 200 len: 1407 time: 0.0304661 /var/lib/openstack/lib/python3.12/site-packages/pycadf/identifier.py:71: UserWarning: Invalid uuid: neutron. To ensure interoperability, identifiers should be a valid uuid. warnings.warn(('Invalid uuid: %s. To ensure interoperability, '
2026-07-01 14:20:18.729 9 WARNING neutron.scheduler.dhcp_agent_scheduler [None req-2d4b1467-7b5b-4d8a-b80a-bac039418ab0 9ae64cc45a3e49ec8cb55bce8c44dfa7 58acfd190f4445b5992ac442ef5f457c - - default default] No more DHCP agents
2026-07-01 14:20:18.753 9 WARNING neutron.api.rpc.agentnotifiers.dhcp_rpc_agent_api [None req-2d4b1467-7b5b-4d8a-b80a-bac039418ab0 9ae64cc45a3e49ec8cb55bce8c44dfa7 58acfd190f4445b5992ac442ef5f457c - - default default] Unable to schedule network e1daa8d0-bd31-4456-9d4e-ec55840ecda6: no agents available; will retry on subsequent port and subnet creation events.
2026-07-01 14:20:18.764 9 INFO neutron.api.wsgi [req-5db9f985-32e9-4b51-9933-3687bf256937 req-977da350-0681-4240-9bc9-052f5cbe4d82 c09bb7d75cfb41d78419de17695603fb 9a70ac6914e84ee297359b67431146b7 - - e5366feedd3b424f815eed9c8dfda628 e5366feedd3b424f815eed9c8dfda628] 199.204.45.49 "GET /v2.0/floatingips?fixed_ip_address=10.100.0.7&port_id=661867fa-96bd-455b-96e7-a34138ddd6f5 HTTP/1.1" status: 200 len: 217 time: 0.0431025
2026-07-01 14:20:18.771 10 INFO neutron.api.wsgi [req-bb37072c-2438-4056-aa52-efc9bf6195d7 req-3aa124be-489a-4077-811a-ab1cc47e792b 123228c20f434ed8979016dd8abad642 25e59102514d4501a2045125b2b1bdb4 - - default default] 10.0.0.142 "GET /v2.0/security-groups?name=tempest-securitygroup--825421814&fields=id&tenant_id=25e59102514d4501a2045125b2b1bdb4 HTTP/1.1" status: 200 len: 267 time: 0.0409849
2026-07-01 14:20:18.815 9 INFO neutron.api.wsgi [req-5db9f985-32e9-4b51-9933-3687bf256937 req-1eb00473-1977-4164-a1d6-d27f32cba473 c09bb7d75cfb41d78419de17695603fb 9a70ac6914e84ee297359b67431146b7 - - e5366feedd3b424f815eed9c8dfda628 e5366feedd3b424f815eed9c8dfda628] 199.204.45.49 "GET /v2.0/subnets?id=c4aaad9d-2a01-4510-9ff4-2881f676e58a HTTP/1.1" status: 200 len: 896 time: 0.0448177
2026-07-01 14:20:18.827 10 INFO neutron.api.wsgi [req-bb37072c-2438-4056-aa52-efc9bf6195d7 req-cbcc9df0-868a-4657-8bb8-128dc8d98016 123228c20f434ed8979016dd8abad642 25e59102514d4501a2045125b2b1bdb4 - - default default] 10.0.0.142 "GET /v2.0/networks?id=5feaa882-c7e1-4122-b562-42325eb82751 HTTP/1.1" status: 200 len: 874 time: 0.0470200
2026-07-01 14:20:18.843 10 INFO neutron.db.ovn_revision_numbers_db [None req-e354fffe-4734-4ab7-84cc-c4488b36e21b 1286d8d4d190427ba7998c367135e3cf 2165447a54bc47c89783c7dacd2b560f - - default default] Successfully bumped revision number for resource e373c2e0-88ae-4d87-8503-3f92375323d4 (type: router_ports) to 1
2026-07-01 14:20:18.847 10 INFO neutron.api.wsgi [None req-e354fffe-4734-4ab7-84cc-c4488b36e21b 1286d8d4d190427ba7998c367135e3cf 2165447a54bc47c89783c7dacd2b560f - - default default] 10.0.0.75 "PUT /v2.0/routers/7f92b1c7-3908-4073-add9-5a73298f2b4e/add_router_interface HTTP/1.1" status: 200 len: 503 time: 2.3359668
2026-07-01 14:20:18.857 10 INFO neutron.api.wsgi [req-bb37072c-2438-4056-aa52-efc9bf6195d7 req-684d2305-bb33-40f5-b877-234739bd3363 123228c20f434ed8979016dd8abad642 25e59102514d4501a2045125b2b1bdb4 - - default default] 10.0.0.142 "GET /v2.0/quotas/25e59102514d4501a2045125b2b1bdb4 HTTP/1.1" status: 200 len: 491 time: 0.0230212
2026-07-01 14:20:18.861 9 INFO neutron.api.wsgi [req-5db9f985-32e9-4b51-9933-3687bf256937 req-28cd106d-7098-4e19-9add-8203e8aac1e0 c09bb7d75cfb41d78419de17695603fb 9a70ac6914e84ee297359b67431146b7 - - e5366feedd3b424f815eed9c8dfda628 e5366feedd3b424f815eed9c8dfda628] 199.204.45.49 "GET /v2.0/ports?network_id=856715ea-3aaa-4e6a-b0bc-49a6ec090edf&device_owner=network%3Adhcp HTTP/1.1" status: 200 len: 210 time: 0.0417693
2026-07-01 14:20:18.920 9 INFO neutron.api.wsgi [req-5db9f985-32e9-4b51-9933-3687bf256937 req-b24f5da7-820e-470f-8758-f348e553658a c09bb7d75cfb41d78419de17695603fb 9a70ac6914e84ee297359b67431146b7 - - e5366feedd3b424f815eed9c8dfda628 e5366feedd3b424f815eed9c8dfda628] 199.204.45.49 "GET /v2.0/networks/856715ea-3aaa-4e6a-b0bc-49a6ec090edf?fields=segments HTTP/1.1" status: 200 len: 212 time: 0.0488086
2026-07-01 14:20:18.931 10 INFO neutron.api.wsgi [req-bb37072c-2438-4056-aa52-efc9bf6195d7 req-7848e999-355f-455a-8009-b9755309a7ee 123228c20f434ed8979016dd8abad642 25e59102514d4501a2045125b2b1bdb4 - - default default] 10.0.0.142 "GET /v2.0/ports?tenant_id=25e59102514d4501a2045125b2b1bdb4&fields=id HTTP/1.1" status: 200 len: 302 time: 0.0651314
2026-07-01 14:20:18.967 9 INFO neutron.api.wsgi [req-5db9f985-32e9-4b51-9933-3687bf256937 req-745fcdf2-9312-4d0f-a097-ee7410d3eb18 c09bb7d75cfb41d78419de17695603fb 9a70ac6914e84ee297359b67431146b7 - - e5366feedd3b424f815eed9c8dfda628 e5366feedd3b424f815eed9c8dfda628] 199.204.45.49 "GET /v2.0/networks/856715ea-3aaa-4e6a-b0bc-49a6ec090edf?fields=provider%3Aphysical_network&fields=provider%3Anetwork_type HTTP/1.1" status: 200 len: 277 time: 0.0431702
