2026-07-01 14:23:23.141 9 WARNING neutron.api.rpc.agentnotifiers.dhcp_rpc_agent_api [None req-d958dc3b-8cc1-41ab-a960-8dc18913c221 f7d7afe6781a4dfcb04f053fc2cb652f 29c5965d91314dcdb7778b3dc7ce1509 - - default default] Unable to schedule network f4c91237-8950-40e9-b625-1c2643669f2c: no agents available; will retry on subsequent port and subnet creation events.
2026-07-01 14:23:23.256 10 WARNING neutron.scheduler.dhcp_agent_scheduler [None req-821c341d-d869-4c5b-bd80-eda55ff79d5b 7ced501708ba4428bb3562314a80ef03 44802e920f484307b4e528a8e419a9d4 - - default default] No more DHCP agents
2026-07-01 14:23:23.257 10 WARNING neutron.api.rpc.agentnotifiers.dhcp_rpc_agent_api [None req-821c341d-d869-4c5b-bd80-eda55ff79d5b 7ced501708ba4428bb3562314a80ef03 44802e920f484307b4e528a8e419a9d4 - - default default] Unable to schedule network 3e9b5b99-4651-4f7d-b5a6-368360222bfd: no agents available; will retry on subsequent port and subnet creation events.
2026-07-01 14:23:23.413 9 INFO neutron.db.ovn_revision_numbers_db [None req-d958dc3b-8cc1-41ab-a960-8dc18913c221 f7d7afe6781a4dfcb04f053fc2cb652f 29c5965d91314dcdb7778b3dc7ce1509 - - default default] Successfully bumped revision number for resource d6b12511-ec0b-454f-9cc6-94a5f71a86d2 (type: router_ports) to 1
2026-07-01 14:23:23.419 9 INFO neutron.api.wsgi [None req-d958dc3b-8cc1-41ab-a960-8dc18913c221 f7d7afe6781a4dfcb04f053fc2cb652f 29c5965d91314dcdb7778b3dc7ce1509 - - default default] 10.0.0.75 "PUT /v2.0/routers/17f929e8-8434-43c7-886a-5a0411bc9004/add_router_interface HTTP/1.1" status: 200 len: 503 time: 1.6981177
2026-07-01 14:23:23.471 9 WARNING neutron_lib.context [None req-5c93ed56-09be-4ec5-9bc0-cb65af58b13f f7d7afe6781a4dfcb04f053fc2cb652f 29c5965d91314dcdb7778b3dc7ce1509 - - default default] Method 'is_advsvc' is deprecated since 2023.2 release (neutron-lib 3.8.0) and will be removed once support for the old RBAC API policies will be removed from Neutron. Please use method 'is_service_role' instead.
2026-07-01 14:23:23.485 10 INFO neutron.api.wsgi [req-bc1f5031-e8c7-4c09-8072-c960f9022b4c req-2f5c9e77-2286-4c51-87d5-64a56684ac5f 3f152737bdf4496f97ba69dd49c3a426 17e235d741b3426ca5772d78348c8e12 - - default default] 10.0.0.142 "GET /v2.0/ports?device_id=1fca8f54-1496-4fe2-a1e3-c4ae2613238e HTTP/1.1" status: 200 len: 1170 time: 0.0996284
2026-07-01 14:23:23.532 10 INFO neutron.api.wsgi [req-bc1f5031-e8c7-4c09-8072-c960f9022b4c req-70800b73-0730-4179-8cd9-6c39bc0ad292 3f152737bdf4496f97ba69dd49c3a426 17e235d741b3426ca5772d78348c8e12 - - default default] 10.0.0.142 "GET /v2.0/security-groups?id=8bf9e17f-7f7b-4db1-9642-eb7e86339033&fields=id&fields=name HTTP/1.1" status: 200 len: 311 time: 0.0367470
2026-07-01 14:23:23.580 9 INFO neutron.db.ovn_revision_numbers_db [None req-5c93ed56-09be-4ec5-9bc0-cb65af58b13f f7d7afe6781a4dfcb04f053fc2cb652f 29c5965d91314dcdb7778b3dc7ce1509 - - default default] Successfully bumped revision number for resource 306f3c95-988a-4880-94c2-afa5472c21be (type: security_groups) to 1
2026-07-01 14:23:23.592 9 INFO neutron.db.ovn_revision_numbers_db [None req-5c93ed56-09be-4ec5-9bc0-cb65af58b13f f7d7afe6781a4dfcb04f053fc2cb652f 29c5965d91314dcdb7778b3dc7ce1509 - - default default] Successfully bumped revision number for resource 21a38665-810a-4708-ba9a-3ecd03a1717c (type: security_group_rules) to 0
2026-07-01 14:23:23.604 9 INFO neutron.db.ovn_revision_numbers_db [None req-5c93ed56-09be-4ec5-9bc0-cb65af58b13f f7d7afe6781a4dfcb04f053fc2cb652f 29c5965d91314dcdb7778b3dc7ce1509 - - default default] Successfully bumped revision number for resource f866c7da-a0c0-433a-96a4-e0ce175e253a (type: security_group_rules) to 0
2026-07-01 14:23:23.643 9 INFO neutron.api.wsgi [None req-5c93ed56-09be-4ec5-9bc0-cb65af58b13f f7d7afe6781a4dfcb04f053fc2cb652f 29c5965d91314dcdb7778b3dc7ce1509 - - default default] 10.0.0.75 "POST /v2.0/security-groups HTTP/1.1" status: 201 len: 1828 time: 0.1763577
2026-07-01 14:23:23.651 10 WARNING neutron_lib.context [None req-4ae7b616-3fff-4beb-9f10-6530ff80ed2f f7d7afe6781a4dfcb04f053fc2cb652f 29c5965d91314dcdb7778b3dc7ce1509 - - default default] Method 'is_advsvc' is deprecated since 2023.2 release (neutron-lib 3.8.0) and will be removed once support for the old RBAC API policies will be removed from Neutron. Please use method 'is_service_role' instead.
2026-07-01 14:23:23.705 10 INFO neutron.db.ovn_revision_numbers_db [None req-4294ed50-1510-4777-8a26-6e7c5b55f8f8 - - - - - -] Successfully bumped revision number for resource 59fee3dd-29e7-41e1-96cf-3572a14b6f4d (type: ports) to 2
2026-07-01 14:23:23.737 10 INFO neutron.db.ovn_revision_numbers_db [None req-4294ed50-1510-4777-8a26-6e7c5b55f8f8 - - - - - -] Successfully bumped revision number for resource 91db41bb-0225-4889-bd18-a97db382f07e (type: subnets) to 0
2026-07-01 14:23:23.751 10 INFO neutron.api.wsgi [None req-821c341d-d869-4c5b-bd80-eda55ff79d5b 7ced501708ba4428bb3562314a80ef03 44802e920f484307b4e528a8e419a9d4 - - default default] 10.0.0.75 "POST /v2.0/subnets HTTP/1.1" status: 201 len: 828 time: 0.6432996
2026-07-01 14:23:23.762 9 WARNING neutron_lib.context [None req-7482f697-5f7b-448b-bcff-8bcad984fe2f 7ced501708ba4428bb3562314a80ef03 44802e920f484307b4e528a8e419a9d4 - - default default] Method 'is_advsvc' is deprecated since 2023.2 release (neutron-lib 3.8.0) and will be removed once support for the old RBAC API policies will be removed from Neutron. Please use method 'is_service_role' instead.
2026-07-01 14:23:23.776 10 INFO neutron.db.ovn_revision_numbers_db [None req-4ae7b616-3fff-4beb-9f10-6530ff80ed2f f7d7afe6781a4dfcb04f053fc2cb652f 29c5965d91314dcdb7778b3dc7ce1509 - - default default] Successfully bumped revision number for resource fae4e073-4819-4432-9240-94e1b6053053 (type: security_group_rules) to 0
2026-07-01 14:23:23.806 10 INFO neutron.api.wsgi [None req-4ae7b616-3fff-4beb-9f10-6530ff80ed2f f7d7afe6781a4dfcb04f053fc2cb652f 29c5965d91314dcdb7778b3dc7ce1509 - - default default] 10.0.0.75 "POST /v2.0/security-group-rules HTTP/1.1" status: 201 len: 796 time: 0.1592524
2026-07-01 14:23:23.816 9 WARNING neutron_lib.context [None req-3b1df805-ae40-4428-8e4b-a6b741fc28ec f7d7afe6781a4dfcb04f053fc2cb652f 29c5965d91314dcdb7778b3dc7ce1509 - - default default] Method 'is_advsvc' is deprecated since 2023.2 release (neutron-lib 3.8.0) and will be removed once support for the old RBAC API policies will be removed from Neutron. Please use method 'is_service_role' instead.
2026-07-01 14:23:23.853 10 INFO neutron.api.wsgi [-] 10.0.0.12 "GET / HTTP/1.1" status: 200 len: 247 time: 0.0019491
2026-07-01 14:23:23.855 10 INFO neutron.api.wsgi [-] 10.0.0.12 "GET / HTTP/1.1" status: 200 len: 247 time: 0.0012057
2026-07-01 14:23:24.029 9 INFO neutron.db.ovn_revision_numbers_db [None req-3b1df805-ae40-4428-8e4b-a6b741fc28ec f7d7afe6781a4dfcb04f053fc2cb652f 29c5965d91314dcdb7778b3dc7ce1509 - - default default] Successfully bumped revision number for resource 70c6619d-374b-4e3c-b13e-937543a1b74c (type: security_group_rules) to 0
2026-07-01 14:23:24.066 9 INFO neutron.api.wsgi [None req-3b1df805-ae40-4428-8e4b-a6b741fc28ec f7d7afe6781a4dfcb04f053fc2cb652f 29c5965d91314dcdb7778b3dc7ce1509 - - default default] 10.0.0.75 "POST /v2.0/security-group-rules HTTP/1.1" status: 201 len: 796 time: 0.2541251
2026-07-01 14:23:24.082 10 WARNING neutron_lib.context [None req-e7fb648f-8d4a-4338-b5d7-e5c0cdb8cec2 f7d7afe6781a4dfcb04f053fc2cb652f 29c5965d91314dcdb7778b3dc7ce1509 - - default default] Method 'is_advsvc' is deprecated since 2023.2 release (neutron-lib 3.8.0) and will be removed once support for the old RBAC API policies will be removed from Neutron. Please use method 'is_service_role' instead.
2026-07-01 14:23:24.209 10 INFO neutron.db.ovn_revision_numbers_db [None req-e7fb648f-8d4a-4338-b5d7-e5c0cdb8cec2 f7d7afe6781a4dfcb04f053fc2cb652f 29c5965d91314dcdb7778b3dc7ce1509 - - default default] Successfully bumped revision number for resource 1043fb10-a701-43d9-8165-803375d1afbd (type: security_group_rules) to 0
2026-07-01 14:23:24.226 9 WARNING neutron.scheduler.dhcp_agent_scheduler [None req-7482f697-5f7b-448b-bcff-8bcad984fe2f 7ced501708ba4428bb3562314a80ef03 44802e920f484307b4e528a8e419a9d4 - - default default] No more DHCP agents
2026-07-01 14:23:24.227 9 WARNING neutron.api.rpc.agentnotifiers.dhcp_rpc_agent_api [None req-7482f697-5f7b-448b-bcff-8bcad984fe2f 7ced501708ba4428bb3562314a80ef03 44802e920f484307b4e528a8e419a9d4 - - default default] Unable to schedule network 33b10bf0-7f4a-4cc2-844a-6a4d43f9d01f: no agents available; will retry on subsequent port and subnet creation events.
2026-07-01 14:23:24.242 10 INFO neutron.api.wsgi [None req-e7fb648f-8d4a-4338-b5d7-e5c0cdb8cec2 f7d7afe6781a4dfcb04f053fc2cb652f 29c5965d91314dcdb7778b3dc7ce1509 - - default default] 10.0.0.75 "POST /v2.0/security-group-rules HTTP/1.1" status: 201 len: 798 time: 0.1699061
2026-07-01 14:23:24.252 10 WARNING neutron_lib.context [None req-d75c6e07-b061-4df4-b708-2b2452e8544a f7d7afe6781a4dfcb04f053fc2cb652f 29c5965d91314dcdb7778b3dc7ce1509 - - default default] Method 'is_advsvc' is deprecated since 2023.2 release (neutron-lib 3.8.0) and will be removed once support for the old RBAC API policies will be removed from Neutron. Please use method 'is_service_role' instead.
2026-07-01 14:23:24.331 9 INFO neutron.db.ovn_revision_numbers_db [None req-7482f697-5f7b-448b-bcff-8bcad984fe2f 7ced501708ba4428bb3562314a80ef03 44802e920f484307b4e528a8e419a9d4 - - default default] Successfully bumped revision number for resource b4684011-44c7-42b5-8722-de15a287877f (type: ports) to 1
2026-07-01 14:23:24.356 10 INFO neutron.db.ovn_revision_numbers_db [None req-d75c6e07-b061-4df4-b708-2b2452e8544a f7d7afe6781a4dfcb04f053fc2cb652f 29c5965d91314dcdb7778b3dc7ce1509 - - default default] Successfully bumped revision number for resource f6304ec3-eea3-4c7c-a0e6-f5e38e0cd87f (type: security_group_rules) to 0
2026-07-01 14:23:24.396 10 INFO neutron.api.wsgi [None req-d75c6e07-b061-4df4-b708-2b2452e8544a f7d7afe6781a4dfcb04f053fc2cb652f 29c5965d91314dcdb7778b3dc7ce1509 - - default default] 10.0.0.75 "POST /v2.0/security-group-rules HTTP/1.1" status: 201 len: 800 time: 0.1482832
2026-07-01 14:23:24.405 10 WARNING neutron_lib.context [None req-e354cf1a-c733-4264-b36d-0adcc27fa67f f7d7afe6781a4dfcb04f053fc2cb652f 29c5965d91314dcdb7778b3dc7ce1509 - - default default] Method 'is_advsvc' is deprecated since 2023.2 release (neutron-lib 3.8.0) and will be removed once support for the old RBAC API policies will be removed from Neutron. Please use method 'is_service_role' instead.
2026-07-01 14:23:24.523 10 INFO neutron.db.ovn_revision_numbers_db [None req-e354cf1a-c733-4264-b36d-0adcc27fa67f f7d7afe6781a4dfcb04f053fc2cb652f 29c5965d91314dcdb7778b3dc7ce1509 - - default default] Successfully bumped revision number for resource db3974e3-ad41-4e94-8ae6-27555e9524d4 (type: security_group_rules) to 0
2026-07-01 14:23:24.551 10 INFO neutron.api.wsgi [None req-e354cf1a-c733-4264-b36d-0adcc27fa67f f7d7afe6781a4dfcb04f053fc2cb652f 29c5965d91314dcdb7778b3dc7ce1509 - - default default] 10.0.0.75 "POST /v2.0/security-group-rules HTTP/1.1" status: 201 len: 800 time: 0.1501067
2026-07-01 14:23:24.560 10 WARNING neutron_lib.context [None req-097ac4f6-b703-45e2-87e0-448d451be77f f7d7afe6781a4dfcb04f053fc2cb652f 29c5965d91314dcdb7778b3dc7ce1509 - - default default] Method 'is_advsvc' is deprecated since 2023.2 release (neutron-lib 3.8.0) and will be removed once support for the old RBAC API policies will be removed from Neutron. Please use method 'is_service_role' instead.
2026-07-01 14:23:24.625 10 INFO neutron.api.wsgi [req-cf7b0b91-a558-4167-99d2-af3245d21330 req-fe238b83-60f0-4cab-b8f8-3cb09cb8a56a 3f152737bdf4496f97ba69dd49c3a426 17e235d741b3426ca5772d78348c8e12 - - default default] 10.0.0.142 "GET /v2.0/ports?device_id=1fca8f54-1496-4fe2-a1e3-c4ae2613238e HTTP/1.1" status: 200 len: 1170 time: 0.0336585
2026-07-01 14:23:24.669 10 INFO neutron.api.wsgi [req-cf7b0b91-a558-4167-99d2-af3245d21330 req-5be6b290-c265-47de-8b8b-2d46139eed37 3f152737bdf4496f97ba69dd49c3a426 17e235d741b3426ca5772d78348c8e12 - - default default] 10.0.0.142 "GET /v2.0/security-groups?id=8bf9e17f-7f7b-4db1-9642-eb7e86339033&fields=id&fields=name HTTP/1.1" status: 200 len: 311 time: 0.0377154
2026-07-01 14:23:24.700 10 INFO neutron.db.ovn_revision_numbers_db [None req-097ac4f6-b703-45e2-87e0-448d451be77f f7d7afe6781a4dfcb04f053fc2cb652f 29c5965d91314dcdb7778b3dc7ce1509 - - default default] Successfully bumped revision number for resource 405294d8-35d7-4117-b232-d56a51bc00de (type: security_group_rules) to 0
2026-07-01 14:23:24.730 10 INFO neutron.api.wsgi [None req-097ac4f6-b703-45e2-87e0-448d451be77f f7d7afe6781a4dfcb04f053fc2cb652f 29c5965d91314dcdb7778b3dc7ce1509 - - default default] 10.0.0.75 "POST /v2.0/security-group-rules HTTP/1.1" status: 201 len: 796 time: 0.1736379
2026-07-01 14:23:24.741 9 WARNING neutron_lib.context [None req-7a1dd553-512e-4f91-916a-a1dc278b4070 f7d7afe6781a4dfcb04f053fc2cb652f 29c5965d91314dcdb7778b3dc7ce1509 - - default default] Method 'is_advsvc' is deprecated since 2023.2 release (neutron-lib 3.8.0) and will be removed once support for the old RBAC API policies will be removed from Neutron. Please use method 'is_service_role' instead.
2026-07-01 14:23:24.883 9 INFO neutron.plugins.ml2.drivers.ovn.mech_driver.ovsdb.commands [None req-8ee22e53-905b-4b57-8972-971e3340d3be - - - - - -] Schedule LRP lrp-b4684011-44c7-42b5-8722-de15a287877f on gateway 09f791e7-6b32-4bb6-b195-2d1a5195c949 with priority 1
2026-07-01 14:23:24.918 9 INFO neutron.db.ovn_revision_numbers_db [None req-7a1dd553-512e-4f91-916a-a1dc278b4070 f7d7afe6781a4dfcb04f053fc2cb652f 29c5965d91314dcdb7778b3dc7ce1509 - - default default] Successfully bumped revision number for resource cfd4d30a-bb06-4822-92f9-c424d7d18e9b (type: security_group_rules) to 0
2026-07-01 14:23:24.925 9 INFO neutron.db.ovn_revision_numbers_db [None req-7482f697-5f7b-448b-bcff-8bcad984fe2f 7ced501708ba4428bb3562314a80ef03 44802e920f484307b4e528a8e419a9d4 - - default default] Successfully bumped revision number for resource b4684011-44c7-42b5-8722-de15a287877f (type: router_ports) to 1
2026-07-01 14:23:24.966 9 INFO neutron.api.wsgi [None req-7a1dd553-512e-4f91-916a-a1dc278b4070 f7d7afe6781a4dfcb04f053fc2cb652f 29c5965d91314dcdb7778b3dc7ce1509 - - default default] 10.0.0.75 "POST /v2.0/security-group-rules HTTP/1.1" status: 201 len: 796 time: 0.2316093
2026-07-01 14:23:24.998 9 WARNING neutron_lib.context [None req-2def503a-0b02-4ce2-8a21-736f04cac103 f7d7afe6781a4dfcb04f053fc2cb652f 29c5965d91314dcdb7778b3dc7ce1509 - - default default] Method 'is_advsvc' is deprecated since 2023.2 release (neutron-lib 3.8.0) and will be removed once support for the old RBAC API policies will be removed from Neutron. Please use method 'is_service_role' instead.
2026-07-01 14:23:25.003 9 INFO neutron.db.ovn_revision_numbers_db [None req-7482f697-5f7b-448b-bcff-8bcad984fe2f 7ced501708ba4428bb3562314a80ef03 44802e920f484307b4e528a8e419a9d4 - - default default] Successfully bumped revision number for resource 5ef0ffba-80d1-4e50-8986-08c170354b29 (type: routers) to 2
2026-07-01 14:23:25.027 9 INFO neutron.api.wsgi [None req-7482f697-5f7b-448b-bcff-8bcad984fe2f 7ced501708ba4428bb3562314a80ef03 44802e920f484307b4e528a8e419a9d4 - - default default] 10.0.0.75 "POST /v2.0/routers HTTP/1.1" status: 201 len: 1136 time: 1.2721608
2026-07-01 14:23:25.181 9 INFO neutron.db.ovn_revision_numbers_db [None req-2def503a-0b02-4ce2-8a21-736f04cac103 f7d7afe6781a4dfcb04f053fc2cb652f 29c5965d91314dcdb7778b3dc7ce1509 - - default default] Successfully bumped revision number for resource 5a465d66-b46a-4335-a257-b9ec45ee9a1c (type: security_group_rules) to 0
2026-07-01 14:23:25.220 9 INFO neutron.api.wsgi [req-53c410c1-2290-4276-aa0f-ac7f9773f971 req-8e6ab148-a038-4098-a0bc-11047aae34e8 3f152737bdf4496f97ba69dd49c3a426 17e235d741b3426ca5772d78348c8e12 - - default default] 199.204.45.49 "GET /v2.0/ports?device_id=1fca8f54-1496-4fe2-a1e3-c4ae2613238e HTTP/1.1" status: 200 len: 1170 time: 0.0939703
2026-07-01 14:23:25.224 9 INFO neutron.api.wsgi [None req-2def503a-0b02-4ce2-8a21-736f04cac103 f7d7afe6781a4dfcb04f053fc2cb652f 29c5965d91314dcdb7778b3dc7ce1509 - - default default] 10.0.0.75 "POST /v2.0/security-group-rules HTTP/1.1" status: 201 len: 796 time: 0.2316945
2026-07-01 14:23:25.239 9 WARNING neutron_lib.context [None req-f1848738-8e34-41c9-9ee2-091a026f756e f7d7afe6781a4dfcb04f053fc2cb652f 29c5965d91314dcdb7778b3dc7ce1509 - - default default] Method 'is_advsvc' is deprecated since 2023.2 release (neutron-lib 3.8.0) and will be removed once support for the old RBAC API policies will be removed from Neutron. Please use method 'is_service_role' instead.
2026-07-01 14:23:25.438 9 INFO neutron.db.ovn_revision_numbers_db [None req-f1848738-8e34-41c9-9ee2-091a026f756e f7d7afe6781a4dfcb04f053fc2cb652f 29c5965d91314dcdb7778b3dc7ce1509 - - default default] Successfully bumped revision number for resource 9fa156f8-ddd3-4433-9281-078fc5eac7a4 (type: security_group_rules) to 0
2026-07-01 14:23:25.495 9 INFO neutron.api.wsgi [None req-f1848738-8e34-41c9-9ee2-091a026f756e f7d7afe6781a4dfcb04f053fc2cb652f 29c5965d91314dcdb7778b3dc7ce1509 - - default default] 10.0.0.75 "POST /v2.0/security-group-rules HTTP/1.1" status: 201 len: 798 time: 0.2587712
2026-07-01 14:23:25.504 10 WARNING neutron_lib.context [None req-6c981d17-b7b7-4c58-9ad0-8a356fca996a f7d7afe6781a4dfcb04f053fc2cb652f 29c5965d91314dcdb7778b3dc7ce1509 - - default default] Method 'is_advsvc' is deprecated since 2023.2 release (neutron-lib 3.8.0) and will be removed once support for the old RBAC API policies will be removed from Neutron. Please use method 'is_service_role' instead.
2026-07-01 14:23:25.616 9 INFO neutron.db.l3_db [req-53c410c1-2290-4276-aa0f-ac7f9773f971 req-22541e6f-a142-484e-8f51-44f512fb7971 3f152737bdf4496f97ba69dd49c3a426 17e235d741b3426ca5772d78348c8e12 - - default default] Floating IP a83ace14-2560-4236-91f8-90b0ced71234 disassociated. External IP: 10.96.250.203, port: be76dc83-3775-4236-88a7-d094e5f358b6.
2026-07-01 14:23:25.670 10 INFO neutron.db.ovn_revision_numbers_db [None req-6c981d17-b7b7-4c58-9ad0-8a356fca996a f7d7afe6781a4dfcb04f053fc2cb652f 29c5965d91314dcdb7778b3dc7ce1509 - - default default] Successfully bumped revision number for resource 9381a056-94c8-42e9-9710-3e8e618c2a34 (type: security_group_rules) to 0
2026-07-01 14:23:25.672 9 WARNING neutron.scheduler.dhcp_agent_scheduler [None req-ebf711f9-a4ab-4f96-8d80-895228b97267 7ced501708ba4428bb3562314a80ef03 44802e920f484307b4e528a8e419a9d4 - - default default] No more DHCP agents
2026-07-01 14:23:25.674 9 WARNING neutron.api.rpc.agentnotifiers.dhcp_rpc_agent_api [None req-ebf711f9-a4ab-4f96-8d80-895228b97267 7ced501708ba4428bb3562314a80ef03 44802e920f484307b4e528a8e419a9d4 - - default default] Unable to schedule network 3e9b5b99-4651-4f7d-b5a6-368360222bfd: no agents available; will retry on subsequent port and subnet creation events.
2026-07-01 14:23:25.713 10 INFO neutron.api.wsgi [None req-6c981d17-b7b7-4c58-9ad0-8a356fca996a f7d7afe6781a4dfcb04f053fc2cb652f 29c5965d91314dcdb7778b3dc7ce1509 - - default default] 10.0.0.75 "POST /v2.0/security-group-rules HTTP/1.1" status: 201 len: 800 time: 0.2133663
2026-07-01 14:23:25.726 9 WARNING neutron_lib.context [None req-b02a6e61-261f-4d57-9f3b-95bc085583e3 f7d7afe6781a4dfcb04f053fc2cb652f 29c5965d91314dcdb7778b3dc7ce1509 - - default default] Method 'is_advsvc' is deprecated since 2023.2 release (neutron-lib 3.8.0) and will be removed once support for the old RBAC API policies will be removed from Neutron. Please use method 'is_service_role' instead.
2026-07-01 14:23:25.743 9 INFO neutron.api.wsgi [req-53c410c1-2290-4276-aa0f-ac7f9773f971 req-22541e6f-a142-484e-8f51-44f512fb7971 3f152737bdf4496f97ba69dd49c3a426 17e235d741b3426ca5772d78348c8e12 - - default default] 199.204.45.49 "DELETE /v2.0/ports/be76dc83-3775-4236-88a7-d094e5f358b6 HTTP/1.1" status: 204 len: 173 time: 0.5192704
2026-07-01 14:23:25.746 10 WARNING neutron.plugins.ml2.drivers.ovn.mech_driver.ovsdb.ovn_client [None req-05d63581-9691-48e7-b586-bc1aa23d602f - - - - - -] No hosting information found for port a0b6ea37-37be-44e9-a933-09d598762b8f: RuntimeError: No hosting information found for port a0b6ea37-37be-44e9-a933-09d598762b8f
2026-07-01 14:23:25.757 10 INFO neutron.api.wsgi [req-fe35dea5-a21a-4512-92bc-b3f20dece26b req-af90f1a4-e068-4f2a-97c2-e413e1618d18 3f152737bdf4496f97ba69dd49c3a426 17e235d741b3426ca5772d78348c8e12 - - default default] 10.0.0.142 "GET /v2.0/ports?device_id=1fca8f54-1496-4fe2-a1e3-c4ae2613238e HTTP/1.1" status: 200 len: 210 time: 0.0212617
2026-07-01 14:23:25.820 9 INFO neutron.notifiers.nova [-] Nova event matching ['req-e326a42c-50de-4d27-84be-432df419fcbf'] response: {'server_uuid': '1fca8f54-1496-4fe2-a1e3-c4ae2613238e', 'name': 'network-vif-deleted', 'tag': 'be76dc83-3775-4236-88a7-d094e5f358b6', 'status': 'completed', 'code': 200}
2026-07-01 14:23:25.853 10 INFO neutron.db.ovn_revision_numbers_db [None req-05d63581-9691-48e7-b586-bc1aa23d602f - - - - - -] Successfully bumped revision number for resource a0b6ea37-37be-44e9-a933-09d598762b8f (type: router_ports) to 2
2026-07-01 14:23:25.859 9 INFO neutron.db.ovn_revision_numbers_db [None req-ebf711f9-a4ab-4f96-8d80-895228b97267 7ced501708ba4428bb3562314a80ef03 44802e920f484307b4e528a8e419a9d4 - - default default] Successfully bumped revision number for resource 3e26b01f-a7e6-4a76-8c7d-f6ece7c23d89 (type: ports) to 1
2026-07-01 14:23:25.903 10 INFO neutron.plugins.ml2.drivers.ovn.mech_driver.mech_driver [None req-05d63581-9691-48e7-b586-bc1aa23d602f - - - - - -] OVN reports status up for port: d6b12511-ec0b-454f-9cc6-94a5f71a86d2
2026-07-01 14:23:25.909 10 INFO neutron.plugins.ml2.plugin [None req-05d63581-9691-48e7-b586-bc1aa23d602f - - - - - -] Attempt 1 to provision port d6b12511-ec0b-454f-9cc6-94a5f71a86d2
2026-07-01 14:23:25.926 9 INFO neutron.db.ovn_revision_numbers_db [None req-b02a6e61-261f-4d57-9f3b-95bc085583e3 f7d7afe6781a4dfcb04f053fc2cb652f 29c5965d91314dcdb7778b3dc7ce1509 - - default default] Successfully bumped revision number for resource 970f8579-1dc0-4ae5-a298-336bd80918ea (type: security_group_rules) to 0
2026-07-01 14:23:25.975 9 INFO neutron.api.wsgi [None req-b02a6e61-261f-4d57-9f3b-95bc085583e3 f7d7afe6781a4dfcb04f053fc2cb652f 29c5965d91314dcdb7778b3dc7ce1509 - - default default] 10.0.0.75 "POST /v2.0/security-group-rules HTTP/1.1" status: 201 len: 796 time: 0.2548935
2026-07-01 14:23:26.249 10 INFO neutron.api.wsgi [req-e1175ea7-2613-434c-99e3-231003af7369 req-d2f86e58-a77e-42c8-9dbc-771de3b050bc f7d7afe6781a4dfcb04f053fc2cb652f 29c5965d91314dcdb7778b3dc7ce1509 - - default default] 10.0.0.142 "GET /v2.0/security-groups?name=tempest-lb_member_SG-1476014977&fields=id&tenant_id=29c5965d91314dcdb7778b3dc7ce1509 HTTP/1.1" status: 200 len: 267 time: 0.0461493
2026-07-01 14:23:26.356 9 WARNING neutron.plugins.ml2.drivers.ovn.mech_driver.ovsdb.ovn_client [None req-90e9fb39-cf16-4f83-9ea3-bc48bc6bbb4f - - - - - -] No hosting information found for port 80c0e736-ab3c-4b4d-af1a-5cb24101d24d: RuntimeError: No hosting information found for port 80c0e736-ab3c-4b4d-af1a-5cb24101d24d
2026-07-01 14:23:26.358 10 INFO neutron.api.wsgi [req-e1175ea7-2613-434c-99e3-231003af7369 req-1a883306-5346-4228-90c6-1162eff13a7d f7d7afe6781a4dfcb04f053fc2cb652f 29c5965d91314dcdb7778b3dc7ce1509 - - default default] 10.0.0.142 "GET /v2.0/networks?id=2ce57d11-cc24-488d-b59e-a9ab3ebea3df HTTP/1.1" status: 200 len: 903 time: 0.1023152
2026-07-01 14:23:26.378 10 INFO neutron.api.wsgi [req-e1175ea7-2613-434c-99e3-231003af7369 req-ad93a8ed-69a4-4df5-a2c3-f1b08d6e5f46 f7d7afe6781a4dfcb04f053fc2cb652f 29c5965d91314dcdb7778b3dc7ce1509 - - default default] 10.0.0.142 "GET /v2.0/quotas/29c5965d91314dcdb7778b3dc7ce1509 HTTP/1.1" status: 200 len: 491 time: 0.0116770
2026-07-01 14:23:26.380 10 INFO neutron.db.ovn_revision_numbers_db [None req-05d63581-9691-48e7-b586-bc1aa23d602f - - - - - -] Successfully bumped revision number for resource d6b12511-ec0b-454f-9cc6-94a5f71a86d2 (type: ports) to 2
2026-07-01 14:23:26.429 9 INFO neutron.db.ovn_revision_numbers_db [None req-90e9fb39-cf16-4f83-9ea3-bc48bc6bbb4f - - - - - -] Successfully bumped revision number for resource 80c0e736-ab3c-4b4d-af1a-5cb24101d24d (type: router_ports) to 2
2026-07-01 14:23:26.525 10 INFO neutron.api.wsgi [req-e1175ea7-2613-434c-99e3-231003af7369 req-841d4a05-6a0b-4efd-8734-56bf71354fe3 f7d7afe6781a4dfcb04f053fc2cb652f 29c5965d91314dcdb7778b3dc7ce1509 - - default default] 10.0.0.142 "GET /v2.0/ports?tenant_id=29c5965d91314dcdb7778b3dc7ce1509&fields=id HTTP/1.1" status: 200 len: 486 time: 0.1410201
2026-07-01 14:23:26.579 10 INFO neutron.api.wsgi [req-e1175ea7-2613-434c-99e3-231003af7369 req-5ac396ba-bc48-49dd-828d-e971f1e134ce c09bb7d75cfb41d78419de17695603fb 9a70ac6914e84ee297359b67431146b7 - - e5366feedd3b424f815eed9c8dfda628 e5366feedd3b424f815eed9c8dfda628] 10.0.0.142 "GET /v2.0/networks/2ce57d11-cc24-488d-b59e-a9ab3ebea3df?fields=segments HTTP/1.1" status: 200 len: 212 time: 0.0436370
2026-07-01 14:23:26.619 10 INFO neutron.api.wsgi [req-e1175ea7-2613-434c-99e3-231003af7369 req-a6f7aa70-0dba-460f-b40a-3ceefdfbed28 c09bb7d75cfb41d78419de17695603fb 9a70ac6914e84ee297359b67431146b7 - - e5366feedd3b424f815eed9c8dfda628 e5366feedd3b424f815eed9c8dfda628] 10.0.0.142 "GET /v2.0/networks/2ce57d11-cc24-488d-b59e-a9ab3ebea3df?fields=provider%3Aphysical_network&fields=provider%3Anetwork_type HTTP/1.1" status: 200 len: 277 time: 0.0366652
2026-07-01 14:23:26.752 10 INFO neutron.api.wsgi [req-9b2dab83-eb26-4685-87ac-e31a1543cbc9 req-eb22be12-3324-4815-b2e2-1628d5513221 f7d7afe6781a4dfcb04f053fc2cb652f 29c5965d91314dcdb7778b3dc7ce1509 - - default default] 10.0.0.142 "GET /v2.0/ports?device_id=ca77a184-50ca-438f-bc63-7b44cb8eb8d6 HTTP/1.1" status: 200 len: 210 time: 0.0202990
2026-07-01 14:23:26.832 9 INFO neutron.db.ovn_revision_numbers_db [None req-ebf711f9-a4ab-4f96-8d80-895228b97267 7ced501708ba4428bb3562314a80ef03 44802e920f484307b4e528a8e419a9d4 - - default default] Successfully bumped revision number for resource 3e26b01f-a7e6-4a76-8c7d-f6ece7c23d89 (type: ports) to 1
2026-07-01 14:23:26.849 10 INFO neutron.api.wsgi [req-6a7eab97-77fc-4aff-b229-affd955660aa req-4575d9f9-0bea-4c36-8164-a641cd8c9504 3f152737bdf4496f97ba69dd49c3a426 17e235d741b3426ca5772d78348c8e12 - - default default] 10.0.0.142 "GET /v2.0/ports?device_id=1fca8f54-1496-4fe2-a1e3-c4ae2613238e HTTP/1.1" status: 200 len: 210 time: 0.0205603
2026-07-01 14:23:26.906 9 WARNING neutron.scheduler.dhcp_agent_scheduler [None req-ebf711f9-a4ab-4f96-8d80-895228b97267 7ced501708ba4428bb3562314a80ef03 44802e920f484307b4e528a8e419a9d4 - - default default] No more DHCP agents
2026-07-01 14:23:26.907 9 WARNING neutron.api.rpc.agentnotifiers.dhcp_rpc_agent_api [None req-ebf711f9-a4ab-4f96-8d80-895228b97267 7ced501708ba4428bb3562314a80ef03 44802e920f484307b4e528a8e419a9d4 - - default default] Unable to schedule network 3e9b5b99-4651-4f7d-b5a6-368360222bfd: no agents available; will retry on subsequent port and subnet creation events.
2026-07-01 14:23:27.203 9 INFO neutron.db.ovn_revision_numbers_db [None req-ebf711f9-a4ab-4f96-8d80-895228b97267 7ced501708ba4428bb3562314a80ef03 44802e920f484307b4e528a8e419a9d4 - - default default] Successfully bumped revision number for resource 3e26b01f-a7e6-4a76-8c7d-f6ece7c23d89 (type: router_ports) to 1
2026-07-01 14:23:27.208 9 INFO neutron.api.wsgi [None req-ebf711f9-a4ab-4f96-8d80-895228b97267 7ced501708ba4428bb3562314a80ef03 44802e920f484307b4e528a8e419a9d4 - - default default] 10.0.0.75 "PUT /v2.0/routers/5ef0ffba-80d1-4e50-8986-08c170354b29/add_router_interface HTTP/1.1" status: 200 len: 503 time: 2.1761513 /var/lib/openstack/lib/python3.12/site-packages/pycadf/identifier.py:71: UserWarning: Invalid uuid: neutron. To ensure interoperability, identifiers should be a valid uuid. warnings.warn(('Invalid uuid: %s. To ensure interoperability, '
2026-07-01 14:23:27.222 9 WARNING neutron_lib.context [None req-f8687f76-ca3a-414b-8aea-3fa8d96b0fc5 7ced501708ba4428bb3562314a80ef03 44802e920f484307b4e528a8e419a9d4 - - default default] Method 'is_advsvc' is deprecated since 2023.2 release (neutron-lib 3.8.0) and will be removed once support for the old RBAC API policies will be removed from Neutron. Please use method 'is_service_role' instead.
2026-07-01 14:23:27.640 9 WARNING neutron.scheduler.dhcp_agent_scheduler [None req-232003dc-519e-46a0-a962-80cba9a637af - - - - - -] No more DHCP agents
2026-07-01 14:23:27.641 9 WARNING neutron.api.rpc.agentnotifiers.dhcp_rpc_agent_api [None req-232003dc-519e-46a0-a962-80cba9a637af - - - - - -] Unable to schedule network 33b10bf0-7f4a-4cc2-844a-6a4d43f9d01f: no agents available; will retry on subsequent port and subnet creation events.
2026-07-01 14:23:27.750 9 INFO neutron.db.ovn_revision_numbers_db [None req-232003dc-519e-46a0-a962-80cba9a637af - - - - - -] Successfully bumped revision number for resource b3306d7a-33a5-45e3-bf47-04f3553d707c (type: ports) to 1
2026-07-01 14:23:27.949 10 INFO neutron.api.wsgi [req-1c9ea6bb-2ea1-4ed2-be9f-f0d2450b18f3 req-33fdd706-1c9a-4362-9fac-97f5c7a986f0 3f152737bdf4496f97ba69dd49c3a426 17e235d741b3426ca5772d78348c8e12 - - default default] 10.0.0.142 "GET /v2.0/ports?device_id=1fca8f54-1496-4fe2-a1e3-c4ae2613238e HTTP/1.1" status: 200 len: 210 time: 0.0238221
2026-07-01 14:23:27.986 9 INFO neutron.db.ovn_revision_numbers_db [None req-232003dc-519e-46a0-a962-80cba9a637af - - - - - -] Successfully bumped revision number for resource b3306d7a-33a5-45e3-bf47-04f3553d707c (type: ports) to 3
2026-07-01 14:23:28.044 9 INFO neutron.db.segments_db [None req-232003dc-519e-46a0-a962-80cba9a637af - - - - - -] Added segment a65154ad-b040-4d28-a461-b58c004856c1 of type geneve for network 4dcb2cbd-a3c7-4627-8c54-19c3ad9c2d9c
2026-07-01 14:23:28.150 9 INFO neutron.db.ovn_revision_numbers_db [None req-9ca1c30e-f448-4c6f-b450-7756e925b61e - - - - - -] Successfully bumped revision number for resource 4dcb2cbd-a3c7-4627-8c54-19c3ad9c2d9c (type: networks) to 1
2026-07-01 14:23:28.187 10 INFO neutron.db.ovn_revision_numbers_db [None req-4b774baf-a1ca-4e55-9fce-aad1e6ccdfb1 1286d8d4d190427ba7998c367135e3cf 2165447a54bc47c89783c7dacd2b560f - - default default] Successfully bumped revision number for resource 707d7c73-2b23-4da7-aa80-40025d6fc6d3 (type: security_groups) to 1
2026-07-01 14:23:28.200 10 INFO neutron.db.ovn_revision_numbers_db [None req-4b774baf-a1ca-4e55-9fce-aad1e6ccdfb1 1286d8d4d190427ba7998c367135e3cf 2165447a54bc47c89783c7dacd2b560f - - default default] Successfully bumped revision number for resource 2b16379d-d4aa-49be-859f-6ad3d5c98f0e (type: security_group_rules) to 0
2026-07-01 14:23:28.210 10 INFO neutron.db.ovn_revision_numbers_db [None req-4b774baf-a1ca-4e55-9fce-aad1e6ccdfb1 1286d8d4d190427ba7998c367135e3cf 2165447a54bc47c89783c7dacd2b560f - - default default] Successfully bumped revision number for resource 696d31d2-9314-4fad-96b9-bfbe5786e3d2 (type: security_group_rules) to 0
2026-07-01 14:23:28.222 10 INFO neutron.db.ovn_revision_numbers_db [None req-4b774baf-a1ca-4e55-9fce-aad1e6ccdfb1 1286d8d4d190427ba7998c367135e3cf 2165447a54bc47c89783c7dacd2b560f - - default default] Successfully bumped revision number for resource 7a8313cc-f1ce-4db6-a640-faabac8d0d3a (type: security_group_rules) to 0
2026-07-01 14:23:28.235 10 INFO neutron.db.ovn_revision_numbers_db [None req-4b774baf-a1ca-4e55-9fce-aad1e6ccdfb1 1286d8d4d190427ba7998c367135e3cf 2165447a54bc47c89783c7dacd2b560f - - default default] Successfully bumped revision number for resource 888c0685-656f-45cc-bd7d-acd82eddd06b (type: security_group_rules) to 0
2026-07-01 14:23:28.266 10 INFO neutron.api.wsgi [None req-4b774baf-a1ca-4e55-9fce-aad1e6ccdfb1 1286d8d4d190427ba7998c367135e3cf 2165447a54bc47c89783c7dacd2b560f - - default default] 10.0.0.75 "GET /v2.0/security-groups?tenant_id=8a07207d60664bb19715dd7b20c707ab&name=default HTTP/1.1" status: 200 len: 3120 time: 0.3515830
2026-07-01 14:23:28.278 9 WARNING neutron.scheduler.dhcp_agent_scheduler [None req-9ca1c30e-f448-4c6f-b450-7756e925b61e - - - - - -] No more DHCP agents
2026-07-01 14:23:28.279 9 WARNING neutron.api.rpc.agentnotifiers.dhcp_rpc_agent_api [None req-9ca1c30e-f448-4c6f-b450-7756e925b61e - - - - - -] Unable to schedule network 4dcb2cbd-a3c7-4627-8c54-19c3ad9c2d9c: no agents available; will retry on subsequent port and subnet creation events.
2026-07-01 14:23:28.334 9 INFO neutron.db.ovn_revision_numbers_db [None req-9ca1c30e-f448-4c6f-b450-7756e925b61e - - - - - -] Successfully bumped revision number for resource 38378a00-3a3e-4ecf-a17b-b7f9753b2b25 (type: ports) to 1
2026-07-01 14:23:28.450 10 INFO neutron.api.wsgi [None req-a118bec4-92b3-4390-83f8-302caf35787a 1286d8d4d190427ba7998c367135e3cf 2165447a54bc47c89783c7dacd2b560f - - default default] 10.0.0.75 "DELETE /v2.0/security-groups/707d7c73-2b23-4da7-aa80-40025d6fc6d3 HTTP/1.1" status: 204 len: 168 time: 0.1780059
2026-07-01 14:23:28.450 9 WARNING neutron.scheduler.dhcp_agent_scheduler [None req-9ca1c30e-f448-4c6f-b450-7756e925b61e - - - - - -] No more DHCP agents
2026-07-01 14:23:28.453 9 WARNING neutron.api.rpc.agentnotifiers.dhcp_rpc_agent_api [None req-9ca1c30e-f448-4c6f-b450-7756e925b61e - - - - - -] Unable to schedule network 4dcb2cbd-a3c7-4627-8c54-19c3ad9c2d9c: no agents available; will retry on subsequent port and subnet creation events.
2026-07-01 14:23:28.473 9 INFO neutron.db.ovn_revision_numbers_db [None req-9ca1c30e-f448-4c6f-b450-7756e925b61e - - - - - -] Successfully bumped revision number for resource 42bcb6d9-20f3-4035-88dd-d3ba3c91f83e (type: subnets) to 0
2026-07-01 14:23:28.656 9 INFO neutron.db.ovn_revision_numbers_db [None req-6a29c9be-3e6b-4ea0-a2c0-6d761f9db331 1286d8d4d190427ba7998c367135e3cf 2165447a54bc47c89783c7dacd2b560f - - default default] Successfully bumped revision number for resource 0c597565-a27e-4d08-bea9-c9e2ea396477 (type: security_groups) to 1
2026-07-01 14:23:28.672 9 INFO neutron.db.ovn_revision_numbers_db [None req-6a29c9be-3e6b-4ea0-a2c0-6d761f9db331 1286d8d4d190427ba7998c367135e3cf 2165447a54bc47c89783c7dacd2b560f - - default default] Successfully bumped revision number for resource 24ecf685-c3eb-4187-900e-6c42b17c2c92 (type: security_group_rules) to 0
2026-07-01 14:23:28.686 9 INFO neutron.db.ovn_revision_numbers_db [None req-6a29c9be-3e6b-4ea0-a2c0-6d761f9db331 1286d8d4d190427ba7998c367135e3cf 2165447a54bc47c89783c7dacd2b560f - - default default] Successfully bumped revision number for resource 60c7f3d1-5e95-4247-b6e4-85ce4e0c4000 (type: security_group_rules) to 0
2026-07-01 14:23:28.699 9 INFO neutron.db.ovn_revision_numbers_db [None req-6a29c9be-3e6b-4ea0-a2c0-6d761f9db331 1286d8d4d190427ba7998c367135e3cf 2165447a54bc47c89783c7dacd2b560f - - default default] Successfully bumped revision number for resource 91632f32-fae7-4fa3-b882-42a325034ab7 (type: security_group_rules) to 0
2026-07-01 14:23:28.718 9 INFO neutron.db.ovn_revision_numbers_db [None req-6a29c9be-3e6b-4ea0-a2c0-6d761f9db331 1286d8d4d190427ba7998c367135e3cf 2165447a54bc47c89783c7dacd2b560f - - default default] Successfully bumped revision number for resource a4f314cd-90ca-494f-a564-bbd67b6080a6 (type: security_group_rules) to 0
2026-07-01 14:23:28.762 9 INFO neutron.api.wsgi [None req-6a29c9be-3e6b-4ea0-a2c0-6d761f9db331 1286d8d4d190427ba7998c367135e3cf 2165447a54bc47c89783c7dacd2b560f - - default default] 10.0.0.75 "GET /v2.0/security-groups?tenant_id=197171e0bca142c38ddbdeec8f1297b0&name=default HTTP/1.1" status: 200 len: 3120 time: 0.2282958
2026-07-01 14:23:28.845 9 WARNING neutron.scheduler.dhcp_agent_scheduler [None req-9ca1c30e-f448-4c6f-b450-7756e925b61e - - - - - -] No more DHCP agents
2026-07-01 14:23:28.850 9 WARNING neutron.api.rpc.agentnotifiers.dhcp_rpc_agent_api [None req-9ca1c30e-f448-4c6f-b450-7756e925b61e - - - - - -] Unable to schedule network 4dcb2cbd-a3c7-4627-8c54-19c3ad9c2d9c: no agents available; will retry on subsequent port and subnet creation events.
2026-07-01 14:23:29.014 9 INFO neutron.db.ovn_revision_numbers_db [None req-9ca1c30e-f448-4c6f-b450-7756e925b61e - - - - - -] Successfully bumped revision number for resource 1693d6c7-a272-4602-bd11-271a56ee5dc6 (type: ports) to 1
2026-07-01 14:23:29.062 9 INFO neutron.api.wsgi [None req-13d76ac7-1e91-4bc7-bf87-23a4ae8e35cf 1286d8d4d190427ba7998c367135e3cf 2165447a54bc47c89783c7dacd2b560f - - default default] 10.0.0.75 "DELETE /v2.0/security-groups/0c597565-a27e-4d08-bea9-c9e2ea396477 HTTP/1.1" status: 204 len: 168 time: 0.2934163
2026-07-01 14:23:29.172 9 INFO neutron.api.wsgi [None req-bb55fe96-fbe7-45b9-bca5-f00e1482f25c 3f152737bdf4496f97ba69dd49c3a426 17e235d741b3426ca5772d78348c8e12 - - default default] 10.0.0.75 "DELETE /v2.0/security-groups/8bf9e17f-7f7b-4db1-9642-eb7e86339033 HTTP/1.1" status: 204 len: 168 time: 0.1719589
2026-07-01 14:23:29.460 10 INFO neutron.api.wsgi [None req-fb95e46a-9620-4011-a68f-6cdbd8dedda6 3f152737bdf4496f97ba69dd49c3a426 17e235d741b3426ca5772d78348c8e12 - - default default] 10.0.0.75 "DELETE /v2.0/floatingips/a83ace14-2560-4236-91f8-90b0ced71234 HTTP/1.1" status: 204 len: 168 time: 0.2597218
2026-07-01 14:23:29.538 9 INFO neutron.db.ovn_revision_numbers_db [None req-9ca1c30e-f448-4c6f-b450-7756e925b61e - - - - - -] Successfully bumped revision number for resource 1693d6c7-a272-4602-bd11-271a56ee5dc6 (type: ports) to 1
2026-07-01 14:23:29.588 9 WARNING neutron.scheduler.dhcp_agent_scheduler [None req-9ca1c30e-f448-4c6f-b450-7756e925b61e - - - - - -] No more DHCP agents
2026-07-01 14:23:29.589 9 WARNING neutron.api.rpc.agentnotifiers.dhcp_rpc_agent_api [None req-9ca1c30e-f448-4c6f-b450-7756e925b61e - - - - - -] Unable to schedule network 4dcb2cbd-a3c7-4627-8c54-19c3ad9c2d9c: no agents available; will retry on subsequent port and subnet creation events.
2026-07-01 14:23:29.668 10 INFO neutron.api.wsgi [req-9f605995-655a-476a-becf-5c9246ac6d44 req-5e337c2b-a771-4aeb-a81e-3997775bd9ce 3f152737bdf4496f97ba69dd49c3a426 17e235d741b3426ca5772d78348c8e12 - - default default] 10.0.0.142 "GET /v2.0/ports?device_id=414d10c4-a102-4d24-9391-2082e78ceedb HTTP/1.1" status: 200 len: 1170 time: 0.0707350
2026-07-01 14:23:29.708 10 INFO neutron.api.wsgi [req-9f605995-655a-476a-becf-5c9246ac6d44 req-3ab93eb5-f9a7-4b39-acc0-b90fe35f3248 3f152737bdf4496f97ba69dd49c3a426 17e235d741b3426ca5772d78348c8e12 - - default default] 10.0.0.142 "GET /v2.0/security-groups?id=725ace18-ff28-4f88-810a-8ecd8b21a132&fields=id&fields=name HTTP/1.1" status: 200 len: 312 time: 0.0321476
2026-07-01 14:23:30.414 9 INFO neutron.db.ovn_revision_numbers_db [None req-9ca1c30e-f448-4c6f-b450-7756e925b61e - - - - - -] Successfully bumped revision number for resource 1693d6c7-a272-4602-bd11-271a56ee5dc6 (type: router_ports) to 1
2026-07-01 14:23:30.634 9 WARNING neutron.scheduler.dhcp_agent_scheduler [None req-9ca1c30e-f448-4c6f-b450-7756e925b61e - - - - - -] No more DHCP agents
2026-07-01 14:23:30.635 9 WARNING neutron.api.rpc.agentnotifiers.dhcp_rpc_agent_api [None req-9ca1c30e-f448-4c6f-b450-7756e925b61e - - - - - -] Unable to schedule network 4dcb2cbd-a3c7-4627-8c54-19c3ad9c2d9c: no agents available; will retry on subsequent port and subnet creation events.
2026-07-01 14:23:30.769 9 INFO neutron.db.ovn_revision_numbers_db [None req-9ca1c30e-f448-4c6f-b450-7756e925b61e - - - - - -] Successfully bumped revision number for resource f9d2228e-9ebd-4e42-96be-c200149c031f (type: ports) to 1
2026-07-01 14:23:30.808 10 INFO neutron.api.wsgi [req-1e6cd8c5-8d23-4178-893e-5cca2285a99f req-f129e584-4503-4f23-b537-afa66546bdd4 3f152737bdf4496f97ba69dd49c3a426 17e235d741b3426ca5772d78348c8e12 - - default default] 10.0.0.142 "GET /v2.0/ports?device_id=414d10c4-a102-4d24-9391-2082e78ceedb HTTP/1.1" status: 200 len: 1170 time: 0.0407331
2026-07-01 14:23:30.853 10 INFO neutron.api.wsgi [req-1e6cd8c5-8d23-4178-893e-5cca2285a99f req-af661872-28d2-418b-bb39-24b1d2dc8c66 3f152737bdf4496f97ba69dd49c3a426 17e235d741b3426ca5772d78348c8e12 - - default default] 10.0.0.142 "GET /v2.0/security-groups?id=725ace18-ff28-4f88-810a-8ecd8b21a132&fields=id&fields=name HTTP/1.1" status: 200 len: 312 time: 0.0382688
2026-07-01 14:23:30.895 9 WARNING neutron_lib.context [None req-9d0ff943-5162-4dc8-b93a-9ff19334f9ae b5376b4ebbd24c13a9572b39fb1506e2 de6677a1b6ef4518ab4c73e8048ffbb1 - - default default] Method 'is_advsvc' is deprecated since 2023.2 release (neutron-lib 3.8.0) and will be removed once support for the old RBAC API policies will be removed from Neutron. Please use method 'is_service_role' instead.
2026-07-01 14:23:31.039 9 INFO neutron.db.ovn_revision_numbers_db [None req-9ca1c30e-f448-4c6f-b450-7756e925b61e - - - - - -] Successfully bumped revision number for resource f9d2228e-9ebd-4e42-96be-c200149c031f (type: ports) to 3
2026-07-01 14:23:31.052 9 INFO neutron.db.ovn_revision_numbers_db [None req-9d0ff943-5162-4dc8-b93a-9ff19334f9ae b5376b4ebbd24c13a9572b39fb1506e2 de6677a1b6ef4518ab4c73e8048ffbb1 - - default default] Successfully bumped revision number for resource 3c6b236f-a027-4fb1-9098-f385a9d7838e (type: security_groups) to 1
2026-07-01 14:23:31.057 9 INFO neutron.api.wsgi [req-e1175ea7-2613-434c-99e3-231003af7369 req-1426d690-201a-450a-b9a6-cd33d6cc28b9 f7d7afe6781a4dfcb04f053fc2cb652f 29c5965d91314dcdb7778b3dc7ce1509 - - default default] 199.204.45.49 "GET /v2.0/networks?id=2ce57d11-cc24-488d-b59e-a9ab3ebea3df HTTP/1.1" status: 200 len: 903 time: 0.0639744
2026-07-01 14:23:31.085 9 INFO neutron.db.ovn_revision_numbers_db [None req-9d0ff943-5162-4dc8-b93a-9ff19334f9ae b5376b4ebbd24c13a9572b39fb1506e2 de6677a1b6ef4518ab4c73e8048ffbb1 - - default default] Successfully bumped revision number for resource 0561168e-262d-480b-9e0e-5b8f33f1dbab (type: security_group_rules) to 0
2026-07-01 14:23:31.087 12 ERROR oslo_messaging.rpc.server [None req-2ed87562-ef6e-47e4-b15d-d754f842d532 7ced501708ba4428bb3562314a80ef03 44802e920f484307b4e528a8e419a9d4 - - default default] Exception during message handling: sqlalchemy.exc.PendingRollbackError: This Session's transaction has been rolled back due to a previous exception during flush. To begin a new transaction with this Session, first issue Session.rollback(). Original exception was: (pymysql.err.IntegrityError) (1062, "Duplicate entry '5ef0ffba-80d1-4e50-8986-08c170354b29-43ffb0e5-8ffb-55bd-b257-a42' for key 'routervpnagentbindings.PRIMARY'") [SQL: INSERT INTO routervpnagentbindings (router_id, vpn_agent_id) VALUES (%(router_id)s, %(vpn_agent_id)s)] [parameters: {'router_id': '5ef0ffba-80d1-4e50-8986-08c170354b29', 'vpn_agent_id': '43ffb0e5-8ffb-55bd-b257-a42b7f0ece7c'}] (Background on this error at: https://sqlalche.me/e/20/gkpj) (Background on this error at: https://sqlalche.me/e/20/7s2a)
2026-07-01 14:23:31.087 12 ERROR oslo_messaging.rpc.server
Traceback (most recent call last):
2026-07-01 14:23:31.087 12 ERROR oslo_messaging.rpc.server
File "/var/lib/openstack/lib/python3.12/site-packages/oslo_messaging/rpc/server.py", line 172, in _process_incoming
2026-07-01 14:23:31.087 12 ERROR oslo_messaging.rpc.server res = self.dispatcher.dispatch(message)
2026-07-01 14:23:31.087 12 ERROR oslo_messaging.rpc.server ^^^^^^^^^^^^^^^^^^^^^^^^^^^^^^^^^
2026-07-01 14:23:31.087 12 ERROR oslo_messaging.rpc.server
File "/var/lib/openstack/lib/python3.12/site-packages/oslo_messaging/rpc/dispatcher.py", line 309, in dispatch
2026-07-01 14:23:31.087 12 ERROR oslo_messaging.rpc.server return self._do_dispatch(endpoint, method, ctxt, args)
2026-07-01 14:23:31.087 12 ERROR oslo_messaging.rpc.server ^^^^^^^^^^^^^^^^^^^^^^^^^^^^^^^^^^^^^^^^^^^^^^^
2026-07-01 14:23:31.087 12 ERROR oslo_messaging.rpc.server
File "/var/lib/openstack/lib/python3.12/site-packages/oslo_messaging/rpc/dispatcher.py", line 229, in _do_dispatch
2026-07-01 14:23:31.087 12 ERROR oslo_messaging.rpc.server result = func(ctxt, **new_args)
2026-07-01 14:23:31.087 12 ERROR oslo_messaging.rpc.server ^^^^^^^^^^^^^^^^^^^^^^
2026-07-01 14:23:31.087 12 ERROR oslo_messaging.rpc.server
File "/var/lib/openstack/lib/python3.12/site-packages/oslo_db/sqlalchemy/enginefacade.py", line 998, in wrapper
2026-07-01 14:23:31.087 12 ERROR oslo_messaging.rpc.server return fn(*args, **kwargs)
2026-07-01 14:23:31.087 12 ERROR oslo_messaging.rpc.server ^^^^^^^^^^^^^^^^^^^
2026-07-01 14:23:31.087 12 ERROR oslo_messaging.rpc.server
File "/var/lib/openstack/lib/python3.12/site-packages/neutron_vpnaas/services/vpn/service_drivers/base_ipsec.py", line 80, in get_vpn_services_on_host
2026-07-01 14:23:31.087 12 ERROR oslo_messaging.rpc.server local_cidr_map = plugin._build_local_subnet_cidr_map(context)
2026-07-01 14:23:31.087 12 ERROR oslo_messaging.rpc.server ^^^^^^^^^^^^^^^^^^^^^^^^^^^^^^^^^^^^^^^^^^^^
2026-07-01 14:23:31.087 12 ERROR oslo_messaging.rpc.server
File "/var/lib/openstack/lib/python3.12/site-packages/neutron_vpnaas/db/vpn/vpn_db.py", line 731, in _build_local_subnet_cidr_map
2026-07-01 14:23:31.087 12 ERROR oslo_messaging.rpc.server return {sn.id: sn.cidr for sn in query.all()}
2026-07-01 14:23:31.087 12 ERROR oslo_messaging.rpc.server ^^^^^^^^^^^
2026-07-01 14:23:31.087 12 ERROR oslo_messaging.rpc.server
File "/var/lib/openstack/lib/python3.12/site-packages/sqlalchemy/orm/query.py", line 2673, in all
2026-07-01 14:23:31.087 12 ERROR oslo_messaging.rpc.server return self._iter().all() # type: ignore
2026-07-01 14:23:31.087 12 ERROR oslo_messaging.rpc.server ^^^^^^^^^^^^
2026-07-01 14:23:31.087 12 ERROR oslo_messaging.rpc.server
File "/var/lib/openstack/lib/python3.12/site-packages/sqlalchemy/orm/query.py", line 2827, in _iter
2026-07-01 14:23:31.087 12 ERROR oslo_messaging.rpc.server result: Union[ScalarResult[_T], Result[_T]] = self.session.execute(
2026-07-01 14:23:31.087 12 ERROR oslo_messaging.rpc.server ^^^^^^^^^^^^^^^^^^^^^
2026-07-01 14:23:31.087 12 ERROR oslo_messaging.rpc.server
File "/var/lib/openstack/lib/python3.12/site-packages/sqlalchemy/orm/session.py", line 2362, in execute
2026-07-01 14:23:31.087 12 ERROR oslo_messaging.rpc.server return self._execute_internal(
2026-07-01 14:23:31.087 12 ERROR oslo_messaging.rpc.server ^^^^^^^^^^^^^^^^^^^^^^^
2026-07-01 14:23:31.087 12 ERROR oslo_messaging.rpc.server
File "/var/lib/openstack/lib/python3.12/site-packages/sqlalchemy/orm/session.py", line 2237, in _execute_internal
2026-07-01 14:23:31.087 12 ERROR oslo_messaging.rpc.server conn = self._connection_for_bind(bind)
2026-07-01 14:23:31.087 12 ERROR oslo_messaging.rpc.server ^^^^^^^^^^^^^^^^^^^^^^^^^^^^^^^
2026-07-01 14:23:31.087 12 ERROR oslo_messaging.rpc.server
File "/var/lib/openstack/lib/python3.12/site-packages/sqlalchemy/orm/session.py", line 2106, in _connection_for_bind
2026-07-01 14:23:31.087 12 ERROR oslo_messaging.rpc.server return trans._connection_for_bind(engine, execution_options)
2026-07-01 14:23:31.087 12 ERROR oslo_messaging.rpc.server ^^^^^^^^^^^^^^^^^^^^^^^^^^^^^^^^^^^^^^^^^^^^^^^^^^^^^
2026-07-01 14:23:31.087 12 ERROR oslo_messaging.rpc.server File "", line 2, in _connection_for_bind
2026-07-01 14:23:31.087 12 ERROR oslo_messaging.rpc.server
File "/var/lib/openstack/lib/python3.12/site-packages/sqlalchemy/orm/state_changes.py", line 103, in _go
2026-07-01 14:23:31.087 12 ERROR oslo_messaging.rpc.server self._raise_for_prerequisite_state(fn.__name__, current_state)
2026-07-01 14:23:31.087 12 ERROR oslo_messaging.rpc.server
File "/var/lib/openstack/lib/python3.12/site-packages/sqlalchemy/orm/session.py", line 973, in _raise_for_prerequisite_state
2026-07-01 14:23:31.087 12 ERROR oslo_messaging.rpc.server raise sa_exc.PendingRollbackError(
2026-07-01 14:23:31.087 12 ERROR oslo_messaging.rpc.server sqlalchemy.exc.PendingRollbackError: This Session's transaction has been rolled back due to a previous exception during flush. To begin a new transaction with this Session, first issue Session.rollback(). Original exception was: (pymysql.err.IntegrityError) (1062, "Duplicate entry '5ef0ffba-80d1-4e50-8986-08c170354b29-43ffb0e5-8ffb-55bd-b257-a42' for key 'routervpnagentbindings.PRIMARY'")
2026-07-01 14:23:31.087 12 ERROR oslo_messaging.rpc.server [SQL: INSERT INTO routervpnagentbindings (router_id, vpn_agent_id) VALUES (%(router_id)s, %(vpn_agent_id)s)]
2026-07-01 14:23:31.087 12 ERROR oslo_messaging.rpc.server [parameters: {'router_id': '5ef0ffba-80d1-4e50-8986-08c170354b29', 'vpn_agent_id': '43ffb0e5-8ffb-55bd-b257-a42b7f0ece7c'}]
2026-07-01 14:23:31.087 12 ERROR oslo_messaging.rpc.server (Background on this error at: https://sqlalche.me/e/20/gkpj) (Background on this error at: https://sqlalche.me/e/20/7s2a)
2026-07-01 14:23:31.087 12 ERROR oslo_messaging.rpc.server
2026-07-01 14:23:31.113 9 INFO neutron.db.ovn_revision_numbers_db [None req-9d0ff943-5162-4dc8-b93a-9ff19334f9ae b5376b4ebbd24c13a9572b39fb1506e2 de6677a1b6ef4518ab4c73e8048ffbb1 - - default default] Successfully bumped revision number for resource 0b52e42e-ac4e-4a95-9fbf-84100a017ee7 (type: security_group_rules) to 0
2026-07-01 14:23:31.117 9 INFO neutron.api.wsgi [req-e1175ea7-2613-434c-99e3-231003af7369 req-f6d627e2-75e4-4eee-b66e-c680bfb17188 f7d7afe6781a4dfcb04f053fc2cb652f 29c5965d91314dcdb7778b3dc7ce1509 - - default default] 199.204.45.49 "GET /v2.0/security-groups?fields=id&fields=name&tenant_id=29c5965d91314dcdb7778b3dc7ce1509 HTTP/1.1" status: 200 len: 378 time: 0.0468032
2026-07-01 14:23:31.127 9 WARNING neutron_lib.context [req-e1175ea7-2613-434c-99e3-231003af7369 req-29ca3af4-72ca-4717-85af-999eccc9f147 f7d7afe6781a4dfcb04f053fc2cb652f 29c5965d91314dcdb7778b3dc7ce1509 - - default default] Method 'is_advsvc' is deprecated since 2023.2 release (neutron-lib 3.8.0) and will be removed once support for the old RBAC API policies will be removed from Neutron. Please use method 'is_service_role' instead.
