2026-07-01 14:18:23.860 9 INFO neutron.api.wsgi [-] 10.0.0.12 "GET / HTTP/1.1" status: 200 len: 247 time: 0.0082543
2026-07-01 14:18:38.853 9 INFO neutron.api.wsgi [-] 10.0.0.12 "GET / HTTP/1.1" status: 200 len: 247 time: 0.0026886
2026-07-01 14:18:38.856 9 INFO neutron.api.wsgi [-] 10.0.0.12 "GET / HTTP/1.1" status: 200 len: 247 time: 0.0023453
2026-07-01 14:18:51.964 9 INFO neutron.api.wsgi [None req-1affb626-d664-47f8-a3ba-bee58e358435 1286d8d4d190427ba7998c367135e3cf 2165447a54bc47c89783c7dacd2b560f - - default default] 10.0.0.201 "GET /v2.0/routers HTTP/1.1" status: 200 len: 189 time: 0.0831265
2026-07-01 14:18:52.003 9 INFO neutron.api.wsgi [None req-6051b859-12e8-4006-a365-84c52c8ad657 1286d8d4d190427ba7998c367135e3cf 2165447a54bc47c89783c7dacd2b560f - - default default] 10.0.0.201 "GET /v2.0/agents?binary=ovn-controller HTTP/1.1" status: 200 len: 591 time: 0.0384810
2026-07-01 14:18:52.045 9 INFO neutron.api.wsgi [None req-f6b2bc7e-901c-4f09-9735-80c19561396f 1286d8d4d190427ba7998c367135e3cf 2165447a54bc47c89783c7dacd2b560f - - default default] 10.0.0.201 "GET /v2.0/ports HTTP/1.1" status: 200 len: 5347 time: 0.0410411
2026-07-01 14:18:52.060 9 INFO neutron.api.wsgi [None req-e126eff3-6b8c-4711-859f-193968f754a0 1286d8d4d190427ba7998c367135e3cf 2165447a54bc47c89783c7dacd2b560f - - default default] 10.0.0.201 "GET /v2.0/network-ip-availabilities HTTP/1.1" status: 200 len: 1280 time: 0.0102966
2026-07-01 14:18:52.083 9 INFO neutron.api.wsgi [None req-f7fb7256-8a90-4377-b10b-8093b45bc1b5 1286d8d4d190427ba7998c367135e3cf 2165447a54bc47c89783c7dacd2b560f - - default default] 10.0.0.201 "GET /v2.0/subnets HTTP/1.1" status: 200 len: 1484 time: 0.0220084
2026-07-01 14:18:52.091 9 INFO neutron.api.wsgi [None req-9b674829-d1c4-412e-9c00-c65c484d02ae 1286d8d4d190427ba7998c367135e3cf 2165447a54bc47c89783c7dacd2b560f - - default default] 10.0.0.201 "GET /v2.0/subnetpools HTTP/1.1" status: 200 len: 193 time: 0.0073459
2026-07-01 14:18:52.125 9 INFO neutron.api.wsgi [None req-18f1abba-b700-44f2-8fbf-2c5451bb7857 1286d8d4d190427ba7998c367135e3cf 2165447a54bc47c89783c7dacd2b560f - - default default] 10.0.0.201 "GET /v2.0/security-groups HTTP/1.1" status: 200 len: 17574 time: 0.0325081
2026-07-01 14:18:52.155 9 INFO neutron.api.wsgi [None req-65322e85-6bf3-428d-8446-9254369ecf60 1286d8d4d190427ba7998c367135e3cf 2165447a54bc47c89783c7dacd2b560f - - default default] 10.0.0.201 "GET /v2.0/subnets HTTP/1.1" status: 200 len: 1484 time: 0.0246451
2026-07-01 14:18:52.168 9 INFO neutron.api.wsgi [None req-0b16762b-22ba-4541-a68f-eeabd311e073 1286d8d4d190427ba7998c367135e3cf 2165447a54bc47c89783c7dacd2b560f - - default default] 10.0.0.201 "GET /v2.0/floatingips HTTP/1.1" status: 200 len: 193 time: 0.0111532
2026-07-01 14:18:52.209 9 INFO neutron.api.wsgi [None req-ab88403c-818e-4e72-b37b-a3168523f5fd 1286d8d4d190427ba7998c367135e3cf 2165447a54bc47c89783c7dacd2b560f - - default default] 10.0.0.201 "GET /v2.0/networks HTTP/1.1" status: 200 len: 2349 time: 0.0398471
2026-07-01 14:18:52.219 9 INFO neutron.api.wsgi [None req-a7f11a7b-0118-472b-a961-ee2e635f5fe1 1286d8d4d190427ba7998c367135e3cf 2165447a54bc47c89783c7dacd2b560f - - default default] 10.0.0.201 "GET /v2.0/agents HTTP/1.1" status: 200 len: 1390 time: 0.0074308
2026-07-01 14:18:53.852 10 INFO neutron.api.wsgi [-] 10.0.0.12 "GET / HTTP/1.1" status: 200 len: 247 time: 0.0015695
2026-07-01 14:18:53.854 9 INFO neutron.api.wsgi [-] 10.0.0.12 "GET / HTTP/1.1" status: 200 len: 247 time: 0.0034735
2026-07-01 14:19:06.227 10 INFO neutron.api.wsgi [None req-3c908ff9-8205-4511-b988-67db15452cb4 1286d8d4d190427ba7998c367135e3cf 2165447a54bc47c89783c7dacd2b560f - - default default] 199.204.45.49,10.0.0.12 "GET /v2.0/networks?name=public HTTP/1.1" status: 200 len: 928 time: 0.0808673
2026-07-01 14:19:08.851 9 INFO neutron.api.wsgi [-] 10.0.0.12 "GET / HTTP/1.1" status: 200 len: 247 time: 0.0014760
2026-07-01 14:19:08.853 9 INFO neutron.api.wsgi [-] 10.0.0.12 "GET / HTTP/1.1" status: 200 len: 247 time: 0.0014007
2026-07-01 14:19:23.851 10 INFO neutron.api.wsgi [-] 10.0.0.12 "GET / HTTP/1.1" status: 200 len: 247 time: 0.0016792
2026-07-01 14:19:23.854 10 INFO neutron.api.wsgi [-] 10.0.0.12 "GET / HTTP/1.1" status: 200 len: 247 time: 0.0023007
2026-07-01 14:19:38.853 10 INFO neutron.api.wsgi [-] 10.0.0.12 "GET / HTTP/1.1" status: 200 len: 247 time: 0.0033166
2026-07-01 14:19:38.853 9 INFO neutron.api.wsgi [-] 10.0.0.12 "GET / HTTP/1.1" status: 200 len: 247 time: 0.0030298
2026-07-01 14:19:44.500 9 INFO neutron.api.wsgi [None req-93721eb9-5aa5-4906-a6b5-e376509e1e82 1286d8d4d190427ba7998c367135e3cf 2165447a54bc47c89783c7dacd2b560f - - default default] 10.0.0.75 "GET /v2.0/networks HTTP/1.1" status: 200 len: 2368 time: 0.1383128
2026-07-01 14:19:45.647 10 INFO neutron.api.wsgi [None req-9352ca65-f670-4aa9-ac6e-37d2cd6e3fe9 1286d8d4d190427ba7998c367135e3cf 2165447a54bc47c89783c7dacd2b560f - - default default] 10.0.0.75 "GET /v2.0/floatingips HTTP/1.1" status: 200 len: 212 time: 0.0375299
2026-07-01 14:19:45.684 10 INFO neutron.api.wsgi [None req-6660fe44-7e1e-46a8-9f63-40e4bbf1f130 1286d8d4d190427ba7998c367135e3cf 2165447a54bc47c89783c7dacd2b560f - - default default] 10.0.0.75 "GET /v2.0/routers HTTP/1.1" status: 200 len: 208 time: 0.0333958
2026-07-01 14:19:45.729 9 INFO neutron.api.wsgi [None req-d59cd68a-1010-47af-b24c-a07132dc3174 1286d8d4d190427ba7998c367135e3cf 2165447a54bc47c89783c7dacd2b560f - - default default] 10.0.0.75 "GET /v2.0/ports HTTP/1.1" status: 200 len: 5366 time: 0.0398138
2026-07-01 14:19:45.758 9 INFO neutron.api.wsgi [None req-85a295d4-ea7a-44cf-b616-de0df4ee1e49 1286d8d4d190427ba7998c367135e3cf 2165447a54bc47c89783c7dacd2b560f - - default default] 10.0.0.75 "GET /v2.0/subnets HTTP/1.1" status: 200 len: 1503 time: 0.0217724
2026-07-01 14:19:45.803 9 INFO neutron.api.wsgi [None req-81ed5b7d-77ea-4f7d-a094-ee6459bf92b7 1286d8d4d190427ba7998c367135e3cf 2165447a54bc47c89783c7dacd2b560f - - default default] 10.0.0.75 "GET /v2.0/networks HTTP/1.1" status: 200 len: 2368 time: 0.0401597
2026-07-01 14:19:45.847 9 INFO neutron.api.wsgi [None req-54825e37-8bca-430e-9c29-f4c2e4ea58ea 1286d8d4d190427ba7998c367135e3cf 2165447a54bc47c89783c7dacd2b560f - - default default] 10.0.0.75 "GET /v2.0/security-groups HTTP/1.1" status: 200 len: 17593 time: 0.0388932
2026-07-01 14:19:45.859 9 INFO neutron.api.wsgi [None req-bfe4c433-6e4f-419c-a267-251c0b3c70a6 1286d8d4d190427ba7998c367135e3cf 2165447a54bc47c89783c7dacd2b560f - - default default] 10.0.0.75 "GET /v2.0/subnetpools HTTP/1.1" status: 200 len: 212 time: 0.0068626
2026-07-01 14:19:51.919 9 INFO neutron.api.wsgi [None req-0d941768-e259-46af-9736-e9c3af78ad9a 1286d8d4d190427ba7998c367135e3cf 2165447a54bc47c89783c7dacd2b560f - - default default] 10.0.0.201 "GET /v2.0/agents HTTP/1.1" status: 200 len: 1390 time: 0.0784276
2026-07-01 14:19:51.951 9 INFO neutron.api.wsgi [None req-1e507315-f2c6-4264-b2dd-e6f3fc83b295 1286d8d4d190427ba7998c367135e3cf 2165447a54bc47c89783c7dacd2b560f - - default default] 10.0.0.201 "GET /v2.0/security-groups HTTP/1.1" status: 200 len: 17574 time: 0.0290239
2026-07-01 14:19:52.002 9 INFO neutron.api.wsgi [None req-385c75d0-3adb-40f4-9152-6442b1643689 1286d8d4d190427ba7998c367135e3cf 2165447a54bc47c89783c7dacd2b560f - - default default] 10.0.0.201 "GET /v2.0/networks HTTP/1.1" status: 200 len: 2349 time: 0.0455937
2026-07-01 14:19:52.036 9 INFO neutron.api.wsgi [None req-03affe57-b3ed-47d0-8086-d8cca0bd4396 1286d8d4d190427ba7998c367135e3cf 2165447a54bc47c89783c7dacd2b560f - - default default] 10.0.0.201 "GET /v2.0/ports HTTP/1.1" status: 200 len: 5347 time: 0.0311708
2026-07-01 14:19:52.050 9 INFO neutron.api.wsgi [None req-9a347994-08f1-4d8a-abfc-2d4d4fb14ce0 1286d8d4d190427ba7998c367135e3cf 2165447a54bc47c89783c7dacd2b560f - - default default] 10.0.0.201 "GET /v2.0/network-ip-availabilities HTTP/1.1" status: 200 len: 1280 time: 0.0094998
2026-07-01 14:19:52.062 9 INFO neutron.api.wsgi [None req-a970199b-286e-4c5a-a1ff-56bd47681ec0 1286d8d4d190427ba7998c367135e3cf 2165447a54bc47c89783c7dacd2b560f - - default default] 10.0.0.201 "GET /v2.0/floatingips HTTP/1.1" status: 200 len: 193 time: 0.0118678
2026-07-01 14:19:52.074 9 INFO neutron.api.wsgi [None req-559a3221-bbf9-4803-b8c4-2bec9df5abf1 1286d8d4d190427ba7998c367135e3cf 2165447a54bc47c89783c7dacd2b560f - - default default] 10.0.0.201 "GET /v2.0/routers HTTP/1.1" status: 200 len: 189 time: 0.0104902
2026-07-01 14:19:52.082 9 INFO neutron.api.wsgi [None req-d93d4c3f-3554-4461-af16-f7f63afa026a 1286d8d4d190427ba7998c367135e3cf 2165447a54bc47c89783c7dacd2b560f - - default default] 10.0.0.201 "GET /v2.0/agents?binary=ovn-controller HTTP/1.1" status: 200 len: 591 time: 0.0078547
2026-07-01 14:19:52.102 9 INFO neutron.api.wsgi [None req-03c8ffad-7ef7-4d41-9998-593ed42a9081 1286d8d4d190427ba7998c367135e3cf 2165447a54bc47c89783c7dacd2b560f - - default default] 10.0.0.201 "GET /v2.0/subnets HTTP/1.1" status: 200 len: 1484 time: 0.0190632
2026-07-01 14:19:52.122 9 INFO neutron.api.wsgi [None req-58cce77e-fcf9-4fe4-9313-8c0c5e142e35 1286d8d4d190427ba7998c367135e3cf 2165447a54bc47c89783c7dacd2b560f - - default default] 10.0.0.201 "GET /v2.0/subnets HTTP/1.1" status: 200 len: 1484 time: 0.0188863
2026-07-01 14:19:52.131 9 INFO neutron.api.wsgi [None req-93dc5ff9-f4e1-479a-8b26-11bf816cbd7a 1286d8d4d190427ba7998c367135e3cf 2165447a54bc47c89783c7dacd2b560f - - default default] 10.0.0.201 "GET /v2.0/subnetpools HTTP/1.1" status: 200 len: 193 time: 0.0067475
2026-07-01 14:19:53.852 9 INFO neutron.api.wsgi [-] 10.0.0.12 "GET / HTTP/1.1" status: 200 len: 247 time: 0.0023909
2026-07-01 14:19:53.853 10 INFO neutron.api.wsgi [-] 10.0.0.12 "GET / HTTP/1.1" status: 200 len: 247 time: 0.0026503
2026-07-01 14:19:56.822 9 INFO neutron.db.ovn_revision_numbers_db [None req-112bdad2-db5d-4aab-a022-383ab3dc026c 1286d8d4d190427ba7998c367135e3cf 2165447a54bc47c89783c7dacd2b560f - - default default] Successfully bumped revision number for resource 8f798c2d-29b7-403c-be4d-8e657075f935 (type: security_groups) to 1
2026-07-01 14:19:56.841 9 INFO neutron.db.ovn_revision_numbers_db [None req-112bdad2-db5d-4aab-a022-383ab3dc026c 1286d8d4d190427ba7998c367135e3cf 2165447a54bc47c89783c7dacd2b560f - - default default] Successfully bumped revision number for resource 11ca4be9-501c-4ded-b92f-8c7ea1848df7 (type: security_group_rules) to 0
2026-07-01 14:19:56.856 9 INFO neutron.db.ovn_revision_numbers_db [None req-112bdad2-db5d-4aab-a022-383ab3dc026c 1286d8d4d190427ba7998c367135e3cf 2165447a54bc47c89783c7dacd2b560f - - default default] Successfully bumped revision number for resource 1bab165b-b287-4be2-ab4e-b617979bb8e8 (type: security_group_rules) to 0
2026-07-01 14:19:56.868 9 INFO neutron.db.ovn_revision_numbers_db [None req-112bdad2-db5d-4aab-a022-383ab3dc026c 1286d8d4d190427ba7998c367135e3cf 2165447a54bc47c89783c7dacd2b560f - - default default] Successfully bumped revision number for resource 5e2c3ecc-4e7d-4138-8554-9dcc710270b9 (type: security_group_rules) to 0
2026-07-01 14:19:56.882 9 INFO neutron.db.ovn_revision_numbers_db [None req-112bdad2-db5d-4aab-a022-383ab3dc026c 1286d8d4d190427ba7998c367135e3cf 2165447a54bc47c89783c7dacd2b560f - - default default] Successfully bumped revision number for resource a156b4b3-478a-4dbb-961b-0fb1a52f37a0 (type: security_group_rules) to 0
2026-07-01 14:19:56.966 9 INFO neutron.db.segments_db [None req-112bdad2-db5d-4aab-a022-383ab3dc026c 1286d8d4d190427ba7998c367135e3cf 2165447a54bc47c89783c7dacd2b560f - - default default] Added segment ccbecf07-0d6c-4812-ad76-baad2a048d0a of type geneve for network 856715ea-3aaa-4e6a-b0bc-49a6ec090edf
2026-07-01 14:19:57.071 10 INFO neutron.db.ovn_revision_numbers_db [None req-8e32f5bf-482c-469b-b504-996df0c1e343 1286d8d4d190427ba7998c367135e3cf 2165447a54bc47c89783c7dacd2b560f - - default default] Successfully bumped revision number for resource ff828960-7881-4cad-8038-9696d21467c1 (type: security_groups) to 1
2026-07-01 14:19:57.075 9 INFO neutron.db.ovn_revision_numbers_db [None req-112bdad2-db5d-4aab-a022-383ab3dc026c 1286d8d4d190427ba7998c367135e3cf 2165447a54bc47c89783c7dacd2b560f - - default default] Successfully bumped revision number for resource 856715ea-3aaa-4e6a-b0bc-49a6ec090edf (type: networks) to 1
2026-07-01 14:19:57.088 10 INFO neutron.db.ovn_revision_numbers_db [None req-8e32f5bf-482c-469b-b504-996df0c1e343 1286d8d4d190427ba7998c367135e3cf 2165447a54bc47c89783c7dacd2b560f - - default default] Successfully bumped revision number for resource 3d4d816d-a934-47e7-9e7d-b17cdd8f1a2d (type: security_group_rules) to 0
2026-07-01 14:19:57.100 10 INFO neutron.db.ovn_revision_numbers_db [None req-8e32f5bf-482c-469b-b504-996df0c1e343 1286d8d4d190427ba7998c367135e3cf 2165447a54bc47c89783c7dacd2b560f - - default default] Successfully bumped revision number for resource a4c90c0a-6798-4be3-8b86-2936503a23fa (type: security_group_rules) to 0
2026-07-01 14:19:57.115 10 INFO neutron.db.ovn_revision_numbers_db [None req-8e32f5bf-482c-469b-b504-996df0c1e343 1286d8d4d190427ba7998c367135e3cf 2165447a54bc47c89783c7dacd2b560f - - default default] Successfully bumped revision number for resource cb842aeb-f0c3-46b9-936c-9cdb7f3328fd (type: security_group_rules) to 0
2026-07-01 14:19:57.127 10 INFO neutron.db.ovn_revision_numbers_db [None req-8e32f5bf-482c-469b-b504-996df0c1e343 1286d8d4d190427ba7998c367135e3cf 2165447a54bc47c89783c7dacd2b560f - - default default] Successfully bumped revision number for resource eb61e23a-2855-4cc7-b742-5b908dba4210 (type: security_group_rules) to 0
2026-07-01 14:19:57.212 9 WARNING neutron.scheduler.dhcp_agent_scheduler [None req-112bdad2-db5d-4aab-a022-383ab3dc026c 1286d8d4d190427ba7998c367135e3cf 2165447a54bc47c89783c7dacd2b560f - - default default] No more DHCP agents
2026-07-01 14:19:57.213 10 INFO neutron.db.segments_db [None req-8e32f5bf-482c-469b-b504-996df0c1e343 1286d8d4d190427ba7998c367135e3cf 2165447a54bc47c89783c7dacd2b560f - - default default] Added segment 64fb2788-00c6-4993-bdaa-416a291eb867 of type geneve for network b427ab4c-d88d-4dbd-aa51-c3b1905ea693
2026-07-01 14:19:57.213 9 WARNING neutron.api.rpc.agentnotifiers.dhcp_rpc_agent_api [None req-112bdad2-db5d-4aab-a022-383ab3dc026c 1286d8d4d190427ba7998c367135e3cf 2165447a54bc47c89783c7dacd2b560f - - default default] Unable to schedule network 856715ea-3aaa-4e6a-b0bc-49a6ec090edf: no agents available; will retry on subsequent port and subnet creation events.
2026-07-01 14:19:57.274 9 INFO neutron.db.ovn_revision_numbers_db [None req-112bdad2-db5d-4aab-a022-383ab3dc026c 1286d8d4d190427ba7998c367135e3cf 2165447a54bc47c89783c7dacd2b560f - - default default] Successfully bumped revision number for resource 4109d38a-1c21-4a07-8fd6-8998131e71b5 (type: ports) to 1
2026-07-01 14:19:57.295 9 INFO neutron.api.wsgi [None req-112bdad2-db5d-4aab-a022-383ab3dc026c 1286d8d4d190427ba7998c367135e3cf 2165447a54bc47c89783c7dacd2b560f - - default default] 10.0.0.75 "POST /v2.0/networks HTTP/1.1" status: 201 len: 949 time: 0.7886589
2026-07-01 14:19:57.346 10 INFO neutron.db.ovn_revision_numbers_db [None req-8e32f5bf-482c-469b-b504-996df0c1e343 1286d8d4d190427ba7998c367135e3cf 2165447a54bc47c89783c7dacd2b560f - - default default] Successfully bumped revision number for resource b427ab4c-d88d-4dbd-aa51-c3b1905ea693 (type: networks) to 1
2026-07-01 14:19:57.429 9 WARNING neutron.scheduler.dhcp_agent_scheduler [None req-fe047ac1-acdd-4be0-8e87-405238696c49 1286d8d4d190427ba7998c367135e3cf 2165447a54bc47c89783c7dacd2b560f - - default default] No more DHCP agents
2026-07-01 14:19:57.430 9 WARNING neutron.api.rpc.agentnotifiers.dhcp_rpc_agent_api [None req-fe047ac1-acdd-4be0-8e87-405238696c49 1286d8d4d190427ba7998c367135e3cf 2165447a54bc47c89783c7dacd2b560f - - default default] Unable to schedule network 856715ea-3aaa-4e6a-b0bc-49a6ec090edf: no agents available; will retry on subsequent port and subnet creation events.
2026-07-01 14:19:57.535 10 WARNING neutron.scheduler.dhcp_agent_scheduler [None req-8e32f5bf-482c-469b-b504-996df0c1e343 1286d8d4d190427ba7998c367135e3cf 2165447a54bc47c89783c7dacd2b560f - - default default] No more DHCP agents
2026-07-01 14:19:57.537 10 WARNING neutron.api.rpc.agentnotifiers.dhcp_rpc_agent_api [None req-8e32f5bf-482c-469b-b504-996df0c1e343 1286d8d4d190427ba7998c367135e3cf 2165447a54bc47c89783c7dacd2b560f - - default default] Unable to schedule network b427ab4c-d88d-4dbd-aa51-c3b1905ea693: no agents available; will retry on subsequent port and subnet creation events.
2026-07-01 14:19:57.604 10 INFO neutron.db.ovn_revision_numbers_db [None req-8e32f5bf-482c-469b-b504-996df0c1e343 1286d8d4d190427ba7998c367135e3cf 2165447a54bc47c89783c7dacd2b560f - - default default] Successfully bumped revision number for resource 05ac4dc3-afb6-41e4-8de8-6d86697e489f (type: ports) to 1
2026-07-01 14:19:57.623 10 INFO neutron.api.wsgi [None req-8e32f5bf-482c-469b-b504-996df0c1e343 1286d8d4d190427ba7998c367135e3cf 2165447a54bc47c89783c7dacd2b560f - - default default] 10.0.0.75 "POST /v2.0/networks HTTP/1.1" status: 201 len: 951 time: 0.8414769
2026-07-01 14:19:57.771 10 WARNING neutron.scheduler.dhcp_agent_scheduler [None req-c389b801-62fb-4d54-b822-6beb41de37a7 1286d8d4d190427ba7998c367135e3cf 2165447a54bc47c89783c7dacd2b560f - - default default] No more DHCP agents
2026-07-01 14:19:57.772 10 WARNING neutron.api.rpc.agentnotifiers.dhcp_rpc_agent_api [None req-c389b801-62fb-4d54-b822-6beb41de37a7 1286d8d4d190427ba7998c367135e3cf 2165447a54bc47c89783c7dacd2b560f - - default default] Unable to schedule network b427ab4c-d88d-4dbd-aa51-c3b1905ea693: no agents available; will retry on subsequent port and subnet creation events.
2026-07-01 14:19:57.833 9 INFO neutron.db.ovn_revision_numbers_db [None req-dad87b3b-2de9-408e-94ee-b7c13ac2e291 1286d8d4d190427ba7998c367135e3cf 2165447a54bc47c89783c7dacd2b560f - - default default] Successfully bumped revision number for resource 9194081a-72db-4c20-802c-7ef256fdb203 (type: security_groups) to 1
2026-07-01 14:19:57.865 9 INFO neutron.db.ovn_revision_numbers_db [None req-dad87b3b-2de9-408e-94ee-b7c13ac2e291 1286d8d4d190427ba7998c367135e3cf 2165447a54bc47c89783c7dacd2b560f - - default default] Successfully bumped revision number for resource 375e3192-9aa5-4064-b0fa-f965d67c3a99 (type: security_group_rules) to 0
2026-07-01 14:19:57.880 9 INFO neutron.db.ovn_revision_numbers_db [None req-dad87b3b-2de9-408e-94ee-b7c13ac2e291 1286d8d4d190427ba7998c367135e3cf 2165447a54bc47c89783c7dacd2b560f - - default default] Successfully bumped revision number for resource 8199305c-2d95-4a72-b79f-91ae50cf51f2 (type: security_group_rules) to 0
2026-07-01 14:19:57.888 9 INFO neutron.db.ovn_revision_numbers_db [None req-afa40691-597d-4fb8-bb52-71b93f0f9b0a - - - - - -] Successfully bumped revision number for resource 4109d38a-1c21-4a07-8fd6-8998131e71b5 (type: ports) to 2
2026-07-01 14:19:57.894 9 INFO neutron.db.ovn_revision_numbers_db [None req-dad87b3b-2de9-408e-94ee-b7c13ac2e291 1286d8d4d190427ba7998c367135e3cf 2165447a54bc47c89783c7dacd2b560f - - default default] Successfully bumped revision number for resource bb6107c8-6810-4d1f-9680-79fe80a0c0c0 (type: security_group_rules) to 0
2026-07-01 14:19:57.914 9 INFO neutron.db.ovn_revision_numbers_db [None req-dad87b3b-2de9-408e-94ee-b7c13ac2e291 1286d8d4d190427ba7998c367135e3cf 2165447a54bc47c89783c7dacd2b560f - - default default] Successfully bumped revision number for resource dc80ad26-b86a-4c82-807e-be43dadfc7ba (type: security_group_rules) to 0
2026-07-01 14:19:57.923 9 INFO neutron.db.ovn_revision_numbers_db [None req-afa40691-597d-4fb8-bb52-71b93f0f9b0a - - - - - -] Successfully bumped revision number for resource c4aaad9d-2a01-4510-9ff4-2881f676e58a (type: subnets) to 0
2026-07-01 14:19:57.940 9 INFO neutron.api.wsgi [None req-fe047ac1-acdd-4be0-8e87-405238696c49 1286d8d4d190427ba7998c367135e3cf 2165447a54bc47c89783c7dacd2b560f - - default default] 10.0.0.75 "POST /v2.0/subnets HTTP/1.1" status: 201 len: 893 time: 0.6407237
2026-07-01 14:19:57.953 9 INFO neutron.api.wsgi [None req-dad87b3b-2de9-408e-94ee-b7c13ac2e291 1286d8d4d190427ba7998c367135e3cf 2165447a54bc47c89783c7dacd2b560f - - default default] 10.0.0.75 "GET /v2.0/security-groups?tenant_id=b0c944a06e864b59824ed20183f24d2c&name=default HTTP/1.1" status: 200 len: 3116 time: 0.3944290
2026-07-01 14:19:58.256 10 INFO neutron.api.wsgi [None req-90255e5d-dac3-4692-8dd8-e7c815b7fa40 1286d8d4d190427ba7998c367135e3cf 2165447a54bc47c89783c7dacd2b560f - - default default] 10.0.0.75 "DELETE /v2.0/security-groups/9194081a-72db-4c20-802c-7ef256fdb203 HTTP/1.1" status: 204 len: 168 time: 0.2982292
2026-07-01 14:19:58.310 10 INFO neutron.db.ovn_revision_numbers_db [None req-38269cc0-684b-4b05-a07c-de3a96ad981a - - - - - -] Successfully bumped revision number for resource 05ac4dc3-afb6-41e4-8de8-6d86697e489f (type: ports) to 2
2026-07-01 14:19:58.340 10 INFO neutron.db.ovn_revision_numbers_db [None req-38269cc0-684b-4b05-a07c-de3a96ad981a - - - - - -] Successfully bumped revision number for resource 17bd28fe-6a9a-43af-80e7-730de89a70cd (type: subnets) to 0
2026-07-01 14:19:58.354 10 INFO neutron.api.wsgi [None req-c389b801-62fb-4d54-b822-6beb41de37a7 1286d8d4d190427ba7998c367135e3cf 2165447a54bc47c89783c7dacd2b560f - - default default] 10.0.0.75 "POST /v2.0/subnets HTTP/1.1" status: 201 len: 895 time: 0.7248197
2026-07-01 14:19:58.436 9 WARNING neutron.scheduler.dhcp_agent_scheduler [None req-4d9ac9e9-fb0c-426f-84e3-838e8526b00f 1286d8d4d190427ba7998c367135e3cf 2165447a54bc47c89783c7dacd2b560f - - default default] No more DHCP agents
2026-07-01 14:19:58.437 9 WARNING neutron.api.rpc.agentnotifiers.dhcp_rpc_agent_api [None req-4d9ac9e9-fb0c-426f-84e3-838e8526b00f 1286d8d4d190427ba7998c367135e3cf 2165447a54bc47c89783c7dacd2b560f - - default default] Unable to schedule network 33b10bf0-7f4a-4cc2-844a-6a4d43f9d01f: no agents available; will retry on subsequent port and subnet creation events.
2026-07-01 14:19:58.527 9 INFO neutron.db.ovn_revision_numbers_db [None req-4d9ac9e9-fb0c-426f-84e3-838e8526b00f 1286d8d4d190427ba7998c367135e3cf 2165447a54bc47c89783c7dacd2b560f - - default default] Successfully bumped revision number for resource 530456e3-7af1-4c3f-bcad-69a8f722ae28 (type: ports) to 1
2026-07-01 14:19:58.818 9 INFO neutron.plugins.ml2.drivers.ovn.mech_driver.ovsdb.extensions.qos [None req-4d9ac9e9-fb0c-426f-84e3-838e8526b00f 1286d8d4d190427ba7998c367135e3cf 2165447a54bc47c89783c7dacd2b560f - - default default] Starting OVNClientQosExtension
2026-07-01 14:19:58.839 10 WARNING neutron.scheduler.dhcp_agent_scheduler [None req-fea17ae3-6c6a-481c-8d18-bf9d0ab516ed 1286d8d4d190427ba7998c367135e3cf 2165447a54bc47c89783c7dacd2b560f - - default default] No more DHCP agents
2026-07-01 14:19:58.840 10 WARNING neutron.api.rpc.agentnotifiers.dhcp_rpc_agent_api [None req-fea17ae3-6c6a-481c-8d18-bf9d0ab516ed 1286d8d4d190427ba7998c367135e3cf 2165447a54bc47c89783c7dacd2b560f - - default default] Unable to schedule network 33b10bf0-7f4a-4cc2-844a-6a4d43f9d01f: no agents available; will retry on subsequent port and subnet creation events.
2026-07-01 14:19:58.966 10 INFO neutron.db.ovn_revision_numbers_db [None req-fea17ae3-6c6a-481c-8d18-bf9d0ab516ed 1286d8d4d190427ba7998c367135e3cf 2165447a54bc47c89783c7dacd2b560f - - default default] Successfully bumped revision number for resource 551187a8-93ac-45c4-8e2a-d1067f31acad (type: ports) to 1
2026-07-01 14:19:59.162 9 INFO neutron.plugins.ml2.drivers.ovn.mech_driver.ovsdb.commands [None req-8ee22e53-905b-4b57-8972-971e3340d3be - - - - - -] Schedule LRP lrp-530456e3-7af1-4c3f-bcad-69a8f722ae28 on gateway 09f791e7-6b32-4bb6-b195-2d1a5195c949 with priority 1
2026-07-01 14:19:59.170 9 INFO neutron.plugins.ml2.drivers.ovn.mech_driver.mech_driver [None req-fe278153-884b-4700-bc8f-f4e45f52e8bd - - - - - -] OVN reports status up for port: 530456e3-7af1-4c3f-bcad-69a8f722ae28
2026-07-01 14:19:59.196 9 INFO neutron.plugins.ml2.drivers.ovn.mech_driver.ovsdb.ovsdb_monitor [-] Router 2aed53c7-362d-45be-976a-2334fcffc00e is bound to host instance
2026-07-01 14:19:59.199 9 INFO neutron.plugins.ml2.plugin [None req-fe278153-884b-4700-bc8f-f4e45f52e8bd - - - - - -] Attempt 1 to provision port 530456e3-7af1-4c3f-bcad-69a8f722ae28
2026-07-01 14:19:59.235 9 INFO neutron.db.ovn_revision_numbers_db [None req-4d9ac9e9-fb0c-426f-84e3-838e8526b00f 1286d8d4d190427ba7998c367135e3cf 2165447a54bc47c89783c7dacd2b560f - - default default] Successfully bumped revision number for resource 530456e3-7af1-4c3f-bcad-69a8f722ae28 (type: router_ports) to 1
2026-07-01 14:19:59.236 10 INFO neutron.plugins.ml2.drivers.ovn.mech_driver.ovsdb.extensions.qos [None req-fea17ae3-6c6a-481c-8d18-bf9d0ab516ed 1286d8d4d190427ba7998c367135e3cf 2165447a54bc47c89783c7dacd2b560f - - default default] Starting OVNClientQosExtension
2026-07-01 14:19:59.325 9 INFO neutron.db.ovn_revision_numbers_db [None req-4d9ac9e9-fb0c-426f-84e3-838e8526b00f 1286d8d4d190427ba7998c367135e3cf 2165447a54bc47c89783c7dacd2b560f - - default default] Successfully bumped revision number for resource 2aed53c7-362d-45be-976a-2334fcffc00e (type: routers) to 2
2026-07-01 14:19:59.430 9 INFO neutron.api.wsgi [None req-4d9ac9e9-fb0c-426f-84e3-838e8526b00f 1286d8d4d190427ba7998c367135e3cf 2165447a54bc47c89783c7dacd2b560f - - default default] 10.0.0.75 "POST /v2.0/routers HTTP/1.1" status: 201 len: 1171 time: 1.4834723
2026-07-01 14:19:59.620 10 INFO neutron.plugins.ml2.drivers.ovn.mech_driver.ovsdb.commands [None req-b1446678-6a56-4450-9fa0-3ddd7a2ab854 - - - - - -] Schedule LRP lrp-551187a8-93ac-45c4-8e2a-d1067f31acad on gateway 09f791e7-6b32-4bb6-b195-2d1a5195c949 with priority 1
2026-07-01 14:19:59.657 10 INFO neutron.db.ovn_revision_numbers_db [None req-fea17ae3-6c6a-481c-8d18-bf9d0ab516ed 1286d8d4d190427ba7998c367135e3cf 2165447a54bc47c89783c7dacd2b560f - - default default] Successfully bumped revision number for resource 551187a8-93ac-45c4-8e2a-d1067f31acad (type: router_ports) to 1
2026-07-01 14:19:59.722 10 INFO neutron.db.ovn_revision_numbers_db [None req-fea17ae3-6c6a-481c-8d18-bf9d0ab516ed 1286d8d4d190427ba7998c367135e3cf 2165447a54bc47c89783c7dacd2b560f - - default default] Successfully bumped revision number for resource 552d8e3a-bb1e-46b2-9d1a-e615db436442 (type: routers) to 2
2026-07-01 14:19:59.738 10 INFO neutron.api.wsgi [None req-fea17ae3-6c6a-481c-8d18-bf9d0ab516ed 1286d8d4d190427ba7998c367135e3cf 2165447a54bc47c89783c7dacd2b560f - - default default] 10.0.0.75 "POST /v2.0/routers HTTP/1.1" status: 201 len: 1173 time: 1.3796012
2026-07-01 14:19:59.809 9 INFO neutron.db.ovn_revision_numbers_db [None req-33acd615-a847-4df7-8b04-78b19c18ab8a - - - - - -] Successfully bumped revision number for resource 530456e3-7af1-4c3f-bcad-69a8f722ae28 (type: ports) to 1
2026-07-01 14:19:59.902 9 WARNING neutron.scheduler.dhcp_agent_scheduler [None req-243464d7-fdf4-4694-93dc-4e94c3374b26 1286d8d4d190427ba7998c367135e3cf 2165447a54bc47c89783c7dacd2b560f - - default default] No more DHCP agents
2026-07-01 14:19:59.904 9 WARNING neutron.api.rpc.agentnotifiers.dhcp_rpc_agent_api [None req-243464d7-fdf4-4694-93dc-4e94c3374b26 1286d8d4d190427ba7998c367135e3cf 2165447a54bc47c89783c7dacd2b560f - - default default] Unable to schedule network 856715ea-3aaa-4e6a-b0bc-49a6ec090edf: no agents available; will retry on subsequent port and subnet creation events.
2026-07-01 14:20:00.010 9 INFO neutron.db.ovn_revision_numbers_db [None req-243464d7-fdf4-4694-93dc-4e94c3374b26 1286d8d4d190427ba7998c367135e3cf 2165447a54bc47c89783c7dacd2b560f - - default default] Successfully bumped revision number for resource 51dae863-3696-4ef8-addd-fcaf455f6272 (type: ports) to 1
2026-07-01 14:20:00.165 10 WARNING neutron.scheduler.dhcp_agent_scheduler [None req-30902984-ef27-4dcf-874f-40d64299ab3f 1286d8d4d190427ba7998c367135e3cf 2165447a54bc47c89783c7dacd2b560f - - default default] No more DHCP agents
2026-07-01 14:20:00.167 10 WARNING neutron.api.rpc.agentnotifiers.dhcp_rpc_agent_api [None req-30902984-ef27-4dcf-874f-40d64299ab3f 1286d8d4d190427ba7998c367135e3cf 2165447a54bc47c89783c7dacd2b560f - - default default] Unable to schedule network b427ab4c-d88d-4dbd-aa51-c3b1905ea693: no agents available; will retry on subsequent port and subnet creation events.
2026-07-01 14:20:00.221 9 INFO neutron.db.ovn_revision_numbers_db [None req-33acd615-a847-4df7-8b04-78b19c18ab8a - - - - - -] Successfully bumped revision number for resource 530456e3-7af1-4c3f-bcad-69a8f722ae28 (type: ports) to 4
2026-07-01 14:20:00.269 10 INFO neutron.db.ovn_revision_numbers_db [None req-30902984-ef27-4dcf-874f-40d64299ab3f 1286d8d4d190427ba7998c367135e3cf 2165447a54bc47c89783c7dacd2b560f - - default default] Successfully bumped revision number for resource 327b6d52-5e8c-41e2-b25f-ad5fe0e4d155 (type: ports) to 1
2026-07-01 14:20:00.560 9 INFO neutron.db.ovn_revision_numbers_db [None req-33acd615-a847-4df7-8b04-78b19c18ab8a - - - - - -] Successfully bumped revision number for resource 530456e3-7af1-4c3f-bcad-69a8f722ae28 (type: ports) to 5
2026-07-01 14:20:00.583 10 INFO neutron.db.ovn_revision_numbers_db [None req-4f60f055-e9b8-4401-bd41-1e8a2001a666 1286d8d4d190427ba7998c367135e3cf 2165447a54bc47c89783c7dacd2b560f - - default default] Successfully bumped revision number for resource c4991cc9-90ac-44a6-8a06-54251ee28f6f (type: security_groups) to 1
2026-07-01 14:20:00.610 10 INFO neutron.db.ovn_revision_numbers_db [None req-4f60f055-e9b8-4401-bd41-1e8a2001a666 1286d8d4d190427ba7998c367135e3cf 2165447a54bc47c89783c7dacd2b560f - - default default] Successfully bumped revision number for resource 20219951-b0c7-4335-beb4-c6a3347f8fea (type: security_group_rules) to 0
2026-07-01 14:20:00.629 10 INFO neutron.db.ovn_revision_numbers_db [None req-4f60f055-e9b8-4401-bd41-1e8a2001a666 1286d8d4d190427ba7998c367135e3cf 2165447a54bc47c89783c7dacd2b560f - - default default] Successfully bumped revision number for resource 7ec440cb-4d27-4017-a1fa-abecb7052657 (type: security_group_rules) to 0
2026-07-01 14:20:00.647 10 INFO neutron.db.ovn_revision_numbers_db [None req-4f60f055-e9b8-4401-bd41-1e8a2001a666 1286d8d4d190427ba7998c367135e3cf 2165447a54bc47c89783c7dacd2b560f - - default default] Successfully bumped revision number for resource af9209ff-c310-4bd0-9ec6-2c12d7d84d8d (type: security_group_rules) to 0
2026-07-01 14:20:00.660 10 INFO neutron.db.ovn_revision_numbers_db [None req-4f60f055-e9b8-4401-bd41-1e8a2001a666 1286d8d4d190427ba7998c367135e3cf 2165447a54bc47c89783c7dacd2b560f - - default default] Successfully bumped revision number for resource b119fefb-917b-4f65-b0b3-f0fa6e3386cc (type: security_group_rules) to 0
2026-07-01 14:20:00.728 10 INFO neutron.plugins.ml2.drivers.ovn.mech_driver.mech_driver [None req-d7c82829-be06-4f8a-8c2b-547c6cfbdfba - - - - - -] OVN reports status up for port: 51dae863-3696-4ef8-addd-fcaf455f6272
2026-07-01 14:20:00.730 9 INFO neutron.plugins.ml2.drivers.ovn.mech_driver.ovsdb.ovsdb_monitor [None req-33acd615-a847-4df7-8b04-78b19c18ab8a - - - - - -] Router 552d8e3a-bb1e-46b2-9d1a-e615db436442 is bound to host instance
2026-07-01 14:20:00.745 10 INFO neutron.db.segments_db [None req-4f60f055-e9b8-4401-bd41-1e8a2001a666 1286d8d4d190427ba7998c367135e3cf 2165447a54bc47c89783c7dacd2b560f - - default default] Added segment b16ca097-f3d1-4525-b12b-f0338dc4aaf6 of type geneve for network e54233bd-28ee-4c3f-aa92-979268288e8a
2026-07-01 14:20:00.745 10 INFO neutron.plugins.ml2.plugin [None req-d7c82829-be06-4f8a-8c2b-547c6cfbdfba - - - - - -] Attempt 1 to provision port 51dae863-3696-4ef8-addd-fcaf455f6272
2026-07-01 14:20:00.748 9 INFO neutron.db.ovn_revision_numbers_db [None req-243464d7-fdf4-4694-93dc-4e94c3374b26 1286d8d4d190427ba7998c367135e3cf 2165447a54bc47c89783c7dacd2b560f - - default default] Successfully bumped revision number for resource 51dae863-3696-4ef8-addd-fcaf455f6272 (type: ports) to 1
2026-07-01 14:20:00.816 9 WARNING neutron.scheduler.dhcp_agent_scheduler [None req-243464d7-fdf4-4694-93dc-4e94c3374b26 1286d8d4d190427ba7998c367135e3cf 2165447a54bc47c89783c7dacd2b560f - - default default] No more DHCP agents
2026-07-01 14:20:00.818 9 WARNING neutron.api.rpc.agentnotifiers.dhcp_rpc_agent_api [None req-243464d7-fdf4-4694-93dc-4e94c3374b26 1286d8d4d190427ba7998c367135e3cf 2165447a54bc47c89783c7dacd2b560f - - default default] Unable to schedule network 856715ea-3aaa-4e6a-b0bc-49a6ec090edf: no agents available; will retry on subsequent port and subnet creation events.
2026-07-01 14:20:00.915 10 INFO neutron.db.ovn_revision_numbers_db [None req-4f60f055-e9b8-4401-bd41-1e8a2001a666 1286d8d4d190427ba7998c367135e3cf 2165447a54bc47c89783c7dacd2b560f - - default default] Successfully bumped revision number for resource e54233bd-28ee-4c3f-aa92-979268288e8a (type: networks) to 1
2026-07-01 14:20:01.175 10 INFO neutron.db.ovn_revision_numbers_db [None req-30902984-ef27-4dcf-874f-40d64299ab3f 1286d8d4d190427ba7998c367135e3cf 2165447a54bc47c89783c7dacd2b560f - - default default] Successfully bumped revision number for resource 327b6d52-5e8c-41e2-b25f-ad5fe0e4d155 (type: ports) to 1
2026-07-01 14:20:01.244 10 WARNING neutron.scheduler.dhcp_agent_scheduler [None req-4f60f055-e9b8-4401-bd41-1e8a2001a666 1286d8d4d190427ba7998c367135e3cf 2165447a54bc47c89783c7dacd2b560f - - default default] No more DHCP agents
2026-07-01 14:20:01.247 10 WARNING neutron.api.rpc.agentnotifiers.dhcp_rpc_agent_api [None req-4f60f055-e9b8-4401-bd41-1e8a2001a666 1286d8d4d190427ba7998c367135e3cf 2165447a54bc47c89783c7dacd2b560f - - default default] Unable to schedule network e54233bd-28ee-4c3f-aa92-979268288e8a: no agents available; will retry on subsequent port and subnet creation events.
2026-07-01 14:20:01.248 9 INFO neutron.db.ovn_revision_numbers_db [None req-29db748c-be6b-4ed0-a1e9-c7f9197e3aee - - - - - -] Successfully bumped revision number for resource 551187a8-93ac-45c4-8e2a-d1067f31acad (type: ports) to 1
2026-07-01 14:20:01.253 10 WARNING neutron.scheduler.dhcp_agent_scheduler [None req-30902984-ef27-4dcf-874f-40d64299ab3f 1286d8d4d190427ba7998c367135e3cf 2165447a54bc47c89783c7dacd2b560f - - default default] No more DHCP agents
2026-07-01 14:20:01.260 10 WARNING neutron.api.rpc.agentnotifiers.dhcp_rpc_agent_api [None req-30902984-ef27-4dcf-874f-40d64299ab3f 1286d8d4d190427ba7998c367135e3cf 2165447a54bc47c89783c7dacd2b560f - - default default] Unable to schedule network b427ab4c-d88d-4dbd-aa51-c3b1905ea693: no agents available; will retry on subsequent port and subnet creation events.
2026-07-01 14:20:01.351 10 INFO neutron.db.ovn_revision_numbers_db [None req-4f60f055-e9b8-4401-bd41-1e8a2001a666 1286d8d4d190427ba7998c367135e3cf 2165447a54bc47c89783c7dacd2b560f - - default default] Successfully bumped revision number for resource c1cf50ba-64ed-4414-9295-4074475df2f9 (type: ports) to 1
2026-07-01 14:20:01.354 10 INFO neutron.db.ovn_revision_numbers_db [None req-d7c82829-be06-4f8a-8c2b-547c6cfbdfba - - - - - -] Successfully bumped revision number for resource 51dae863-3696-4ef8-addd-fcaf455f6272 (type: ports) to 2
2026-07-01 14:20:01.375 10 INFO neutron.api.wsgi [None req-4f60f055-e9b8-4401-bd41-1e8a2001a666 1286d8d4d190427ba7998c367135e3cf 2165447a54bc47c89783c7dacd2b560f - - default default] 10.0.0.75 "POST /v2.0/networks HTTP/1.1" status: 201 len: 947 time: 1.2166004
2026-07-01 14:20:01.440 9 INFO neutron.db.ovn_revision_numbers_db [None req-243464d7-fdf4-4694-93dc-4e94c3374b26 1286d8d4d190427ba7998c367135e3cf 2165447a54bc47c89783c7dacd2b560f - - default default] Successfully bumped revision number for resource 51dae863-3696-4ef8-addd-fcaf455f6272 (type: router_ports) to 1
2026-07-01 14:20:01.450 9 INFO neutron.api.wsgi [None req-243464d7-fdf4-4694-93dc-4e94c3374b26 1286d8d4d190427ba7998c367135e3cf 2165447a54bc47c89783c7dacd2b560f - - default default] 10.0.0.75 "PUT /v2.0/routers/2aed53c7-362d-45be-976a-2334fcffc00e/add_router_interface HTTP/1.1" status: 200 len: 503 time: 2.0146985
2026-07-01 14:20:01.540 9 WARNING neutron.scheduler.dhcp_agent_scheduler [None req-3fc52c2b-04fb-40f0-bcfd-fa4b5e4575fb 1286d8d4d190427ba7998c367135e3cf 2165447a54bc47c89783c7dacd2b560f - - default default] No more DHCP agents
2026-07-01 14:20:01.542 9 WARNING neutron.api.rpc.agentnotifiers.dhcp_rpc_agent_api [None req-3fc52c2b-04fb-40f0-bcfd-fa4b5e4575fb 1286d8d4d190427ba7998c367135e3cf 2165447a54bc47c89783c7dacd2b560f - - default default] Unable to schedule network e54233bd-28ee-4c3f-aa92-979268288e8a: no agents available; will retry on subsequent port and subnet creation events.
2026-07-01 14:20:01.615 9 INFO neutron.plugins.ml2.drivers.ovn.mech_driver.mech_driver [None req-fe278153-884b-4700-bc8f-f4e45f52e8bd - - - - - -] OVN reports status up for port: 551187a8-93ac-45c4-8e2a-d1067f31acad
2026-07-01 14:20:01.623 9 INFO neutron.db.ovn_revision_numbers_db [None req-29db748c-be6b-4ed0-a1e9-c7f9197e3aee - - - - - -] Successfully bumped revision number for resource 551187a8-93ac-45c4-8e2a-d1067f31acad (type: ports) to 4
2026-07-01 14:20:01.627 9 INFO neutron.plugins.ml2.plugin [None req-fe278153-884b-4700-bc8f-f4e45f52e8bd - - - - - -] Attempt 1 to provision port 551187a8-93ac-45c4-8e2a-d1067f31acad
2026-07-01 14:20:01.643 9 INFO neutron.plugins.ml2.plugin [None req-29db748c-be6b-4ed0-a1e9-c7f9197e3aee - - - - - -] Attempt 1 to provision port 551187a8-93ac-45c4-8e2a-d1067f31acad
2026-07-01 14:20:01.735 10 INFO neutron.db.ovn_revision_numbers_db [None req-d052f880-4d9b-446b-ba9a-9acc2ee48c97 1286d8d4d190427ba7998c367135e3cf 2165447a54bc47c89783c7dacd2b560f - - default default] Successfully bumped revision number for resource c928b41c-6e26-4060-830c-4b7bedfcec67 (type: security_groups) to 1
2026-07-01 14:20:01.747 10 INFO neutron.db.ovn_revision_numbers_db [None req-d052f880-4d9b-446b-ba9a-9acc2ee48c97 1286d8d4d190427ba7998c367135e3cf 2165447a54bc47c89783c7dacd2b560f - - default default] Successfully bumped revision number for resource 04f04f2a-c41a-43f6-8794-730802ea46d7 (type: security_group_rules) to 0
2026-07-01 14:20:01.763 10 INFO neutron.db.ovn_revision_numbers_db [None req-d052f880-4d9b-446b-ba9a-9acc2ee48c97 1286d8d4d190427ba7998c367135e3cf 2165447a54bc47c89783c7dacd2b560f - - default default] Successfully bumped revision number for resource 243225d9-20dd-439b-8a75-fa937b5ddb56 (type: security_group_rules) to 0
2026-07-01 14:20:01.776 10 INFO neutron.db.ovn_revision_numbers_db [None req-d052f880-4d9b-446b-ba9a-9acc2ee48c97 1286d8d4d190427ba7998c367135e3cf 2165447a54bc47c89783c7dacd2b560f - - default default] Successfully bumped revision number for resource b0ef11f7-c607-493d-82cf-bf9f837d4ee2 (type: security_group_rules) to 0
2026-07-01 14:20:01.796 10 INFO neutron.db.ovn_revision_numbers_db [None req-d052f880-4d9b-446b-ba9a-9acc2ee48c97 1286d8d4d190427ba7998c367135e3cf 2165447a54bc47c89783c7dacd2b560f - - default default] Successfully bumped revision number for resource c41f3996-8f34-4f20-8963-30cdfcc48294 (type: security_group_rules) to 0
2026-07-01 14:20:01.843 10 INFO neutron.api.wsgi [None req-d052f880-4d9b-446b-ba9a-9acc2ee48c97 1286d8d4d190427ba7998c367135e3cf 2165447a54bc47c89783c7dacd2b560f - - default default] 10.0.0.75 "GET /v2.0/security-groups?tenant_id=983de7bb61784f119af34a9b3cdf8e71&name=default HTTP/1.1" status: 200 len: 3116 time: 0.3570409
2026-07-01 14:20:01.921 10 INFO neutron.db.ovn_revision_numbers_db [None req-30902984-ef27-4dcf-874f-40d64299ab3f 1286d8d4d190427ba7998c367135e3cf 2165447a54bc47c89783c7dacd2b560f - - default default] Successfully bumped revision number for resource 327b6d52-5e8c-41e2-b25f-ad5fe0e4d155 (type: router_ports) to 1
2026-07-01 14:20:01.925 10 INFO neutron.api.wsgi [None req-30902984-ef27-4dcf-874f-40d64299ab3f 1286d8d4d190427ba7998c367135e3cf 2165447a54bc47c89783c7dacd2b560f - - default default] 10.0.0.75 "PUT /v2.0/routers/552d8e3a-bb1e-46b2-9d1a-e615db436442/add_router_interface HTTP/1.1" status: 200 len: 503 time: 2.1830535
2026-07-01 14:20:02.025 9 WARNING neutron_lib.context [None req-6dbe1a9c-b9b4-494e-ad7b-f28f9becd2bd 063c899aabf2493db22572492fd2ab17 cc42dd36f5a04cca907565972b5369d4 - - default default] Method 'is_advsvc' is deprecated since 2023.2 release (neutron-lib 3.8.0) and will be removed once support for the old RBAC API policies will be removed from Neutron. Please use method 'is_service_role' instead.
2026-07-01 14:20:02.056 10 INFO neutron.api.wsgi [None req-7b7d904c-26db-4c29-9500-f5f73c3e3efd 1286d8d4d190427ba7998c367135e3cf 2165447a54bc47c89783c7dacd2b560f - - default default] 10.0.0.75 "DELETE /v2.0/security-groups/c928b41c-6e26-4060-830c-4b7bedfcec67 HTTP/1.1" status: 204 len: 168 time: 0.2084885
2026-07-01 14:20:02.064 9 INFO neutron.db.ovn_revision_numbers_db [None req-fe278153-884b-4700-bc8f-f4e45f52e8bd - - - - - -] Successfully bumped revision number for resource 551187a8-93ac-45c4-8e2a-d1067f31acad (type: ports) to 5
2026-07-01 14:20:02.108 9 INFO neutron.db.ovn_revision_numbers_db [None req-a263e299-b668-4d1d-aa54-c02f027995ae - - - - - -] Successfully bumped revision number for resource c1cf50ba-64ed-4414-9295-4074475df2f9 (type: ports) to 2
2026-07-01 14:20:02.153 9 INFO neutron.db.ovn_revision_numbers_db [None req-a263e299-b668-4d1d-aa54-c02f027995ae - - - - - -] Successfully bumped revision number for resource 1b0af435-facf-43f0-aeb6-8936adcf61e8 (type: subnets) to 0
2026-07-01 14:20:02.171 9 INFO neutron.api.wsgi [None req-3fc52c2b-04fb-40f0-bcfd-fa4b5e4575fb 1286d8d4d190427ba7998c367135e3cf 2165447a54bc47c89783c7dacd2b560f - - default default] 10.0.0.75 "POST /v2.0/subnets HTTP/1.1" status: 201 len: 891 time: 0.7887249
2026-07-01 14:20:02.183 9 INFO neutron.db.ovn_revision_numbers_db [None req-6dbe1a9c-b9b4-494e-ad7b-f28f9becd2bd 063c899aabf2493db22572492fd2ab17 cc42dd36f5a04cca907565972b5369d4 - - default default] Successfully bumped revision number for resource 84ebf32c-89a4-49de-87e3-68032ac5dcfc (type: security_groups) to 1
2026-07-01 14:20:02.194 9 INFO neutron.db.ovn_revision_numbers_db [None req-6dbe1a9c-b9b4-494e-ad7b-f28f9becd2bd 063c899aabf2493db22572492fd2ab17 cc42dd36f5a04cca907565972b5369d4 - - default default] Successfully bumped revision number for resource 251a4763-fe2d-42e9-8200-4ce0615c3427 (type: security_group_rules) to 0
2026-07-01 14:20:02.205 9 INFO neutron.db.ovn_revision_numbers_db [None req-6dbe1a9c-b9b4-494e-ad7b-f28f9becd2bd 063c899aabf2493db22572492fd2ab17 cc42dd36f5a04cca907565972b5369d4 - - default default] Successfully bumped revision number for resource 8f25a9f2-41ee-4a12-8d3b-8de608e36b8f (type: security_group_rules) to 0
2026-07-01 14:20:02.231 9 INFO neutron.api.wsgi [None req-6dbe1a9c-b9b4-494e-ad7b-f28f9becd2bd 063c899aabf2493db22572492fd2ab17 cc42dd36f5a04cca907565972b5369d4 - - default default] 10.0.0.75 "POST /v2.0/security-groups HTTP/1.1" status: 201 len: 1857 time: 0.2137620
2026-07-01 14:20:02.239 9 WARNING neutron_lib.context [None req-1d48886a-0fef-4fec-a4bb-ea2e6905b223 063c899aabf2493db22572492fd2ab17 cc42dd36f5a04cca907565972b5369d4 - - default default] Method 'is_advsvc' is deprecated since 2023.2 release (neutron-lib 3.8.0) and will be removed once support for the old RBAC API policies will be removed from Neutron. Please use method 'is_service_role' instead.
2026-07-01 14:20:02.277 10 INFO neutron.db.ovn_revision_numbers_db [None req-d4f2589e-aae4-4c56-a881-124b3ef67615 1286d8d4d190427ba7998c367135e3cf 2165447a54bc47c89783c7dacd2b560f - - default default] Successfully bumped revision number for resource 18cbd94a-6dc7-4860-800b-ea26ebd28218 (type: security_groups) to 1
2026-07-01 14:20:02.291 10 INFO neutron.db.ovn_revision_numbers_db [None req-d4f2589e-aae4-4c56-a881-124b3ef67615 1286d8d4d190427ba7998c367135e3cf 2165447a54bc47c89783c7dacd2b560f - - default default] Successfully bumped revision number for resource 6638b2a1-2b57-4564-a918-349f5a8ff5d7 (type: security_group_rules) to 0
2026-07-01 14:20:02.309 10 INFO neutron.db.ovn_revision_numbers_db [None req-d4f2589e-aae4-4c56-a881-124b3ef67615 1286d8d4d190427ba7998c367135e3cf 2165447a54bc47c89783c7dacd2b560f - - default default] Successfully bumped revision number for resource 7f79badc-2e7f-4556-a464-9f6ba5daefcb (type: security_group_rules) to 0
2026-07-01 14:20:02.325 10 INFO neutron.db.ovn_revision_numbers_db [None req-d4f2589e-aae4-4c56-a881-124b3ef67615 1286d8d4d190427ba7998c367135e3cf 2165447a54bc47c89783c7dacd2b560f - - default default] Successfully bumped revision number for resource 9eef3d06-456c-4c36-b493-210a74c8ac75 (type: security_group_rules) to 0
2026-07-01 14:20:02.342 10 INFO neutron.db.ovn_revision_numbers_db [None req-d4f2589e-aae4-4c56-a881-124b3ef67615 1286d8d4d190427ba7998c367135e3cf 2165447a54bc47c89783c7dacd2b560f - - default default] Successfully bumped revision number for resource b515f0db-5392-4ebf-b7d1-efb50cf18bb9 (type: security_group_rules) to 0
2026-07-01 14:20:02.366 9 INFO neutron.db.ovn_revision_numbers_db [None req-1d48886a-0fef-4fec-a4bb-ea2e6905b223 063c899aabf2493db22572492fd2ab17 cc42dd36f5a04cca907565972b5369d4 - - default default] Successfully bumped revision number for resource 18e14052-d877-4295-8fa9-7ebc6085409d (type: security_group_rules) to 0
2026-07-01 14:20:02.378 10 INFO neutron.api.wsgi [None req-d4f2589e-aae4-4c56-a881-124b3ef67615 1286d8d4d190427ba7998c367135e3cf 2165447a54bc47c89783c7dacd2b560f - - default default] 10.0.0.75 "GET /v2.0/security-groups?tenant_id=c906ff8b3a7445fa9728b512459692ff&name=default HTTP/1.1" status: 200 len: 3116 time: 0.2292001
2026-07-01 14:20:02.395 9 INFO neutron.api.wsgi [None req-1d48886a-0fef-4fec-a4bb-ea2e6905b223 063c899aabf2493db22572492fd2ab17 cc42dd36f5a04cca907565972b5369d4 - - default default] 10.0.0.75 "POST /v2.0/security-group-rules HTTP/1.1" status: 201 len: 796 time: 0.1589363
2026-07-01 14:20:02.403 9 WARNING neutron_lib.context [None req-c52baec4-b5b3-4469-81ae-90461001092e 063c899aabf2493db22572492fd2ab17 cc42dd36f5a04cca907565972b5369d4 - - default default] Method 'is_advsvc' is deprecated since 2023.2 release (neutron-lib 3.8.0) and will be removed once support for the old RBAC API policies will be removed from Neutron. Please use method 'is_service_role' instead.
2026-07-01 14:20:02.510 9 INFO neutron.db.ovn_revision_numbers_db [None req-c52baec4-b5b3-4469-81ae-90461001092e 063c899aabf2493db22572492fd2ab17 cc42dd36f5a04cca907565972b5369d4 - - default default] Successfully bumped revision number for resource 87d4eb47-ed7d-440c-acda-9497cabb608e (type: security_group_rules) to 0
2026-07-01 14:20:02.536 9 INFO neutron.api.wsgi [None req-c52baec4-b5b3-4469-81ae-90461001092e 063c899aabf2493db22572492fd2ab17 cc42dd36f5a04cca907565972b5369d4 - - default default] 10.0.0.75 "POST /v2.0/security-group-rules HTTP/1.1" status: 201 len: 801 time: 0.1355383
2026-07-01 14:20:02.545 9 WARNING neutron_lib.context [None req-52131a04-05cd-43b4-bfb4-55659a12f89f 063c899aabf2493db22572492fd2ab17 cc42dd36f5a04cca907565972b5369d4 - - default default] Method 'is_advsvc' is deprecated since 2023.2 release (neutron-lib 3.8.0) and will be removed once support for the old RBAC API policies will be removed from Neutron. Please use method 'is_service_role' instead.
2026-07-01 14:20:02.546 10 WARNING neutron.scheduler.dhcp_agent_scheduler [None req-1ed0ac60-8d5e-4469-bb9e-b36f5399afd2 1286d8d4d190427ba7998c367135e3cf 2165447a54bc47c89783c7dacd2b560f - - default default] No more DHCP agents
2026-07-01 14:20:02.547 10 WARNING neutron.api.rpc.agentnotifiers.dhcp_rpc_agent_api [None req-1ed0ac60-8d5e-4469-bb9e-b36f5399afd2 1286d8d4d190427ba7998c367135e3cf 2165447a54bc47c89783c7dacd2b560f - - default default] Unable to schedule network 33b10bf0-7f4a-4cc2-844a-6a4d43f9d01f: no agents available; will retry on subsequent port and subnet creation events.
2026-07-01 14:20:02.589 10 INFO neutron.api.wsgi [None req-6e0af130-3deb-468a-910b-1acb13fc342c 1286d8d4d190427ba7998c367135e3cf 2165447a54bc47c89783c7dacd2b560f - - default default] 10.0.0.75 "DELETE /v2.0/security-groups/18cbd94a-6dc7-4860-800b-ea26ebd28218 HTTP/1.1" status: 204 len: 168 time: 0.2063580
2026-07-01 14:20:02.631 10 INFO neutron.db.ovn_revision_numbers_db [None req-1ed0ac60-8d5e-4469-bb9e-b36f5399afd2 1286d8d4d190427ba7998c367135e3cf 2165447a54bc47c89783c7dacd2b560f - - default default] Successfully bumped revision number for resource 848b0597-aabf-4f98-ad66-f15d05b8f10c (type: ports) to 1
2026-07-01 14:20:02.746 9 WARNING neutron.scheduler.dhcp_agent_scheduler [None req-52131a04-05cd-43b4-bfb4-55659a12f89f 063c899aabf2493db22572492fd2ab17 cc42dd36f5a04cca907565972b5369d4 - - default default] No more DHCP agents
2026-07-01 14:20:02.747 9 WARNING neutron.api.rpc.agentnotifiers.dhcp_rpc_agent_api [None req-52131a04-05cd-43b4-bfb4-55659a12f89f 063c899aabf2493db22572492fd2ab17 cc42dd36f5a04cca907565972b5369d4 - - default default] Unable to schedule network 33b10bf0-7f4a-4cc2-844a-6a4d43f9d01f: no agents available; will retry on subsequent port and subnet creation events.
2026-07-01 14:20:02.938 10 WARNING neutron_lib.context [req-7d89906e-35d0-47a2-877d-f0b4d61d5e66 req-108add9d-d90b-4f7d-a213-48139ce3b86b 65c799954ce64618a84da401999625fa d56c077eeb284b2d884b07f57728094b - - default default] Method 'is_advsvc' is deprecated since 2023.2 release (neutron-lib 3.8.0) and will be removed once support for the old RBAC API policies will be removed from Neutron. Please use method 'is_service_role' instead.
2026-07-01 14:20:03.016 9 INFO neutron.api.wsgi [None req-52131a04-05cd-43b4-bfb4-55659a12f89f 063c899aabf2493db22572492fd2ab17 cc42dd36f5a04cca907565972b5369d4 - - default default] 10.0.0.75 "POST /v2.0/floatingips HTTP/1.1" status: 201 len: 751 time: 0.4745798
2026-07-01 14:20:03.063 10 INFO neutron.db.ovn_revision_numbers_db [req-7d89906e-35d0-47a2-877d-f0b4d61d5e66 req-108add9d-d90b-4f7d-a213-48139ce3b86b 65c799954ce64618a84da401999625fa d56c077eeb284b2d884b07f57728094b - - default default] Successfully bumped revision number for resource 3a560ba2-9248-4d74-a0a8-c491f72a1894 (type: security_groups) to 1
