2026-07-01 14:22:56.604 9 INFO neutron.api.wsgi [None req-b0d689ca-ecf2-4c17-8f70-e4697bae8338 1286d8d4d190427ba7998c367135e3cf 2165447a54bc47c89783c7dacd2b560f - - default default] 10.0.0.75 "DELETE /v2.0/subnets/1b6bfee7-5917-4ca6-932b-21a61bcce22d HTTP/1.1" status: 204 len: 168 time: 0.1642280
2026-07-01 14:22:56.615 9 INFO neutron.plugins.ml2.drivers.ovn.mech_driver.mech_driver [None req-3a1dffad-60be-4926-92c3-6b7c3b9472de - - - - - -] OVN reports status up for port: cacb4217-93b3-4118-a214-d5fe6ed8bedc
2026-07-01 14:22:56.620 9 INFO neutron.plugins.ml2.plugin [None req-3a1dffad-60be-4926-92c3-6b7c3b9472de - - - - - -] Attempt 1 to provision port cacb4217-93b3-4118-a214-d5fe6ed8bedc
2026-07-01 14:22:56.654 10 INFO neutron.db.ovn_revision_numbers_db [None req-a1b825a1-e6c4-4fac-bb9e-618c8b602d93 7ced501708ba4428bb3562314a80ef03 44802e920f484307b4e528a8e419a9d4 - - default default] Successfully bumped revision number for resource cacb4217-93b3-4118-a214-d5fe6ed8bedc (type: router_ports) to 1
2026-07-01 14:22:56.721 10 INFO neutron.db.ovn_revision_numbers_db [None req-a1b825a1-e6c4-4fac-bb9e-618c8b602d93 7ced501708ba4428bb3562314a80ef03 44802e920f484307b4e528a8e419a9d4 - - default default] Successfully bumped revision number for resource 48010abf-647b-4451-8d7d-d9026fea7c39 (type: routers) to 2
2026-07-01 14:22:56.737 10 INFO neutron.api.wsgi [None req-a1b825a1-e6c4-4fac-bb9e-618c8b602d93 7ced501708ba4428bb3562314a80ef03 44802e920f484307b4e528a8e419a9d4 - - default default] 10.0.0.75 "POST /v2.0/routers HTTP/1.1" status: 201 len: 1134 time: 1.2945552
2026-07-01 14:22:56.832 10 INFO neutron.api.wsgi [req-c720f741-e112-46a7-b8e7-1ad3b8cc1eb4 req-5105740b-9059-418c-8e13-a86f8a22d25a 3f152737bdf4496f97ba69dd49c3a426 17e235d741b3426ca5772d78348c8e12 - - default default] 10.0.0.142 "GET /v2.0/ports?device_id=1fca8f54-1496-4fe2-a1e3-c4ae2613238e HTTP/1.1" status: 200 len: 210 time: 0.0207753
2026-07-01 14:22:57.013 10 INFO neutron.services.segments.plugin [-] Segment 974ffa72-c319-4ae9-83f8-04d9093d7808 resource provider aggregate not found
2026-07-01 14:22:57.023 10 INFO neutron.services.segments.plugin [-] Segment 974ffa72-c319-4ae9-83f8-04d9093d7808 resource provider aggregate not found
2026-07-01 14:22:57.027 10 INFO neutron.services.segments.plugin [-] Segment 974ffa72-c319-4ae9-83f8-04d9093d7808 resource provider not found; error: Placement Client Error (4xx): {"errors": [{"status": 404, "title": "Not Found", "detail": "The resource could not be found.\n\n No resource provider with uuid 974ffa72-c319-4ae9-83f8-04d9093d7808 found for delete ", "request_id": "req-177b6b65-d2ca-42ef-ba7b-5d72a1375f68"}]}
2026-07-01 14:22:57.037 10 INFO neutron.services.segments.plugin [-] Segment 974ffa72-c319-4ae9-83f8-04d9093d7808 resource provider not found; error: Placement Client Error (4xx): {"errors": [{"status": 404, "title": "Not Found", "detail": "The resource could not be found.\n\n No resource provider with uuid 974ffa72-c319-4ae9-83f8-04d9093d7808 found for delete ", "request_id": "req-64d5b846-51e4-424b-ba70-d5d638b08b29"}]}
2026-07-01 14:22:57.049 10 INFO neutron.api.wsgi [None req-d610cbd2-cbcc-4031-91fe-b1b062acd086 1286d8d4d190427ba7998c367135e3cf 2165447a54bc47c89783c7dacd2b560f - - default default] 10.0.0.75 "DELETE /v2.0/networks/96d0b6ab-9ae0-4ec7-ac09-6c1bcf48fd72 HTTP/1.1" status: 204 len: 168 time: 0.4349804
2026-07-01 14:22:57.267 10 INFO neutron.api.wsgi [req-45e3fbd4-3ddd-4b35-9c65-de586adced66 req-ae03df14-c1df-4cc2-9e45-4696c52cb3a4 544224c44ea446ad9c7a2a034bf49408 4934717f72824b08a673bb4824bfda82 - - default default] 10.0.0.142 "GET /v2.0/ports?device_id=e8276921-8f13-4aa4-bf26-18e7809f4373 HTTP/1.1" status: 200 len: 210 time: 0.0176346
2026-07-01 14:22:57.339 10 WARNING neutron.scheduler.dhcp_agent_scheduler [None req-e0011373-ca7f-41b4-845c-5592186ef207 7ced501708ba4428bb3562314a80ef03 44802e920f484307b4e528a8e419a9d4 - - default default] No more DHCP agents
2026-07-01 14:22:57.341 10 WARNING neutron.api.rpc.agentnotifiers.dhcp_rpc_agent_api [None req-e0011373-ca7f-41b4-845c-5592186ef207 7ced501708ba4428bb3562314a80ef03 44802e920f484307b4e528a8e419a9d4 - - default default] Unable to schedule network 9f48d3b9-3cb2-4edf-9972-f01f2fd5dd7f: no agents available; will retry on subsequent port and subnet creation events.
2026-07-01 14:22:57.468 10 INFO neutron.db.ovn_revision_numbers_db [None req-e0011373-ca7f-41b4-845c-5592186ef207 7ced501708ba4428bb3562314a80ef03 44802e920f484307b4e528a8e419a9d4 - - default default] Successfully bumped revision number for resource 5b3ea63b-726b-48bf-ad8f-773142ced9ad (type: ports) to 1
2026-07-01 14:22:57.898 9 INFO neutron.api.wsgi [req-8323de5e-148e-4f07-a79f-bae4f6361164 req-f221db35-43f5-485f-a9e0-a35aa5e69052 3f152737bdf4496f97ba69dd49c3a426 17e235d741b3426ca5772d78348c8e12 - - default default] 199.204.45.49 "GET /v2.0/networks?id=432d27bd-c0fd-42dc-8990-6e2bc8df207d HTTP/1.1" status: 200 len: 859 time: 0.0516920
2026-07-01 14:22:57.920 10 INFO neutron.api.wsgi [req-d0e97c7c-72ec-4101-a587-e966fa6d3915 req-10c56c1f-568a-43e4-838d-a57413d7449e 3f152737bdf4496f97ba69dd49c3a426 17e235d741b3426ca5772d78348c8e12 - - default default] 10.0.0.142 "GET /v2.0/ports?device_id=1fca8f54-1496-4fe2-a1e3-c4ae2613238e HTTP/1.1" status: 200 len: 210 time: 0.0237098
2026-07-01 14:22:57.952 9 INFO neutron.api.wsgi [req-8323de5e-148e-4f07-a79f-bae4f6361164 req-1e87c863-672b-4073-9d9a-09c5e790c61e 3f152737bdf4496f97ba69dd49c3a426 17e235d741b3426ca5772d78348c8e12 - - default default] 199.204.45.49 "GET /v2.0/security-groups?fields=id&fields=name&tenant_id=17e235d741b3426ca5772d78348c8e12 HTTP/1.1" status: 200 len: 470 time: 0.0483112
2026-07-01 14:22:57.961 9 WARNING neutron_lib.context [req-8323de5e-148e-4f07-a79f-bae4f6361164 req-5f94aa72-f366-428b-a946-06fd42b7b326 3f152737bdf4496f97ba69dd49c3a426 17e235d741b3426ca5772d78348c8e12 - - default default] Method 'is_advsvc' is deprecated since 2023.2 release (neutron-lib 3.8.0) and will be removed once support for the old RBAC API policies will be removed from Neutron. Please use method 'is_service_role' instead.
2026-07-01 14:22:58.142 10 INFO neutron.plugins.ml2.drivers.ovn.mech_driver.mech_driver [None req-a744b128-6992-42b3-8945-3050cf63ac0a - - - - - -] OVN reports status up for port: 5b3ea63b-726b-48bf-ad8f-773142ced9ad
2026-07-01 14:22:58.159 10 INFO neutron.plugins.ml2.plugin [None req-a744b128-6992-42b3-8945-3050cf63ac0a - - - - - -] Attempt 1 to provision port 5b3ea63b-726b-48bf-ad8f-773142ced9ad
2026-07-01 14:22:58.188 10 INFO neutron.db.ovn_revision_numbers_db [None req-e0011373-ca7f-41b4-845c-5592186ef207 7ced501708ba4428bb3562314a80ef03 44802e920f484307b4e528a8e419a9d4 - - default default] Successfully bumped revision number for resource 5b3ea63b-726b-48bf-ad8f-773142ced9ad (type: ports) to 1
2026-07-01 14:22:58.208 9 WARNING neutron.scheduler.dhcp_agent_scheduler [req-8323de5e-148e-4f07-a79f-bae4f6361164 req-5f94aa72-f366-428b-a946-06fd42b7b326 3f152737bdf4496f97ba69dd49c3a426 17e235d741b3426ca5772d78348c8e12 - - default default] No more DHCP agents
2026-07-01 14:22:58.210 9 WARNING neutron.api.rpc.agentnotifiers.dhcp_rpc_agent_api [req-8323de5e-148e-4f07-a79f-bae4f6361164 req-5f94aa72-f366-428b-a946-06fd42b7b326 3f152737bdf4496f97ba69dd49c3a426 17e235d741b3426ca5772d78348c8e12 - - default default] Unable to schedule network 432d27bd-c0fd-42dc-8990-6e2bc8df207d: no agents available; will retry on subsequent port and subnet creation events.
2026-07-01 14:22:58.278 10 WARNING neutron.scheduler.dhcp_agent_scheduler [None req-e0011373-ca7f-41b4-845c-5592186ef207 7ced501708ba4428bb3562314a80ef03 44802e920f484307b4e528a8e419a9d4 - - default default] No more DHCP agents
2026-07-01 14:22:58.288 10 WARNING neutron.api.rpc.agentnotifiers.dhcp_rpc_agent_api [None req-e0011373-ca7f-41b4-845c-5592186ef207 7ced501708ba4428bb3562314a80ef03 44802e920f484307b4e528a8e419a9d4 - - default default] Unable to schedule network 9f48d3b9-3cb2-4edf-9972-f01f2fd5dd7f: no agents available; will retry on subsequent port and subnet creation events.
2026-07-01 14:22:58.317 9 INFO neutron.db.ovn_revision_numbers_db [req-8323de5e-148e-4f07-a79f-bae4f6361164 req-5f94aa72-f366-428b-a946-06fd42b7b326 3f152737bdf4496f97ba69dd49c3a426 17e235d741b3426ca5772d78348c8e12 - - default default] Successfully bumped revision number for resource be76dc83-3775-4236-88a7-d094e5f358b6 (type: ports) to 1
2026-07-01 14:22:58.340 9 INFO neutron.api.wsgi [req-8323de5e-148e-4f07-a79f-bae4f6361164 req-5f94aa72-f366-428b-a946-06fd42b7b326 3f152737bdf4496f97ba69dd49c3a426 17e235d741b3426ca5772d78348c8e12 - - default default] 199.204.45.49 "POST /v2.0/ports HTTP/1.1" status: 201 len: 1158 time: 0.3840132 /var/lib/openstack/lib/python3.12/site-packages/pycadf/identifier.py:71: UserWarning: Invalid uuid: neutron. To ensure interoperability, identifiers should be a valid uuid. warnings.warn(('Invalid uuid: %s. To ensure interoperability, '
2026-07-01 14:22:58.594 10 INFO neutron.api.wsgi [req-6218882f-b36e-4b32-b64b-dcc96098ab21 req-d84d9727-279e-4f95-b35f-d17a8f0249ae 544224c44ea446ad9c7a2a034bf49408 4934717f72824b08a673bb4824bfda82 - - default default] 10.0.0.142 "GET /v2.0/ports?device_id=e8276921-8f13-4aa4-bf26-18e7809f4373 HTTP/1.1" status: 200 len: 210 time: 0.2402833
2026-07-01 14:22:58.615 9 INFO neutron.db.ovn_revision_numbers_db [req-8323de5e-148e-4f07-a79f-bae4f6361164 req-b2075960-243c-4c3f-a991-6ba50573c786 c09bb7d75cfb41d78419de17695603fb 9a70ac6914e84ee297359b67431146b7 - - e5366feedd3b424f815eed9c8dfda628 e5366feedd3b424f815eed9c8dfda628] Successfully bumped revision number for resource be76dc83-3775-4236-88a7-d094e5f358b6 (type: ports) to 2
2026-07-01 14:22:58.644 10 INFO neutron.api.wsgi [None req-67471ece-1084-4cad-9163-56789904ac1b 1286d8d4d190427ba7998c367135e3cf 2165447a54bc47c89783c7dacd2b560f - - default default] 10.0.0.75 "PUT /v2.0/routers/bbb8b364-877a-4208-bd6d-1415fc248572/remove_router_interface HTTP/1.1" status: 200 len: 503 time: 1.5905380 /var/lib/openstack/lib/python3.12/site-packages/pycadf/identifier.py:71: UserWarning: Invalid uuid: neutron. To ensure interoperability, identifiers should be a valid uuid. warnings.warn(('Invalid uuid: %s. To ensure interoperability, '
2026-07-01 14:22:58.903 10 INFO neutron.db.ovn_revision_numbers_db [None req-a744b128-6992-42b3-8945-3050cf63ac0a - - - - - -] Successfully bumped revision number for resource 5b3ea63b-726b-48bf-ad8f-773142ced9ad (type: ports) to 2
2026-07-01 14:22:58.913 9 INFO neutron.db.ovn_revision_numbers_db [req-8323de5e-148e-4f07-a79f-bae4f6361164 req-b2075960-243c-4c3f-a991-6ba50573c786 c09bb7d75cfb41d78419de17695603fb 9a70ac6914e84ee297359b67431146b7 - - e5366feedd3b424f815eed9c8dfda628 e5366feedd3b424f815eed9c8dfda628] Successfully bumped revision number for resource be76dc83-3775-4236-88a7-d094e5f358b6 (type: ports) to 4
2026-07-01 14:22:58.937 9 INFO neutron.api.wsgi [req-8323de5e-148e-4f07-a79f-bae4f6361164 req-b2075960-243c-4c3f-a991-6ba50573c786 c09bb7d75cfb41d78419de17695603fb 9a70ac6914e84ee297359b67431146b7 - - e5366feedd3b424f815eed9c8dfda628 e5366feedd3b424f815eed9c8dfda628] 199.204.45.49 "PUT /v2.0/ports/be76dc83-3775-4236-88a7-d094e5f358b6 HTTP/1.1" status: 200 len: 1404 time: 0.5926120
2026-07-01 14:22:58.976 9 INFO neutron.notifiers.nova [-] Nova event matching ['req-4d55d8d2-b4f8-45c1-9a37-e08f147f29fb'] response: {'name': 'network-changed', 'server_uuid': '1fca8f54-1496-4fe2-a1e3-c4ae2613238e', 'tag': 'be76dc83-3775-4236-88a7-d094e5f358b6', 'status': 'completed', 'code': 200} /var/lib/openstack/lib/python3.12/site-packages/pycadf/identifier.py:71: UserWarning: Invalid uuid: neutron. To ensure interoperability, identifiers should be a valid uuid. warnings.warn(('Invalid uuid: %s. To ensure interoperability, '
2026-07-01 14:22:59.027 10 INFO neutron.db.ovn_revision_numbers_db [None req-e0011373-ca7f-41b4-845c-5592186ef207 7ced501708ba4428bb3562314a80ef03 44802e920f484307b4e528a8e419a9d4 - - default default] Successfully bumped revision number for resource 5b3ea63b-726b-48bf-ad8f-773142ced9ad (type: router_ports) to 1
2026-07-01 14:22:59.033 10 INFO neutron.api.wsgi [None req-e0011373-ca7f-41b4-845c-5592186ef207 7ced501708ba4428bb3562314a80ef03 44802e920f484307b4e528a8e419a9d4 - - default default] 10.0.0.75 "PUT /v2.0/routers/48010abf-647b-4451-8d7d-d9026fea7c39/add_router_interface HTTP/1.1" status: 200 len: 503 time: 2.2909274 /var/lib/openstack/lib/python3.12/site-packages/pycadf/identifier.py:71: UserWarning: Invalid uuid: neutron. To ensure interoperability, identifiers should be a valid uuid. warnings.warn(('Invalid uuid: %s. To ensure interoperability, '
2026-07-01 14:22:59.043 9 WARNING neutron_lib.context [None req-ce4b7f70-195e-4d68-8432-7e7ae005e2c8 7ced501708ba4428bb3562314a80ef03 44802e920f484307b4e528a8e419a9d4 - - default default] Method 'is_advsvc' is deprecated since 2023.2 release (neutron-lib 3.8.0) and will be removed once support for the old RBAC API policies will be removed from Neutron. Please use method 'is_service_role' instead.
2026-07-01 14:22:59.062 10 INFO neutron.api.wsgi [req-ec47095e-de18-45f1-936b-d4dc0b91870d req-48fdec3b-b124-40fa-bab3-f80812e2e531 3f152737bdf4496f97ba69dd49c3a426 17e235d741b3426ca5772d78348c8e12 - - default default] 10.0.0.142 "GET /v2.0/ports?device_id=1fca8f54-1496-4fe2-a1e3-c4ae2613238e HTTP/1.1" status: 200 len: 1168 time: 0.0748348
2026-07-01 14:22:59.101 10 INFO neutron.api.wsgi [req-ec47095e-de18-45f1-936b-d4dc0b91870d req-44c2b43f-7f23-4d89-941e-f0275f8b46dd 3f152737bdf4496f97ba69dd49c3a426 17e235d741b3426ca5772d78348c8e12 - - default default] 10.0.0.142 "GET /v2.0/security-groups?id=8bf9e17f-7f7b-4db1-9642-eb7e86339033&fields=id&fields=name HTTP/1.1" status: 200 len: 311 time: 0.0346138
2026-07-01 14:22:59.784 10 INFO neutron.api.wsgi [None req-3fe6b7a9-1e29-4621-b226-46fc43b9d8e3 544224c44ea446ad9c7a2a034bf49408 4934717f72824b08a673bb4824bfda82 - - default default] 10.0.0.75 "DELETE /v2.0/security-groups/779049c2-729b-4929-8570-8f57d9b8282f HTTP/1.1" status: 204 len: 168 time: 0.1187420
2026-07-01 14:22:59.788 9 INFO neutron.api.wsgi [req-fd0df68d-8c87-491b-933a-3005f7036a51 req-69965016-c6f0-4e60-9c7f-e63db8e06ebb c09bb7d75cfb41d78419de17695603fb 9a70ac6914e84ee297359b67431146b7 - - e5366feedd3b424f815eed9c8dfda628 e5366feedd3b424f815eed9c8dfda628] 199.204.45.49 "GET /v2.0/ports?tenant_id=17e235d741b3426ca5772d78348c8e12&device_id=1fca8f54-1496-4fe2-a1e3-c4ae2613238e HTTP/1.1" status: 200 len: 1407 time: 0.0501356
2026-07-01 14:22:59.805 10 INFO neutron.api.v2.resource [None req-1f4c3bf1-7481-44c7-832f-67efe106b6f5 544224c44ea446ad9c7a2a034bf49408 4934717f72824b08a673bb4824bfda82 - - default default] show failed (client error): The resource could not be found.
2026-07-01 14:22:59.806 9 INFO neutron.api.wsgi [None req-051b163a-03fb-474c-919e-21974bd3362c 1286d8d4d190427ba7998c367135e3cf 2165447a54bc47c89783c7dacd2b560f - - default default] 10.0.0.75 "DELETE /v2.0/routers/bbb8b364-877a-4208-bd6d-1415fc248572 HTTP/1.1" status: 204 len: 168 time: 1.1562355
2026-07-01 14:22:59.806 10 INFO neutron.api.wsgi [None req-1f4c3bf1-7481-44c7-832f-67efe106b6f5 544224c44ea446ad9c7a2a034bf49408 4934717f72824b08a673bb4824bfda82 - - default default] 10.0.0.75 "GET /v2.0/security-groups/779049c2-729b-4929-8570-8f57d9b8282f HTTP/1.1" status: 404 len: 347 time: 0.0145328
2026-07-01 14:22:59.880 9 INFO neutron.api.wsgi [req-fd0df68d-8c87-491b-933a-3005f7036a51 req-f32d9e02-249d-4467-9071-a87c1b05b9c0 c09bb7d75cfb41d78419de17695603fb 9a70ac6914e84ee297359b67431146b7 - - e5366feedd3b424f815eed9c8dfda628 e5366feedd3b424f815eed9c8dfda628] 199.204.45.49 "GET /v2.0/networks?tenant_id=17e235d741b3426ca5772d78348c8e12&shared=False HTTP/1.1" status: 200 len: 958 time: 0.0864158
2026-07-01 14:22:59.948 9 INFO neutron.api.wsgi [req-fd0df68d-8c87-491b-933a-3005f7036a51 req-3c0c7c4a-f08e-45ea-a5da-de8ae7127099 c09bb7d75cfb41d78419de17695603fb 9a70ac6914e84ee297359b67431146b7 - - e5366feedd3b424f815eed9c8dfda628 e5366feedd3b424f815eed9c8dfda628] 199.204.45.49 "GET /v2.0/networks?shared=True HTTP/1.1" status: 200 len: 952 time: 0.0630240
2026-07-01 14:22:59.980 10 INFO neutron.api.wsgi [None req-607c31b8-954b-4a69-987d-4d45472aa97b 1286d8d4d190427ba7998c367135e3cf 2165447a54bc47c89783c7dacd2b560f - - default default] 10.0.0.75 "DELETE /v2.0/subnets/8aab82da-0f94-43b9-9ee6-494452735a3d HTTP/1.1" status: 204 len: 168 time: 0.1689150
2026-07-01 14:23:00.012 9 WARNING neutron.scheduler.dhcp_agent_scheduler [None req-e5142f00-4bf2-4139-a4d3-46f402786eae - - - - - -] No more DHCP agents
2026-07-01 14:23:00.013 9 WARNING neutron.api.rpc.agentnotifiers.dhcp_rpc_agent_api [None req-e5142f00-4bf2-4139-a4d3-46f402786eae - - - - - -] Unable to schedule network 33b10bf0-7f4a-4cc2-844a-6a4d43f9d01f: no agents available; will retry on subsequent port and subnet creation events.
2026-07-01 14:23:00.138 9 INFO neutron.db.ovn_revision_numbers_db [None req-e5142f00-4bf2-4139-a4d3-46f402786eae - - - - - -] Successfully bumped revision number for resource 3fdecafb-ee19-4410-bc82-f521d89a8a8b (type: ports) to 1
2026-07-01 14:23:00.170 9 INFO neutron.api.wsgi [None req-70d82697-415e-4986-930f-c45160a6b2db 544224c44ea446ad9c7a2a034bf49408 4934717f72824b08a673bb4824bfda82 - - default default] 10.0.0.75 "DELETE /v2.0/floatingips/78d0438b-ce78-4200-b23e-32d3e3a86e8f HTTP/1.1" status: 204 len: 168 time: 0.3589709
2026-07-01 14:23:00.203 10 INFO neutron.api.wsgi [req-4dcf3cf3-d778-4b0d-8292-0e46aa218922 req-8bdce9d3-1a7f-4d56-85f3-ebf9bc794f96 3f152737bdf4496f97ba69dd49c3a426 17e235d741b3426ca5772d78348c8e12 - - default default] 10.0.0.142 "GET /v2.0/ports?device_id=1fca8f54-1496-4fe2-a1e3-c4ae2613238e HTTP/1.1" status: 200 len: 1168 time: 0.0447457
2026-07-01 14:23:00.257 10 INFO neutron.api.wsgi [req-4dcf3cf3-d778-4b0d-8292-0e46aa218922 req-c8f7d8d5-646b-4fa0-99d0-acd57facc614 3f152737bdf4496f97ba69dd49c3a426 17e235d741b3426ca5772d78348c8e12 - - default default] 10.0.0.142 "GET /v2.0/security-groups?id=8bf9e17f-7f7b-4db1-9642-eb7e86339033&fields=id&fields=name HTTP/1.1" status: 200 len: 311 time: 0.0426807
2026-07-01 14:23:00.316 10 INFO neutron.services.segments.plugin [-] Segment 51396b10-93a9-4190-8284-57f9e3d1807f resource provider aggregate not found
2026-07-01 14:23:00.319 10 INFO neutron.services.segments.plugin [-] Segment 51396b10-93a9-4190-8284-57f9e3d1807f resource provider aggregate not found
2026-07-01 14:23:00.330 10 INFO neutron.services.segments.plugin [-] Segment 51396b10-93a9-4190-8284-57f9e3d1807f resource provider not found; error: Placement Client Error (4xx): {"errors": [{"status": 404, "title": "Not Found", "detail": "The resource could not be found.\n\n No resource provider with uuid 51396b10-93a9-4190-8284-57f9e3d1807f found for delete ", "request_id": "req-badcf777-af14-4a2b-b87c-9dc56269a66d"}]}
2026-07-01 14:23:00.337 10 INFO neutron.services.segments.plugin [-] Segment 51396b10-93a9-4190-8284-57f9e3d1807f resource provider not found; error: Placement Client Error (4xx): {"errors": [{"status": 404, "title": "Not Found", "detail": "The resource could not be found.\n\n No resource provider with uuid 51396b10-93a9-4190-8284-57f9e3d1807f found for delete ", "request_id": "req-18a4f441-94ca-4ab2-ae51-b08ac96a7b09"}]}
2026-07-01 14:23:00.344 9 INFO neutron.db.ovn_revision_numbers_db [None req-e5142f00-4bf2-4139-a4d3-46f402786eae - - - - - -] Successfully bumped revision number for resource 3fdecafb-ee19-4410-bc82-f521d89a8a8b (type: ports) to 3
2026-07-01 14:23:00.370 10 INFO neutron.api.wsgi [None req-6991174b-cfe5-40e6-9bdf-1fd108cf7ecf 1286d8d4d190427ba7998c367135e3cf 2165447a54bc47c89783c7dacd2b560f - - default default] 10.0.0.75 "DELETE /v2.0/networks/86f15af6-50dd-4679-85bc-44685b53cfc7 HTTP/1.1" status: 204 len: 168 time: 0.3848665
2026-07-01 14:23:00.415 9 INFO neutron.db.segments_db [None req-e5142f00-4bf2-4139-a4d3-46f402786eae - - - - - -] Added segment a998eca1-c166-413a-829a-70f0cf225cb8 of type geneve for network 89967ba1-4057-406b-8fe2-07ebf52510df
2026-07-01 14:23:00.533 9 INFO neutron.db.ovn_revision_numbers_db [None req-4e6d0901-f196-4770-9ce6-f7f5bdafebd6 - - - - - -] Successfully bumped revision number for resource 89967ba1-4057-406b-8fe2-07ebf52510df (type: networks) to 1
2026-07-01 14:23:00.707 9 WARNING neutron.scheduler.dhcp_agent_scheduler [None req-4e6d0901-f196-4770-9ce6-f7f5bdafebd6 - - - - - -] No more DHCP agents
2026-07-01 14:23:00.710 9 WARNING neutron.api.rpc.agentnotifiers.dhcp_rpc_agent_api [None req-4e6d0901-f196-4770-9ce6-f7f5bdafebd6 - - - - - -] Unable to schedule network 89967ba1-4057-406b-8fe2-07ebf52510df: no agents available; will retry on subsequent port and subnet creation events.
2026-07-01 14:23:00.715 10 INFO neutron.api.wsgi [None req-1a6c6a9d-fce8-4864-9167-08440757b4ff 1286d8d4d190427ba7998c367135e3cf 2165447a54bc47c89783c7dacd2b560f - - default default] 10.0.0.75 "GET /v2.0/security-groups?tenant_id=642d128f059a411dadaa61ac651db4d7&name=default HTTP/1.1" status: 200 len: 3120 time: 0.0510709
2026-07-01 14:23:00.786 9 INFO neutron.db.ovn_revision_numbers_db [None req-4e6d0901-f196-4770-9ce6-f7f5bdafebd6 - - - - - -] Successfully bumped revision number for resource 96930275-5f85-4016-b753-bd1c10817520 (type: ports) to 1
2026-07-01 14:23:00.904 9 WARNING neutron.scheduler.dhcp_agent_scheduler [None req-4e6d0901-f196-4770-9ce6-f7f5bdafebd6 - - - - - -] No more DHCP agents
2026-07-01 14:23:00.906 9 WARNING neutron.api.rpc.agentnotifiers.dhcp_rpc_agent_api [None req-4e6d0901-f196-4770-9ce6-f7f5bdafebd6 - - - - - -] Unable to schedule network 89967ba1-4057-406b-8fe2-07ebf52510df: no agents available; will retry on subsequent port and subnet creation events.
2026-07-01 14:23:00.932 9 INFO neutron.db.ovn_revision_numbers_db [None req-4e6d0901-f196-4770-9ce6-f7f5bdafebd6 - - - - - -] Successfully bumped revision number for resource 3bf6306b-da41-4754-9d03-41da1222864b (type: subnets) to 0
2026-07-01 14:23:01.023 9 INFO neutron.api.wsgi [req-8323de5e-148e-4f07-a79f-bae4f6361164 req-5ac8e22b-aff9-44be-b5d6-e9dcdc9c0964 c09bb7d75cfb41d78419de17695603fb 9a70ac6914e84ee297359b67431146b7 - - e5366feedd3b424f815eed9c8dfda628 e5366feedd3b424f815eed9c8dfda628] 199.204.45.49 "GET /v2.0/ports?tenant_id=17e235d741b3426ca5772d78348c8e12&device_id=1fca8f54-1496-4fe2-a1e3-c4ae2613238e HTTP/1.1" status: 200 len: 1407 time: 0.0458443
2026-07-01 14:23:01.031 10 INFO neutron.api.wsgi [None req-db6e3aaa-b3e8-43bc-b8d3-4d3573d9105d 1286d8d4d190427ba7998c367135e3cf 2165447a54bc47c89783c7dacd2b560f - - default default] 10.0.0.75 "DELETE /v2.0/security-groups/dd00b489-066c-4a37-84f4-6a19d27f4818 HTTP/1.1" status: 204 len: 168 time: 0.3082509
2026-07-01 14:23:01.047 9 INFO neutron.api.wsgi [req-8323de5e-148e-4f07-a79f-bae4f6361164 req-208ca411-82bd-45a2-8aba-88992181e19e c09bb7d75cfb41d78419de17695603fb 9a70ac6914e84ee297359b67431146b7 - - e5366feedd3b424f815eed9c8dfda628 e5366feedd3b424f815eed9c8dfda628] 199.204.45.49 "GET /v2.0/floatingips?fixed_ip_address=10.100.0.5&port_id=be76dc83-3775-4236-88a7-d094e5f358b6 HTTP/1.1" status: 200 len: 217 time: 0.0193253
2026-07-01 14:23:01.084 9 INFO neutron.api.wsgi [req-8323de5e-148e-4f07-a79f-bae4f6361164 req-9150dfb8-541d-4711-a682-97c709cb677f c09bb7d75cfb41d78419de17695603fb 9a70ac6914e84ee297359b67431146b7 - - e5366feedd3b424f815eed9c8dfda628 e5366feedd3b424f815eed9c8dfda628] 199.204.45.49 "GET /v2.0/subnets?id=9a243e21-399c-40c0-9576-53f3c8751caf HTTP/1.1" status: 200 len: 876 time: 0.0307844
2026-07-01 14:23:01.104 9 INFO neutron.api.wsgi [req-8323de5e-148e-4f07-a79f-bae4f6361164 req-ba5f903b-4375-4c4e-8262-48374be33000 c09bb7d75cfb41d78419de17695603fb 9a70ac6914e84ee297359b67431146b7 - - e5366feedd3b424f815eed9c8dfda628 e5366feedd3b424f815eed9c8dfda628] 199.204.45.49 "GET /v2.0/ports?network_id=432d27bd-c0fd-42dc-8990-6e2bc8df207d&device_owner=network%3Adhcp HTTP/1.1" status: 200 len: 210 time: 0.0148044
2026-07-01 14:23:01.157 9 INFO neutron.api.wsgi [req-8323de5e-148e-4f07-a79f-bae4f6361164 req-f1e022f7-52b6-4429-8b90-aa5a2daa1e9a c09bb7d75cfb41d78419de17695603fb 9a70ac6914e84ee297359b67431146b7 - - e5366feedd3b424f815eed9c8dfda628 e5366feedd3b424f815eed9c8dfda628] 199.204.45.49 "GET /v2.0/networks/432d27bd-c0fd-42dc-8990-6e2bc8df207d?fields=segments HTTP/1.1" status: 200 len: 212 time: 0.0451014
2026-07-01 14:23:01.230 9 INFO neutron.api.wsgi [req-8323de5e-148e-4f07-a79f-bae4f6361164 req-f6e47c05-741c-41cd-b590-dbaf19fc8f97 c09bb7d75cfb41d78419de17695603fb 9a70ac6914e84ee297359b67431146b7 - - e5366feedd3b424f815eed9c8dfda628 e5366feedd3b424f815eed9c8dfda628] 199.204.45.49 "GET /v2.0/networks/432d27bd-c0fd-42dc-8990-6e2bc8df207d?fields=provider%3Aphysical_network&fields=provider%3Anetwork_type HTTP/1.1" status: 200 len: 277 time: 0.0695748
2026-07-01 14:23:01.234 9 INFO neutron.api.wsgi [None req-f45ecd1d-841c-4346-be4c-b21c7b13479b 1286d8d4d190427ba7998c367135e3cf 2165447a54bc47c89783c7dacd2b560f - - default default] 10.0.0.75 "GET /v2.0/security-groups?tenant_id=e35c7db64efc4cccbb49c906250c88ab&name=default HTTP/1.1" status: 200 len: 3120 time: 0.0627282
2026-07-01 14:23:01.356 10 INFO neutron.api.wsgi [req-2a810a24-07e9-4684-87ac-708ac36bea08 req-ea2d91fe-12ce-47e9-9a63-bbc3833e4e26 3f152737bdf4496f97ba69dd49c3a426 17e235d741b3426ca5772d78348c8e12 - - default default] 10.0.0.142 "GET /v2.0/ports?device_id=1fca8f54-1496-4fe2-a1e3-c4ae2613238e HTTP/1.1" status: 200 len: 1168 time: 0.0342393
2026-07-01 14:23:01.406 10 INFO neutron.api.wsgi [None req-3f7bf77a-a522-457b-be71-1b28a921d8db 1286d8d4d190427ba7998c367135e3cf 2165447a54bc47c89783c7dacd2b560f - - default default] 10.0.0.75 "PUT /v2.0/routers/4ff2f348-c167-42bf-aeec-d1866e4da71f/remove_router_interface HTTP/1.1" status: 200 len: 503 time: 1.2314632
2026-07-01 14:23:01.407 9 WARNING neutron.scheduler.dhcp_agent_scheduler [None req-4e6d0901-f196-4770-9ce6-f7f5bdafebd6 - - - - - -] No more DHCP agents
2026-07-01 14:23:01.412 9 WARNING neutron.api.rpc.agentnotifiers.dhcp_rpc_agent_api [None req-4e6d0901-f196-4770-9ce6-f7f5bdafebd6 - - - - - -] Unable to schedule network 89967ba1-4057-406b-8fe2-07ebf52510df: no agents available; will retry on subsequent port and subnet creation events. /var/lib/openstack/lib/python3.12/site-packages/pycadf/identifier.py:71: UserWarning: Invalid uuid: neutron. To ensure interoperability, identifiers should be a valid uuid. warnings.warn(('Invalid uuid: %s. To ensure interoperability, '
2026-07-01 14:23:01.437 10 INFO neutron.api.wsgi [req-2a810a24-07e9-4684-87ac-708ac36bea08 req-8729265d-7b47-413a-a237-0fd9a7cc0986 3f152737bdf4496f97ba69dd49c3a426 17e235d741b3426ca5772d78348c8e12 - - default default] 10.0.0.142 "GET /v2.0/security-groups?id=8bf9e17f-7f7b-4db1-9642-eb7e86339033&fields=id&fields=name HTTP/1.1" status: 200 len: 311 time: 0.0755131
2026-07-01 14:23:01.501 9 INFO neutron.api.wsgi [None req-8847ae98-f52b-4da5-bd77-f8f6dd469cec 1286d8d4d190427ba7998c367135e3cf 2165447a54bc47c89783c7dacd2b560f - - default default] 10.0.0.75 "DELETE /v2.0/security-groups/9a33f763-187e-4d6f-af72-19ef075a9ead HTTP/1.1" status: 204 len: 168 time: 0.2609446
2026-07-01 14:23:01.526 9 INFO neutron.db.ovn_revision_numbers_db [None req-4e6d0901-f196-4770-9ce6-f7f5bdafebd6 - - - - - -] Successfully bumped revision number for resource 8cfa0f8e-7f74-465c-b5df-148526486b46 (type: ports) to 1
2026-07-01 14:23:01.626 9 WARNING neutron.plugins.ml2.drivers.ovn.mech_driver.ovsdb.ovn_client [None req-3a1dffad-60be-4926-92c3-6b7c3b9472de - - - - - -] No hosting information found for port cacb4217-93b3-4118-a214-d5fe6ed8bedc: RuntimeError: No hosting information found for port cacb4217-93b3-4118-a214-d5fe6ed8bedc
2026-07-01 14:23:02.040 10 INFO neutron.api.wsgi [None req-a062b02b-bdfe-427e-a6e5-f318cc54cb7d 1286d8d4d190427ba7998c367135e3cf 2165447a54bc47c89783c7dacd2b560f - - default default] 10.0.0.75 "DELETE /v2.0/routers/4ff2f348-c167-42bf-aeec-d1866e4da71f HTTP/1.1" status: 204 len: 168 time: 0.6288490
2026-07-01 14:23:02.054 9 INFO neutron.db.ovn_revision_numbers_db [None req-4e6d0901-f196-4770-9ce6-f7f5bdafebd6 - - - - - -] Successfully bumped revision number for resource 8cfa0f8e-7f74-465c-b5df-148526486b46 (type: ports) to 1
2026-07-01 14:23:02.107 9 WARNING neutron.scheduler.dhcp_agent_scheduler [None req-4e6d0901-f196-4770-9ce6-f7f5bdafebd6 - - - - - -] No more DHCP agents
2026-07-01 14:23:02.110 9 WARNING neutron.api.rpc.agentnotifiers.dhcp_rpc_agent_api [None req-4e6d0901-f196-4770-9ce6-f7f5bdafebd6 - - - - - -] Unable to schedule network 89967ba1-4057-406b-8fe2-07ebf52510df: no agents available; will retry on subsequent port and subnet creation events.
2026-07-01 14:23:02.193 9 INFO neutron.api.wsgi [None req-53f2d37c-fc82-48ea-a768-667b165eb174 1286d8d4d190427ba7998c367135e3cf 2165447a54bc47c89783c7dacd2b560f - - default default] 10.0.0.75 "DELETE /v2.0/subnets/1802309a-7a12-45aa-86d1-83766e4279a7 HTTP/1.1" status: 204 len: 168 time: 0.1502321
2026-07-01 14:23:02.468 10 INFO neutron.services.segments.plugin [-] Segment 8fa4349e-2df3-429d-87e8-9725580525d8 resource provider aggregate not found
2026-07-01 14:23:02.472 10 INFO neutron.services.segments.plugin [-] Segment 8fa4349e-2df3-429d-87e8-9725580525d8 resource provider aggregate not found
2026-07-01 14:23:02.482 10 INFO neutron.services.segments.plugin [-] Segment 8fa4349e-2df3-429d-87e8-9725580525d8 resource provider not found; error: Placement Client Error (4xx): {"errors": [{"status": 404, "title": "Not Found", "detail": "The resource could not be found.\n\n No resource provider with uuid 8fa4349e-2df3-429d-87e8-9725580525d8 found for delete ", "request_id": "req-426bf0f3-2fdb-4224-b6d5-9f0fbd03a3d5"}]}
2026-07-01 14:23:02.485 10 INFO neutron.services.segments.plugin [-] Segment 8fa4349e-2df3-429d-87e8-9725580525d8 resource provider not found; error: Placement Client Error (4xx): {"errors": [{"status": 404, "title": "Not Found", "detail": "The resource could not be found.\n\n No resource provider with uuid 8fa4349e-2df3-429d-87e8-9725580525d8 found for delete ", "request_id": "req-a4bded90-9f04-4d23-b76f-9328cd18c4b5"}]}
2026-07-01 14:23:02.506 10 INFO neutron.api.wsgi [None req-636f28e1-be8a-447d-b721-5d00514a17ba 1286d8d4d190427ba7998c367135e3cf 2165447a54bc47c89783c7dacd2b560f - - default default] 10.0.0.75 "DELETE /v2.0/networks/7dcc8e5a-ef14-4fb0-8ae2-1e5efda2a589 HTTP/1.1" status: 204 len: 168 time: 0.3081157
2026-07-01 14:23:02.530 10 INFO neutron.api.wsgi [req-a78963f4-6ca8-4762-8764-41dca5c7bb97 req-59a1fa30-8017-4406-83b6-26a09f236e5a 3f152737bdf4496f97ba69dd49c3a426 17e235d741b3426ca5772d78348c8e12 - - default default] 10.0.0.142 "GET /v2.0/ports?device_id=1fca8f54-1496-4fe2-a1e3-c4ae2613238e HTTP/1.1" status: 200 len: 1168 time: 0.0359550
2026-07-01 14:23:02.565 10 INFO neutron.api.wsgi [req-a78963f4-6ca8-4762-8764-41dca5c7bb97 req-f3265872-351f-4eb9-b5d3-7ab71a35f946 3f152737bdf4496f97ba69dd49c3a426 17e235d741b3426ca5772d78348c8e12 - - default default] 10.0.0.142 "GET /v2.0/security-groups?id=8bf9e17f-7f7b-4db1-9642-eb7e86339033&fields=id&fields=name HTTP/1.1" status: 200 len: 311 time: 0.0301828
2026-07-01 14:23:02.627 9 INFO neutron.db.ovn_revision_numbers_db [None req-4e6d0901-f196-4770-9ce6-f7f5bdafebd6 - - - - - -] Successfully bumped revision number for resource 8cfa0f8e-7f74-465c-b5df-148526486b46 (type: router_ports) to 1
2026-07-01 14:23:02.647 9 INFO neutron.api.wsgi [None req-61cb6512-34ea-4401-b2d3-1d439d3558d8 1286d8d4d190427ba7998c367135e3cf 2165447a54bc47c89783c7dacd2b560f - - default default] 10.0.0.75 "GET /v2.0/security-groups?tenant_id=4934717f72824b08a673bb4824bfda82&name=default HTTP/1.1" status: 200 len: 3120 time: 0.0423286
2026-07-01 14:23:02.853 9 WARNING neutron.scheduler.dhcp_agent_scheduler [None req-4e6d0901-f196-4770-9ce6-f7f5bdafebd6 - - - - - -] No more DHCP agents
2026-07-01 14:23:02.855 9 WARNING neutron.api.rpc.agentnotifiers.dhcp_rpc_agent_api [None req-4e6d0901-f196-4770-9ce6-f7f5bdafebd6 - - - - - -] Unable to schedule network 89967ba1-4057-406b-8fe2-07ebf52510df: no agents available; will retry on subsequent port and subnet creation events.
2026-07-01 14:23:02.863 10 INFO neutron.api.wsgi [None req-2d4f93a1-911c-4540-86b9-84bdcc9d3db7 1286d8d4d190427ba7998c367135e3cf 2165447a54bc47c89783c7dacd2b560f - - default default] 10.0.0.75 "DELETE /v2.0/security-groups/2a019f60-c647-432e-8eb5-33727dc9d22c HTTP/1.1" status: 204 len: 168 time: 0.2115388
2026-07-01 14:23:02.986 9 INFO neutron.db.ovn_revision_numbers_db [None req-4e6d0901-f196-4770-9ce6-f7f5bdafebd6 - - - - - -] Successfully bumped revision number for resource 81c2839b-fbf7-4a04-bf88-7e2b28780eb5 (type: ports) to 1
2026-07-01 14:23:03.197 9 INFO neutron.db.ovn_revision_numbers_db [None req-4e6d0901-f196-4770-9ce6-f7f5bdafebd6 - - - - - -] Successfully bumped revision number for resource 81c2839b-fbf7-4a04-bf88-7e2b28780eb5 (type: ports) to 3
2026-07-01 14:23:03.430 9 INFO neutron.api.wsgi [None req-ce4b7f70-195e-4d68-8432-7e7ae005e2c8 7ced501708ba4428bb3562314a80ef03 44802e920f484307b4e528a8e419a9d4 - - default default] 10.0.0.75 "POST /v2.0/vpn/vpnservices HTTP/1.1" status: 201 len: 657 time: 4.3913922
2026-07-01 14:23:03.438 9 WARNING neutron_lib.context [None req-3a2ec798-fa6a-46e4-9ba5-8abbd1d2d965 7ced501708ba4428bb3562314a80ef03 44802e920f484307b4e528a8e419a9d4 - - default default] Method 'is_advsvc' is deprecated since 2023.2 release (neutron-lib 3.8.0) and will be removed once support for the old RBAC API policies will be removed from Neutron. Please use method 'is_service_role' instead.
2026-07-01 14:23:03.631 10 WARNING neutron.plugins.ml2.drivers.ovn.mech_driver.ovsdb.ovn_client [None req-370a0407-09ad-49c7-be70-e52ce94b80aa - - - - - -] No hosting information found for port 5b3ea63b-726b-48bf-ad8f-773142ced9ad: RuntimeError: No hosting information found for port 5b3ea63b-726b-48bf-ad8f-773142ced9ad
2026-07-01 14:23:03.681 10 INFO neutron.api.wsgi [req-961814d6-98f2-4cfd-a721-0a500b00c4f5 req-44e4697a-b5ce-4978-a21f-6c10427c2291 3f152737bdf4496f97ba69dd49c3a426 17e235d741b3426ca5772d78348c8e12 - - default default] 10.0.0.142 "GET /v2.0/ports?device_id=1fca8f54-1496-4fe2-a1e3-c4ae2613238e HTTP/1.1" status: 200 len: 1168 time: 0.0468867
2026-07-01 14:23:03.722 10 INFO neutron.api.wsgi [req-961814d6-98f2-4cfd-a721-0a500b00c4f5 req-ee3250e5-ac50-4752-b742-b12514ffbabf 3f152737bdf4496f97ba69dd49c3a426 17e235d741b3426ca5772d78348c8e12 - - default default] 10.0.0.142 "GET /v2.0/security-groups?id=8bf9e17f-7f7b-4db1-9642-eb7e86339033&fields=id&fields=name HTTP/1.1" status: 200 len: 311 time: 0.0337172
2026-07-01 14:23:03.734 10 INFO neutron.db.ovn_revision_numbers_db [None req-370a0407-09ad-49c7-be70-e52ce94b80aa - - - - - -] Successfully bumped revision number for resource 5b3ea63b-726b-48bf-ad8f-773142ced9ad (type: router_ports) to 2
2026-07-01 14:23:03.735 10 INFO neutron.plugins.ml2.drivers.ovn.mech_driver.mech_driver [None req-370a0407-09ad-49c7-be70-e52ce94b80aa - - - - - -] OVN reports status up for port: 8cfa0f8e-7f74-465c-b5df-148526486b46
2026-07-01 14:23:03.743 10 INFO neutron.plugins.ml2.plugin [None req-370a0407-09ad-49c7-be70-e52ce94b80aa - - - - - -] Attempt 1 to provision port 8cfa0f8e-7f74-465c-b5df-148526486b46
2026-07-01 14:23:03.827 9 INFO neutron.api.wsgi [None req-3a2ec798-fa6a-46e4-9ba5-8abbd1d2d965 7ced501708ba4428bb3562314a80ef03 44802e920f484307b4e528a8e419a9d4 - - default default] 10.0.0.75 "POST /v2.0/vpn/vpnservices HTTP/1.1" status: 201 len: 622 time: 0.3939712
2026-07-01 14:23:03.841 9 WARNING neutron_lib.context [None req-6439696a-3784-4f41-ad6f-8cbf6d471322 7ced501708ba4428bb3562314a80ef03 44802e920f484307b4e528a8e419a9d4 - - default default] Method 'is_advsvc' is deprecated since 2023.2 release (neutron-lib 3.8.0) and will be removed once support for the old RBAC API policies will be removed from Neutron. Please use method 'is_service_role' instead.
2026-07-01 14:23:03.880 9 INFO neutron.api.wsgi [None req-6439696a-3784-4f41-ad6f-8cbf6d471322 7ced501708ba4428bb3562314a80ef03 44802e920f484307b4e528a8e419a9d4 - - default default] 10.0.0.75 "POST /v2.0/vpn/ikepolicies HTTP/1.1" status: 201 len: 603 time: 0.0441241
2026-07-01 14:23:03.889 9 WARNING neutron_lib.context [None req-7ef1cb8d-f6a8-43ec-b556-3d652034f3d7 7ced501708ba4428bb3562314a80ef03 44802e920f484307b4e528a8e419a9d4 - - default default] Method 'is_advsvc' is deprecated since 2023.2 release (neutron-lib 3.8.0) and will be removed once support for the old RBAC API policies will be removed from Neutron. Please use method 'is_service_role' instead.
2026-07-01 14:23:03.920 9 INFO neutron.api.wsgi [None req-7ef1cb8d-f6a8-43ec-b556-3d652034f3d7 7ced501708ba4428bb3562314a80ef03 44802e920f484307b4e528a8e419a9d4 - - default default] 10.0.0.75 "POST /v2.0/vpn/ipsecpolicies HTTP/1.1" status: 201 len: 612 time: 0.0337100
2026-07-01 14:23:03.931 9 WARNING neutron_lib.context [None req-a96c5f9f-5837-489c-b849-1b740c4ebeb7 7ced501708ba4428bb3562314a80ef03 44802e920f484307b4e528a8e419a9d4 - - default default] Method 'is_advsvc' is deprecated since 2023.2 release (neutron-lib 3.8.0) and will be removed once support for the old RBAC API policies will be removed from Neutron. Please use method 'is_service_role' instead.
2026-07-01 14:23:03.988 9 INFO neutron.api.wsgi [None req-a96c5f9f-5837-489c-b849-1b740c4ebeb7 7ced501708ba4428bb3562314a80ef03 44802e920f484307b4e528a8e419a9d4 - - default default] 10.0.0.75 "POST /v2.0/vpn/endpoint-groups HTTP/1.1" status: 201 len: 526 time: 0.0602522
2026-07-01 14:23:04.000 9 WARNING neutron_lib.context [None req-22f8c8c7-7034-4b84-8347-2565f703d866 7ced501708ba4428bb3562314a80ef03 44802e920f484307b4e528a8e419a9d4 - - default default] Method 'is_advsvc' is deprecated since 2023.2 release (neutron-lib 3.8.0) and will be removed once support for the old RBAC API policies will be removed from Neutron. Please use method 'is_service_role' instead.
2026-07-01 14:23:04.073 9 INFO neutron.api.wsgi [None req-22f8c8c7-7034-4b84-8347-2565f703d866 7ced501708ba4428bb3562314a80ef03 44802e920f484307b4e528a8e419a9d4 - - default default] 10.0.0.75 "POST /v2.0/vpn/endpoint-groups HTTP/1.1" status: 201 len: 518 time: 0.0779104
2026-07-01 14:23:04.086 9 WARNING neutron_lib.context [None req-6cd479c7-573d-49fc-b44e-2f8cae26fc74 7ced501708ba4428bb3562314a80ef03 44802e920f484307b4e528a8e419a9d4 - - default default] Method 'is_advsvc' is deprecated since 2023.2 release (neutron-lib 3.8.0) and will be removed once support for the old RBAC API policies will be removed from Neutron. Please use method 'is_service_role' instead.
2026-07-01 14:23:04.170 10 INFO neutron.db.ovn_revision_numbers_db [None req-370a0407-09ad-49c7-be70-e52ce94b80aa - - - - - -] Successfully bumped revision number for resource 8cfa0f8e-7f74-465c-b5df-148526486b46 (type: ports) to 2
2026-07-01 14:23:04.655 9 INFO neutron.db.ovn_revision_numbers_db [None req-6cd479c7-573d-49fc-b44e-2f8cae26fc74 7ced501708ba4428bb3562314a80ef03 44802e920f484307b4e528a8e419a9d4 - - default default] Successfully bumped revision number for resource 48010abf-647b-4451-8d7d-d9026fea7c39 (type: routers) to 5
2026-07-01 14:23:04.700 9 INFO neutron.api.wsgi [None req-6cd479c7-573d-49fc-b44e-2f8cae26fc74 7ced501708ba4428bb3562314a80ef03 44802e920f484307b4e528a8e419a9d4 - - default default] 10.0.0.75 "POST /v2.0/vpn/ipsec-site-connections HTTP/1.1" status: 201 len: 1000 time: 0.6217899
2026-07-01 14:23:04.709 9 WARNING neutron_lib.context [None req-f834624f-3ebc-4937-8f8f-2480ac4ab551 7ced501708ba4428bb3562314a80ef03 44802e920f484307b4e528a8e419a9d4 - - default default] Method 'is_advsvc' is deprecated since 2023.2 release (neutron-lib 3.8.0) and will be removed once support for the old RBAC API policies will be removed from Neutron. Please use method 'is_service_role' instead.
2026-07-01 14:23:04.751 9 INFO neutron.api.wsgi [None req-f834624f-3ebc-4937-8f8f-2480ac4ab551 7ced501708ba4428bb3562314a80ef03 44802e920f484307b4e528a8e419a9d4 - - default default] 10.0.0.75 "POST /v2.0/vpn/endpoint-groups HTTP/1.1" status: 201 len: 488 time: 0.0460708
2026-07-01 14:23:04.789 9 INFO neutron.api.wsgi [None req-54641355-d9c7-4329-9f38-7c819acf090d 7ced501708ba4428bb3562314a80ef03 44802e920f484307b4e528a8e419a9d4 - - default default] 10.0.0.75 "DELETE /v2.0/vpn/endpoint-groups/0e567afe-9c1d-425c-a7ff-cf4f04ad1212 HTTP/1.1" status: 204 len: 168 time: 0.0351772
2026-07-01 14:23:04.807 9 INFO neutron.api.wsgi [None req-9ad7508a-fdee-4972-8f02-6f8e69efebb5 7ced501708ba4428bb3562314a80ef03 44802e920f484307b4e528a8e419a9d4 - - default default] 10.0.0.75 "GET /v2.0/vpn/endpoint-groups HTTP/1.1" status: 200 len: 825 time: 0.0124481
2026-07-01 14:23:04.823 9 INFO neutron.api.wsgi [None req-4b9d5cf9-916c-4275-a88e-b701a23a6cab 7ced501708ba4428bb3562314a80ef03 44802e920f484307b4e528a8e419a9d4 - - default default] 10.0.0.75 "GET /v2.0/vpn/endpoint-groups HTTP/1.1" status: 200 len: 825 time: 0.0127017
2026-07-01 14:23:04.854 10 INFO neutron.api.wsgi [req-2358cf3f-6151-484d-a1d7-47f8753dda9d req-8914727a-3d84-4416-9c6a-516b968045ec 3f152737bdf4496f97ba69dd49c3a426 17e235d741b3426ca5772d78348c8e12 - - default default] 10.0.0.142 "GET /v2.0/ports?device_id=1fca8f54-1496-4fe2-a1e3-c4ae2613238e HTTP/1.1" status: 200 len: 1168 time: 0.0745833
2026-07-01 14:23:04.892 10 INFO neutron.api.wsgi [req-2358cf3f-6151-484d-a1d7-47f8753dda9d req-dad64542-c9b7-445b-8d9a-0316e0322fb7 3f152737bdf4496f97ba69dd49c3a426 17e235d741b3426ca5772d78348c8e12 - - default default] 10.0.0.142 "GET /v2.0/security-groups?id=8bf9e17f-7f7b-4db1-9642-eb7e86339033&fields=id&fields=name HTTP/1.1" status: 200 len: 311 time: 0.0341318
2026-07-01 14:23:05.575 10 INFO neutron.api.wsgi [None req-617151a5-654a-45b6-a0f0-4ba0fdfcd501 46428a0b23ed48fb8f047a680c13952c c2617a5c35674ab3b43f0fb527335dde - - default default] 10.0.0.75 "POST /v2.0/vpn/ikepolicies HTTP/1.1" status: 201 len: 602 time: 0.2404375
2026-07-01 14:23:05.599 9 INFO neutron.api.wsgi [None req-a584c7ba-2eef-4a72-95ae-21d1b20eedcd 7ced501708ba4428bb3562314a80ef03 44802e920f484307b4e528a8e419a9d4 - - default default] 10.0.0.75 "GET /v2.0/vpn/ikepolicies HTTP/1.1" status: 200 len: 992 time: 0.0140369
2026-07-01 14:23:05.633 10 INFO neutron.api.wsgi [None req-ac5a0061-bf23-4473-8244-c1fe5f6e8ae6 46428a0b23ed48fb8f047a680c13952c c2617a5c35674ab3b43f0fb527335dde - - default default] 10.0.0.75 "DELETE /v2.0/vpn/ikepolicies/a1d97444-2e3b-40fa-9c24-998f0537f9ff HTTP/1.1" status: 204 len: 168 time: 0.0311658
2026-07-01 14:23:05.675 10 INFO neutron.api.wsgi [None req-a46c1409-d0df-4299-9d52-9da80c358576 46428a0b23ed48fb8f047a680c13952c c2617a5c35674ab3b43f0fb527335dde - - default default] 10.0.0.75 "POST /v2.0/vpn/ipsecpolicies HTTP/1.1" status: 201 len: 609 time: 0.0370634
2026-07-01 14:23:05.697 9 INFO neutron.api.wsgi [None req-3d9b0265-8808-4d7d-9d17-ba4ca0106c83 7ced501708ba4428bb3562314a80ef03 44802e920f484307b4e528a8e419a9d4 - - default default] 10.0.0.75 "GET /v2.0/vpn/ipsecpolicies HTTP/1.1" status: 200 len: 1006 time: 0.0145419
2026-07-01 14:23:05.759 9 INFO neutron.api.wsgi [None req-44a52b69-af04-442a-baa5-df61616f702e 46428a0b23ed48fb8f047a680c13952c c2617a5c35674ab3b43f0fb527335dde - - default default] 10.0.0.75 "DELETE /v2.0/vpn/ipsecpolicies/e66de5b4-c566-4433-88b7-3eab665aa0f6 HTTP/1.1" status: 204 len: 168 time: 0.0519092
2026-07-01 14:23:05.767 9 WARNING neutron_lib.context [None req-f906dce7-c50f-4f0b-b609-520d7febc7b1 7ced501708ba4428bb3562314a80ef03 44802e920f484307b4e528a8e419a9d4 - - default default] Method 'is_advsvc' is deprecated since 2023.2 release (neutron-lib 3.8.0) and will be removed once support for the old RBAC API policies will be removed from Neutron. Please use method 'is_service_role' instead.
2026-07-01 14:23:05.858 9 INFO neutron.db.segments_db [None req-f906dce7-c50f-4f0b-b609-520d7febc7b1 7ced501708ba4428bb3562314a80ef03 44802e920f484307b4e528a8e419a9d4 - - default default] Added segment 03206e9f-1054-478d-859d-28ff23676277 of type geneve for network 255fd994-65a8-41ab-9d2e-7ce78ca1dd7a
2026-07-01 14:23:05.995 10 INFO neutron.api.wsgi [req-fb3d8a42-2858-4861-9716-531c7e61a22f req-161f1354-2071-49b1-b898-5fcae2ff56b5 3f152737bdf4496f97ba69dd49c3a426 17e235d741b3426ca5772d78348c8e12 - - default default] 10.0.0.142 "GET /v2.0/ports?device_id=1fca8f54-1496-4fe2-a1e3-c4ae2613238e HTTP/1.1" status: 200 len: 1168 time: 0.0418615
2026-07-01 14:23:06.012 9 INFO neutron.db.ovn_revision_numbers_db [None req-f906dce7-c50f-4f0b-b609-520d7febc7b1 7ced501708ba4428bb3562314a80ef03 44802e920f484307b4e528a8e419a9d4 - - default default] Successfully bumped revision number for resource 255fd994-65a8-41ab-9d2e-7ce78ca1dd7a (type: networks) to 1
2026-07-01 14:23:06.037 10 INFO neutron.api.wsgi [req-fb3d8a42-2858-4861-9716-531c7e61a22f req-1124ba28-eeff-4624-880a-9eadeddf3df2 3f152737bdf4496f97ba69dd49c3a426 17e235d741b3426ca5772d78348c8e12 - - default default] 10.0.0.142 "GET /v2.0/security-groups?id=8bf9e17f-7f7b-4db1-9642-eb7e86339033&fields=id&fields=name HTTP/1.1" status: 200 len: 311 time: 0.0371594
2026-07-01 14:23:06.191 9 WARNING neutron.scheduler.dhcp_agent_scheduler [None req-f906dce7-c50f-4f0b-b609-520d7febc7b1 7ced501708ba4428bb3562314a80ef03 44802e920f484307b4e528a8e419a9d4 - - default default] No more DHCP agents
2026-07-01 14:23:06.192 9 WARNING neutron.api.rpc.agentnotifiers.dhcp_rpc_agent_api [None req-f906dce7-c50f-4f0b-b609-520d7febc7b1 7ced501708ba4428bb3562314a80ef03 44802e920f484307b4e528a8e419a9d4 - - default default] Unable to schedule network 255fd994-65a8-41ab-9d2e-7ce78ca1dd7a: no agents available; will retry on subsequent port and subnet creation events.
2026-07-01 14:23:06.250 9 INFO neutron.db.ovn_revision_numbers_db [None req-f906dce7-c50f-4f0b-b609-520d7febc7b1 7ced501708ba4428bb3562314a80ef03 44802e920f484307b4e528a8e419a9d4 - - default default] Successfully bumped revision number for resource 4dee403d-2792-4d07-b518-811e8836ac4a (type: ports) to 1
2026-07-01 14:23:06.269 9 INFO neutron.api.wsgi [None req-f906dce7-c50f-4f0b-b609-520d7febc7b1 7ced501708ba4428bb3562314a80ef03 44802e920f484307b4e528a8e419a9d4 - - default default] 10.0.0.75 "POST /v2.0/networks HTTP/1.1" status: 201 len: 830 time: 0.5066986
2026-07-01 14:23:06.281 9 WARNING neutron_lib.context [None req-41fae5c2-0264-47a9-9dfa-1670a075014c 7ced501708ba4428bb3562314a80ef03 44802e920f484307b4e528a8e419a9d4 - - default default] Method 'is_advsvc' is deprecated since 2023.2 release (neutron-lib 3.8.0) and will be removed once support for the old RBAC API policies will be removed from Neutron. Please use method 'is_service_role' instead.
2026-07-01 14:23:06.475 9 WARNING neutron.scheduler.dhcp_agent_scheduler [None req-41fae5c2-0264-47a9-9dfa-1670a075014c 7ced501708ba4428bb3562314a80ef03 44802e920f484307b4e528a8e419a9d4 - - default default] No more DHCP agents
2026-07-01 14:23:06.476 9 WARNING neutron.api.rpc.agentnotifiers.dhcp_rpc_agent_api [None req-41fae5c2-0264-47a9-9dfa-1670a075014c 7ced501708ba4428bb3562314a80ef03 44802e920f484307b4e528a8e419a9d4 - - default default] Unable to schedule network 255fd994-65a8-41ab-9d2e-7ce78ca1dd7a: no agents available; will retry on subsequent port and subnet creation events.
2026-07-01 14:23:07.008 9 INFO neutron.db.ovn_revision_numbers_db [None req-ca640a4f-6093-4ed0-b646-c722b0f1c343 - - - - - -] Successfully bumped revision number for resource 4dee403d-2792-4d07-b518-811e8836ac4a (type: ports) to 2
2026-07-01 14:23:07.036 9 INFO neutron.db.ovn_revision_numbers_db [None req-ca640a4f-6093-4ed0-b646-c722b0f1c343 - - - - - -] Successfully bumped revision number for resource 06d07dad-4b60-42ea-9bd1-d17b299f4b22 (type: subnets) to 0
2026-07-01 14:23:07.058 9 INFO neutron.api.wsgi [None req-41fae5c2-0264-47a9-9dfa-1670a075014c 7ced501708ba4428bb3562314a80ef03 44802e920f484307b4e528a8e419a9d4 - - default default] 10.0.0.75 "POST /v2.0/subnets HTTP/1.1" status: 201 len: 828 time: 0.7825260
2026-07-01 14:23:07.066 9 WARNING neutron_lib.context [None req-16a3b6f5-4930-4122-9d57-ea2c231a1735 7ced501708ba4428bb3562314a80ef03 44802e920f484307b4e528a8e419a9d4 - - default default] Method 'is_advsvc' is deprecated since 2023.2 release (neutron-lib 3.8.0) and will be removed once support for the old RBAC API policies will be removed from Neutron. Please use method 'is_service_role' instead.
2026-07-01 14:23:07.154 10 INFO neutron.api.wsgi [req-0360ebe9-c995-4ee8-ae8b-e8f62c7e5723 req-3985b04e-f160-41f1-a0db-170566b49348 3f152737bdf4496f97ba69dd49c3a426 17e235d741b3426ca5772d78348c8e12 - - default default] 10.0.0.142 "GET /v2.0/ports?device_id=1fca8f54-1496-4fe2-a1e3-c4ae2613238e HTTP/1.1" status: 200 len: 1168 time: 0.0438662
2026-07-01 14:23:07.215 10 INFO neutron.api.wsgi [req-0360ebe9-c995-4ee8-ae8b-e8f62c7e5723 req-53ff77e1-c528-45e3-816c-e70b1a5ecee1 3f152737bdf4496f97ba69dd49c3a426 17e235d741b3426ca5772d78348c8e12 - - default default] 10.0.0.142 "GET /v2.0/security-groups?id=8bf9e17f-7f7b-4db1-9642-eb7e86339033&fields=id&fields=name HTTP/1.1" status: 200 len: 311 time: 0.0540595
2026-07-01 14:23:07.510 9 WARNING neutron.scheduler.dhcp_agent_scheduler [None req-16a3b6f5-4930-4122-9d57-ea2c231a1735 7ced501708ba4428bb3562314a80ef03 44802e920f484307b4e528a8e419a9d4 - - default default] No more DHCP agents
2026-07-01 14:23:07.513 9 WARNING neutron.api.rpc.agentnotifiers.dhcp_rpc_agent_api [None req-16a3b6f5-4930-4122-9d57-ea2c231a1735 7ced501708ba4428bb3562314a80ef03 44802e920f484307b4e528a8e419a9d4 - - default default] Unable to schedule network 33b10bf0-7f4a-4cc2-844a-6a4d43f9d01f: no agents available; will retry on subsequent port and subnet creation events.
2026-07-01 14:23:07.586 9 INFO neutron.db.ovn_revision_numbers_db [None req-6b007ec1-6d5b-4566-9c02-fa2d1ced3bb2 1286d8d4d190427ba7998c367135e3cf 2165447a54bc47c89783c7dacd2b560f - - default default] Successfully bumped revision number for resource ec342874-0229-4ea6-b096-77399259a457 (type: security_groups) to 1
