+ exec neutron-ovn-metadata-agent --config-file /etc/neutron/neutron.conf --config-file /etc/neutron/ovn_metadata_agent.ini --config-file /tmp/pod-shared/neutron-agent.ini --config-file /tmp/pod-shared/ovn.ini 3 RLock(s) were not greened, to fix this error make sure you run eventlet.monkey_patch() before importing any other modules. /var/lib/openstack/lib/python3.12/site-packages/pecan/core.py:320: SyntaxWarning: invalid escape sequence '\*' ''' /var/lib/openstack/lib/python3.12/site-packages/pecan/routing.py:48: SyntaxWarning: invalid escape sequence '\(' '^[0-9a-zA-Z-_$\(\)\.~!,;:*+@=]+$', route
2026-07-01 13:48:06.476 46 INFO neutron.common.config [-] Logging enabled!
2026-07-01 13:48:06.476 46 INFO neutron.common.config [-] /var/lib/openstack/bin/neutron-ovn-metadata-agent version 25.2.4.dev2
2026-07-01 13:48:06.505 46 INFO ovsdbapp.backend.ovs_idl.vlog [-] unix:/run/openvswitch/db.sock: connecting...
2026-07-01 13:48:06.506 46 INFO ovsdbapp.backend.ovs_idl.vlog [-] unix:/run/openvswitch/db.sock: connected
2026-07-01 13:48:06.552 46 INFO neutron.agent.ovn.metadata.ovsdb [-] Getting OvsdbSbOvnIdl for MetadataAgent with retry
2026-07-01 13:48:06.553 46 INFO ovsdbapp.backend.ovs_idl.vlog [-] tcp:10.110.248.78:6642: connecting...
2026-07-01 13:48:06.554 46 INFO ovsdbapp.backend.ovs_idl.vlog [-] tcp:10.110.248.78:6642: connected
2026-07-01 13:48:06.576 46 INFO oslo_service.service [-] Starting 2 workers
2026-07-01 13:48:06.581 46 INFO oslo.privsep.daemon [-] Running privsep helper: ['sudo', '/var/lib/openstack/bin/neutron-rootwrap', '/etc/neutron/rootwrap.conf', 'privsep-helper', '--config-file', '/etc/neutron/neutron.conf', '--config-file', '/etc/neutron/ovn_metadata_agent.ini', '--config-file', '/tmp/pod-shared/neutron-agent.ini', '--config-file', '/tmp/pod-shared/ovn.ini', '--privsep_context', 'neutron.privileged.namespace_cmd', '--privsep_sock_path', '/tmp/tmp_8sfhmjc/privsep.sock']
2026-07-01 13:48:06.604 56 INFO neutron.agent.ovn.metadata.ovsdb [-] Getting OvsdbSbOvnIdl for MetadataAgent with retry
2026-07-01 13:48:06.604 55 INFO neutron.agent.ovn.metadata.ovsdb [-] Getting OvsdbSbOvnIdl for MetadataAgent with retry
2026-07-01 13:48:06.604 56 INFO ovsdbapp.backend.ovs_idl.vlog [-] tcp:10.110.248.78:6642: connecting...
2026-07-01 13:48:06.605 55 INFO ovsdbapp.backend.ovs_idl.vlog [-] tcp:10.110.248.78:6642: connecting...
2026-07-01 13:48:06.606 56 INFO ovsdbapp.backend.ovs_idl.vlog [-] tcp:10.110.248.78:6642: connected
2026-07-01 13:48:06.606 55 INFO ovsdbapp.backend.ovs_idl.vlog [-] tcp:10.110.248.78:6642: connected
2026-07-01 13:48:06.624 56 INFO eventlet.wsgi.server [-] (56) wsgi starting up on http:/var/lib/neutron/openstack-helm/metadata_proxy
2026-07-01 13:48:06.625 55 INFO eventlet.wsgi.server [-] (55) wsgi starting up on http:/var/lib/neutron/openstack-helm/metadata_proxy
2026-07-01 13:48:07.758 46 INFO oslo.privsep.daemon [-] Spawned new privsep daemon via rootwrap
2026-07-01 13:48:07.635 60 INFO oslo.privsep.daemon [-] privsep daemon starting
2026-07-01 13:48:07.641 60 INFO oslo.privsep.daemon [-] privsep process running with uid/gid: 0/0
2026-07-01 13:48:07.647 60 INFO oslo.privsep.daemon [-] privsep process running with capabilities (eff/prm/inh): CAP_SYS_ADMIN/CAP_SYS_ADMIN/none
2026-07-01 13:48:07.647 60 INFO oslo.privsep.daemon [-] privsep daemon running as pid 60
2026-07-01 13:48:09.292 46 WARNING oslo.privsep.daemon [-] privsep log: /var/lib/openstack/lib/python3.12/site-packages/pecan/core.py:320: SyntaxWarning: invalid escape sequence '\*'
2026-07-01 13:48:09.292 46 WARNING oslo.privsep.daemon [-] privsep log: '''
2026-07-01 13:48:09.435 46 WARNING oslo.privsep.daemon [-] privsep log: /var/lib/openstack/lib/python3.12/site-packages/pecan/routing.py:48: SyntaxWarning: invalid escape sequence '\('
2026-07-01 13:48:09.436 46 WARNING oslo.privsep.daemon [-] privsep log: '^[0-9a-zA-Z-_$\(\)\.~!,;:*+@=]+$', route
2026-07-01 13:49:30.429 55 ERROR neutron.agent.ovn.metadata.server [-] No port found in network None with IP address 169.254.169.254
2026-07-01 13:49:30.431 55 INFO eventlet.wsgi.server [-] 169.254.169.254, "GET / HTTP/1.1" status: 404 len: 176 time: 0.0023246
2026-07-01 13:51:29.286 56 ERROR neutron.agent.ovn.metadata.server [-] No port found in network None with IP address 169.254.169.254
2026-07-01 13:51:29.287 56 INFO eventlet.wsgi.server [-] 169.254.169.254, "GET / HTTP/1.1" status: 404 len: 176 time: 0.0022466
2026-07-01 13:52:12.439 46 INFO neutron.agent.ovn.metadata.agent [-] Metadata Port c4e8708a-34d2-4d8c-9891-a9f8b7a9b00b in datapath 44a47fd0-7f59-4b93-bf2f-e212ce949a9f updated
2026-07-01 13:52:12.442 46 INFO oslo.privsep.daemon [-] Running privsep helper: ['sudo', '/var/lib/openstack/bin/neutron-rootwrap', '/etc/neutron/rootwrap.conf', 'privsep-helper', '--config-file', '/etc/neutron/neutron.conf', '--config-file', '/etc/neutron/ovn_metadata_agent.ini', '--config-file', '/tmp/pod-shared/neutron-agent.ini', '--config-file', '/tmp/pod-shared/ovn.ini', '--privsep_context', 'neutron.privileged.default', '--privsep_sock_path', '/tmp/tmp3fj3h7sf/privsep.sock']
2026-07-01 13:52:13.102 46 INFO oslo.privsep.daemon [-] Spawned new privsep daemon via rootwrap
2026-07-01 13:52:12.970 78 INFO oslo.privsep.daemon [-] privsep daemon starting
2026-07-01 13:52:12.975 78 INFO oslo.privsep.daemon [-] privsep process running with uid/gid: 0/0
2026-07-01 13:52:12.980 78 INFO oslo.privsep.daemon [-] privsep process running with capabilities (eff/prm/inh): CAP_DAC_OVERRIDE|CAP_DAC_READ_SEARCH|CAP_NET_ADMIN|CAP_SYS_ADMIN|CAP_SYS_PTRACE/CAP_DAC_OVERRIDE|CAP_DAC_READ_SEARCH|CAP_NET_ADMIN|CAP_SYS_ADMIN|CAP_SYS_PTRACE/none
2026-07-01 13:52:12.980 78 INFO oslo.privsep.daemon [-] privsep daemon running as pid 78
2026-07-01 13:54:39.257 55 ERROR neutron.agent.ovn.metadata.server [-] No port found in network None with IP address 169.254.169.254
2026-07-01 13:54:39.258 55 INFO eventlet.wsgi.server [-] 169.254.169.254, "GET / HTTP/1.1" status: 404 len: 176 time: 0.0006175
2026-07-01 13:55:09.287 56 ERROR neutron.agent.ovn.metadata.server [-] No port found in network None with IP address 169.254.169.254
2026-07-01 13:55:09.288 56 INFO eventlet.wsgi.server [-] 169.254.169.254, "GET / HTTP/1.1" status: 404 len: 176 time: 0.0010743
2026-07-01 13:55:56.917 46 INFO neutron.agent.ovn.metadata.agent [-] Port 5acffdc6-4f79-4146-93ff-05a101be83fb in datapath 44a47fd0-7f59-4b93-bf2f-e212ce949a9f bound to our chassis
2026-07-01 13:55:56.918 46 INFO neutron.agent.ovn.metadata.agent [-] Provisioning metadata for network 44a47fd0-7f59-4b93-bf2f-e212ce949a9f
2026-07-01 13:55:56.967 46 INFO oslo.privsep.daemon [-] Running privsep helper: ['sudo', '/var/lib/openstack/bin/neutron-rootwrap', '/etc/neutron/rootwrap.conf', 'privsep-helper', '--config-file', '/etc/neutron/neutron.conf', '--config-file', '/etc/neutron/ovn_metadata_agent.ini', '--config-file', '/tmp/pod-shared/neutron-agent.ini', '--config-file', '/tmp/pod-shared/ovn.ini', '--privsep_context', 'neutron.privileged.link_cmd', '--privsep_sock_path', '/tmp/tmps2mbk18a/privsep.sock']
2026-07-01 13:55:57.613 46 INFO oslo.privsep.daemon [-] Spawned new privsep daemon via rootwrap
2026-07-01 13:55:57.482 102 INFO oslo.privsep.daemon [-] privsep daemon starting
2026-07-01 13:55:57.489 102 INFO oslo.privsep.daemon [-] privsep process running with uid/gid: 0/0
2026-07-01 13:55:57.492 102 INFO oslo.privsep.daemon [-] privsep process running with capabilities (eff/prm/inh): CAP_NET_ADMIN|CAP_SYS_ADMIN/CAP_NET_ADMIN|CAP_SYS_ADMIN/none
2026-07-01 13:55:57.493 102 INFO oslo.privsep.daemon [-] privsep daemon running as pid 102
2026-07-01 13:55:58.979 46 INFO oslo_rootwrap.client [-] Spawned new rootwrap daemon process with pid=124
2026-07-01 13:57:49.250 56 ERROR neutron.agent.ovn.metadata.server [-] No port found in network None with IP address 169.254.169.254
2026-07-01 13:57:49.251 56 INFO eventlet.wsgi.server [-] 169.254.169.254, "GET / HTTP/1.1" status: 404 len: 176 time: 0.0011306
2026-07-01 14:00:59.281 56 ERROR neutron.agent.ovn.metadata.server [-] No port found in network None with IP address 169.254.169.254
2026-07-01 14:00:59.281 56 INFO eventlet.wsgi.server [-] 169.254.169.254, "GET / HTTP/1.1" status: 404 len: 176 time: 0.0006850
2026-07-01 14:04:09.259 56 ERROR neutron.agent.ovn.metadata.server [-] No port found in network None with IP address 169.254.169.254
2026-07-01 14:04:09.260 56 INFO eventlet.wsgi.server [-] 169.254.169.254, "GET / HTTP/1.1" status: 404 len: 176 time: 0.0005977
2026-07-01 14:04:24.603 46 INFO neutron.agent.ovn.metadata.agent [-] Port a996dc55-ed00-4536-95b3-9c7036f903e1 in datapath 02487a50-bc2f-473e-9219-d8f52a316c98 bound to our chassis
2026-07-01 14:05:09.270 55 ERROR neutron.agent.ovn.metadata.server [-] No port found in network None with IP address 169.254.169.254
2026-07-01 14:05:09.270 55 INFO eventlet.wsgi.server [-] 169.254.169.254, "GET / HTTP/1.1" status: 404 len: 176 time: 0.0008230
2026-07-01 14:06:00.047 46 INFO oslo_rootwrap.client [-] Rootwrap daemon process exit with status: 0
2026-07-01 14:07:19.286 56 ERROR neutron.agent.ovn.metadata.server [-] No port found in network None with IP address 169.254.169.254
2026-07-01 14:07:19.287 56 INFO eventlet.wsgi.server [-] 169.254.169.254, "GET / HTTP/1.1" status: 404 len: 176 time: 0.0009112
2026-07-01 14:10:29.249 56 ERROR neutron.agent.ovn.metadata.server [-] No port found in network None with IP address 169.254.169.254
2026-07-01 14:10:29.249 56 INFO eventlet.wsgi.server [-] 169.254.169.254, "GET / HTTP/1.1" status: 404 len: 176 time: 0.0006924
2026-07-01 14:13:39.280 56 ERROR neutron.agent.ovn.metadata.server [-] No port found in network None with IP address 169.254.169.254
2026-07-01 14:13:39.280 56 INFO eventlet.wsgi.server [-] 169.254.169.254, "GET / HTTP/1.1" status: 404 len: 176 time: 0.0008707
2026-07-01 14:15:09.276 55 ERROR neutron.agent.ovn.metadata.server [-] No port found in network None with IP address 169.254.169.254
2026-07-01 14:15:09.278 55 INFO eventlet.wsgi.server [-] 169.254.169.254, "GET / HTTP/1.1" status: 404 len: 176 time: 0.0010102
2026-07-01 14:16:49.254 56 ERROR neutron.agent.ovn.metadata.server [-] No port found in network None with IP address 169.254.169.254
2026-07-01 14:16:49.255 56 INFO eventlet.wsgi.server [-] 169.254.169.254, "GET / HTTP/1.1" status: 404 len: 176 time: 0.0006089
2026-07-01 14:19:57.852 46 INFO neutron.agent.ovn.metadata.agent [-] Metadata Port 4109d38a-1c21-4a07-8fd6-8998131e71b5 in datapath 856715ea-3aaa-4e6a-b0bc-49a6ec090edf updated
2026-07-01 14:19:58.286 46 INFO neutron.agent.ovn.metadata.agent [-] Metadata Port 05ac4dc3-afb6-41e4-8de8-6d86697e489f in datapath b427ab4c-d88d-4dbd-aa51-c3b1905ea693 updated
2026-07-01 14:19:59.255 55 ERROR neutron.agent.ovn.metadata.server [-] No port found in network None with IP address 169.254.169.254
2026-07-01 14:19:59.256 55 INFO eventlet.wsgi.server [-] 169.254.169.254, "GET / HTTP/1.1" status: 404 len: 176 time: 0.0008662
2026-07-01 14:20:02.065 46 INFO neutron.agent.ovn.metadata.agent [-] Metadata Port c1cf50ba-64ed-4414-9295-4074475df2f9 in datapath e54233bd-28ee-4c3f-aa92-979268288e8a updated
2026-07-01 14:20:12.128 46 INFO neutron.agent.ovn.metadata.agent [-] Metadata Port 22b7f7e7-a2b3-4e0c-882c-57daa91c3ffe in datapath 5feaa882-c7e1-4122-b562-42325eb82751 updated
2026-07-01 14:20:14.584 46 INFO neutron.agent.ovn.metadata.agent [-] Metadata Port 0c98f79e-f870-4fb2-be23-0153ef16eadd in datapath 1cc5968b-a7d0-4f0f-84a9-b064ce6f0939 updated
2026-07-01 14:20:24.500 46 INFO neutron.agent.ovn.metadata.agent [-] Port 661867fa-96bd-455b-96e7-a34138ddd6f5 in datapath 856715ea-3aaa-4e6a-b0bc-49a6ec090edf bound to our chassis
2026-07-01 14:20:24.501 46 INFO neutron.agent.ovn.metadata.agent [-] Provisioning metadata for network 856715ea-3aaa-4e6a-b0bc-49a6ec090edf
2026-07-01 14:20:24.841 46 WARNING oslo_rootwrap.client [-] Leaving behind already spawned process with pid 124, root should kill it if it's still there (I can't)
2026-07-01 14:20:25.082 46 INFO oslo_rootwrap.client [-] Spawned new rootwrap daemon process with pid=232
2026-07-01 14:20:29.616 46 INFO neutron.agent.ovn.metadata.agent [-] Port 661867fa-96bd-455b-96e7-a34138ddd6f5 in datapath 856715ea-3aaa-4e6a-b0bc-49a6ec090edf unbound from our chassis
2026-07-01 14:20:29.622 46 INFO neutron.agent.ovn.metadata.agent [-] Cleaning up ovnmeta-856715ea-3aaa-4e6a-b0bc-49a6ec090edf namespace which is not needed anymore
2026-07-01 14:20:30.546 46 INFO neutron.agent.ovn.metadata.agent [-] Port ca8c7b6c-10b6-402b-bb8a-48ef9c55f8bf in datapath 5feaa882-c7e1-4122-b562-42325eb82751 bound to our chassis
2026-07-01 14:20:30.548 46 INFO neutron.agent.ovn.metadata.agent [-] Provisioning metadata for network 5feaa882-c7e1-4122-b562-42325eb82751
2026-07-01 14:20:31.816 46 INFO neutron.agent.ovn.metadata.agent [-] Port 781f6bda-f2da-4c77-b148-504e23fd8750 in datapath 1cc5968b-a7d0-4f0f-84a9-b064ce6f0939 bound to our chassis
2026-07-01 14:20:31.817 46 INFO neutron.agent.ovn.metadata.agent [-] Provisioning metadata for network 1cc5968b-a7d0-4f0f-84a9-b064ce6f0939
2026-07-01 14:20:38.665 46 INFO neutron.agent.ovn.metadata.agent [-] Port ca8c7b6c-10b6-402b-bb8a-48ef9c55f8bf in datapath 5feaa882-c7e1-4122-b562-42325eb82751 unbound from our chassis
2026-07-01 14:20:38.667 46 INFO neutron.agent.ovn.metadata.agent [-] Cleaning up ovnmeta-5feaa882-c7e1-4122-b562-42325eb82751 namespace which is not needed anymore
2026-07-01 14:20:42.241 46 INFO neutron.agent.ovn.metadata.agent [-] Metadata Port a6389359-b2f0-46f9-b131-e6116e567a25 in datapath 2cad81f7-2b9e-4503-b9da-a733631d9e00 updated
2026-07-01 14:20:53.785 46 INFO neutron.agent.ovn.metadata.agent [-] Metadata Port d19c3753-13ff-4a2a-9dcd-b364965c9092 in datapath 270e4882-2310-4e96-bfe8-9d55f5f949f7 updated
2026-07-01 14:20:54.473 46 INFO neutron.agent.ovn.metadata.agent [-] Metadata Port 277b074d-7983-45e7-8b51-6800f5c446b1 in datapath 6a328a49-c9de-4052-b028-ef9ccde10991 updated
2026-07-01 14:20:55.563 55 INFO eventlet.wsgi.server [-] 10.100.0.3, "GET /2009-04-04/meta-data/instance-id HTTP/1.1" status: 200 len: 146 time: 1.0638053
2026-07-01 14:20:55.597 55 INFO eventlet.wsgi.server [-] 10.100.0.3, "GET /2009-04-04/meta-data/public-keys HTTP/1.1" status: 200 len: 164 time: 0.0203362
2026-07-01 14:20:55.615 55 INFO eventlet.wsgi.server [-] 10.100.0.3, "GET /2009-04-04/meta-data/public-keys/0/openssh-key HTTP/1.1" status: 200 len: 341 time: 0.0089698
2026-07-01 14:20:55.634 55 INFO eventlet.wsgi.server [-] 10.100.0.3, "GET /2009-04-04/meta-data/instance-id HTTP/1.1" status: 200 len: 146 time: 0.0128059
2026-07-01 14:20:55.649 55 INFO eventlet.wsgi.server [-] 10.100.0.3, "GET /2009-04-04/meta-data/ami-launch-index HTTP/1.1" status: 200 len: 136 time: 0.0098972
2026-07-01 14:20:55.677 56 INFO eventlet.wsgi.server [-] 10.100.0.3, "GET /2009-04-04/meta-data/instance-type HTTP/1.1" status: 200 len: 142 time: 0.0180840
2026-07-01 14:20:55.693 56 INFO eventlet.wsgi.server [-] 10.100.0.3, "GET /2009-04-04/meta-data/local-ipv4 HTTP/1.1" status: 200 len: 146 time: 0.0096772
2026-07-01 14:20:55.705 56 INFO eventlet.wsgi.server [-] 10.100.0.3, "GET /2009-04-04/meta-data/public-ipv4 HTTP/1.1" status: 200 len: 149 time: 0.0064304
2026-07-01 14:20:55.717 56 INFO eventlet.wsgi.server [-] 10.100.0.3, "GET /2009-04-04/meta-data/hostname HTTP/1.1" status: 200 len: 201 time: 0.0079086
2026-07-01 14:20:55.729 56 INFO eventlet.wsgi.server [-] 10.100.0.3, "GET /2009-04-04/meta-data/local-hostname HTTP/1.1" status: 200 len: 201 time: 0.0068047
2026-07-01 14:20:55.775 55 INFO eventlet.wsgi.server [-] 10.100.0.3, "GET /2009-04-04/user-data HTTP/1.1" status: 200 len: 231 time: 0.0086319
2026-07-01 14:20:55.792 55 INFO eventlet.wsgi.server [-] 10.100.0.3, "GET /2009-04-04/meta-data/block-device-mapping HTTP/1.1" status: 200 len: 143 time: 0.0094609
2026-07-01 14:20:55.806 55 INFO eventlet.wsgi.server [-] 10.100.0.3, "GET /2009-04-04/meta-data/block-device-mapping/ami HTTP/1.1" status: 200 len: 138 time: 0.0069902
2026-07-01 14:20:55.817 55 INFO eventlet.wsgi.server [-] 10.100.0.3, "GET /2009-04-04/meta-data/block-device-mapping/root HTTP/1.1" status: 200 len: 143 time: 0.0062261
2026-07-01 14:20:55.834 55 INFO eventlet.wsgi.server [-] 10.100.0.3, "GET /2009-04-04/meta-data/public-hostname HTTP/1.1" status: 200 len: 201 time: 0.0094345
2026-07-01 14:20:55.844 55 INFO eventlet.wsgi.server [-] 10.100.0.3, "GET /2009-04-04/meta-data/placement/availability-zone HTTP/1.1" status: 200 len: 139 time: 0.0056138
2026-07-01 14:20:57.316 46 INFO neutron.agent.ovn.metadata.agent [-] Port f9a33052-0394-4b53-a886-f36a04894512 in datapath 2cad81f7-2b9e-4503-b9da-a733631d9e00 bound to our chassis
2026-07-01 14:20:57.317 46 INFO neutron.agent.ovn.metadata.agent [-] Provisioning metadata for network 2cad81f7-2b9e-4503-b9da-a733631d9e00
2026-07-01 14:21:01.657 46 INFO neutron.agent.ovn.metadata.agent [-] Metadata Port ba583a24-5aa9-4b69-b456-b466a2c4b967 in datapath 90919b10-215c-4ef7-82b6-f37b101ebf2d updated
2026-07-01 14:21:04.417 46 INFO neutron.agent.ovn.metadata.agent [-] Port f9a33052-0394-4b53-a886-f36a04894512 in datapath 2cad81f7-2b9e-4503-b9da-a733631d9e00 unbound from our chassis
2026-07-01 14:21:04.419 46 INFO neutron.agent.ovn.metadata.agent [-] Cleaning up ovnmeta-2cad81f7-2b9e-4503-b9da-a733631d9e00 namespace which is not needed anymore
2026-07-01 14:21:06.503 46 INFO neutron.agent.ovn.metadata.agent [-] Metadata Port 02723711-1d5e-4720-933e-13249f62a4d9 in datapath af1e3c06-b7e5-4986-94df-6313392f037f updated
2026-07-01 14:21:07.524 46 INFO neutron.agent.ovn.metadata.agent [-] Port 781f6bda-f2da-4c77-b148-504e23fd8750 in datapath 1cc5968b-a7d0-4f0f-84a9-b064ce6f0939 unbound from our chassis
2026-07-01 14:21:07.526 46 INFO neutron.agent.ovn.metadata.agent [-] Cleaning up ovnmeta-1cc5968b-a7d0-4f0f-84a9-b064ce6f0939 namespace which is not needed anymore
2026-07-01 14:21:09.556 46 INFO neutron.agent.ovn.metadata.agent [-] Metadata Port 1c248ab4-8f6c-4fc0-a32e-98e3adec792a in datapath 89bb446a-a29b-440a-b8a6-7a1398e7754a updated
2026-07-01 14:21:10.971 46 INFO neutron.agent.ovn.metadata.agent [-] Metadata Port 7d88793c-81f2-4cc4-b77f-d1b4287fe63a in datapath 0c08afb0-4fd3-4c99-af2d-285e29148300 updated
2026-07-01 14:21:17.860 46 INFO neutron.agent.ovn.metadata.agent [-] Metadata Port 398a6e3d-f2a4-457a-a748-b8b84c95cd63 in datapath 0e01dfee-569c-4b33-bf63-842fb8cb6ddb updated
2026-07-01 14:21:18.750 46 INFO neutron.agent.ovn.metadata.agent [-] Metadata Port f07b5fac-c349-4c13-8f32-8fb006becf13 in datapath 58f999ce-d8ee-4772-bbc6-4f66b497cb14 updated
2026-07-01 14:21:20.495 46 INFO neutron.agent.ovn.metadata.agent [-] Metadata Port 4d3f7c7b-2377-4848-819b-095dfc99eea8 in datapath feb6a165-9b86-4ee8-b2b1-3d825ab58983 updated
2026-07-01 14:21:31.556 46 INFO neutron.agent.ovn.metadata.agent [-] Metadata Port dfb86c44-cccd-4332-a5de-86487cb7abee in datapath 517529b8-b7e1-4d71-8e51-a8b3f468c65c updated
2026-07-01 14:21:33.996 46 INFO neutron.agent.ovn.metadata.agent [-] Port bdd85e19-92d0-4140-a3c7-97cde811a05c in datapath 58f999ce-d8ee-4772-bbc6-4f66b497cb14 bound to our chassis
2026-07-01 14:21:33.997 46 INFO neutron.agent.ovn.metadata.agent [-] Provisioning metadata for network 58f999ce-d8ee-4772-bbc6-4f66b497cb14
2026-07-01 14:21:39.973 46 INFO neutron.agent.ovn.metadata.agent [-] Port bdd85e19-92d0-4140-a3c7-97cde811a05c in datapath 58f999ce-d8ee-4772-bbc6-4f66b497cb14 unbound from our chassis
2026-07-01 14:21:39.975 46 INFO neutron.agent.ovn.metadata.agent [-] Cleaning up ovnmeta-58f999ce-d8ee-4772-bbc6-4f66b497cb14 namespace which is not needed anymore
2026-07-01 14:21:46.827 46 INFO neutron.agent.ovn.metadata.agent [-] Port 22f6e126-1b9e-4b1b-88b7-7237368e59ca in datapath 517529b8-b7e1-4d71-8e51-a8b3f468c65c bound to our chassis
2026-07-01 14:21:46.829 46 INFO neutron.agent.ovn.metadata.agent [-] Provisioning metadata for network 517529b8-b7e1-4d71-8e51-a8b3f468c65c
2026-07-01 14:21:51.125 46 INFO neutron.agent.ovn.metadata.agent [-] Metadata Port 1924b34e-bbc8-4ac8-b6df-2eecda6c15f7 in datapath 7dcc8e5a-ef14-4fb0-8ae2-1e5efda2a589 updated
2026-07-01 14:21:57.165 46 INFO neutron.agent.ovn.metadata.agent [-] Port 22f6e126-1b9e-4b1b-88b7-7237368e59ca in datapath 517529b8-b7e1-4d71-8e51-a8b3f468c65c unbound from our chassis
2026-07-01 14:21:57.177 46 INFO neutron.agent.ovn.metadata.agent [-] Cleaning up ovnmeta-517529b8-b7e1-4d71-8e51-a8b3f468c65c namespace which is not needed anymore
2026-07-01 14:22:01.111 46 INFO neutron.agent.ovn.metadata.agent [-] Metadata Port 87aebff5-cc3f-4450-a47e-5f2b61faedbf in datapath 96d0b6ab-9ae0-4ec7-ac09-6c1bcf48fd72 updated
2026-07-01 14:22:01.881 46 INFO neutron.agent.ovn.metadata.agent [-] Metadata Port 24349344-c02f-4c83-8f46-79d1d2dd6749 in datapath dcbe10e7-bcd5-45b3-bb8a-ffd096e3497e updated
2026-07-01 14:22:02.399 46 INFO neutron.agent.ovn.metadata.agent [-] Metadata Port a107fc3d-cc2b-4b89-8c2f-fb597cf2c035 in datapath c205b98b-97ca-4e04-936c-2ca1eefee4ed updated
2026-07-01 14:22:07.105 46 INFO neutron.agent.ovn.metadata.agent [-] Metadata Port 3f830175-b4ba-4ba3-a6a4-c28b69286848 in datapath 86f15af6-50dd-4679-85bc-44685b53cfc7 updated
2026-07-01 14:22:07.914 46 INFO neutron.agent.ovn.metadata.agent [-] Port 60bc0d2a-40e8-49cb-907a-96edc0108b9c in datapath 7dcc8e5a-ef14-4fb0-8ae2-1e5efda2a589 bound to our chassis
2026-07-01 14:22:07.915 46 INFO neutron.agent.ovn.metadata.agent [-] Provisioning metadata for network 7dcc8e5a-ef14-4fb0-8ae2-1e5efda2a589
2026-07-01 14:22:21.150 46 INFO neutron.agent.ovn.metadata.agent [-] Metadata Port e97cce1e-f466-4ce8-8d9d-8084993a6e72 in datapath 432d27bd-c0fd-42dc-8990-6e2bc8df207d updated
2026-07-01 14:22:21.813 56 INFO eventlet.wsgi.server [-] 10.100.0.4, "GET /2009-04-04/meta-data/instance-id HTTP/1.1" status: 200 len: 146 time: 1.1497672
2026-07-01 14:22:21.833 56 INFO eventlet.wsgi.server [-] 10.100.0.4, "GET /2009-04-04/meta-data/public-keys HTTP/1.1" status: 200 len: 163 time: 0.0115910
2026-07-01 14:22:21.846 56 INFO eventlet.wsgi.server [-] 10.100.0.4, "GET /2009-04-04/meta-data/public-keys/0/openssh-key HTTP/1.1" status: 200 len: 341 time: 0.0072186
2026-07-01 14:22:21.862 56 INFO eventlet.wsgi.server [-] 10.100.0.4, "GET /2009-04-04/meta-data/instance-id HTTP/1.1" status: 200 len: 146 time: 0.0080540
2026-07-01 14:22:21.878 56 INFO eventlet.wsgi.server [-] 10.100.0.4, "GET /2009-04-04/meta-data/ami-launch-index HTTP/1.1" status: 200 len: 136 time: 0.0080953
2026-07-01 14:22:21.905 55 INFO eventlet.wsgi.server [-] 10.100.0.4, "GET /2009-04-04/meta-data/instance-type HTTP/1.1" status: 200 len: 142 time: 0.0197568
2026-07-01 14:22:21.921 55 INFO eventlet.wsgi.server [-] 10.100.0.4, "GET /2009-04-04/meta-data/local-ipv4 HTTP/1.1" status: 200 len: 146 time: 0.0080500
2026-07-01 14:22:21.934 55 INFO eventlet.wsgi.server [-] 10.100.0.4, "GET /2009-04-04/meta-data/public-ipv4 HTTP/1.1" status: 200 len: 149 time: 0.0082047
2026-07-01 14:22:21.948 55 INFO eventlet.wsgi.server [-] 10.100.0.4, "GET /2009-04-04/meta-data/hostname HTTP/1.1" status: 200 len: 192 time: 0.0073924
2026-07-01 14:22:21.965 55 INFO eventlet.wsgi.server [-] 10.100.0.4, "GET /2009-04-04/meta-data/local-hostname HTTP/1.1" status: 200 len: 192 time: 0.0085311
2026-07-01 14:22:21.985 55 INFO eventlet.wsgi.server [-] 10.100.0.4, "GET /2009-04-04/user-data HTTP/1.1" status: 200 len: 231 time: 0.0073330
2026-07-01 14:22:22.001 55 INFO eventlet.wsgi.server [-] 10.100.0.4, "GET /2009-04-04/meta-data/block-device-mapping HTTP/1.1" status: 200 len: 143 time: 0.0069332
2026-07-01 14:22:22.015 55 INFO eventlet.wsgi.server [-] 10.100.0.4, "GET /2009-04-04/meta-data/block-device-mapping/ami HTTP/1.1" status: 200 len: 138 time: 0.0071959
2026-07-01 14:22:22.026 55 INFO eventlet.wsgi.server [-] 10.100.0.4, "GET /2009-04-04/meta-data/block-device-mapping/root HTTP/1.1" status: 200 len: 143 time: 0.0064857
2026-07-01 14:22:22.040 55 INFO eventlet.wsgi.server [-] 10.100.0.4, "GET /2009-04-04/meta-data/public-hostname HTTP/1.1" status: 200 len: 192 time: 0.0068841
2026-07-01 14:22:22.051 55 INFO eventlet.wsgi.server [-] 10.100.0.4, "GET /2009-04-04/meta-data/placement/availability-zone HTTP/1.1" status: 200 len: 139 time: 0.0048723
2026-07-01 14:22:25.422 46 INFO neutron.agent.ovn.metadata.agent [-] Port 7644dfde-1fc5-4af0-b29a-9b2a24ec44cf in datapath 96d0b6ab-9ae0-4ec7-ac09-6c1bcf48fd72 bound to our chassis
2026-07-01 14:22:25.423 46 INFO neutron.agent.ovn.metadata.agent [-] Provisioning metadata for network 96d0b6ab-9ae0-4ec7-ac09-6c1bcf48fd72
2026-07-01 14:22:31.185 46 INFO neutron.agent.ovn.metadata.agent [-] Port 60bc0d2a-40e8-49cb-907a-96edc0108b9c in datapath 7dcc8e5a-ef14-4fb0-8ae2-1e5efda2a589 unbound from our chassis
2026-07-01 14:22:31.188 46 INFO neutron.agent.ovn.metadata.agent [-] Cleaning up ovnmeta-7dcc8e5a-ef14-4fb0-8ae2-1e5efda2a589 namespace which is not needed anymore
2026-07-01 14:22:34.116 46 INFO neutron.agent.ovn.metadata.agent [-] Port dd4153cb-5121-40d1-ab03-81ff71ad5a98 in datapath 432d27bd-c0fd-42dc-8990-6e2bc8df207d bound to our chassis
2026-07-01 14:22:34.118 46 INFO neutron.agent.ovn.metadata.agent [-] Provisioning metadata for network 432d27bd-c0fd-42dc-8990-6e2bc8df207d
2026-07-01 14:22:34.508 46 INFO neutron.agent.ovn.metadata.agent [-] Port 60bc0d2a-40e8-49cb-907a-96edc0108b9c in datapath 7dcc8e5a-ef14-4fb0-8ae2-1e5efda2a589 unbound from our chassis
2026-07-01 14:22:34.510 46 INFO neutron.agent.ovn.metadata.agent [-] Provisioning metadata for network 7dcc8e5a-ef14-4fb0-8ae2-1e5efda2a589
2026-07-01 14:22:44.928 55 INFO eventlet.wsgi.server [-] 10.100.0.10, "GET /latest/meta-data/public-ipv4 HTTP/1.1" status: 200 len: 149 time: 0.3825629
2026-07-01 14:22:45.318 56 INFO eventlet.wsgi.server [-] 10.100.0.10, "POST /openstack/2013-10-17/password HTTP/1.1" status: 200 len: 134 time: 0.2672329
2026-07-01 14:22:46.872 55 INFO eventlet.wsgi.server [-] 10.100.0.4, "GET /2009-04-04/meta-data/instance-id HTTP/1.1" status: 200 len: 146 time: 0.1247268
2026-07-01 14:22:46.895 56 INFO eventlet.wsgi.server [-] 10.100.0.4, "GET /2009-04-04/meta-data/public-keys HTTP/1.1" status: 200 len: 163 time: 0.0127678
2026-07-01 14:22:46.908 56 INFO eventlet.wsgi.server [-] 10.100.0.4, "GET /2009-04-04/meta-data/public-keys/0/openssh-key HTTP/1.1" status: 200 len: 341 time: 0.0080500
2026-07-01 14:22:46.920 56 INFO eventlet.wsgi.server [-] 10.100.0.4, "GET /2009-04-04/meta-data/instance-id HTTP/1.1" status: 200 len: 146 time: 0.0056400
2026-07-01 14:22:46.933 56 INFO eventlet.wsgi.server [-] 10.100.0.4, "GET /2009-04-04/meta-data/ami-launch-index HTTP/1.1" status: 200 len: 136 time: 0.0089378
2026-07-01 14:22:46.946 56 INFO eventlet.wsgi.server [-] 10.100.0.4, "GET /2009-04-04/meta-data/instance-type HTTP/1.1" status: 200 len: 142 time: 0.0063665
2026-07-01 14:22:46.960 55 INFO eventlet.wsgi.server [-] 10.100.0.4, "GET /2009-04-04/meta-data/local-ipv4 HTTP/1.1" status: 200 len: 146 time: 0.0064859
2026-07-01 14:22:46.972 55 INFO eventlet.wsgi.server [-] 10.100.0.4, "GET /2009-04-04/meta-data/public-ipv4 HTTP/1.1" status: 200 len: 149 time: 0.0070457
2026-07-01 14:22:46.982 55 INFO eventlet.wsgi.server [-] 10.100.0.4, "GET /2009-04-04/meta-data/hostname HTTP/1.1" status: 200 len: 192 time: 0.0049629
2026-07-01 14:22:46.993 55 INFO eventlet.wsgi.server [-] 10.100.0.4, "GET /2009-04-04/meta-data/local-hostname HTTP/1.1" status: 200 len: 192 time: 0.0063775
2026-07-01 14:22:47.002 55 INFO eventlet.wsgi.server [-] 10.100.0.6, "GET /2009-04-04/meta-data/instance-id HTTP/1.1" status: 200 len: 146 time: 0.1204834
2026-07-01 14:22:47.018 55 INFO eventlet.wsgi.server [-] 10.100.0.6, "GET /2009-04-04/meta-data/public-keys HTTP/1.1" status: 200 len: 176 time: 0.0072773
2026-07-01 14:22:47.030 55 INFO eventlet.wsgi.server [-] 10.100.0.6, "GET /2009-04-04/meta-data/public-keys/0/openssh-key HTTP/1.1" status: 200 len: 341 time: 0.0067971
2026-07-01 14:22:47.040 55 INFO eventlet.wsgi.server [-] 10.100.0.6, "GET /2009-04-04/meta-data/instance-id HTTP/1.1" status: 200 len: 146 time: 0.0056465
2026-07-01 14:22:47.050 55 INFO eventlet.wsgi.server [-] 10.100.0.4, "GET /2009-04-04/user-data HTTP/1.1" status: 200 len: 231 time: 0.0077119
2026-07-01 14:22:47.052 55 INFO eventlet.wsgi.server [-] 10.100.0.6, "GET /2009-04-04/meta-data/ami-launch-index HTTP/1.1" status: 200 len: 136 time: 0.0053058
2026-07-01 14:22:47.062 55 INFO eventlet.wsgi.server [-] 10.100.0.4, "GET /2009-04-04/meta-data/block-device-mapping HTTP/1.1" status: 200 len: 143 time: 0.0062704
2026-07-01 14:22:47.065 56 INFO eventlet.wsgi.server [-] 10.100.0.6, "GET /2009-04-04/meta-data/instance-type HTTP/1.1" status: 200 len: 142 time: 0.0077572
2026-07-01 14:22:47.074 55 INFO eventlet.wsgi.server [-] 10.100.0.4, "GET /2009-04-04/meta-data/block-device-mapping/ami HTTP/1.1" status: 200 len: 138 time: 0.0086398
2026-07-01 14:22:47.077 55 INFO eventlet.wsgi.server [-] 10.100.0.6, "GET /2009-04-04/meta-data/local-ipv4 HTTP/1.1" status: 200 len: 146 time: 0.0058281
2026-07-01 14:22:47.087 55 INFO eventlet.wsgi.server [-] 10.100.0.6, "GET /2009-04-04/meta-data/public-ipv4 HTTP/1.1" status: 200 len: 149 time: 0.0053873
2026-07-01 14:22:47.087 56 INFO eventlet.wsgi.server [-] 10.100.0.4, "GET /2009-04-04/meta-data/block-device-mapping/root HTTP/1.1" status: 200 len: 143 time: 0.0096626
2026-07-01 14:22:47.100 55 INFO eventlet.wsgi.server [-] 10.100.0.6, "GET /2009-04-04/meta-data/hostname HTTP/1.1" status: 200 len: 191 time: 0.0082862
2026-07-01 14:22:47.103 56 INFO eventlet.wsgi.server [-] 10.100.0.4, "GET /2009-04-04/meta-data/public-hostname HTTP/1.1" status: 200 len: 192 time: 0.0075991
2026-07-01 14:22:47.113 55 INFO eventlet.wsgi.server [-] 10.100.0.6, "GET /2009-04-04/meta-data/local-hostname HTTP/1.1" status: 200 len: 191 time: 0.0079191
2026-07-01 14:22:47.116 56 INFO eventlet.wsgi.server [-] 10.100.0.4, "GET /2009-04-04/meta-data/placement/availability-zone HTTP/1.1" status: 200 len: 139 time: 0.0077698
2026-07-01 14:22:47.138 55 INFO eventlet.wsgi.server [-] 10.100.0.6, "GET /2009-04-04/user-data HTTP/1.1" status: 404 len: 297 time: 0.0075016
2026-07-01 14:22:47.156 55 INFO eventlet.wsgi.server [-] 10.100.0.6, "GET /2009-04-04/meta-data/block-device-mapping HTTP/1.1" status: 200 len: 143 time: 0.0088351
2026-07-01 14:22:47.168 55 INFO eventlet.wsgi.server [-] 10.100.0.6, "GET /2009-04-04/meta-data/block-device-mapping/ami HTTP/1.1" status: 200 len: 138 time: 0.0083914
2026-07-01 14:22:47.179 55 INFO eventlet.wsgi.server [-] 10.100.0.6, "GET /2009-04-04/meta-data/block-device-mapping/root HTTP/1.1" status: 200 len: 143 time: 0.0078466
2026-07-01 14:22:47.194 55 INFO eventlet.wsgi.server [-] 10.100.0.6, "GET /2009-04-04/meta-data/public-hostname HTTP/1.1" status: 200 len: 191 time: 0.0056620
2026-07-01 14:22:47.206 55 INFO eventlet.wsgi.server [-] 10.100.0.6, "GET /2009-04-04/meta-data/placement/availability-zone HTTP/1.1" status: 200 len: 139 time: 0.0065551
2026-07-01 14:22:47.548 46 INFO neutron.agent.ovn.metadata.agent [-] Port 7644dfde-1fc5-4af0-b29a-9b2a24ec44cf in datapath 96d0b6ab-9ae0-4ec7-ac09-6c1bcf48fd72 unbound from our chassis
2026-07-01 14:22:47.551 46 INFO neutron.agent.ovn.metadata.agent [-] Cleaning up ovnmeta-96d0b6ab-9ae0-4ec7-ac09-6c1bcf48fd72 namespace which is not needed anymore
2026-07-01 14:22:52.267 46 INFO neutron.agent.ovn.metadata.agent [-] Port 60bc0d2a-40e8-49cb-907a-96edc0108b9c in datapath 7dcc8e5a-ef14-4fb0-8ae2-1e5efda2a589 unbound from our chassis
2026-07-01 14:22:52.272 46 INFO neutron.agent.ovn.metadata.agent [-] Cleaning up ovnmeta-7dcc8e5a-ef14-4fb0-8ae2-1e5efda2a589 namespace which is not needed anymore
2026-07-01 14:22:55.365 46 INFO neutron.agent.ovn.metadata.agent [-] Metadata Port a1d6cdf8-0212-4c63-80fc-0d7cb4aaaee0 in datapath 9f48d3b9-3cb2-4edf-9972-f01f2fd5dd7f updated
2026-07-01 14:23:03.347 46 INFO neutron.agent.ovn.metadata.agent [-] Port be76dc83-3775-4236-88a7-d094e5f358b6 in datapath 432d27bd-c0fd-42dc-8990-6e2bc8df207d bound to our chassis
2026-07-01 14:23:03.348 46 INFO neutron.agent.ovn.metadata.agent [-] Provisioning metadata for network 432d27bd-c0fd-42dc-8990-6e2bc8df207d
2026-07-01 14:23:06.986 46 INFO neutron.agent.ovn.metadata.agent [-] Metadata Port 4dee403d-2792-4d07-b518-811e8836ac4a in datapath 255fd994-65a8-41ab-9d2e-7ce78ca1dd7a updated
2026-07-01 14:23:09.296 55 ERROR neutron.agent.ovn.metadata.server [-] No port found in network None with IP address 169.254.169.254
2026-07-01 14:23:09.296 55 INFO eventlet.wsgi.server [-] 169.254.169.254, "GET / HTTP/1.1" status: 404 len: 176 time: 0.0016246
2026-07-01 14:23:09.382 46 INFO neutron.agent.ovn.metadata.agent [-] Port 3fdecafb-ee19-4410-bc82-f521d89a8a8b in datapath 33b10bf0-7f4a-4cc2-844a-6a4d43f9d01f bound to our chassis
2026-07-01 14:23:10.227 46 INFO neutron.agent.ovn.metadata.agent [-] Port 81c2839b-fbf7-4a04-bf88-7e2b28780eb5 in datapath 89967ba1-4057-406b-8fe2-07ebf52510df bound to our chassis
2026-07-01 14:23:12.317 46 INFO neutron.agent.ovn.metadata.agent [-] Metadata Port 45fc2b99-a036-42b3-8650-9b1a251c6672 in datapath f2ef6c66-7725-4360-b017-0e1ec8927e09 updated
2026-07-01 14:23:14.180 46 INFO neutron.agent.ovn.metadata.agent [-] Metadata Port 34cdb638-5528-4ca2-985a-150684d91c5c in datapath 2ce57d11-cc24-488d-b59e-a9ab3ebea3df updated
2026-07-01 14:23:16.116 46 INFO neutron.agent.ovn.metadata.agent [-] Metadata Port ea8e8990-13e9-46be-b80f-9d95dcfd2b10 in datapath f4c91237-8950-40e9-b625-1c2643669f2c updated
2026-07-01 14:23:21.527 55 INFO eventlet.wsgi.server [-] 10.100.0.5, "GET /2009-04-04/meta-data/instance-id HTTP/1.1" status: 200 len: 146 time: 0.1543183
2026-07-01 14:23:21.544 55 INFO eventlet.wsgi.server [-] 10.100.0.5, "GET /2009-04-04/meta-data/public-keys HTTP/1.1" status: 200 len: 174 time: 0.0099459
2026-07-01 14:23:21.564 56 INFO eventlet.wsgi.server [-] 10.100.0.5, "GET /2009-04-04/meta-data/public-keys/0/openssh-key HTTP/1.1" status: 200 len: 341 time: 0.0159578
2026-07-01 14:23:21.578 56 INFO eventlet.wsgi.server [-] 10.100.0.5, "GET /2009-04-04/meta-data/instance-id HTTP/1.1" status: 200 len: 146 time: 0.0073793
2026-07-01 14:23:21.592 56 INFO eventlet.wsgi.server [-] 10.100.0.5, "GET /2009-04-04/meta-data/ami-launch-index HTTP/1.1" status: 200 len: 136 time: 0.0067236
2026-07-01 14:23:21.605 56 INFO eventlet.wsgi.server [-] 10.100.0.5, "GET /2009-04-04/meta-data/instance-type HTTP/1.1" status: 200 len: 142 time: 0.0085220
2026-07-01 14:23:21.625 55 INFO eventlet.wsgi.server [-] 10.100.0.5, "GET /2009-04-04/meta-data/local-ipv4 HTTP/1.1" status: 200 len: 146 time: 0.0109427
2026-07-01 14:23:21.637 55 INFO eventlet.wsgi.server [-] 10.100.0.5, "GET /2009-04-04/meta-data/public-ipv4 HTTP/1.1" status: 200 len: 149 time: 0.0066040
2026-07-01 14:23:21.651 55 INFO eventlet.wsgi.server [-] 10.100.0.5, "GET /2009-04-04/meta-data/hostname HTTP/1.1" status: 200 len: 191 time: 0.0079849
2026-07-01 14:23:21.669 56 INFO eventlet.wsgi.server [-] 10.100.0.5, "GET /2009-04-04/meta-data/local-hostname HTTP/1.1" status: 200 len: 191 time: 0.0063908
2026-07-01 14:23:21.679 56 INFO eventlet.wsgi.server [-] 10.100.0.5, "GET /2009-04-04/user-data HTTP/1.1" status: 404 len: 297 time: 0.0057015
2026-07-01 14:23:21.694 56 INFO eventlet.wsgi.server [-] 10.100.0.5, "GET /2009-04-04/meta-data/block-device-mapping HTTP/1.1" status: 200 len: 143 time: 0.0059991
2026-07-01 14:23:21.708 55 INFO eventlet.wsgi.server [-] 10.100.0.5, "GET /2009-04-04/meta-data/block-device-mapping/ami HTTP/1.1" status: 200 len: 138 time: 0.0096633
2026-07-01 14:23:21.720 55 INFO eventlet.wsgi.server [-] 10.100.0.5, "GET /2009-04-04/meta-data/block-device-mapping/root HTTP/1.1" status: 200 len: 143 time: 0.0074692
2026-07-01 14:23:21.731 55 INFO eventlet.wsgi.server [-] 10.100.0.5, "GET /2009-04-04/meta-data/public-hostname HTTP/1.1" status: 200 len: 191 time: 0.0054629
2026-07-01 14:23:21.741 55 INFO eventlet.wsgi.server [-] 10.100.0.5, "GET /2009-04-04/meta-data/placement/availability-zone HTTP/1.1" status: 200 len: 139 time: 0.0056176
2026-07-01 14:23:23.686 46 INFO neutron.agent.ovn.metadata.agent [-] Metadata Port 59fee3dd-29e7-41e1-96cf-3572a14b6f4d in datapath 3e9b5b99-4651-4f7d-b5a6-368360222bfd updated
2026-07-01 14:23:23.948 46 INFO neutron.agent.ovn.metadata.agent [-] Port be76dc83-3775-4236-88a7-d094e5f358b6 in datapath 432d27bd-c0fd-42dc-8990-6e2bc8df207d unbound from our chassis
2026-07-01 14:23:23.950 46 INFO neutron.agent.ovn.metadata.agent [-] Provisioning metadata for network 432d27bd-c0fd-42dc-8990-6e2bc8df207d
2026-07-01 14:23:30.161 46 INFO neutron.agent.ovn.metadata.agent [-] Port dd4153cb-5121-40d1-ab03-81ff71ad5a98 in datapath 432d27bd-c0fd-42dc-8990-6e2bc8df207d unbound from our chassis
2026-07-01 14:23:30.164 46 INFO neutron.agent.ovn.metadata.agent [-] Cleaning up ovnmeta-432d27bd-c0fd-42dc-8990-6e2bc8df207d namespace which is not needed anymore
2026-07-01 14:23:34.301 46 INFO neutron.agent.ovn.metadata.agent [-] Metadata Port ff34e726-5755-4133-9fd4-cab442541551 in datapath cfd38242-a712-4a4b-9f64-188623ee4dd4 updated
2026-07-01 14:23:35.839 46 INFO neutron.agent.ovn.metadata.agent [-] Metadata Port b218bb87-2491-4a91-9e5e-367c2cdabb30 in datapath 3b301780-f2c6-4f2e-b863-833469770227 updated
2026-07-01 14:23:35.843 46 INFO neutron.agent.ovn.metadata.agent [-] Port 8585c19f-057d-475d-8d7e-6fd76383fdfd in datapath 2ce57d11-cc24-488d-b59e-a9ab3ebea3df bound to our chassis
2026-07-01 14:23:35.845 46 INFO neutron.agent.ovn.metadata.agent [-] Provisioning metadata for network 2ce57d11-cc24-488d-b59e-a9ab3ebea3df
2026-07-01 14:23:40.725 46 WARNING neutron.agent.ovn.metadata.agent [-] Removing non-external type port b37b38cd-29c6-4506-b4f0-fabd4420755a with type ""
2026-07-01 14:23:40.729 46 INFO neutron.agent.ovn.metadata.agent [-] Port 3fdecafb-ee19-4410-bc82-f521d89a8a8b in datapath 33b10bf0-7f4a-4cc2-844a-6a4d43f9d01f unbound from our chassis
2026-07-01 14:23:41.078 46 WARNING neutron.agent.ovn.metadata.agent [-] Removing non-external type port 689fde68-f692-4e12-9266-74072a4b09d2 with type ""
2026-07-01 14:23:41.081 46 INFO neutron.agent.ovn.metadata.agent [-] Port 81c2839b-fbf7-4a04-bf88-7e2b28780eb5 in datapath 89967ba1-4057-406b-8fe2-07ebf52510df unbound from our chassis
2026-07-01 14:23:44.780 46 INFO neutron.agent.ovn.metadata.agent [-] Metadata Port 1656e0b4-3746-437e-a18b-e33ae4d07e33 in datapath cbae395f-8bc6-44db-a601-1df0048c6b83 updated
2026-07-01 14:23:46.474 46 INFO neutron.agent.ovn.metadata.agent [-] Metadata Port d5630796-eb1a-49a7-baf8-f4a8f48c5ffe in datapath ddc935ff-ed24-4a97-8ae6-aa525458e864 updated
2026-07-01 14:23:47.868 46 INFO neutron.agent.ovn.metadata.agent [-] Metadata Port 8ead8812-12c4-486d-9352-2024e1f77b48 in datapath e7a1abce-21c3-489f-bb34-dcf0be51ee2e updated
2026-07-01 14:23:48.589 55 INFO eventlet.wsgi.server [-] 10.2.1.112, "GET /2009-04-04/meta-data/instance-id HTTP/1.1" status: 200 len: 146 time: 0.1190767
2026-07-01 14:23:48.596 56 INFO eventlet.wsgi.server [-] 10.2.1.112, "GET /2009-04-04/meta-data/public-keys HTTP/1.1" status: 200 len: 174 time: 0.0062802
2026-07-01 14:23:48.605 55 INFO eventlet.wsgi.server [-] 10.2.1.112, "GET /2009-04-04/meta-data/public-keys/0/openssh-key HTTP/1.1" status: 200 len: 341 time: 0.0060921
2026-07-01 14:23:48.617 56 INFO eventlet.wsgi.server [-] 10.2.1.112, "GET /2009-04-04/meta-data/instance-id HTTP/1.1" status: 200 len: 146 time: 0.0083721
2026-07-01 14:23:48.628 55 INFO eventlet.wsgi.server [-] 10.2.1.112, "GET /2009-04-04/meta-data/ami-launch-index HTTP/1.1" status: 200 len: 136 time: 0.0069253
2026-07-01 14:23:48.637 55 INFO eventlet.wsgi.server [-] 10.2.1.112, "GET /2009-04-04/meta-data/instance-type HTTP/1.1" status: 200 len: 142 time: 0.0057523
2026-07-01 14:23:48.648 55 INFO eventlet.wsgi.server [-] 10.2.1.112, "GET /2009-04-04/meta-data/local-ipv4 HTTP/1.1" status: 200 len: 146 time: 0.0060730
2026-07-01 14:23:48.660 55 INFO eventlet.wsgi.server [-] 10.2.1.112, "GET /2009-04-04/meta-data/public-ipv4 HTTP/1.1" status: 200 len: 149 time: 0.0067167
2026-07-01 14:23:48.669 55 INFO eventlet.wsgi.server [-] 10.2.1.112, "GET /2009-04-04/meta-data/hostname HTTP/1.1" status: 200 len: 184 time: 0.0053327
2026-07-01 14:23:48.704 55 INFO eventlet.wsgi.server [-] 10.2.1.112, "GET /2009-04-04/meta-data/local-hostname HTTP/1.1" status: 200 len: 184 time: 0.0048244
2026-07-01 14:23:48.715 55 INFO eventlet.wsgi.server [-] 10.2.1.112, "GET /2009-04-04/user-data HTTP/1.1" status: 404 len: 297 time: 0.0066047
2026-07-01 14:23:48.727 55 INFO eventlet.wsgi.server [-] 10.2.1.112, "GET /2009-04-04/meta-data/block-device-mapping HTTP/1.1" status: 200 len: 143 time: 0.0050895
2026-07-01 14:23:48.737 55 INFO eventlet.wsgi.server [-] 10.2.1.112, "GET /2009-04-04/meta-data/block-device-mapping/ami HTTP/1.1" status: 200 len: 138 time: 0.0075521
2026-07-01 14:23:48.746 55 INFO eventlet.wsgi.server [-] 10.2.1.112, "GET /2009-04-04/meta-data/block-device-mapping/root HTTP/1.1" status: 200 len: 143 time: 0.0062380
2026-07-01 14:23:48.761 55 INFO eventlet.wsgi.server [-] 10.2.1.112, "GET /2009-04-04/meta-data/public-hostname HTTP/1.1" status: 200 len: 184 time: 0.0098796
2026-07-01 14:23:48.770 56 INFO eventlet.wsgi.server [-] 10.2.1.112, "GET /2009-04-04/meta-data/placement/availability-zone HTTP/1.1" status: 200 len: 139 time: 0.0085526
2026-07-01 14:23:53.719 46 INFO neutron.agent.ovn.metadata.agent [-] Port bfc9505a-1e5c-4739-b2a1-d776d272ebf3 in datapath f4c91237-8950-40e9-b625-1c2643669f2c bound to our chassis
2026-07-01 14:23:53.721 46 INFO neutron.agent.ovn.metadata.agent [-] Provisioning metadata for network f4c91237-8950-40e9-b625-1c2643669f2c
2026-07-01 14:24:06.424 56 INFO eventlet.wsgi.server [-] 10.2.2.235, "GET /2009-04-04/meta-data/instance-id HTTP/1.1" status: 200 len: 146 time: 0.2275004
2026-07-01 14:24:06.437 56 INFO eventlet.wsgi.server [-] 10.2.2.235, "GET /2009-04-04/meta-data/public-keys HTTP/1.1" status: 200 len: 174 time: 0.0061195
2026-07-01 14:24:06.445 56 INFO eventlet.wsgi.server [-] 10.2.2.235, "GET /2009-04-04/meta-data/public-keys/0/openssh-key HTTP/1.1" status: 200 len: 341 time: 0.0051727
2026-07-01 14:24:06.458 56 INFO eventlet.wsgi.server [-] 10.2.2.235, "GET /2009-04-04/meta-data/instance-id HTTP/1.1" status: 200 len: 146 time: 0.0061088
2026-07-01 14:24:06.471 56 INFO eventlet.wsgi.server [-] 10.2.2.235, "GET /2009-04-04/meta-data/ami-launch-index HTTP/1.1" status: 200 len: 136 time: 0.0073400
2026-07-01 14:24:06.498 55 INFO eventlet.wsgi.server [-] 10.2.2.235, "GET /2009-04-04/meta-data/instance-type HTTP/1.1" status: 200 len: 142 time: 0.0215070
2026-07-01 14:24:06.514 55 INFO eventlet.wsgi.server [-] 10.2.2.235, "GET /2009-04-04/meta-data/local-ipv4 HTTP/1.1" status: 200 len: 146 time: 0.0087309
2026-07-01 14:24:06.530 56 INFO eventlet.wsgi.server [-] 10.2.2.235, "GET /2009-04-04/meta-data/public-ipv4 HTTP/1.1" status: 200 len: 149 time: 0.0087266
2026-07-01 14:24:06.545 56 INFO eventlet.wsgi.server [-] 10.2.2.235, "GET /2009-04-04/meta-data/hostname HTTP/1.1" status: 200 len: 185 time: 0.0097768
2026-07-01 14:24:06.590 56 INFO eventlet.wsgi.server [-] 10.2.2.235, "GET /2009-04-04/meta-data/local-hostname HTTP/1.1" status: 200 len: 185 time: 0.0082471
2026-07-01 14:24:06.601 56 INFO eventlet.wsgi.server [-] 10.2.2.235, "GET /2009-04-04/user-data HTTP/1.1" status: 404 len: 297 time: 0.0060980
2026-07-01 14:24:06.619 56 INFO eventlet.wsgi.server [-] 10.2.2.235, "GET /2009-04-04/meta-data/block-device-mapping HTTP/1.1" status: 200 len: 143 time: 0.0089600
2026-07-01 14:24:06.629 56 INFO eventlet.wsgi.server [-] 10.2.2.235, "GET /2009-04-04/meta-data/block-device-mapping/ami HTTP/1.1" status: 200 len: 138 time: 0.0069778
2026-07-01 14:24:06.643 56 INFO eventlet.wsgi.server [-] 10.2.2.235, "GET /2009-04-04/meta-data/block-device-mapping/root HTTP/1.1" status: 200 len: 143 time: 0.0079820
2026-07-01 14:24:06.657 56 INFO eventlet.wsgi.server [-] 10.2.2.235, "GET /2009-04-04/meta-data/public-hostname HTTP/1.1" status: 200 len: 185 time: 0.0069988
2026-07-01 14:24:06.669 56 INFO eventlet.wsgi.server [-] 10.2.2.235, "GET /2009-04-04/meta-data/placement/availability-zone HTTP/1.1" status: 200 len: 139 time: 0.0072362
2026-07-01 14:24:11.295 46 INFO neutron.agent.ovn.metadata.agent [-] Metadata Port 0a811da8-7bbe-46a0-8e25-c773e712dc7c in datapath e6ba268c-0bb8-4a13-90c0-aff432983069 updated
2026-07-01 14:24:12.613 46 INFO neutron.agent.ovn.metadata.agent [-] Metadata Port 82adde26-f111-4ef0-ac6c-8aa7ea58c332 in datapath 970fe11d-9a44-4fb2-b826-3c0061de53d5 updated
2026-07-01 14:24:13.738 46 INFO neutron.agent.ovn.metadata.agent [-] Metadata Port 8fd5dbc5-a12b-47e1-ae04-054dcf6f5c7c in datapath 6dc4bdb0-4c35-4e9d-ab0e-0b33fd99fa46 updated
2026-07-01 14:24:15.065 46 INFO neutron.agent.ovn.metadata.agent [-] Metadata Port 27ec5579-af0c-4369-af70-a37683278e47 in datapath 63ad3135-ea50-4f50-aa0c-6b8131650265 updated
2026-07-01 14:24:16.264 46 INFO neutron.agent.ovn.metadata.agent [-] Metadata Port 33e01bc1-f610-4f5e-bbda-88347690263d in datapath de68e8bd-ecf6-4409-badd-36226e70d339 updated
2026-07-01 14:24:32.511 46 INFO neutron.agent.ovn.metadata.agent [-] Metadata Port 4804a9b7-333a-4289-8d39-d06c53f65777 in datapath 5f1f8fc5-1693-4e19-a8e8-5341b79f4d09 updated
2026-07-01 14:24:34.077 46 INFO neutron.agent.ovn.metadata.agent [-] Port 2272ccd9-3c80-4514-8211-d8a4678020fc in datapath 44a47fd0-7f59-4b93-bf2f-e212ce949a9f bound to our chassis
2026-07-01 14:24:34.080 46 INFO neutron.agent.ovn.metadata.agent [-] Provisioning metadata for network 44a47fd0-7f59-4b93-bf2f-e212ce949a9f
2026-07-01 14:25:09.255 55 ERROR neutron.agent.ovn.metadata.server [-] No port found in network None with IP address 169.254.169.254
2026-07-01 14:25:09.256 55 INFO eventlet.wsgi.server [-] 169.254.169.254, "GET / HTTP/1.1" status: 404 len: 176 time: 0.0016990
2026-07-01 14:25:17.382 46 INFO neutron.agent.ovn.metadata.agent [-] Port 8fcf4750-53b4-4406-bfcd-a07607541599 in datapath f2ef6c66-7725-4360-b017-0e1ec8927e09 bound to our chassis
2026-07-01 14:25:17.384 46 INFO neutron.agent.ovn.metadata.agent [-] Provisioning metadata for network f2ef6c66-7725-4360-b017-0e1ec8927e09
2026-07-01 14:25:53.162 46 INFO neutron.agent.ovn.metadata.agent [-] Port ce293f85-ef85-400e-94a1-9d3f5c1d4f17 in datapath 2ce57d11-cc24-488d-b59e-a9ab3ebea3df bound to our chassis
2026-07-01 14:25:53.165 46 INFO neutron.agent.ovn.metadata.agent [-] Provisioning metadata for network 2ce57d11-cc24-488d-b59e-a9ab3ebea3df
2026-07-01 14:26:13.671 46 INFO neutron.agent.ovn.metadata.agent [-] Port 4b01fdd9-6e83-4977-9be4-974b1f21d93f in datapath f4c91237-8950-40e9-b625-1c2643669f2c bound to our chassis
2026-07-01 14:26:13.673 46 INFO neutron.agent.ovn.metadata.agent [-] Provisioning metadata for network f4c91237-8950-40e9-b625-1c2643669f2c
2026-07-01 14:26:19.260 55 ERROR neutron.agent.ovn.metadata.server [-] No port found in network None with IP address 169.254.169.254
2026-07-01 14:26:19.261 55 INFO eventlet.wsgi.server [-] 169.254.169.254, "GET / HTTP/1.1" status: 404 len: 176 time: 0.0017366
2026-07-01 14:26:28.776 46 INFO neutron.agent.ovn.metadata.agent [-] Port 4b01fdd9-6e83-4977-9be4-974b1f21d93f in datapath f4c91237-8950-40e9-b625-1c2643669f2c unbound from our chassis
2026-07-01 14:26:28.777 46 INFO neutron.agent.ovn.metadata.agent [-] Provisioning metadata for network f4c91237-8950-40e9-b625-1c2643669f2c
2026-07-01 14:26:39.104 46 INFO neutron.agent.ovn.metadata.agent [-] Port ce293f85-ef85-400e-94a1-9d3f5c1d4f17 in datapath 2ce57d11-cc24-488d-b59e-a9ab3ebea3df unbound from our chassis
2026-07-01 14:26:39.105 46 INFO neutron.agent.ovn.metadata.agent [-] Provisioning metadata for network 2ce57d11-cc24-488d-b59e-a9ab3ebea3df
2026-07-01 14:26:59.836 46 INFO neutron.agent.ovn.metadata.agent [-] Port 8fcf4750-53b4-4406-bfcd-a07607541599 in datapath f2ef6c66-7725-4360-b017-0e1ec8927e09 unbound from our chassis
2026-07-01 14:26:59.839 46 INFO neutron.agent.ovn.metadata.agent [-] Cleaning up ovnmeta-f2ef6c66-7725-4360-b017-0e1ec8927e09 namespace which is not needed anymore
2026-07-01 14:27:03.727 46 INFO neutron.agent.ovn.metadata.agent [-] Port 2272ccd9-3c80-4514-8211-d8a4678020fc in datapath 44a47fd0-7f59-4b93-bf2f-e212ce949a9f unbound from our chassis
2026-07-01 14:27:03.728 46 INFO neutron.agent.ovn.metadata.agent [-] Provisioning metadata for network 44a47fd0-7f59-4b93-bf2f-e212ce949a9f
2026-07-01 14:27:08.163 46 INFO neutron.agent.ovn.metadata.agent [-] Port bfc9505a-1e5c-4739-b2a1-d776d272ebf3 in datapath f4c91237-8950-40e9-b625-1c2643669f2c unbound from our chassis
2026-07-01 14:27:08.165 46 INFO neutron.agent.ovn.metadata.agent [-] Cleaning up ovnmeta-f4c91237-8950-40e9-b625-1c2643669f2c namespace which is not needed anymore
2026-07-01 14:27:18.951 46 INFO neutron.agent.ovn.metadata.agent [-] Port 8585c19f-057d-475d-8d7e-6fd76383fdfd in datapath 2ce57d11-cc24-488d-b59e-a9ab3ebea3df unbound from our chassis
2026-07-01 14:27:18.953 46 INFO neutron.agent.ovn.metadata.agent [-] Cleaning up ovnmeta-2ce57d11-cc24-488d-b59e-a9ab3ebea3df namespace which is not needed anymore
2026-07-01 14:29:29.252 56 ERROR neutron.agent.ovn.metadata.server [-] No port found in network None with IP address 169.254.169.254
2026-07-01 14:29:29.252 56 INFO eventlet.wsgi.server [-] 169.254.169.254, "GET / HTTP/1.1" status: 404 len: 176 time: 0.0006299
2026-07-01 14:32:39.281 55 ERROR neutron.agent.ovn.metadata.server [-] No port found in network None with IP address 169.254.169.254
2026-07-01 14:32:39.281 55 INFO eventlet.wsgi.server [-] 169.254.169.254, "GET / HTTP/1.1" status: 404 len: 176 time: 0.0007257