2026-07-01 14:12:51.941 8 INFO cinder.api.openstack.wsgi [None req-8c16c975-bd4e-4b22-a71e-eb1a29492219 1286d8d4d190427ba7998c367135e3cf 2165447a54bc47c89783c7dacd2b560f - - default default] http://cinder-api.openstack.svc.cluster.local:8776/v3/volumes/detail?all_tenants=true returned with HTTP 200 [pid: 8|app: 0|req: 256/510] 10.0.0.201 () {28 vars in 618 bytes} [Wed Jul 1 14:12:51 2026] GET /v3/volumes/detail?all_tenants=true => generated 15 bytes in 12 msecs (HTTP/1.1 200) 7 headers in 284 bytes (1 switches on core 0)
2026-07-01 14:12:51.950 7 INFO cinder.api.openstack.wsgi [None req-14504677-6443-45ef-9797-4b1446316237 1286d8d4d190427ba7998c367135e3cf 2165447a54bc47c89783c7dacd2b560f - - default default] GET http://cinder-api.openstack.svc.cluster.local:8776/v3/scheduler-stats/get_pools?detail=true
2026-07-01 14:12:52.453 7 INFO cinder.api.openstack.wsgi [None req-14504677-6443-45ef-9797-4b1446316237 1286d8d4d190427ba7998c367135e3cf 2165447a54bc47c89783c7dacd2b560f - - default default] http://cinder-api.openstack.svc.cluster.local:8776/v3/scheduler-stats/get_pools?detail=true returned with HTTP 200 [pid: 7|app: 0|req: 255/511] 10.0.0.201 () {28 vars in 630 bytes} [Wed Jul 1 14:12:51 2026] GET /v3/scheduler-stats/get_pools?detail=true => generated 670 bytes in 514 msecs (HTTP/1.1 200) 7 headers in 285 bytes (1 switches on core 0)
2026-07-01 14:12:52.508 8 INFO cinder.api.openstack.wsgi [None req-65006578-124c-4f99-bd2a-540988e378e5 1286d8d4d190427ba7998c367135e3cf 2165447a54bc47c89783c7dacd2b560f - - default default] GET http://cinder-api.openstack.svc.cluster.local:8776/v3/os-quota-sets/2165447a54bc47c89783c7dacd2b560f?usage=true
2026-07-01 14:12:52.529 8 INFO cinder.api.openstack.wsgi [None req-65006578-124c-4f99-bd2a-540988e378e5 1286d8d4d190427ba7998c367135e3cf 2165447a54bc47c89783c7dacd2b560f - - default default] http://cinder-api.openstack.svc.cluster.local:8776/v3/os-quota-sets/2165447a54bc47c89783c7dacd2b560f?usage=true returned with HTTP 200 [pid: 8|app: 0|req: 257/512] 10.0.0.201 () {28 vars in 670 bytes} [Wed Jul 1 14:12:52 2026] GET /v3/os-quota-sets/2165447a54bc47c89783c7dacd2b560f?usage=true => generated 845 bytes in 28 msecs (HTTP/1.1 200) 7 headers in 285 bytes (1 switches on core 0)
2026-07-01 14:12:52.538 7 INFO cinder.api.openstack.wsgi [None req-8a6f7b64-4463-4b5b-961a-26ac2cbe8219 1286d8d4d190427ba7998c367135e3cf 2165447a54bc47c89783c7dacd2b560f - - default default] GET http://cinder-api.openstack.svc.cluster.local:8776/v3/os-quota-sets/9a70ac6914e84ee297359b67431146b7?usage=true
2026-07-01 14:12:52.565 7 INFO cinder.api.openstack.wsgi [None req-8a6f7b64-4463-4b5b-961a-26ac2cbe8219 1286d8d4d190427ba7998c367135e3cf 2165447a54bc47c89783c7dacd2b560f - - default default] http://cinder-api.openstack.svc.cluster.local:8776/v3/os-quota-sets/9a70ac6914e84ee297359b67431146b7?usage=true returned with HTTP 200 [pid: 7|app: 0|req: 256/513] 10.0.0.201 () {28 vars in 670 bytes} [Wed Jul 1 14:12:52 2026] GET /v3/os-quota-sets/9a70ac6914e84ee297359b67431146b7?usage=true => generated 845 bytes in 33 msecs (HTTP/1.1 200) 7 headers in 285 bytes (1 switches on core 0)
2026-07-01 14:12:52.572 8 INFO cinder.api.openstack.wsgi [None req-e7324d26-bec9-4770-9c13-22c5143cf847 1286d8d4d190427ba7998c367135e3cf 2165447a54bc47c89783c7dacd2b560f - - default default] GET http://cinder-api.openstack.svc.cluster.local:8776/v3/os-quota-sets/fc74f8fdf37343629437461074e17641?usage=true
2026-07-01 14:12:52.599 8 INFO cinder.api.openstack.wsgi [None req-e7324d26-bec9-4770-9c13-22c5143cf847 1286d8d4d190427ba7998c367135e3cf 2165447a54bc47c89783c7dacd2b560f - - default default] http://cinder-api.openstack.svc.cluster.local:8776/v3/os-quota-sets/fc74f8fdf37343629437461074e17641?usage=true returned with HTTP 200 [pid: 8|app: 0|req: 258/514] 10.0.0.201 () {28 vars in 670 bytes} [Wed Jul 1 14:12:52 2026] GET /v3/os-quota-sets/fc74f8fdf37343629437461074e17641?usage=true => generated 847 bytes in 31 msecs (HTTP/1.1 200) 7 headers in 285 bytes (1 switches on core 0)
2026-07-01 14:12:52.610 7 INFO cinder.api.openstack.wsgi [None req-24d3fa86-df4c-4f20-98b1-c076c6c44b47 1286d8d4d190427ba7998c367135e3cf 2165447a54bc47c89783c7dacd2b560f - - default default] GET http://cinder-api.openstack.svc.cluster.local:8776/v3/snapshots?all_tenants=true
2026-07-01 14:12:52.615 7 INFO cinder.volume.api [None req-24d3fa86-df4c-4f20-98b1-c076c6c44b47 1286d8d4d190427ba7998c367135e3cf 2165447a54bc47c89783c7dacd2b560f - - default default] Get all snapshots completed successfully.
2026-07-01 14:12:52.616 7 INFO cinder.api.openstack.wsgi [None req-24d3fa86-df4c-4f20-98b1-c076c6c44b47 1286d8d4d190427ba7998c367135e3cf 2165447a54bc47c89783c7dacd2b560f - - default default] http://cinder-api.openstack.svc.cluster.local:8776/v3/snapshots?all_tenants=true returned with HTTP 200 [pid: 7|app: 0|req: 257/515] 10.0.0.201 () {28 vars in 608 bytes} [Wed Jul 1 14:12:52 2026] GET /v3/snapshots?all_tenants=true => generated 17 bytes in 12 msecs (HTTP/1.1 200) 7 headers in 284 bytes (1 switches on core 0)
2026-07-01 14:13:51.870 7 INFO cinder.api.openstack.wsgi [None req-2b86463b-8bee-47eb-ac9f-b0e2e0d8bf12 1286d8d4d190427ba7998c367135e3cf 2165447a54bc47c89783c7dacd2b560f - - default default] GET http://cinder-api.openstack.svc.cluster.local:8776/v3/os-services
2026-07-01 14:13:51.881 7 INFO cinder.api.openstack.wsgi [None req-2b86463b-8bee-47eb-ac9f-b0e2e0d8bf12 1286d8d4d190427ba7998c367135e3cf 2165447a54bc47c89783c7dacd2b560f - - default default] http://cinder-api.openstack.svc.cluster.local:8776/v3/os-services returned with HTTP 200 [pid: 7|app: 0|req: 264/528] 10.0.0.201 () {28 vars in 579 bytes} [Wed Jul 1 14:13:51 2026] GET /v3/os-services => generated 646 bytes in 59 msecs (HTTP/1.1 200) 7 headers in 285 bytes (1 switches on core 0)
2026-07-01 14:13:51.900 8 INFO cinder.api.openstack.wsgi [None req-381900c9-e8db-4eee-855d-00d7ca7ed0df 1286d8d4d190427ba7998c367135e3cf 2165447a54bc47c89783c7dacd2b560f - - default default] GET http://cinder-api.openstack.svc.cluster.local:8776/v3/volumes/detail?all_tenants=true
2026-07-01 14:13:51.912 8 INFO cinder.volume.api [None req-381900c9-e8db-4eee-855d-00d7ca7ed0df 1286d8d4d190427ba7998c367135e3cf 2165447a54bc47c89783c7dacd2b560f - - default default] Get all volumes completed successfully.
2026-07-01 14:13:51.914 8 INFO cinder.api.openstack.wsgi [None req-381900c9-e8db-4eee-855d-00d7ca7ed0df 1286d8d4d190427ba7998c367135e3cf 2165447a54bc47c89783c7dacd2b560f - - default default] http://cinder-api.openstack.svc.cluster.local:8776/v3/volumes/detail?all_tenants=true returned with HTTP 200 [pid: 8|app: 0|req: 265/529] 10.0.0.201 () {28 vars in 618 bytes} [Wed Jul 1 14:13:51 2026] GET /v3/volumes/detail?all_tenants=true => generated 15 bytes in 26 msecs (HTTP/1.1 200) 7 headers in 284 bytes (1 switches on core 0)
2026-07-01 14:13:51.925 7 INFO cinder.api.openstack.wsgi [None req-6ceeeb42-58e8-4518-8968-ed01f5c9eb5d 1286d8d4d190427ba7998c367135e3cf 2165447a54bc47c89783c7dacd2b560f - - default default] GET http://cinder-api.openstack.svc.cluster.local:8776/v3/scheduler-stats/get_pools?detail=true
2026-07-01 14:13:52.428 7 INFO cinder.api.openstack.wsgi [None req-6ceeeb42-58e8-4518-8968-ed01f5c9eb5d 1286d8d4d190427ba7998c367135e3cf 2165447a54bc47c89783c7dacd2b560f - - default default] http://cinder-api.openstack.svc.cluster.local:8776/v3/scheduler-stats/get_pools?detail=true returned with HTTP 200 [pid: 7|app: 0|req: 265/530] 10.0.0.201 () {28 vars in 630 bytes} [Wed Jul 1 14:13:51 2026] GET /v3/scheduler-stats/get_pools?detail=true => generated 670 bytes in 511 msecs (HTTP/1.1 200) 7 headers in 285 bytes (1 switches on core 0)
2026-07-01 14:13:52.463 8 INFO cinder.api.openstack.wsgi [None req-624662aa-8b6c-4df6-9202-b2c458302a02 1286d8d4d190427ba7998c367135e3cf 2165447a54bc47c89783c7dacd2b560f - - default default] GET http://cinder-api.openstack.svc.cluster.local:8776/v3/os-quota-sets/2165447a54bc47c89783c7dacd2b560f?usage=true
2026-07-01 14:13:52.483 8 INFO cinder.api.openstack.wsgi [None req-624662aa-8b6c-4df6-9202-b2c458302a02 1286d8d4d190427ba7998c367135e3cf 2165447a54bc47c89783c7dacd2b560f - - default default] http://cinder-api.openstack.svc.cluster.local:8776/v3/os-quota-sets/2165447a54bc47c89783c7dacd2b560f?usage=true returned with HTTP 200 [pid: 8|app: 0|req: 266/531] 10.0.0.201 () {28 vars in 670 bytes} [Wed Jul 1 14:13:52 2026] GET /v3/os-quota-sets/2165447a54bc47c89783c7dacd2b560f?usage=true => generated 845 bytes in 28 msecs (HTTP/1.1 200) 7 headers in 285 bytes (1 switches on core 0)
2026-07-01 14:13:52.493 7 INFO cinder.api.openstack.wsgi [None req-bc14213b-622e-481a-b93f-f7835bf5fd45 1286d8d4d190427ba7998c367135e3cf 2165447a54bc47c89783c7dacd2b560f - - default default] GET http://cinder-api.openstack.svc.cluster.local:8776/v3/os-quota-sets/9a70ac6914e84ee297359b67431146b7?usage=true
2026-07-01 14:13:52.513 7 INFO cinder.api.openstack.wsgi [None req-bc14213b-622e-481a-b93f-f7835bf5fd45 1286d8d4d190427ba7998c367135e3cf 2165447a54bc47c89783c7dacd2b560f - - default default] http://cinder-api.openstack.svc.cluster.local:8776/v3/os-quota-sets/9a70ac6914e84ee297359b67431146b7?usage=true returned with HTTP 200 [pid: 7|app: 0|req: 266/532] 10.0.0.201 () {28 vars in 670 bytes} [Wed Jul 1 14:13:52 2026] GET /v3/os-quota-sets/9a70ac6914e84ee297359b67431146b7?usage=true => generated 845 bytes in 27 msecs (HTTP/1.1 200) 7 headers in 285 bytes (1 switches on core 0)
2026-07-01 14:13:52.524 8 INFO cinder.api.openstack.wsgi [None req-a5c2b3ce-85ad-4cf8-bb10-ee106a1f1a7f 1286d8d4d190427ba7998c367135e3cf 2165447a54bc47c89783c7dacd2b560f - - default default] GET http://cinder-api.openstack.svc.cluster.local:8776/v3/os-quota-sets/fc74f8fdf37343629437461074e17641?usage=true
2026-07-01 14:13:52.547 8 INFO cinder.api.openstack.wsgi [None req-a5c2b3ce-85ad-4cf8-bb10-ee106a1f1a7f 1286d8d4d190427ba7998c367135e3cf 2165447a54bc47c89783c7dacd2b560f - - default default] http://cinder-api.openstack.svc.cluster.local:8776/v3/os-quota-sets/fc74f8fdf37343629437461074e17641?usage=true returned with HTTP 200 [pid: 8|app: 0|req: 267/533] 10.0.0.201 () {28 vars in 670 bytes} [Wed Jul 1 14:13:52 2026] GET /v3/os-quota-sets/fc74f8fdf37343629437461074e17641?usage=true => generated 847 bytes in 31 msecs (HTTP/1.1 200) 7 headers in 285 bytes (1 switches on core 0)
2026-07-01 14:13:52.558 7 INFO cinder.api.openstack.wsgi [None req-8581ecdf-18c0-444c-88de-821f32078505 1286d8d4d190427ba7998c367135e3cf 2165447a54bc47c89783c7dacd2b560f - - default default] GET http://cinder-api.openstack.svc.cluster.local:8776/v3/volumes/detail?all_tenants=true
2026-07-01 14:13:52.568 7 INFO cinder.volume.api [None req-8581ecdf-18c0-444c-88de-821f32078505 1286d8d4d190427ba7998c367135e3cf 2165447a54bc47c89783c7dacd2b560f - - default default] Get all volumes completed successfully.
2026-07-01 14:13:52.569 7 INFO cinder.api.openstack.wsgi [None req-8581ecdf-18c0-444c-88de-821f32078505 1286d8d4d190427ba7998c367135e3cf 2165447a54bc47c89783c7dacd2b560f - - default default] http://cinder-api.openstack.svc.cluster.local:8776/v3/volumes/detail?all_tenants=true returned with HTTP 200 [pid: 7|app: 0|req: 267/534] 10.0.0.201 () {28 vars in 618 bytes} [Wed Jul 1 14:13:52 2026] GET /v3/volumes/detail?all_tenants=true => generated 15 bytes in 18 msecs (HTTP/1.1 200) 7 headers in 284 bytes (1 switches on core 0)
2026-07-01 14:13:52.579 8 INFO cinder.api.openstack.wsgi [None req-10ef01a1-2757-4d50-8232-eb3f690acc36 1286d8d4d190427ba7998c367135e3cf 2165447a54bc47c89783c7dacd2b560f - - default default] GET http://cinder-api.openstack.svc.cluster.local:8776/v3/snapshots?all_tenants=true
2026-07-01 14:13:52.585 8 INFO cinder.volume.api [None req-10ef01a1-2757-4d50-8232-eb3f690acc36 1286d8d4d190427ba7998c367135e3cf 2165447a54bc47c89783c7dacd2b560f - - default default] Get all snapshots completed successfully.
2026-07-01 14:13:52.585 8 INFO cinder.api.openstack.wsgi [None req-10ef01a1-2757-4d50-8232-eb3f690acc36 1286d8d4d190427ba7998c367135e3cf 2165447a54bc47c89783c7dacd2b560f - - default default] http://cinder-api.openstack.svc.cluster.local:8776/v3/snapshots?all_tenants=true returned with HTTP 200 [pid: 8|app: 0|req: 268/535] 10.0.0.201 () {28 vars in 608 bytes} [Wed Jul 1 14:13:52 2026] GET /v3/snapshots?all_tenants=true => generated 17 bytes in 11 msecs (HTTP/1.1 200) 7 headers in 284 bytes (1 switches on core 0)
2026-07-01 14:14:51.969 8 INFO cinder.api.openstack.wsgi [None req-adce762e-ca55-4292-8d1c-18f598b968dc 1286d8d4d190427ba7998c367135e3cf 2165447a54bc47c89783c7dacd2b560f - - default default] GET http://cinder-api.openstack.svc.cluster.local:8776/v3/scheduler-stats/get_pools?detail=true
2026-07-01 14:14:52.474 8 INFO cinder.api.openstack.wsgi [None req-adce762e-ca55-4292-8d1c-18f598b968dc 1286d8d4d190427ba7998c367135e3cf 2165447a54bc47c89783c7dacd2b560f - - default default] http://cinder-api.openstack.svc.cluster.local:8776/v3/scheduler-stats/get_pools?detail=true returned with HTTP 200 [pid: 8|app: 0|req: 275/548] 10.0.0.201 () {28 vars in 630 bytes} [Wed Jul 1 14:14:51 2026] GET /v3/scheduler-stats/get_pools?detail=true => generated 670 bytes in 663 msecs (HTTP/1.1 200) 7 headers in 285 bytes (1 switches on core 0)
2026-07-01 14:14:52.510 7 INFO cinder.api.openstack.wsgi [None req-ca43787f-08e8-41a3-a7f7-c040c2c90125 1286d8d4d190427ba7998c367135e3cf 2165447a54bc47c89783c7dacd2b560f - - default default] GET http://cinder-api.openstack.svc.cluster.local:8776/v3/os-quota-sets/2165447a54bc47c89783c7dacd2b560f?usage=true
2026-07-01 14:14:52.537 7 INFO cinder.api.openstack.wsgi [None req-ca43787f-08e8-41a3-a7f7-c040c2c90125 1286d8d4d190427ba7998c367135e3cf 2165447a54bc47c89783c7dacd2b560f - - default default] http://cinder-api.openstack.svc.cluster.local:8776/v3/os-quota-sets/2165447a54bc47c89783c7dacd2b560f?usage=true returned with HTTP 200 [pid: 7|app: 0|req: 274/549] 10.0.0.201 () {28 vars in 670 bytes} [Wed Jul 1 14:14:52 2026] GET /v3/os-quota-sets/2165447a54bc47c89783c7dacd2b560f?usage=true => generated 845 bytes in 35 msecs (HTTP/1.1 200) 7 headers in 285 bytes (1 switches on core 0)
2026-07-01 14:14:52.548 8 INFO cinder.api.openstack.wsgi [None req-d97f793f-fa54-4156-82c1-e2135eb971b6 1286d8d4d190427ba7998c367135e3cf 2165447a54bc47c89783c7dacd2b560f - - default default] GET http://cinder-api.openstack.svc.cluster.local:8776/v3/os-quota-sets/9a70ac6914e84ee297359b67431146b7?usage=true
2026-07-01 14:14:52.576 8 INFO cinder.api.openstack.wsgi [None req-d97f793f-fa54-4156-82c1-e2135eb971b6 1286d8d4d190427ba7998c367135e3cf 2165447a54bc47c89783c7dacd2b560f - - default default] http://cinder-api.openstack.svc.cluster.local:8776/v3/os-quota-sets/9a70ac6914e84ee297359b67431146b7?usage=true returned with HTTP 200 [pid: 8|app: 0|req: 276/550] 10.0.0.201 () {28 vars in 670 bytes} [Wed Jul 1 14:14:52 2026] GET /v3/os-quota-sets/9a70ac6914e84ee297359b67431146b7?usage=true => generated 845 bytes in 35 msecs (HTTP/1.1 200) 7 headers in 285 bytes (1 switches on core 0)
2026-07-01 14:14:52.592 7 INFO cinder.api.openstack.wsgi [None req-d323c1be-d5f4-412c-a623-9398e1e468d0 1286d8d4d190427ba7998c367135e3cf 2165447a54bc47c89783c7dacd2b560f - - default default] GET http://cinder-api.openstack.svc.cluster.local:8776/v3/os-quota-sets/fc74f8fdf37343629437461074e17641?usage=true
2026-07-01 14:14:52.609 7 INFO cinder.api.openstack.wsgi [None req-d323c1be-d5f4-412c-a623-9398e1e468d0 1286d8d4d190427ba7998c367135e3cf 2165447a54bc47c89783c7dacd2b560f - - default default] http://cinder-api.openstack.svc.cluster.local:8776/v3/os-quota-sets/fc74f8fdf37343629437461074e17641?usage=true returned with HTTP 200 [pid: 7|app: 0|req: 275/551] 10.0.0.201 () {28 vars in 670 bytes} [Wed Jul 1 14:14:52 2026] GET /v3/os-quota-sets/fc74f8fdf37343629437461074e17641?usage=true => generated 847 bytes in 25 msecs (HTTP/1.1 200) 7 headers in 285 bytes (1 switches on core 0)
2026-07-01 14:14:52.618 8 INFO cinder.api.openstack.wsgi [None req-31d2b759-d882-4481-b9d3-adde7674c14e 1286d8d4d190427ba7998c367135e3cf 2165447a54bc47c89783c7dacd2b560f - - default default] GET http://cinder-api.openstack.svc.cluster.local:8776/v3/volumes/detail?all_tenants=true
2026-07-01 14:14:52.627 8 INFO cinder.volume.api [None req-31d2b759-d882-4481-b9d3-adde7674c14e 1286d8d4d190427ba7998c367135e3cf 2165447a54bc47c89783c7dacd2b560f - - default default] Get all volumes completed successfully.
2026-07-01 14:14:52.629 8 INFO cinder.api.openstack.wsgi [None req-31d2b759-d882-4481-b9d3-adde7674c14e 1286d8d4d190427ba7998c367135e3cf 2165447a54bc47c89783c7dacd2b560f - - default default] http://cinder-api.openstack.svc.cluster.local:8776/v3/volumes/detail?all_tenants=true returned with HTTP 200 [pid: 8|app: 0|req: 277/552] 10.0.0.201 () {28 vars in 618 bytes} [Wed Jul 1 14:14:52 2026] GET /v3/volumes/detail?all_tenants=true => generated 15 bytes in 16 msecs (HTTP/1.1 200) 7 headers in 284 bytes (1 switches on core 0)
2026-07-01 14:14:52.636 7 INFO cinder.api.openstack.wsgi [None req-8719ae02-6b29-4813-82cb-220a8d4b7908 1286d8d4d190427ba7998c367135e3cf 2165447a54bc47c89783c7dacd2b560f - - default default] GET http://cinder-api.openstack.svc.cluster.local:8776/v3/os-services
2026-07-01 14:14:52.640 7 INFO cinder.api.openstack.wsgi [None req-8719ae02-6b29-4813-82cb-220a8d4b7908 1286d8d4d190427ba7998c367135e3cf 2165447a54bc47c89783c7dacd2b560f - - default default] http://cinder-api.openstack.svc.cluster.local:8776/v3/os-services returned with HTTP 200 [pid: 7|app: 0|req: 276/553] 10.0.0.201 () {28 vars in 579 bytes} [Wed Jul 1 14:14:52 2026] GET /v3/os-services => generated 646 bytes in 8 msecs (HTTP/1.1 200) 7 headers in 285 bytes (1 switches on core 0)
2026-07-01 14:14:52.650 8 INFO cinder.api.openstack.wsgi [None req-7bd70f94-5bb4-449f-80ff-c43cc3121294 1286d8d4d190427ba7998c367135e3cf 2165447a54bc47c89783c7dacd2b560f - - default default] GET http://cinder-api.openstack.svc.cluster.local:8776/v3/snapshots?all_tenants=true
2026-07-01 14:14:52.656 8 INFO cinder.volume.api [None req-7bd70f94-5bb4-449f-80ff-c43cc3121294 1286d8d4d190427ba7998c367135e3cf 2165447a54bc47c89783c7dacd2b560f - - default default] Get all snapshots completed successfully.
2026-07-01 14:14:52.656 8 INFO cinder.api.openstack.wsgi [None req-7bd70f94-5bb4-449f-80ff-c43cc3121294 1286d8d4d190427ba7998c367135e3cf 2165447a54bc47c89783c7dacd2b560f - - default default] http://cinder-api.openstack.svc.cluster.local:8776/v3/snapshots?all_tenants=true returned with HTTP 200 [pid: 8|app: 0|req: 278/554] 10.0.0.201 () {28 vars in 608 bytes} [Wed Jul 1 14:14:52 2026] GET /v3/snapshots?all_tenants=true => generated 17 bytes in 13 msecs (HTTP/1.1 200) 7 headers in 284 bytes (1 switches on core 0)
2026-07-01 14:14:52.663 7 INFO cinder.api.openstack.wsgi [None req-120ebc93-f104-4438-9f6a-e0862eb782fb 1286d8d4d190427ba7998c367135e3cf 2165447a54bc47c89783c7dacd2b560f - - default default] GET http://cinder-api.openstack.svc.cluster.local:8776/v3/volumes/detail?all_tenants=true
2026-07-01 14:14:52.671 7 INFO cinder.volume.api [None req-120ebc93-f104-4438-9f6a-e0862eb782fb 1286d8d4d190427ba7998c367135e3cf 2165447a54bc47c89783c7dacd2b560f - - default default] Get all volumes completed successfully.
2026-07-01 14:14:52.673 7 INFO cinder.api.openstack.wsgi [None req-120ebc93-f104-4438-9f6a-e0862eb782fb 1286d8d4d190427ba7998c367135e3cf 2165447a54bc47c89783c7dacd2b560f - - default default] http://cinder-api.openstack.svc.cluster.local:8776/v3/volumes/detail?all_tenants=true returned with HTTP 200 [pid: 7|app: 0|req: 277/555] 10.0.0.201 () {28 vars in 618 bytes} [Wed Jul 1 14:14:52 2026] GET /v3/volumes/detail?all_tenants=true => generated 15 bytes in 13 msecs (HTTP/1.1 200) 7 headers in 284 bytes (1 switches on core 0)
2026-07-01 14:15:51.869 7 INFO cinder.api.openstack.wsgi [None req-972ea37f-3801-46e1-a017-62345e7120b4 1286d8d4d190427ba7998c367135e3cf 2165447a54bc47c89783c7dacd2b560f - - default default] GET http://cinder-api.openstack.svc.cluster.local:8776/v3/volumes/detail?all_tenants=true
2026-07-01 14:15:51.877 7 INFO cinder.volume.api [None req-972ea37f-3801-46e1-a017-62345e7120b4 1286d8d4d190427ba7998c367135e3cf 2165447a54bc47c89783c7dacd2b560f - - default default] Get all volumes completed successfully.
2026-07-01 14:15:51.879 7 INFO cinder.api.openstack.wsgi [None req-972ea37f-3801-46e1-a017-62345e7120b4 1286d8d4d190427ba7998c367135e3cf 2165447a54bc47c89783c7dacd2b560f - - default default] http://cinder-api.openstack.svc.cluster.local:8776/v3/volumes/detail?all_tenants=true returned with HTTP 200 [pid: 7|app: 0|req: 284/568] 10.0.0.201 () {28 vars in 618 bytes} [Wed Jul 1 14:15:51 2026] GET /v3/volumes/detail?all_tenants=true => generated 15 bytes in 53 msecs (HTTP/1.1 200) 7 headers in 284 bytes (1 switches on core 0)
2026-07-01 14:15:51.897 8 INFO cinder.api.openstack.wsgi [None req-db5c77c7-d441-4a9e-acac-0d8d4de07e21 1286d8d4d190427ba7998c367135e3cf 2165447a54bc47c89783c7dacd2b560f - - default default] GET http://cinder-api.openstack.svc.cluster.local:8776/v3/snapshots?all_tenants=true
2026-07-01 14:15:51.902 8 INFO cinder.volume.api [None req-db5c77c7-d441-4a9e-acac-0d8d4de07e21 1286d8d4d190427ba7998c367135e3cf 2165447a54bc47c89783c7dacd2b560f - - default default] Get all snapshots completed successfully.
2026-07-01 14:15:51.903 8 INFO cinder.api.openstack.wsgi [None req-db5c77c7-d441-4a9e-acac-0d8d4de07e21 1286d8d4d190427ba7998c367135e3cf 2165447a54bc47c89783c7dacd2b560f - - default default] http://cinder-api.openstack.svc.cluster.local:8776/v3/snapshots?all_tenants=true returned with HTTP 200 [pid: 8|app: 0|req: 285/569] 10.0.0.201 () {28 vars in 608 bytes} [Wed Jul 1 14:15:51 2026] GET /v3/snapshots?all_tenants=true => generated 17 bytes in 12 msecs (HTTP/1.1 200) 7 headers in 284 bytes (1 switches on core 0)
2026-07-01 14:15:51.912 7 INFO cinder.api.openstack.wsgi [None req-e1fd10de-b838-4b92-98ce-62fcc67b249c 1286d8d4d190427ba7998c367135e3cf 2165447a54bc47c89783c7dacd2b560f - - default default] GET http://cinder-api.openstack.svc.cluster.local:8776/v3/os-services
2026-07-01 14:15:51.916 7 INFO cinder.api.openstack.wsgi [None req-e1fd10de-b838-4b92-98ce-62fcc67b249c 1286d8d4d190427ba7998c367135e3cf 2165447a54bc47c89783c7dacd2b560f - - default default] http://cinder-api.openstack.svc.cluster.local:8776/v3/os-services returned with HTTP 200 [pid: 7|app: 0|req: 285/570] 10.0.0.201 () {28 vars in 579 bytes} [Wed Jul 1 14:15:51 2026] GET /v3/os-services => generated 646 bytes in 11 msecs (HTTP/1.1 200) 7 headers in 285 bytes (1 switches on core 0)
2026-07-01 14:15:51.926 8 INFO cinder.api.openstack.wsgi [None req-99ff54a0-f700-4e13-87b9-b36802ab50fb 1286d8d4d190427ba7998c367135e3cf 2165447a54bc47c89783c7dacd2b560f - - default default] GET http://cinder-api.openstack.svc.cluster.local:8776/v3/volumes/detail?all_tenants=true
2026-07-01 14:15:51.939 8 INFO cinder.volume.api [None req-99ff54a0-f700-4e13-87b9-b36802ab50fb 1286d8d4d190427ba7998c367135e3cf 2165447a54bc47c89783c7dacd2b560f - - default default] Get all volumes completed successfully.
2026-07-01 14:15:51.941 8 INFO cinder.api.openstack.wsgi [None req-99ff54a0-f700-4e13-87b9-b36802ab50fb 1286d8d4d190427ba7998c367135e3cf 2165447a54bc47c89783c7dacd2b560f - - default default] http://cinder-api.openstack.svc.cluster.local:8776/v3/volumes/detail?all_tenants=true returned with HTTP 200 [pid: 8|app: 0|req: 286/571] 10.0.0.201 () {28 vars in 618 bytes} [Wed Jul 1 14:15:51 2026] GET /v3/volumes/detail?all_tenants=true => generated 15 bytes in 22 msecs (HTTP/1.1 200) 7 headers in 284 bytes (1 switches on core 0)
2026-07-01 14:15:51.951 7 INFO cinder.api.openstack.wsgi [None req-5fb8453e-b986-4276-a473-08c6086c721c 1286d8d4d190427ba7998c367135e3cf 2165447a54bc47c89783c7dacd2b560f - - default default] GET http://cinder-api.openstack.svc.cluster.local:8776/v3/scheduler-stats/get_pools?detail=true
2026-07-01 14:15:52.454 7 INFO cinder.api.openstack.wsgi [None req-5fb8453e-b986-4276-a473-08c6086c721c 1286d8d4d190427ba7998c367135e3cf 2165447a54bc47c89783c7dacd2b560f - - default default] http://cinder-api.openstack.svc.cluster.local:8776/v3/scheduler-stats/get_pools?detail=true returned with HTTP 200 [pid: 7|app: 0|req: 286/572] 10.0.0.201 () {28 vars in 630 bytes} [Wed Jul 1 14:15:51 2026] GET /v3/scheduler-stats/get_pools?detail=true => generated 670 bytes in 509 msecs (HTTP/1.1 200) 7 headers in 285 bytes (1 switches on core 0)
2026-07-01 14:15:52.489 8 INFO cinder.api.openstack.wsgi [None req-e9e0bf65-7569-4b11-a2ba-891f6140ba42 1286d8d4d190427ba7998c367135e3cf 2165447a54bc47c89783c7dacd2b560f - - default default] GET http://cinder-api.openstack.svc.cluster.local:8776/v3/os-quota-sets/2165447a54bc47c89783c7dacd2b560f?usage=true
2026-07-01 14:15:52.508 8 INFO cinder.api.openstack.wsgi [None req-e9e0bf65-7569-4b11-a2ba-891f6140ba42 1286d8d4d190427ba7998c367135e3cf 2165447a54bc47c89783c7dacd2b560f - - default default] http://cinder-api.openstack.svc.cluster.local:8776/v3/os-quota-sets/2165447a54bc47c89783c7dacd2b560f?usage=true returned with HTTP 200 [pid: 8|app: 0|req: 287/573] 10.0.0.201 () {28 vars in 670 bytes} [Wed Jul 1 14:15:52 2026] GET /v3/os-quota-sets/2165447a54bc47c89783c7dacd2b560f?usage=true => generated 845 bytes in 26 msecs (HTTP/1.1 200) 7 headers in 285 bytes (1 switches on core 0)
2026-07-01 14:15:52.520 7 INFO cinder.api.openstack.wsgi [None req-de910b7d-5c3f-4a0d-bb48-63f574fcae3d 1286d8d4d190427ba7998c367135e3cf 2165447a54bc47c89783c7dacd2b560f - - default default] GET http://cinder-api.openstack.svc.cluster.local:8776/v3/os-quota-sets/9a70ac6914e84ee297359b67431146b7?usage=true
2026-07-01 14:15:52.542 7 INFO cinder.api.openstack.wsgi [None req-de910b7d-5c3f-4a0d-bb48-63f574fcae3d 1286d8d4d190427ba7998c367135e3cf 2165447a54bc47c89783c7dacd2b560f - - default default] http://cinder-api.openstack.svc.cluster.local:8776/v3/os-quota-sets/9a70ac6914e84ee297359b67431146b7?usage=true returned with HTTP 200 [pid: 7|app: 0|req: 287/574] 10.0.0.201 () {28 vars in 670 bytes} [Wed Jul 1 14:15:52 2026] GET /v3/os-quota-sets/9a70ac6914e84ee297359b67431146b7?usage=true => generated 845 bytes in 29 msecs (HTTP/1.1 200) 7 headers in 285 bytes (1 switches on core 0)
2026-07-01 14:15:52.553 8 INFO cinder.api.openstack.wsgi [None req-08662b47-1c6f-41b6-b271-87c87bc5557d 1286d8d4d190427ba7998c367135e3cf 2165447a54bc47c89783c7dacd2b560f - - default default] GET http://cinder-api.openstack.svc.cluster.local:8776/v3/os-quota-sets/fc74f8fdf37343629437461074e17641?usage=true
2026-07-01 14:15:52.567 8 INFO cinder.api.openstack.wsgi [None req-08662b47-1c6f-41b6-b271-87c87bc5557d 1286d8d4d190427ba7998c367135e3cf 2165447a54bc47c89783c7dacd2b560f - - default default] http://cinder-api.openstack.svc.cluster.local:8776/v3/os-quota-sets/fc74f8fdf37343629437461074e17641?usage=true returned with HTTP 200 [pid: 8|app: 0|req: 288/575] 10.0.0.201 () {28 vars in 670 bytes} [Wed Jul 1 14:15:52 2026] GET /v3/os-quota-sets/fc74f8fdf37343629437461074e17641?usage=true => generated 847 bytes in 21 msecs (HTTP/1.1 200) 7 headers in 285 bytes (1 switches on core 0)
2026-07-01 14:16:51.865 7 INFO cinder.api.openstack.wsgi [None req-904bdb8d-2b9e-43d6-88f1-788d285820dc 1286d8d4d190427ba7998c367135e3cf 2165447a54bc47c89783c7dacd2b560f - - default default] GET http://cinder-api.openstack.svc.cluster.local:8776/v3/volumes/detail?all_tenants=true
2026-07-01 14:16:51.875 7 INFO cinder.volume.api [None req-904bdb8d-2b9e-43d6-88f1-788d285820dc 1286d8d4d190427ba7998c367135e3cf 2165447a54bc47c89783c7dacd2b560f - - default default] Get all volumes completed successfully.
2026-07-01 14:16:51.877 7 INFO cinder.api.openstack.wsgi [None req-904bdb8d-2b9e-43d6-88f1-788d285820dc 1286d8d4d190427ba7998c367135e3cf 2165447a54bc47c89783c7dacd2b560f - - default default] http://cinder-api.openstack.svc.cluster.local:8776/v3/volumes/detail?all_tenants=true returned with HTTP 200 [pid: 7|app: 0|req: 294/588] 10.0.0.201 () {28 vars in 618 bytes} [Wed Jul 1 14:16:51 2026] GET /v3/volumes/detail?all_tenants=true => generated 15 bytes in 53 msecs (HTTP/1.1 200) 7 headers in 284 bytes (1 switches on core 0)
2026-07-01 14:16:51.892 8 INFO cinder.api.openstack.wsgi [None req-b2b27602-9b0d-4e42-82bf-2517a4079d27 1286d8d4d190427ba7998c367135e3cf 2165447a54bc47c89783c7dacd2b560f - - default default] GET http://cinder-api.openstack.svc.cluster.local:8776/v3/os-services
2026-07-01 14:16:51.897 8 INFO cinder.api.openstack.wsgi [None req-b2b27602-9b0d-4e42-82bf-2517a4079d27 1286d8d4d190427ba7998c367135e3cf 2165447a54bc47c89783c7dacd2b560f - - default default] http://cinder-api.openstack.svc.cluster.local:8776/v3/os-services returned with HTTP 200 [pid: 8|app: 0|req: 295/589] 10.0.0.201 () {28 vars in 579 bytes} [Wed Jul 1 14:16:51 2026] GET /v3/os-services => generated 646 bytes in 12 msecs (HTTP/1.1 200) 7 headers in 285 bytes (1 switches on core 0)
2026-07-01 14:16:51.941 7 INFO cinder.api.openstack.wsgi [None req-b408ba7b-2a43-4f31-809b-e65a8da3076d 1286d8d4d190427ba7998c367135e3cf 2165447a54bc47c89783c7dacd2b560f - - default default] GET http://cinder-api.openstack.svc.cluster.local:8776/v3/os-quota-sets/2165447a54bc47c89783c7dacd2b560f?usage=true
2026-07-01 14:16:51.961 7 INFO cinder.api.openstack.wsgi [None req-b408ba7b-2a43-4f31-809b-e65a8da3076d 1286d8d4d190427ba7998c367135e3cf 2165447a54bc47c89783c7dacd2b560f - - default default] http://cinder-api.openstack.svc.cluster.local:8776/v3/os-quota-sets/2165447a54bc47c89783c7dacd2b560f?usage=true returned with HTTP 200 [pid: 7|app: 0|req: 295/590] 10.0.0.201 () {28 vars in 670 bytes} [Wed Jul 1 14:16:51 2026] GET /v3/os-quota-sets/2165447a54bc47c89783c7dacd2b560f?usage=true => generated 845 bytes in 25 msecs (HTTP/1.1 200) 7 headers in 285 bytes (1 switches on core 0)
2026-07-01 14:16:51.972 8 INFO cinder.api.openstack.wsgi [None req-8d37fa51-aaec-4425-92de-8ab77853afc6 1286d8d4d190427ba7998c367135e3cf 2165447a54bc47c89783c7dacd2b560f - - default default] GET http://cinder-api.openstack.svc.cluster.local:8776/v3/os-quota-sets/9a70ac6914e84ee297359b67431146b7?usage=true
2026-07-01 14:16:51.988 8 INFO cinder.api.openstack.wsgi [None req-8d37fa51-aaec-4425-92de-8ab77853afc6 1286d8d4d190427ba7998c367135e3cf 2165447a54bc47c89783c7dacd2b560f - - default default] http://cinder-api.openstack.svc.cluster.local:8776/v3/os-quota-sets/9a70ac6914e84ee297359b67431146b7?usage=true returned with HTTP 200 [pid: 8|app: 0|req: 296/591] 10.0.0.201 () {28 vars in 670 bytes} [Wed Jul 1 14:16:51 2026] GET /v3/os-quota-sets/9a70ac6914e84ee297359b67431146b7?usage=true => generated 845 bytes in 23 msecs (HTTP/1.1 200) 7 headers in 285 bytes (1 switches on core 0)
2026-07-01 14:16:51.999 7 INFO cinder.api.openstack.wsgi [None req-33060551-1c42-4837-b27c-bd2b8f3a730c 1286d8d4d190427ba7998c367135e3cf 2165447a54bc47c89783c7dacd2b560f - - default default] GET http://cinder-api.openstack.svc.cluster.local:8776/v3/os-quota-sets/fc74f8fdf37343629437461074e17641?usage=true
2026-07-01 14:16:52.017 7 INFO cinder.api.openstack.wsgi [None req-33060551-1c42-4837-b27c-bd2b8f3a730c 1286d8d4d190427ba7998c367135e3cf 2165447a54bc47c89783c7dacd2b560f - - default default] http://cinder-api.openstack.svc.cluster.local:8776/v3/os-quota-sets/fc74f8fdf37343629437461074e17641?usage=true returned with HTTP 200 [pid: 7|app: 0|req: 296/592] 10.0.0.201 () {28 vars in 670 bytes} [Wed Jul 1 14:16:51 2026] GET /v3/os-quota-sets/fc74f8fdf37343629437461074e17641?usage=true => generated 847 bytes in 26 msecs (HTTP/1.1 200) 7 headers in 285 bytes (1 switches on core 0)
2026-07-01 14:16:52.027 8 INFO cinder.api.openstack.wsgi [None req-b87b37b6-ddca-4d47-866c-8ad4fe8c99b4 1286d8d4d190427ba7998c367135e3cf 2165447a54bc47c89783c7dacd2b560f - - default default] GET http://cinder-api.openstack.svc.cluster.local:8776/v3/volumes/detail?all_tenants=true
2026-07-01 14:16:52.035 8 INFO cinder.volume.api [None req-b87b37b6-ddca-4d47-866c-8ad4fe8c99b4 1286d8d4d190427ba7998c367135e3cf 2165447a54bc47c89783c7dacd2b560f - - default default] Get all volumes completed successfully.
2026-07-01 14:16:52.038 8 INFO cinder.api.openstack.wsgi [None req-b87b37b6-ddca-4d47-866c-8ad4fe8c99b4 1286d8d4d190427ba7998c367135e3cf 2165447a54bc47c89783c7dacd2b560f - - default default] http://cinder-api.openstack.svc.cluster.local:8776/v3/volumes/detail?all_tenants=true returned with HTTP 200 [pid: 8|app: 0|req: 297/593] 10.0.0.201 () {28 vars in 618 bytes} [Wed Jul 1 14:16:52 2026] GET /v3/volumes/detail?all_tenants=true => generated 15 bytes in 18 msecs (HTTP/1.1 200) 7 headers in 284 bytes (1 switches on core 0)
2026-07-01 14:16:52.048 7 INFO cinder.api.openstack.wsgi [None req-8648f5b8-e241-4e6c-b93e-351e3a737681 1286d8d4d190427ba7998c367135e3cf 2165447a54bc47c89783c7dacd2b560f - - default default] GET http://cinder-api.openstack.svc.cluster.local:8776/v3/snapshots?all_tenants=true
2026-07-01 14:16:52.053 7 INFO cinder.volume.api [None req-8648f5b8-e241-4e6c-b93e-351e3a737681 1286d8d4d190427ba7998c367135e3cf 2165447a54bc47c89783c7dacd2b560f - - default default] Get all snapshots completed successfully.
2026-07-01 14:16:52.053 7 INFO cinder.api.openstack.wsgi [None req-8648f5b8-e241-4e6c-b93e-351e3a737681 1286d8d4d190427ba7998c367135e3cf 2165447a54bc47c89783c7dacd2b560f - - default default] http://cinder-api.openstack.svc.cluster.local:8776/v3/snapshots?all_tenants=true returned with HTTP 200 [pid: 7|app: 0|req: 297/594] 10.0.0.201 () {28 vars in 608 bytes} [Wed Jul 1 14:16:52 2026] GET /v3/snapshots?all_tenants=true => generated 17 bytes in 10 msecs (HTTP/1.1 200) 7 headers in 284 bytes (1 switches on core 0)
2026-07-01 14:16:52.065 8 INFO cinder.api.openstack.wsgi [None req-f23d7beb-e960-40d2-aa10-028f6afd9615 1286d8d4d190427ba7998c367135e3cf 2165447a54bc47c89783c7dacd2b560f - - default default] GET http://cinder-api.openstack.svc.cluster.local:8776/v3/scheduler-stats/get_pools?detail=true
2026-07-01 14:16:52.569 8 INFO cinder.api.openstack.wsgi [None req-f23d7beb-e960-40d2-aa10-028f6afd9615 1286d8d4d190427ba7998c367135e3cf 2165447a54bc47c89783c7dacd2b560f - - default default] http://cinder-api.openstack.svc.cluster.local:8776/v3/scheduler-stats/get_pools?detail=true returned with HTTP 200 [pid: 8|app: 0|req: 298/595] 10.0.0.201 () {28 vars in 630 bytes} [Wed Jul 1 14:16:52 2026] GET /v3/scheduler-stats/get_pools?detail=true => generated 670 bytes in 512 msecs (HTTP/1.1 200) 7 headers in 285 bytes (1 switches on core 0)
2026-07-01 14:17:10.312 7 INFO cinder.api.openstack.wsgi [None req-fd1da7de-1578-43c1-aaac-5b4352677bc6 1286d8d4d190427ba7998c367135e3cf 2165447a54bc47c89783c7dacd2b560f - - default default] GET https://volume.199-204-45-49.nip.io/v3/os-quota-sets/2165447a54bc47c89783c7dacd2b560f?usage=False
2026-07-01 14:17:10.329 7 INFO cinder.api.openstack.wsgi [None req-fd1da7de-1578-43c1-aaac-5b4352677bc6 1286d8d4d190427ba7998c367135e3cf 2165447a54bc47c89783c7dacd2b560f - - default default] https://volume.199-204-45-49.nip.io/v3/os-quota-sets/2165447a54bc47c89783c7dacd2b560f?usage=False returned with HTTP 200 [pid: 7|app: 0|req: 300/600] 199.204.45.49 () {44 vars in 998 bytes} [Wed Jul 1 14:17:10 2026] GET /v3/os-quota-sets/2165447a54bc47c89783c7dacd2b560f?usage=False => generated 338 bytes in 53 msecs (HTTP/1.1 200) 7 headers in 285 bytes (1 switches on core 0)
2026-07-01 14:17:51.870 7 INFO cinder.api.openstack.wsgi [None req-85e3f6ad-f08f-46b1-9cb9-331b91fb3327 1286d8d4d190427ba7998c367135e3cf 2165447a54bc47c89783c7dacd2b560f - - default default] GET http://cinder-api.openstack.svc.cluster.local:8776/v3/scheduler-stats/get_pools?detail=true
2026-07-01 14:17:52.373 7 INFO cinder.api.openstack.wsgi [None req-85e3f6ad-f08f-46b1-9cb9-331b91fb3327 1286d8d4d190427ba7998c367135e3cf 2165447a54bc47c89783c7dacd2b560f - - default default] http://cinder-api.openstack.svc.cluster.local:8776/v3/scheduler-stats/get_pools?detail=true returned with HTTP 200 [pid: 7|app: 0|req: 305/609] 10.0.0.201 () {28 vars in 630 bytes} [Wed Jul 1 14:17:51 2026] GET /v3/scheduler-stats/get_pools?detail=true => generated 670 bytes in 554 msecs (HTTP/1.1 200) 7 headers in 285 bytes (1 switches on core 0)
2026-07-01 14:17:52.386 8 INFO cinder.api.openstack.wsgi [None req-ca748814-ee72-4ac3-80c0-22a5e1c9b132 1286d8d4d190427ba7998c367135e3cf 2165447a54bc47c89783c7dacd2b560f - - default default] GET http://cinder-api.openstack.svc.cluster.local:8776/v3/os-services
2026-07-01 14:17:52.392 8 INFO cinder.api.openstack.wsgi [None req-ca748814-ee72-4ac3-80c0-22a5e1c9b132 1286d8d4d190427ba7998c367135e3cf 2165447a54bc47c89783c7dacd2b560f - - default default] http://cinder-api.openstack.svc.cluster.local:8776/v3/os-services returned with HTTP 200 [pid: 8|app: 0|req: 305/610] 10.0.0.201 () {28 vars in 579 bytes} [Wed Jul 1 14:17:52 2026] GET /v3/os-services => generated 646 bytes in 13 msecs (HTTP/1.1 200) 7 headers in 285 bytes (1 switches on core 0)
2026-07-01 14:17:52.424 7 INFO cinder.api.openstack.wsgi [None req-dd91fc26-b1f2-4b6f-8b77-152e11d4a502 1286d8d4d190427ba7998c367135e3cf 2165447a54bc47c89783c7dacd2b560f - - default default] GET http://cinder-api.openstack.svc.cluster.local:8776/v3/os-quota-sets/2165447a54bc47c89783c7dacd2b560f?usage=true
2026-07-01 14:17:52.446 7 INFO cinder.api.openstack.wsgi [None req-dd91fc26-b1f2-4b6f-8b77-152e11d4a502 1286d8d4d190427ba7998c367135e3cf 2165447a54bc47c89783c7dacd2b560f - - default default] http://cinder-api.openstack.svc.cluster.local:8776/v3/os-quota-sets/2165447a54bc47c89783c7dacd2b560f?usage=true returned with HTTP 200 [pid: 7|app: 0|req: 306/611] 10.0.0.201 () {28 vars in 670 bytes} [Wed Jul 1 14:17:52 2026] GET /v3/os-quota-sets/2165447a54bc47c89783c7dacd2b560f?usage=true => generated 845 bytes in 29 msecs (HTTP/1.1 200) 7 headers in 285 bytes (1 switches on core 0)
2026-07-01 14:17:52.457 8 INFO cinder.api.openstack.wsgi [None req-1e010e93-cf1e-45db-920e-9cec3b0ec8b3 1286d8d4d190427ba7998c367135e3cf 2165447a54bc47c89783c7dacd2b560f - - default default] GET http://cinder-api.openstack.svc.cluster.local:8776/v3/os-quota-sets/9a70ac6914e84ee297359b67431146b7?usage=true
2026-07-01 14:17:52.478 8 INFO cinder.api.openstack.wsgi [None req-1e010e93-cf1e-45db-920e-9cec3b0ec8b3 1286d8d4d190427ba7998c367135e3cf 2165447a54bc47c89783c7dacd2b560f - - default default] http://cinder-api.openstack.svc.cluster.local:8776/v3/os-quota-sets/9a70ac6914e84ee297359b67431146b7?usage=true returned with HTTP 200 [pid: 8|app: 0|req: 306/612] 10.0.0.201 () {28 vars in 670 bytes} [Wed Jul 1 14:17:52 2026] GET /v3/os-quota-sets/9a70ac6914e84ee297359b67431146b7?usage=true => generated 845 bytes in 29 msecs (HTTP/1.1 200) 7 headers in 285 bytes (1 switches on core 0)
2026-07-01 14:17:52.489 7 INFO cinder.api.openstack.wsgi [None req-3580dec8-9c2e-431c-ab62-3a486b6d42bc 1286d8d4d190427ba7998c367135e3cf 2165447a54bc47c89783c7dacd2b560f - - default default] GET http://cinder-api.openstack.svc.cluster.local:8776/v3/os-quota-sets/fc74f8fdf37343629437461074e17641?usage=true
2026-07-01 14:17:52.508 7 INFO cinder.api.openstack.wsgi [None req-3580dec8-9c2e-431c-ab62-3a486b6d42bc 1286d8d4d190427ba7998c367135e3cf 2165447a54bc47c89783c7dacd2b560f - - default default] http://cinder-api.openstack.svc.cluster.local:8776/v3/os-quota-sets/fc74f8fdf37343629437461074e17641?usage=true returned with HTTP 200 [pid: 7|app: 0|req: 307/613] 10.0.0.201 () {28 vars in 670 bytes} [Wed Jul 1 14:17:52 2026] GET /v3/os-quota-sets/fc74f8fdf37343629437461074e17641?usage=true => generated 847 bytes in 27 msecs (HTTP/1.1 200) 7 headers in 285 bytes (1 switches on core 0)
2026-07-01 14:17:52.520 8 INFO cinder.api.openstack.wsgi [None req-dda8266f-02d3-4ced-b825-a9c217d1bc1b 1286d8d4d190427ba7998c367135e3cf 2165447a54bc47c89783c7dacd2b560f - - default default] GET http://cinder-api.openstack.svc.cluster.local:8776/v3/snapshots?all_tenants=true
2026-07-01 14:17:52.526 8 INFO cinder.volume.api [None req-dda8266f-02d3-4ced-b825-a9c217d1bc1b 1286d8d4d190427ba7998c367135e3cf 2165447a54bc47c89783c7dacd2b560f - - default default] Get all snapshots completed successfully.
2026-07-01 14:17:52.527 8 INFO cinder.api.openstack.wsgi [None req-dda8266f-02d3-4ced-b825-a9c217d1bc1b 1286d8d4d190427ba7998c367135e3cf 2165447a54bc47c89783c7dacd2b560f - - default default] http://cinder-api.openstack.svc.cluster.local:8776/v3/snapshots?all_tenants=true returned with HTTP 200 [pid: 8|app: 0|req: 307/614] 10.0.0.201 () {28 vars in 608 bytes} [Wed Jul 1 14:17:52 2026] GET /v3/snapshots?all_tenants=true => generated 17 bytes in 14 msecs (HTTP/1.1 200) 7 headers in 284 bytes (1 switches on core 0)
2026-07-01 14:17:52.537 7 INFO cinder.api.openstack.wsgi [None req-3d20d1e6-0a57-44bb-8780-78777586a30f 1286d8d4d190427ba7998c367135e3cf 2165447a54bc47c89783c7dacd2b560f - - default default] GET http://cinder-api.openstack.svc.cluster.local:8776/v3/volumes/detail?all_tenants=true
2026-07-01 14:17:52.548 7 INFO cinder.volume.api [None req-3d20d1e6-0a57-44bb-8780-78777586a30f 1286d8d4d190427ba7998c367135e3cf 2165447a54bc47c89783c7dacd2b560f - - default default] Get all volumes completed successfully.
2026-07-01 14:17:52.550 7 INFO cinder.api.openstack.wsgi [None req-3d20d1e6-0a57-44bb-8780-78777586a30f 1286d8d4d190427ba7998c367135e3cf 2165447a54bc47c89783c7dacd2b560f - - default default] http://cinder-api.openstack.svc.cluster.local:8776/v3/volumes/detail?all_tenants=true returned with HTTP 200 [pid: 7|app: 0|req: 308/615] 10.0.0.201 () {28 vars in 618 bytes} [Wed Jul 1 14:17:52 2026] GET /v3/volumes/detail?all_tenants=true => generated 15 bytes in 19 msecs (HTTP/1.1 200) 7 headers in 284 bytes (1 switches on core 0)
2026-07-01 14:17:52.560 8 INFO cinder.api.openstack.wsgi [None req-57ddf7fc-9f43-4418-9097-7474793ea227 1286d8d4d190427ba7998c367135e3cf 2165447a54bc47c89783c7dacd2b560f - - default default] GET http://cinder-api.openstack.svc.cluster.local:8776/v3/volumes/detail?all_tenants=true
2026-07-01 14:17:52.568 8 INFO cinder.volume.api [None req-57ddf7fc-9f43-4418-9097-7474793ea227 1286d8d4d190427ba7998c367135e3cf 2165447a54bc47c89783c7dacd2b560f - - default default] Get all volumes completed successfully.
2026-07-01 14:17:52.570 8 INFO cinder.api.openstack.wsgi [None req-57ddf7fc-9f43-4418-9097-7474793ea227 1286d8d4d190427ba7998c367135e3cf 2165447a54bc47c89783c7dacd2b560f - - default default] http://cinder-api.openstack.svc.cluster.local:8776/v3/volumes/detail?all_tenants=true returned with HTTP 200 [pid: 8|app: 0|req: 308/616] 10.0.0.201 () {28 vars in 618 bytes} [Wed Jul 1 14:17:52 2026] GET /v3/volumes/detail?all_tenants=true => generated 15 bytes in 17 msecs (HTTP/1.1 200) 7 headers in 284 bytes (1 switches on core 0)
2026-07-01 14:18:14.832 7 INFO cinder.api.openstack.wsgi [None req-3f2f2812-3948-4a6f-8e89-f4de66fc2163 1286d8d4d190427ba7998c367135e3cf 2165447a54bc47c89783c7dacd2b560f - - default default] GET https://volume.199-204-45-49.nip.io/v3/os-quota-sets/9a70ac6914e84ee297359b67431146b7?usage=False
2026-07-01 14:18:14.854 7 INFO cinder.api.openstack.wsgi [None req-3f2f2812-3948-4a6f-8e89-f4de66fc2163 1286d8d4d190427ba7998c367135e3cf 2165447a54bc47c89783c7dacd2b560f - - default default] https://volume.199-204-45-49.nip.io/v3/os-quota-sets/9a70ac6914e84ee297359b67431146b7?usage=False returned with HTTP 200 [pid: 7|app: 0|req: 311/621] 199.204.45.49 () {44 vars in 998 bytes} [Wed Jul 1 14:18:14 2026] GET /v3/os-quota-sets/9a70ac6914e84ee297359b67431146b7?usage=False => generated 338 bytes in 65 msecs (HTTP/1.1 200) 7 headers in 285 bytes (1 switches on core 0)
2026-07-01 14:18:51.936 7 INFO cinder.api.openstack.wsgi [None req-392aafa6-cf84-4edc-bfc6-bedf51df0d8b 1286d8d4d190427ba7998c367135e3cf 2165447a54bc47c89783c7dacd2b560f - - default default] GET http://cinder-api.openstack.svc.cluster.local:8776/v3/snapshots?all_tenants=true
2026-07-01 14:18:51.943 7 INFO cinder.volume.api [None req-392aafa6-cf84-4edc-bfc6-bedf51df0d8b 1286d8d4d190427ba7998c367135e3cf 2165447a54bc47c89783c7dacd2b560f - - default default] Get all snapshots completed successfully.
2026-07-01 14:18:51.943 7 INFO cinder.api.openstack.wsgi [None req-392aafa6-cf84-4edc-bfc6-bedf51df0d8b 1286d8d4d190427ba7998c367135e3cf 2165447a54bc47c89783c7dacd2b560f - - default default] http://cinder-api.openstack.svc.cluster.local:8776/v3/snapshots?all_tenants=true returned with HTTP 200 [pid: 7|app: 0|req: 316/630] 10.0.0.201 () {28 vars in 608 bytes} [Wed Jul 1 14:18:51 2026] GET /v3/snapshots?all_tenants=true => generated 17 bytes in 56 msecs (HTTP/1.1 200) 7 headers in 284 bytes (1 switches on core 0)
2026-07-01 14:18:51.956 8 INFO cinder.api.openstack.wsgi [None req-898e366c-c7c9-4415-9941-391c0219a919 1286d8d4d190427ba7998c367135e3cf 2165447a54bc47c89783c7dacd2b560f - - default default] GET http://cinder-api.openstack.svc.cluster.local:8776/v3/os-services
2026-07-01 14:18:51.966 8 INFO cinder.api.openstack.wsgi [None req-898e366c-c7c9-4415-9941-391c0219a919 1286d8d4d190427ba7998c367135e3cf 2165447a54bc47c89783c7dacd2b560f - - default default] http://cinder-api.openstack.svc.cluster.local:8776/v3/os-services returned with HTTP 200 [pid: 8|app: 0|req: 315/631] 10.0.0.201 () {28 vars in 579 bytes} [Wed Jul 1 14:18:51 2026] GET /v3/os-services => generated 646 bytes in 16 msecs (HTTP/1.1 200) 7 headers in 285 bytes (1 switches on core 0)
2026-07-01 14:18:51.988 7 INFO cinder.api.openstack.wsgi [None req-169bdbac-d490-4a59-a394-803b3c3085cb 1286d8d4d190427ba7998c367135e3cf 2165447a54bc47c89783c7dacd2b560f - - default default] GET http://cinder-api.openstack.svc.cluster.local:8776/v3/scheduler-stats/get_pools?detail=true
2026-07-01 14:18:52.494 7 INFO cinder.api.openstack.wsgi [None req-169bdbac-d490-4a59-a394-803b3c3085cb 1286d8d4d190427ba7998c367135e3cf 2165447a54bc47c89783c7dacd2b560f - - default default] http://cinder-api.openstack.svc.cluster.local:8776/v3/scheduler-stats/get_pools?detail=true returned with HTTP 200 [pid: 7|app: 0|req: 317/632] 10.0.0.201 () {28 vars in 630 bytes} [Wed Jul 1 14:18:51 2026] GET /v3/scheduler-stats/get_pools?detail=true => generated 670 bytes in 516 msecs (HTTP/1.1 200) 7 headers in 285 bytes (1 switches on core 0)
2026-07-01 14:18:52.514 8 INFO cinder.api.openstack.wsgi [None req-9312dd69-1136-4b45-aecc-e3d68545398d 1286d8d4d190427ba7998c367135e3cf 2165447a54bc47c89783c7dacd2b560f - - default default] GET http://cinder-api.openstack.svc.cluster.local:8776/v3/volumes/detail?all_tenants=true
2026-07-01 14:18:52.523 8 INFO cinder.volume.api [None req-9312dd69-1136-4b45-aecc-e3d68545398d 1286d8d4d190427ba7998c367135e3cf 2165447a54bc47c89783c7dacd2b560f - - default default] Get all volumes completed successfully.
2026-07-01 14:18:52.525 8 INFO cinder.api.openstack.wsgi [None req-9312dd69-1136-4b45-aecc-e3d68545398d 1286d8d4d190427ba7998c367135e3cf 2165447a54bc47c89783c7dacd2b560f - - default default] http://cinder-api.openstack.svc.cluster.local:8776/v3/volumes/detail?all_tenants=true returned with HTTP 200 [pid: 8|app: 0|req: 316/633] 10.0.0.201 () {28 vars in 618 bytes} [Wed Jul 1 14:18:52 2026] GET /v3/volumes/detail?all_tenants=true => generated 15 bytes in 26 msecs (HTTP/1.1 200) 7 headers in 284 bytes (1 switches on core 0)
2026-07-01 14:18:52.535 7 INFO cinder.api.openstack.wsgi [None req-fd2f6217-797f-4137-bce3-b24ad6d7a0c2 1286d8d4d190427ba7998c367135e3cf 2165447a54bc47c89783c7dacd2b560f - - default default] GET http://cinder-api.openstack.svc.cluster.local:8776/v3/volumes/detail?all_tenants=true
2026-07-01 14:18:52.545 7 INFO cinder.volume.api [None req-fd2f6217-797f-4137-bce3-b24ad6d7a0c2 1286d8d4d190427ba7998c367135e3cf 2165447a54bc47c89783c7dacd2b560f - - default default] Get all volumes completed successfully.
2026-07-01 14:18:52.546 7 INFO cinder.api.openstack.wsgi [None req-fd2f6217-797f-4137-bce3-b24ad6d7a0c2 1286d8d4d190427ba7998c367135e3cf 2165447a54bc47c89783c7dacd2b560f - - default default] http://cinder-api.openstack.svc.cluster.local:8776/v3/volumes/detail?all_tenants=true returned with HTTP 200 [pid: 7|app: 0|req: 318/634] 10.0.0.201 () {28 vars in 618 bytes} [Wed Jul 1 14:18:52 2026] GET /v3/volumes/detail?all_tenants=true => generated 15 bytes in 18 msecs (HTTP/1.1 200) 7 headers in 284 bytes (1 switches on core 0)
2026-07-01 14:18:52.581 8 INFO cinder.api.openstack.wsgi [None req-73a00fec-d58c-450c-972f-baf5517908cb 1286d8d4d190427ba7998c367135e3cf 2165447a54bc47c89783c7dacd2b560f - - default default] GET http://cinder-api.openstack.svc.cluster.local:8776/v3/os-quota-sets/2165447a54bc47c89783c7dacd2b560f?usage=true
2026-07-01 14:18:52.600 8 INFO cinder.api.openstack.wsgi [None req-73a00fec-d58c-450c-972f-baf5517908cb 1286d8d4d190427ba7998c367135e3cf 2165447a54bc47c89783c7dacd2b560f - - default default] http://cinder-api.openstack.svc.cluster.local:8776/v3/os-quota-sets/2165447a54bc47c89783c7dacd2b560f?usage=true returned with HTTP 200 [pid: 8|app: 0|req: 317/635] 10.0.0.201 () {28 vars in 670 bytes} [Wed Jul 1 14:18:52 2026] GET /v3/os-quota-sets/2165447a54bc47c89783c7dacd2b560f?usage=true => generated 845 bytes in 26 msecs (HTTP/1.1 200) 7 headers in 285 bytes (1 switches on core 0)
2026-07-01 14:18:52.613 7 INFO cinder.api.openstack.wsgi [None req-00d36f82-e8ea-4600-b703-b196e156dd97 1286d8d4d190427ba7998c367135e3cf 2165447a54bc47c89783c7dacd2b560f - - default default] GET http://cinder-api.openstack.svc.cluster.local:8776/v3/os-quota-sets/9a70ac6914e84ee297359b67431146b7?usage=true
2026-07-01 14:18:52.635 7 INFO cinder.api.openstack.wsgi [None req-00d36f82-e8ea-4600-b703-b196e156dd97 1286d8d4d190427ba7998c367135e3cf 2165447a54bc47c89783c7dacd2b560f - - default default] http://cinder-api.openstack.svc.cluster.local:8776/v3/os-quota-sets/9a70ac6914e84ee297359b67431146b7?usage=true returned with HTTP 200 [pid: 7|app: 0|req: 319/636] 10.0.0.201 () {28 vars in 670 bytes} [Wed Jul 1 14:18:52 2026] GET /v3/os-quota-sets/9a70ac6914e84ee297359b67431146b7?usage=true => generated 845 bytes in 30 msecs (HTTP/1.1 200) 7 headers in 285 bytes (1 switches on core 0)
