Feb 21 00:47:35.274175 np0000156624 devstack@neutron-api.service[103259]: WARNING oslo_config.cfg [None req-8058addf-0f18-453d-b495-aa5a1847a271 admin admin] Config option cache.memcache_username is deprecated. Use option cache.username instead.
Feb 21 00:47:35.274277 np0000156624 devstack@neutron-api.service[103259]: WARNING oslo_config.cfg [None req-8058addf-0f18-453d-b495-aa5a1847a271 admin admin] Config option cache.memcache_password is deprecated. Use option cache.password instead.
Feb 21 00:47:35.274842 np0000156624 devstack@neutron-api.service[103259]: WARNING oslo_config.cfg [None req-8058addf-0f18-453d-b495-aa5a1847a271 admin admin] Config option cache.memcache_username is deprecated. Use option cache.username instead.
Feb 21 00:47:35.274943 np0000156624 devstack@neutron-api.service[103259]: WARNING oslo_config.cfg [None req-8058addf-0f18-453d-b495-aa5a1847a271 admin admin] Config option cache.memcache_password is deprecated. Use option cache.password instead.
Feb 21 00:47:35.275579 np0000156624 devstack@neutron-api.service[103259]: WARNING oslo_config.cfg [None req-8058addf-0f18-453d-b495-aa5a1847a271 admin admin] Config option cache.memcache_username is deprecated. Use option cache.username instead.
Feb 21 00:47:35.275696 np0000156624 devstack@neutron-api.service[103259]: WARNING oslo_config.cfg [None req-8058addf-0f18-453d-b495-aa5a1847a271 admin admin] Config option cache.memcache_password is deprecated. Use option cache.password instead.
Feb 21 00:47:35.276218 np0000156624 devstack@neutron-api.service[103259]: WARNING oslo_config.cfg [None req-8058addf-0f18-453d-b495-aa5a1847a271 admin admin] Config option cache.memcache_username is deprecated. Use option cache.username instead.
Feb 21 00:47:35.276317 np0000156624 devstack@neutron-api.service[103259]: WARNING oslo_config.cfg [None req-8058addf-0f18-453d-b495-aa5a1847a271 admin admin] Config option cache.memcache_password is deprecated. Use option cache.password instead.
Feb 21 00:47:35.276832 np0000156624 devstack@neutron-api.service[103259]: WARNING oslo_config.cfg [None req-8058addf-0f18-453d-b495-aa5a1847a271 admin admin] Config option cache.memcache_username is deprecated. Use option cache.username instead.
Feb 21 00:47:35.276929 np0000156624 devstack@neutron-api.service[103259]: WARNING oslo_config.cfg [None req-8058addf-0f18-453d-b495-aa5a1847a271 admin admin] Config option cache.memcache_password is deprecated. Use option cache.password instead.
Feb 21 00:47:35.277434 np0000156624 devstack@neutron-api.service[103259]: WARNING oslo_config.cfg [None req-8058addf-0f18-453d-b495-aa5a1847a271 admin admin] Config option cache.memcache_username is deprecated. Use option cache.username instead.
Feb 21 00:47:35.277532 np0000156624 devstack@neutron-api.service[103259]: WARNING oslo_config.cfg [None req-8058addf-0f18-453d-b495-aa5a1847a271 admin admin] Config option cache.memcache_password is deprecated. Use option cache.password instead.
Feb 21 00:47:35.278069 np0000156624 devstack@neutron-api.service[103259]: WARNING oslo_config.cfg [None req-8058addf-0f18-453d-b495-aa5a1847a271 admin admin] Config option cache.memcache_username is deprecated. Use option cache.username instead.
Feb 21 00:47:35.278167 np0000156624 devstack@neutron-api.service[103259]: WARNING oslo_config.cfg [None req-8058addf-0f18-453d-b495-aa5a1847a271 admin admin] Config option cache.memcache_password is deprecated. Use option cache.password instead.
Feb 21 00:47:35.278764 np0000156624 devstack@neutron-api.service[103259]: WARNING oslo_config.cfg [None req-8058addf-0f18-453d-b495-aa5a1847a271 admin admin] Config option cache.memcache_username is deprecated. Use option cache.username instead.
Feb 21 00:47:35.278859 np0000156624 devstack@neutron-api.service[103259]: WARNING oslo_config.cfg [None req-8058addf-0f18-453d-b495-aa5a1847a271 admin admin] Config option cache.memcache_password is deprecated. Use option cache.password instead.
Feb 21 00:47:35.279376 np0000156624 devstack@neutron-api.service[103259]: WARNING oslo_config.cfg [None req-8058addf-0f18-453d-b495-aa5a1847a271 admin admin] Config option cache.memcache_username is deprecated. Use option cache.username instead.
Feb 21 00:47:35.279456 np0000156624 devstack@neutron-api.service[103259]: WARNING oslo_config.cfg [None req-8058addf-0f18-453d-b495-aa5a1847a271 admin admin] Config option cache.memcache_password is deprecated. Use option cache.password instead.
Feb 21 00:47:35.280309 np0000156624 devstack@neutron-api.service[103259]: WARNING oslo_config.cfg [None req-8058addf-0f18-453d-b495-aa5a1847a271 admin admin] Config option cache.memcache_username is deprecated. Use option cache.username instead.
Feb 21 00:47:35.280399 np0000156624 devstack@neutron-api.service[103259]: WARNING oslo_config.cfg [None req-8058addf-0f18-453d-b495-aa5a1847a271 admin admin] Config option cache.memcache_password is deprecated. Use option cache.password instead.
Feb 21 00:47:35.280895 np0000156624 devstack@neutron-api.service[103259]: WARNING oslo_config.cfg [None req-8058addf-0f18-453d-b495-aa5a1847a271 admin admin] Config option cache.memcache_username is deprecated. Use option cache.username instead.
Feb 21 00:47:35.280993 np0000156624 devstack@neutron-api.service[103259]: WARNING oslo_config.cfg [None req-8058addf-0f18-453d-b495-aa5a1847a271 admin admin] Config option cache.memcache_password is deprecated. Use option cache.password instead.
Feb 21 00:47:35.281577 np0000156624 devstack@neutron-api.service[103259]: WARNING oslo_config.cfg [None req-8058addf-0f18-453d-b495-aa5a1847a271 admin admin] Config option cache.memcache_username is deprecated. Use option cache.username instead.
Feb 21 00:47:35.281677 np0000156624 devstack@neutron-api.service[103259]: WARNING oslo_config.cfg [None req-8058addf-0f18-453d-b495-aa5a1847a271 admin admin] Config option cache.memcache_password is deprecated. Use option cache.password instead.
Feb 21 00:47:35.282260 np0000156624 devstack@neutron-api.service[103259]: WARNING oslo_config.cfg [None req-8058addf-0f18-453d-b495-aa5a1847a271 admin admin] Config option cache.memcache_username is deprecated. Use option cache.username instead.
Feb 21 00:47:35.282375 np0000156624 devstack@neutron-api.service[103259]: WARNING oslo_config.cfg [None req-8058addf-0f18-453d-b495-aa5a1847a271 admin admin] Config option cache.memcache_password is deprecated. Use option cache.password instead.
Feb 21 00:47:35.283122 np0000156624 devstack@neutron-api.service[103259]: WARNING oslo_config.cfg [None req-8058addf-0f18-453d-b495-aa5a1847a271 admin admin] Config option cache.memcache_username is deprecated. Use option cache.username instead.
Feb 21 00:47:35.283122 np0000156624 devstack@neutron-api.service[103259]: WARNING oslo_config.cfg [None req-8058addf-0f18-453d-b495-aa5a1847a271 admin admin] Config option cache.memcache_password is deprecated. Use option cache.password instead.
Feb 21 00:47:35.290651 np0000156624 devstack@neutron-api.service[103259]: DEBUG neutron_lib.callbacks.manager [None req-8058addf-0f18-453d-b495-aa5a1847a271 admin admin] Publish callbacks ['neutron.plugins.ml2.plugin.SecurityGroupDbMixin._ensure_default_security_group_handler-137979'] for network (None), before_create {{(pid=103259) _notify_loop /opt/stack/data/venv/lib/python3.12/site-packages/neutron_lib/callbacks/manager.py:184}}
Feb 21 00:47:35.316432 np0000156624 devstack@neutron-api.service[103259]: DEBUG neutron_lib.callbacks.manager [None req-8058addf-0f18-453d-b495-aa5a1847a271 admin admin] Publish callbacks [] for security_group (None), before_create {{(pid=103259) _notify_loop /opt/stack/data/venv/lib/python3.12/site-packages/neutron_lib/callbacks/manager.py:184}}
Feb 21 00:47:35.425802 np0000156624 devstack@neutron-api.service[103259]: DEBUG neutron_lib.callbacks.manager [None req-8058addf-0f18-453d-b495-aa5a1847a271 admin admin] Publish callbacks ['neutron.plugins.ml2.drivers.ovn.mech_driver.mech_driver.OVNMechanismDriver._create_security_group_precommit-809957'] for security_group (31cbcb9a-790c-4efc-8f77-00f79154a902), precommit_create {{(pid=103259) _notify_loop /opt/stack/data/venv/lib/python3.12/site-packages/neutron_lib/callbacks/manager.py:184}}
Feb 21 00:47:35.425802 np0000156624 devstack@neutron-api.service[103259]: DEBUG neutron.db.ovn_revision_numbers_db [None req-8058addf-0f18-453d-b495-aa5a1847a271 admin admin] create_initial_revision uuid=31cbcb9a-790c-4efc-8f77-00f79154a902, type=security_groups, rev=-1 {{(pid=103259) create_initial_revision /opt/stack/neutron/neutron/db/ovn_revision_numbers_db.py:98}}
Feb 21 00:47:35.427872 np0000156624 devstack@neutron-api.service[103259]: DEBUG neutron.db.ovn_revision_numbers_db [None req-8058addf-0f18-453d-b495-aa5a1847a271 admin admin] create_initial_revision uuid=36addc0b-b487-4845-9da7-4daa0fc4cc01, type=security_group_rules, rev=-1 {{(pid=103259) create_initial_revision /opt/stack/neutron/neutron/db/ovn_revision_numbers_db.py:98}}
Feb 21 00:47:35.429005 np0000156624 devstack@neutron-api.service[103259]: DEBUG neutron.db.ovn_revision_numbers_db [None req-8058addf-0f18-453d-b495-aa5a1847a271 admin admin] create_initial_revision uuid=c1e7854f-c6f4-46d9-9635-483ef3b08f23, type=security_group_rules, rev=-1 {{(pid=103259) create_initial_revision /opt/stack/neutron/neutron/db/ovn_revision_numbers_db.py:98}}
Feb 21 00:47:35.430095 np0000156624 devstack@neutron-api.service[103259]: DEBUG neutron.db.ovn_revision_numbers_db [None req-8058addf-0f18-453d-b495-aa5a1847a271 admin admin] create_initial_revision uuid=e92f50ae-1031-44e2-aaff-f8d7a6df1d33, type=security_group_rules, rev=-1 {{(pid=103259) create_initial_revision /opt/stack/neutron/neutron/db/ovn_revision_numbers_db.py:98}}
Feb 21 00:47:35.431146 np0000156624 devstack@neutron-api.service[103259]: DEBUG neutron.db.ovn_revision_numbers_db [None req-8058addf-0f18-453d-b495-aa5a1847a271 admin admin] create_initial_revision uuid=f09a0ba5-238c-4370-b0c6-42e49f8f5902, type=security_group_rules, rev=-1 {{(pid=103259) create_initial_revision /opt/stack/neutron/neutron/db/ovn_revision_numbers_db.py:98}}
Feb 21 00:47:35.438890 np0000156624 devstack@neutron-api.service[103259]: DEBUG neutron_lib.callbacks.manager [None req-8058addf-0f18-453d-b495-aa5a1847a271 admin admin] Publish callbacks ['neutron.plugins.ml2.drivers.ovn.mech_driver.mech_driver.OVNMechanismDriver._create_security_group-809971', 'neutron.plugins.ml2.ovo_rpc._ObjectChangeHandler.handle_event-3691098'] for security_group (31cbcb9a-790c-4efc-8f77-00f79154a902), after_create {{(pid=103259) _notify_loop /opt/stack/data/venv/lib/python3.12/site-packages/neutron_lib/callbacks/manager.py:184}}
Feb 21 00:47:35.439103 np0000156624 devstack@neutron-api.service[103259]: INFO neutron.plugins.ml2.drivers.ovn.mech_driver.ovsdb.extensions.qos [None req-8058addf-0f18-453d-b495-aa5a1847a271 admin admin] Starting OVNClientQosExtension
Feb 21 00:47:35.439286 np0000156624 devstack@neutron-api.service[103259]: INFO neutron.plugins.ml2.drivers.ovn.mech_driver.ovsdb.extensions.placement [None req-8058addf-0f18-453d-b495-aa5a1847a271 admin admin] Starting OVNClientPlacementExtension
Feb 21 00:47:35.441140 np0000156624 devstack@neutron-api.service[103259]: DEBUG ovsdbapp.backend.ovs_idl.transaction [-] Running txn n=1 command(idx=0): PgAddCommand(_result=None, name=pg_31cbcb9a_790c_4efc_8f77_00f79154a902, may_exist=False, columns={'acls': [], 'external_ids': {'neutron:security_group_id': '31cbcb9a-790c-4efc-8f77-00f79154a902'}}) {{(pid=103259) do_commit /opt/stack/data/venv/lib/python3.12/site-packages/ovsdbapp/backend/ovs_idl/transaction.py:89}}
Feb 21 00:47:35.443877 np0000156624 devstack@neutron-api.service[103259]: DEBUG ovsdbapp.backend.ovs_idl.transaction [-] Running txn n=1 command(idx=1): PgAclAddCommand(_result=None, entity=pg_31cbcb9a_790c_4efc_8f77_00f79154a902, direction=from-lport, priority=1002, match=inport == @pg_31cbcb9a_790c_4efc_8f77_00f79154a902 && ip4, action=allow-related, log=False, may_exist=True, severity=[], name=[], meter=[], external_ids={'neutron:security_group_rule_id': '36addc0b-b487-4845-9da7-4daa0fc4cc01'}) {{(pid=103259) do_commit /opt/stack/data/venv/lib/python3.12/site-packages/ovsdbapp/backend/ovs_idl/transaction.py:89}}
Feb 21 00:47:35.444650 np0000156624 devstack@neutron-api.service[103259]: DEBUG ovsdbapp.backend.ovs_idl.transaction [-] Running txn n=1 command(idx=2): PgAclAddCommand(_result=None, entity=pg_31cbcb9a_790c_4efc_8f77_00f79154a902, direction=to-lport, priority=1002, match=outport == @pg_31cbcb9a_790c_4efc_8f77_00f79154a902 && ip4 && ip4.src == $pg_31cbcb9a_790c_4efc_8f77_00f79154a902_ip4, action=allow-related, log=False, may_exist=True, severity=[], name=[], meter=[], external_ids={'neutron:security_group_rule_id': 'c1e7854f-c6f4-46d9-9635-483ef3b08f23'}) {{(pid=103259) do_commit /opt/stack/data/venv/lib/python3.12/site-packages/ovsdbapp/backend/ovs_idl/transaction.py:89}}
Feb 21 00:47:35.445230 np0000156624 devstack@neutron-api.service[103259]: DEBUG ovsdbapp.backend.ovs_idl.transaction [-] Running txn n=1 command(idx=3): PgAclAddCommand(_result=None, entity=pg_31cbcb9a_790c_4efc_8f77_00f79154a902, direction=to-lport, priority=1002, match=outport == @pg_31cbcb9a_790c_4efc_8f77_00f79154a902 && ip6 && ip6.src == $pg_31cbcb9a_790c_4efc_8f77_00f79154a902_ip6, action=allow-related, log=False, may_exist=True, severity=[], name=[], meter=[], external_ids={'neutron:security_group_rule_id': 'e92f50ae-1031-44e2-aaff-f8d7a6df1d33'}) {{(pid=103259) do_commit /opt/stack/data/venv/lib/python3.12/site-packages/ovsdbapp/backend/ovs_idl/transaction.py:89}}
Feb 21 00:47:35.445793 np0000156624 devstack@neutron-api.service[103259]: DEBUG ovsdbapp.backend.ovs_idl.transaction [-] Running txn n=1 command(idx=4): PgAclAddCommand(_result=None, entity=pg_31cbcb9a_790c_4efc_8f77_00f79154a902, direction=from-lport, priority=1002, match=inport == @pg_31cbcb9a_790c_4efc_8f77_00f79154a902 && ip6, action=allow-related, log=False, may_exist=True, severity=[], name=[], meter=[], external_ids={'neutron:security_group_rule_id': 'f09a0ba5-238c-4370-b0c6-42e49f8f5902'}) {{(pid=103259) do_commit /opt/stack/data/venv/lib/python3.12/site-packages/ovsdbapp/backend/ovs_idl/transaction.py:89}}
Feb 21 00:47:35.453366 np0000156624 devstack@neutron-api.service[103259]: DEBUG neutron.plugins.ml2.drivers.ovn.mech_driver.ovsdb.ovsdb_monitor [-] Hash Ring: Node b45f687a7df558d2a26b189687f0cbb7 (host: np0000156624) handling event "create" for row 3992dcb6-04bb-45a9-a1f5-fe189dbada20 (table: ACL) {{(pid=103259) notify /opt/stack/neutron/neutron/plugins/ml2/drivers/ovn/mech_driver/ovsdb/ovsdb_monitor.py:920}}
Feb 21 00:47:35.453607 np0000156624 devstack@neutron-api.service[103259]: DEBUG neutron.plugins.ml2.drivers.ovn.mech_driver.ovsdb.ovsdb_monitor [-] Hash Ring: Node b45f687a7df558d2a26b189687f0cbb7 (host: np0000156624) handling event "create" for row a14d055d-f2e5-40f0-adaa-56c1d03c7889 (table: ACL) {{(pid=103259) notify /opt/stack/neutron/neutron/plugins/ml2/drivers/ovn/mech_driver/ovsdb/ovsdb_monitor.py:920}}
Feb 21 00:47:35.455620 np0000156624 devstack@neutron-api.service[103262]: DEBUG neutron.plugins.ml2.drivers.ovn.mech_driver.ovsdb.ovsdb_monitor [-] Hash Ring: Node 722d34ecbd8759b991ddae18fb190160 (host: np0000156624) handling event "create" for row 1cb6d311-b06c-46be-b54e-eafb630ded16 (table: ACL) {{(pid=103262) notify /opt/stack/neutron/neutron/plugins/ml2/drivers/ovn/mech_driver/ovsdb/ovsdb_monitor.py:920}}
Feb 21 00:47:35.456110 np0000156624 devstack@neutron-api.service[103262]: DEBUG neutron.plugins.ml2.drivers.ovn.mech_driver.ovsdb.ovsdb_monitor [-] Hash Ring: Node 722d34ecbd8759b991ddae18fb190160 (host: np0000156624) handling event "create" for row 3992dcb6-04bb-45a9-a1f5-fe189dbada20 (table: ACL) {{(pid=103262) notify /opt/stack/neutron/neutron/plugins/ml2/drivers/ovn/mech_driver/ovsdb/ovsdb_monitor.py:920}}
Feb 21 00:47:35.456517 np0000156624 devstack@neutron-api.service[103262]: DEBUG neutron.plugins.ml2.drivers.ovn.mech_driver.ovsdb.ovsdb_monitor [-] Hash Ring: Node 722d34ecbd8759b991ddae18fb190160 (host: np0000156624) handling event "create" for row 9ef492dc-2c70-4801-9071-770f1990562d (table: ACL) {{(pid=103262) notify /opt/stack/neutron/neutron/plugins/ml2/drivers/ovn/mech_driver/ovsdb/ovsdb_monitor.py:920}}
Feb 21 00:47:35.456931 np0000156624 devstack@neutron-api.service[103262]: DEBUG neutron.plugins.ml2.drivers.ovn.mech_driver.ovsdb.ovsdb_monitor [-] Hash Ring: Node 722d34ecbd8759b991ddae18fb190160 (host: np0000156624) handling event "create" for row a14d055d-f2e5-40f0-adaa-56c1d03c7889 (table: ACL) {{(pid=103262) notify /opt/stack/neutron/neutron/plugins/ml2/drivers/ovn/mech_driver/ovsdb/ovsdb_monitor.py:920}}
Feb 21 00:47:35.457253 np0000156624 devstack@neutron-api.service[103262]: DEBUG neutron.plugins.ml2.drivers.ovn.mech_driver.ovsdb.ovsdb_monitor [-] Hash Ring: Node 722d34ecbd8759b991ddae18fb190160 (host: np0000156624) handling event "create" for row 1e7ab091-253e-44bd-b703-8c2db4059cc4 (table: Port_Group) {{(pid=103262) notify /opt/stack/neutron/neutron/plugins/ml2/drivers/ovn/mech_driver/ovsdb/ovsdb_monitor.py:920}}
Feb 21 00:47:35.484286 np0000156624 devstack@neutron-api.service[103259]: INFO neutron.db.ovn_revision_numbers_db [None req-8058addf-0f18-453d-b495-aa5a1847a271 admin admin] Successfully bumped revision number for resource 31cbcb9a-790c-4efc-8f77-00f79154a902 (type: security_groups) to 1
Feb 21 00:47:35.501369 np0000156624 devstack@neutron-api.service[103259]: INFO neutron.db.ovn_revision_numbers_db [None req-8058addf-0f18-453d-b495-aa5a1847a271 admin admin] Successfully bumped revision number for resource 36addc0b-b487-4845-9da7-4daa0fc4cc01 (type: security_group_rules) to 0
Feb 21 00:47:35.515291 np0000156624 devstack@neutron-api.service[103259]: INFO neutron.db.ovn_revision_numbers_db [None req-8058addf-0f18-453d-b495-aa5a1847a271 admin admin] Successfully bumped revision number for resource c1e7854f-c6f4-46d9-9635-483ef3b08f23 (type: security_group_rules) to 0
Feb 21 00:47:35.528502 np0000156624 devstack@neutron-api.service[103259]: INFO neutron.db.ovn_revision_numbers_db [None req-8058addf-0f18-453d-b495-aa5a1847a271 admin admin] Successfully bumped revision number for resource e92f50ae-1031-44e2-aaff-f8d7a6df1d33 (type: security_group_rules) to 0
Feb 21 00:47:35.541888 np0000156624 devstack@neutron-api.service[103259]: INFO neutron.db.ovn_revision_numbers_db [None req-8058addf-0f18-453d-b495-aa5a1847a271 admin admin] Successfully bumped revision number for resource f09a0ba5-238c-4370-b0c6-42e49f8f5902 (type: security_group_rules) to 0
Feb 21 00:47:35.575003 np0000156624 devstack@neutron-api.service[103259]: DEBUG neutron.api.rpc.handlers.resources_rpc [None req-8058addf-0f18-453d-b495-aa5a1847a271 admin admin] Pushing event updated for resources: {'SecurityGroup': ['ID=31cbcb9a-790c-4efc-8f77-00f79154a902,revision_number=1']} {{(pid=103259) push /opt/stack/neutron/neutron/api/rpc/handlers/resources_rpc.py:237}}
Feb 21 00:47:35.582555 np0000156624 devstack@neutron-api.service[103259]: DEBUG ovsdbapp.backend.ovs_idl.transaction [-] Running txn n=1 command(idx=0): CheckLivenessCommand(_result=None) {{(pid=103259) do_commit /opt/stack/data/venv/lib/python3.12/site-packages/ovsdbapp/backend/ovs_idl/transaction.py:89}}
Feb 21 00:47:35.586126 np0000156624 devstack@neutron-api.service[103262]: DEBUG neutron.plugins.ml2.drivers.ovn.mech_driver.ovsdb.ovsdb_monitor [-] Hash Ring: Node 722d34ecbd8759b991ddae18fb190160 (host: np0000156624) handling event "update" for row eb63eca5-d761-4fdc-8b2b-9a0ee4610a79 (table: NB_Global) {{(pid=103262) notify /opt/stack/neutron/neutron/plugins/ml2/drivers/ovn/mech_driver/ovsdb/ovsdb_monitor.py:920}}
Feb 21 00:47:35.586870 np0000156624 devstack@neutron-api.service[103259]: DEBUG neutron.api.rpc.callbacks.version_manager [None req-8058addf-0f18-453d-b495-aa5a1847a271 admin admin] Tracked resource versions report:
Feb 21 00:47:35.586870 np0000156624 devstack@neutron-api.service[103259]: pushed versions:
Feb 21 00:47:35.586870 np0000156624 devstack@neutron-api.service[103259]: { 'AddressGroup': {'1.2'},
Feb 21 00:47:35.586870 np0000156624 devstack@neutron-api.service[103259]: 'Agent': {'1.1'},
Feb 21 00:47:35.586870 np0000156624 devstack@neutron-api.service[103259]: 'ConntrackHelper': {'1.0'},
Feb 21 00:47:35.586870 np0000156624 devstack@neutron-api.service[103259]: 'LocalIPAssociation': {'1.0'},
Feb 21 00:47:35.586870 np0000156624 devstack@neutron-api.service[103259]: 'Log': {'1.0'},
Feb 21 00:47:35.586870 np0000156624 devstack@neutron-api.service[103259]: 'NDPProxy': {'1.0'},
Feb 21 00:47:35.586870 np0000156624 devstack@neutron-api.service[103259]: 'Network': {'1.2'},
Feb 21 00:47:35.586870 np0000156624 devstack@neutron-api.service[103259]: 'Port': {'1.10'},
Feb 21 00:47:35.586870 np0000156624 devstack@neutron-api.service[103259]: 'PortForwarding': {'1.3'},
Feb 21 00:47:35.586870 np0000156624 devstack@neutron-api.service[103259]: 'QosPolicy': {'1.10'},
Feb 21 00:47:35.586870 np0000156624 devstack@neutron-api.service[103259]: 'SecurityGroup': {'1.6'},
Feb 21 00:47:35.586870 np0000156624 devstack@neutron-api.service[103259]: 'SecurityGroupRule': {'1.3'},
Feb 21 00:47:35.586870 np0000156624 devstack@neutron-api.service[103259]: 'SubPort': {'1.0'},
Feb 21 00:47:35.586870 np0000156624 devstack@neutron-api.service[103259]: 'Subnet': {'1.2'},
Feb 21 00:47:35.586870 np0000156624 devstack@neutron-api.service[103259]: 'Trunk': {'1.1'}}
Feb 21 00:47:35.586870 np0000156624 devstack@neutron-api.service[103259]: consumer versions:
Feb 21 00:47:35.586870 np0000156624 devstack@neutron-api.service[103259]: {}
Feb 21 00:47:35.586870 np0000156624 devstack@neutron-api.service[103259]: {{(pid=103259) report /opt/stack/neutron/neutron/api/rpc/callbacks/version_manager.py:183}}
Feb 21 00:47:35.589506 np0000156624 devstack@neutron-api.service[103262]: DEBUG neutron.plugins.ml2.drivers.ovn.mech_driver.ovsdb.ovsdb_monitor [-] Hash Ring: Node 722d34ecbd8759b991ddae18fb190160 (host: np0000156624) handling event "update" for row eb63eca5-d761-4fdc-8b2b-9a0ee4610a79 (table: NB_Global) {{(pid=103262) notify /opt/stack/neutron/neutron/plugins/ml2/drivers/ovn/mech_driver/ovsdb/ovsdb_monitor.py:920}}
Feb 21 00:47:35.590497 np0000156624 devstack@neutron-api.service[103261]: DEBUG neutron.plugins.ml2.drivers.ovn.mech_driver.ovsdb.ovsdb_monitor [-] Hash Ring: Node 3d886aa7b271508eb8e5d8ccf3840513 (host: np0000156624) handling event "update" for row eb63eca5-d761-4fdc-8b2b-9a0ee4610a79 (table: NB_Global) {{(pid=103261) notify /opt/stack/neutron/neutron/plugins/ml2/drivers/ovn/mech_driver/ovsdb/ovsdb_monitor.py:920}}
Feb 21 00:47:35.591296 np0000156624 devstack@neutron-api.service[103262]: DEBUG neutron.plugins.ml2.drivers.ovn.mech_driver.ovsdb.ovsdb_monitor [-] Hash Ring: Node 722d34ecbd8759b991ddae18fb190160 (host: np0000156624) handling event "update" for row eb63eca5-d761-4fdc-8b2b-9a0ee4610a79 (table: NB_Global) {{(pid=103262) notify /opt/stack/neutron/neutron/plugins/ml2/drivers/ovn/mech_driver/ovsdb/ovsdb_monitor.py:920}}
Feb 21 00:47:35.591296 np0000156624 devstack@neutron-api.service[103262]: DEBUG neutron.plugins.ml2.drivers.ovn.mech_driver.ovsdb.ovsdb_monitor [-] ChassisAgentWriteEvent : Matched Chassis_Private, update, None None {{(pid=103262) matches /opt/stack/neutron/neutron/plugins/ml2/drivers/ovn/mech_driver/ovsdb/ovsdb_monitor.py:65}}
Feb 21 00:47:35.592247 np0000156624 devstack@neutron-api.service[103261]: DEBUG neutron.plugins.ml2.drivers.ovn.mech_driver.ovsdb.ovsdb_monitor [-] Hash Ring: Node 3d886aa7b271508eb8e5d8ccf3840513 (host: np0000156624) handling event "update" for row eb63eca5-d761-4fdc-8b2b-9a0ee4610a79 (table: NB_Global) {{(pid=103261) notify /opt/stack/neutron/neutron/plugins/ml2/drivers/ovn/mech_driver/ovsdb/ovsdb_monitor.py:920}}
Feb 21 00:47:35.592413 np0000156624 devstack@neutron-api.service[103260]: DEBUG neutron.plugins.ml2.drivers.ovn.mech_driver.ovsdb.ovsdb_monitor [-] ChassisAgentWriteEvent : Matched Chassis_Private, update, None None {{(pid=103260) matches /opt/stack/neutron/neutron/plugins/ml2/drivers/ovn/mech_driver/ovsdb/ovsdb_monitor.py:65}}
Feb 21 00:47:35.592942 np0000156624 devstack@neutron-api.service[103261]: DEBUG neutron.plugins.ml2.drivers.ovn.mech_driver.ovsdb.ovsdb_monitor [-] ChassisAgentWriteEvent : Matched Chassis_Private, update, None None {{(pid=103261) matches /opt/stack/neutron/neutron/plugins/ml2/drivers/ovn/mech_driver/ovsdb/ovsdb_monitor.py:65}}
Feb 21 00:47:35.592942 np0000156624 devstack@neutron-api.service[103261]: DEBUG neutron.plugins.ml2.drivers.ovn.mech_driver.ovsdb.ovsdb_monitor [-] Hash Ring: Node 3d886aa7b271508eb8e5d8ccf3840513 (host: np0000156624) handling event "update" for row 805cc4bf-8adf-4d8b-8329-a99fdf6e5c2b (table: Chassis_Private) {{(pid=103261) notify /opt/stack/neutron/neutron/plugins/ml2/drivers/ovn/mech_driver/ovsdb/ovsdb_monitor.py:920}}
Feb 21 00:47:35.594082 np0000156624 devstack@neutron-api.service[103260]: DEBUG neutron.plugins.ml2.drivers.ovn.mech_driver.ovsdb.ovsdb_monitor [-] ChassisOVNAgentWriteEvent : Matched Chassis_Private, update, None None {{(pid=103260) matches /opt/stack/neutron/neutron/plugins/ml2/drivers/ovn/mech_driver/ovsdb/ovsdb_monitor.py:65}}
Feb 21 00:47:35.595271 np0000156624 devstack@neutron-api.service[103261]: DEBUG neutron.plugins.ml2.drivers.ovn.mech_driver.ovsdb.ovsdb_monitor [-] ChassisOVNAgentWriteEvent : Matched Chassis_Private, update, None None {{(pid=103261) matches /opt/stack/neutron/neutron/plugins/ml2/drivers/ovn/mech_driver/ovsdb/ovsdb_monitor.py:65}}
Feb 21 00:47:35.595777 np0000156624 devstack@neutron-api.service[103261]: DEBUG neutron.plugins.ml2.drivers.ovn.mech_driver.ovsdb.ovsdb_monitor [-] Hash Ring: Node 3d886aa7b271508eb8e5d8ccf3840513 (host: np0000156624) handling event "update" for row 805cc4bf-8adf-4d8b-8329-a99fdf6e5c2b (table: Chassis_Private) {{(pid=103261) notify /opt/stack/neutron/neutron/plugins/ml2/drivers/ovn/mech_driver/ovsdb/ovsdb_monitor.py:920}}
Feb 21 00:47:35.595891 np0000156624 devstack@neutron-api.service[103262]: DEBUG neutron.plugins.ml2.drivers.ovn.mech_driver.ovsdb.ovsdb_monitor [-] Hash Ring: Node 722d34ecbd8759b991ddae18fb190160 (host: np0000156624) handling event "update" for row eb63eca5-d761-4fdc-8b2b-9a0ee4610a79 (table: NB_Global) {{(pid=103262) notify /opt/stack/neutron/neutron/plugins/ml2/drivers/ovn/mech_driver/ovsdb/ovsdb_monitor.py:920}}
Feb 21 00:47:35.596422 np0000156624 devstack@neutron-api.service[103261]: DEBUG neutron.plugins.ml2.drivers.ovn.mech_driver.ovsdb.ovsdb_monitor [-] Hash Ring: Node 3d886aa7b271508eb8e5d8ccf3840513 (host: np0000156624) handling event "update" for row eb63eca5-d761-4fdc-8b2b-9a0ee4610a79 (table: NB_Global) {{(pid=103261) notify /opt/stack/neutron/neutron/plugins/ml2/drivers/ovn/mech_driver/ovsdb/ovsdb_monitor.py:920}}
Feb 21 00:47:35.597188 np0000156624 devstack@neutron-api.service[103261]: DEBUG neutron.plugins.ml2.drivers.ovn.mech_driver.ovsdb.ovsdb_monitor [-] Hash Ring: Node 3d886aa7b271508eb8e5d8ccf3840513 (host: np0000156624) handling event "update" for row eb63eca5-d761-4fdc-8b2b-9a0ee4610a79 (table: NB_Global) {{(pid=103261) notify /opt/stack/neutron/neutron/plugins/ml2/drivers/ovn/mech_driver/ovsdb/ovsdb_monitor.py:920}}
Feb 21 00:47:35.597918 np0000156624 devstack@neutron-api.service[103262]: DEBUG neutron.common.ovn.hash_ring_manager [-] Allow caching, nodes 4>=4 {{(pid=103262) _wait_startup_before_caching /opt/stack/neutron/neutron/common/ovn/hash_ring_manager.py:65}}
Feb 21 00:47:35.598093 np0000156624 devstack@neutron-api.service[103262]: DEBUG neutron.plugins.ml2.drivers.ovn.mech_driver.ovsdb.ovsdb_monitor [-] Hash Ring: Node 722d34ecbd8759b991ddae18fb190160 (host: np0000156624) handling event "update" for row 805cc4bf-8adf-4d8b-8329-a99fdf6e5c2b (table: Chassis_Private) {{(pid=103262) notify /opt/stack/neutron/neutron/plugins/ml2/drivers/ovn/mech_driver/ovsdb/ovsdb_monitor.py:920}}
Feb 21 00:47:35.599094 np0000156624 devstack@neutron-api.service[103262]: DEBUG neutron.plugins.ml2.drivers.ovn.mech_driver.ovsdb.ovsdb_monitor [-] ChassisOVNAgentWriteEvent : Matched Chassis_Private, update, None None {{(pid=103262) matches /opt/stack/neutron/neutron/plugins/ml2/drivers/ovn/mech_driver/ovsdb/ovsdb_monitor.py:65}}
Feb 21 00:47:35.599460 np0000156624 devstack@neutron-api.service[103262]: DEBUG neutron.plugins.ml2.drivers.ovn.mech_driver.ovsdb.ovsdb_monitor [-] Hash Ring: Node 722d34ecbd8759b991ddae18fb190160 (host: np0000156624) handling event "update" for row 805cc4bf-8adf-4d8b-8329-a99fdf6e5c2b (table: Chassis_Private) {{(pid=103262) notify /opt/stack/neutron/neutron/plugins/ml2/drivers/ovn/mech_driver/ovsdb/ovsdb_monitor.py:920}}
Feb 21 00:47:35.600752 np0000156624 devstack@neutron-api.service[103259]: DEBUG neutron.plugins.ml2.drivers.ovn.mech_driver.ovsdb.ovsdb_monitor [-] ChassisAgentWriteEvent : Matched Chassis_Private, update, None None {{(pid=103259) matches /opt/stack/neutron/neutron/plugins/ml2/drivers/ovn/mech_driver/ovsdb/ovsdb_monitor.py:65}}
Feb 21 00:47:35.603780 np0000156624 devstack@neutron-api.service[103259]: DEBUG neutron.plugins.ml2.drivers.ovn.mech_driver.ovsdb.ovsdb_monitor [-] ChassisOVNAgentWriteEvent : Matched Chassis_Private, update, None None {{(pid=103259) matches /opt/stack/neutron/neutron/plugins/ml2/drivers/ovn/mech_driver/ovsdb/ovsdb_monitor.py:65}}
Feb 21 00:47:35.657095 np0000156624 devstack@neutron-api.service[103259]: DEBUG neutron.plugins.ml2.drivers.helpers [None req-8058addf-0f18-453d-b495-aa5a1847a271 admin admin] geneve segment allocate from pool success with {'geneve_vni': 28443} {{(pid=103259) allocate_partially_specified_segment /opt/stack/neutron/neutron/plugins/ml2/drivers/helpers.py:142}}
Feb 21 00:47:35.668448 np0000156624 devstack@neutron-api.service[103259]: DEBUG neutron_lib.callbacks.manager [None req-8058addf-0f18-453d-b495-aa5a1847a271 admin admin] Publish callbacks ['neutron.services.segments.db._add_segment_host_mapping_for_segment-8646208383290', 'neutron.plugins.ml2.plugin.Ml2Plugin._handle_segment_change-496541'] for segment (aa5e82bd-f8c9-4901-8edd-ac95bb76b1f0), precommit_create {{(pid=103259) _notify_loop /opt/stack/data/venv/lib/python3.12/site-packages/neutron_lib/callbacks/manager.py:184}}
Feb 21 00:47:35.668815 np0000156624 devstack@neutron-api.service[103259]: INFO neutron.db.segments_db [None req-8058addf-0f18-453d-b495-aa5a1847a271 admin admin] Added segment aa5e82bd-f8c9-4901-8edd-ac95bb76b1f0 of type geneve for network 4a3e1363-bdbd-4bfd-84de-458454cfdf20
Feb 21 00:47:35.711069 np0000156624 devstack@neutron-api.service[103259]: DEBUG neutron_lib.callbacks.manager [None req-8058addf-0f18-453d-b495-aa5a1847a271 admin admin] Publish callbacks ['neutron.services.auto_allocate.db._ensure_external_network_default_value_callback-8646206755964'] for network (4a3e1363-bdbd-4bfd-84de-458454cfdf20), precommit_create {{(pid=103259) _notify_loop /opt/stack/data/venv/lib/python3.12/site-packages/neutron_lib/callbacks/manager.py:184}}
Feb 21 00:47:35.725354 np0000156624 devstack@neutron-api.service[103259]: DEBUG neutron.plugins.ml2.drivers.ovn.mech_driver.mech_driver [None req-8058addf-0f18-453d-b495-aa5a1847a271 admin admin] Validating network segment with type geneve, segmentation ID 28443, physical network None {{(pid=103259) _validate_network_segments /opt/stack/neutron/neutron/plugins/ml2/drivers/ovn/mech_driver/mech_driver.py:630}}
Feb 21 00:47:35.725513 np0000156624 devstack@neutron-api.service[103259]: DEBUG neutron.db.ovn_revision_numbers_db [None req-8058addf-0f18-453d-b495-aa5a1847a271 admin admin] create_initial_revision uuid=4a3e1363-bdbd-4bfd-84de-458454cfdf20, type=networks, rev=-1 {{(pid=103259) create_initial_revision /opt/stack/neutron/neutron/db/ovn_revision_numbers_db.py:98}}
Feb 21 00:47:35.741737 np0000156624 devstack@neutron-api.service[103259]: DEBUG neutron_lib.callbacks.manager [None req-8058addf-0f18-453d-b495-aa5a1847a271 admin admin] Publish callbacks ['neutron.plugins.ml2.ovo_rpc._ObjectChangeHandler.handle_event-3691097'] for network (4a3e1363-bdbd-4bfd-84de-458454cfdf20), after_create {{(pid=103259) _notify_loop /opt/stack/data/venv/lib/python3.12/site-packages/neutron_lib/callbacks/manager.py:184}}
Feb 21 00:47:35.791620 np0000156624 devstack@neutron-api.service[103259]: DEBUG neutron.api.rpc.handlers.resources_rpc [None req-8058addf-0f18-453d-b495-aa5a1847a271 admin admin] Pushing event updated for resources: {'Network': ['ID=4a3e1363-bdbd-4bfd-84de-458454cfdf20,revision_number=1']} {{(pid=103259) push /opt/stack/neutron/neutron/api/rpc/handlers/resources_rpc.py:237}}
Feb 21 00:47:35.801919 np0000156624 devstack@neutron-api.service[103259]: DEBUG ovsdbapp.backend.ovs_idl.transaction [-] Running txn n=1 command(idx=0): AddNetworkCommand(_result=None, network_uuid=4a3e1363-bdbd-4bfd-84de-458454cfdf20, may_exist=True, columns={'external_ids': {'neutron:network_name': 'private', 'neutron:mtu': '1372', 'neutron:revision_number': '1', 'neutron:availability_zone_hints': '', 'neutron:provnet-network-type': 'geneve'}, 'other_config': {'mcast_snoop': 'false', 'mcast_flood_unregistered': 'false', 'vlan-passthru': 'false'}}) {{(pid=103259) do_commit /opt/stack/data/venv/lib/python3.12/site-packages/ovsdbapp/backend/ovs_idl/transaction.py:89}}
Feb 21 00:47:35.802256 np0000156624 devstack@neutron-api.service[103259]: DEBUG neutron.common.ovn.utils [-] OVS persist_uuid supported=True {{(pid=103259) ovs_persist_uuid_supported /opt/stack/neutron/neutron/common/ovn/utils.py:1504}}
Feb 21 00:47:35.807059 np0000156624 devstack@neutron-api.service[103262]: DEBUG neutron.plugins.ml2.drivers.ovn.mech_driver.ovsdb.ovsdb_monitor [-] Hash Ring: Node 722d34ecbd8759b991ddae18fb190160 (host: np0000156624) handling event "create" for row 4a3e1363-bdbd-4bfd-84de-458454cfdf20 (table: Logical_Switch) {{(pid=103262) notify /opt/stack/neutron/neutron/plugins/ml2/drivers/ovn/mech_driver/ovsdb/ovsdb_monitor.py:920}}
Feb 21 00:47:35.807971 np0000156624 devstack@neutron-api.service[103261]: DEBUG neutron.plugins.ml2.drivers.ovn.mech_driver.ovsdb.ovsdb_monitor [-] Hash Ring: Node 3d886aa7b271508eb8e5d8ccf3840513 (host: np0000156624) handling event "create" for row 4a3e1363-bdbd-4bfd-84de-458454cfdf20 (table: Logical_Switch) {{(pid=103261) notify /opt/stack/neutron/neutron/plugins/ml2/drivers/ovn/mech_driver/ovsdb/ovsdb_monitor.py:920}}
Feb 21 00:47:35.814149 np0000156624 devstack@neutron-api.service[103262]: DEBUG neutron.plugins.ml2.drivers.ovn.mech_driver.ovsdb.ovsdb_monitor [-] Hash Ring: Node 722d34ecbd8759b991ddae18fb190160 (host: np0000156624) handling event "create" for row d9224bc1-e053-40f5-8de5-5ef517933a45 (table: Datapath_Binding) {{(pid=103262) notify /opt/stack/neutron/neutron/plugins/ml2/drivers/ovn/mech_driver/ovsdb/ovsdb_monitor.py:920}}
Feb 21 00:47:35.850590 np0000156624 devstack@neutron-api.service[103259]: INFO neutron.db.ovn_revision_numbers_db [None req-8058addf-0f18-453d-b495-aa5a1847a271 admin admin] Successfully bumped revision number for resource 4a3e1363-bdbd-4bfd-84de-458454cfdf20 (type: networks) to 1
Feb 21 00:47:35.910415 np0000156624 devstack@neutron-api.service[103259]: DEBUG neutron_lib.callbacks.manager [None req-8058addf-0f18-453d-b495-aa5a1847a271 admin admin] Publish callbacks ['neutron.plugins.ml2.plugin.SecurityGroupDbMixin._ensure_default_security_group_handler-137979'] for port (None), before_create {{(pid=103259) _notify_loop /opt/stack/data/venv/lib/python3.12/site-packages/neutron_lib/callbacks/manager.py:184}}
Feb 21 00:47:36.004402 np0000156624 devstack@neutron-api.service[103259]: DEBUG neutron_lib.callbacks.manager [None req-8058addf-0f18-453d-b495-aa5a1847a271 admin admin] Publish callbacks ['neutron.plugins.ml2.drivers.ovn.mech_driver.mech_driver.OVNMechanismDriver._validate_allowed_address_pairs-809885'] for allowed_address_pair (2b8341c4-004d-4b8d-a40c-674f4444bca8), before_create {{(pid=103259) _notify_loop /opt/stack/data/venv/lib/python3.12/site-packages/neutron_lib/callbacks/manager.py:184}}
Feb 21 00:47:36.004938 np0000156624 devstack@neutron-api.service[103259]: DEBUG neutron_lib.callbacks.manager [None req-8058addf-0f18-453d-b495-aa5a1847a271 admin admin] Publish callbacks [] for port (2b8341c4-004d-4b8d-a40c-674f4444bca8), precommit_create {{(pid=103259) _notify_loop /opt/stack/data/venv/lib/python3.12/site-packages/neutron_lib/callbacks/manager.py:184}}
Feb 21 00:47:36.005126 np0000156624 devstack@neutron-api.service[103259]: DEBUG neutron.plugins.ml2.drivers.ovn.mech_driver.mech_driver [None req-8058addf-0f18-453d-b495-aa5a1847a271 admin admin] No provisioning block for port 2b8341c4-004d-4b8d-a40c-674f4444bca8 since it does not have a host {{(pid=103259) _is_port_provisioning_required /opt/stack/neutron/neutron/plugins/ml2/drivers/ovn/mech_driver/mech_driver.py:883}}
Feb 21 00:47:36.005251 np0000156624 devstack@neutron-api.service[103259]: DEBUG neutron.db.ovn_revision_numbers_db [None req-8058addf-0f18-453d-b495-aa5a1847a271 admin admin] create_initial_revision uuid=2b8341c4-004d-4b8d-a40c-674f4444bca8, type=ports, rev=-1 {{(pid=103259) create_initial_revision /opt/stack/neutron/neutron/db/ovn_revision_numbers_db.py:98}}
Feb 21 00:47:36.256029 np0000156624 devstack@neutron-api.service[103259]: DEBUG neutron_lib.callbacks.manager [None req-8058addf-0f18-453d-b495-aa5a1847a271 admin admin] Publish callbacks ['neutron.plugins.ml2.ovo_rpc._ObjectChangeHandler.handle_event-3691432'] for port (2b8341c4-004d-4b8d-a40c-674f4444bca8), after_create {{(pid=103259) _notify_loop /opt/stack/data/venv/lib/python3.12/site-packages/neutron_lib/callbacks/manager.py:184}}
Feb 21 00:47:36.312098 np0000156624 devstack@neutron-api.service[103259]: DEBUG neutron.api.rpc.handlers.resources_rpc [None req-8058addf-0f18-453d-b495-aa5a1847a271 admin admin] Pushing event updated for resources: {'Port': ['ID=2b8341c4-004d-4b8d-a40c-674f4444bca8,revision_number=1']} {{(pid=103259) push /opt/stack/neutron/neutron/api/rpc/handlers/resources_rpc.py:237}}
Feb 21 00:47:36.351388 np0000156624 devstack@neutron-api.service[103259]: DEBUG ovsdbapp.backend.ovs_idl.transaction [-] Running txn n=1 command(idx=0): AddLSwitchPortCommand(_result=None, lport=2b8341c4-004d-4b8d-a40c-674f4444bca8, lswitch=neutron-4a3e1363-bdbd-4bfd-84de-458454cfdf20, may_exist=True, network_uuid=4a3e1363-bdbd-4bfd-84de-458454cfdf20, columns={'addresses': ['fa:16:3e:83:7d:b3'], 'external_ids': {'neutron:port_name': '', 'neutron:device_id': 'ovnmeta-4a3e1363-bdbd-4bfd-84de-458454cfdf20', 'neutron:project_id': 'c1ec6cc558d14c12a98e4df3098159fc', 'neutron:cidrs': '', 'neutron:device_owner': 'network:distributed', 'neutron:subnet_pool_addr_scope4': '', 'neutron:subnet_pool_addr_scope6': '', 'neutron:network_name': 'neutron-4a3e1363-bdbd-4bfd-84de-458454cfdf20', 'neutron:security_group_ids': '', 'neutron:revision_number': '1', 'neutron:vnic_type': 'normal', 'neutron:port_capabilities': '', 'neutron:mtu': ''}, 'parent_name': [], 'tag': [], 'enabled': True, 'options': {}, 'type': 'localport', 'port_security': [], 'dhcpv4_options': [], 'dhcpv6_options': []}) {{(pid=103259) do_commit /opt/stack/data/venv/lib/python3.12/site-packages/ovsdbapp/backend/ovs_idl/transaction.py:89}}
Feb 21 00:47:36.352425 np0000156624 devstack@neutron-api.service[103259]: DEBUG ovsdbapp.backend.ovs_idl.transaction [-] Running txn n=1 command(idx=1): QoSDelCommand(_result=None, switch=neutron-4a3e1363-bdbd-4bfd-84de-458454cfdf20, conditions=[('direction', '=', 'to-lport'), ('priority', '=', 2002), ('match', '=', 'outport == "2b8341c4-004d-4b8d-a40c-674f4444bca8"')], if_exists=True) {{(pid=103259) do_commit /opt/stack/data/venv/lib/python3.12/site-packages/ovsdbapp/backend/ovs_idl/transaction.py:89}}
Feb 21 00:47:36.352694 np0000156624 devstack@neutron-api.service[103259]: DEBUG ovsdbapp.backend.ovs_idl.transaction [-] Running txn n=1 command(idx=2): QoSDelCommand(_result=None, switch=neutron-4a3e1363-bdbd-4bfd-84de-458454cfdf20, conditions=[('direction', '=', 'from-lport'), ('priority', '=', 2002), ('match', '=', 'inport == "2b8341c4-004d-4b8d-a40c-674f4444bca8"')], if_exists=True) {{(pid=103259) do_commit /opt/stack/data/venv/lib/python3.12/site-packages/ovsdbapp/backend/ovs_idl/transaction.py:89}}
Feb 21 00:47:36.356704 np0000156624 devstack@neutron-api.service[103259]: DEBUG neutron.plugins.ml2.drivers.ovn.mech_driver.ovsdb.ovsdb_monitor [-] Hash Ring: Node b45f687a7df558d2a26b189687f0cbb7 (host: np0000156624) handling event "create" for row 2c69c5ac-f748-48f3-aa4b-cc2c653d2424 (table: Logical_Switch_Port) {{(pid=103259) notify /opt/stack/neutron/neutron/plugins/ml2/drivers/ovn/mech_driver/ovsdb/ovsdb_monitor.py:920}}
Feb 21 00:47:36.357537 np0000156624 devstack@neutron-api.service[103259]: DEBUG ovsdbapp.backend.ovs_idl.event [-] Matched CREATE: LogicalSwitchPortCreateEvent(events=('create',), table='Logical_Switch_Port', conditions=[], old_conditions=None), priority=20 to row=Logical_Switch_Port(name=2b8341c4-004d-4b8d-a40c-674f4444bca8, ha_chassis_group=[], options={}, parent_name=[], enabled=[True], type=localport, dhcpv6_options=[], addresses=['fa:16:3e:83:7d:b3'], tag=[], up=[], external_ids={'neutron:cidrs': '', 'neutron:device_id': 'ovnmeta-4a3e1363-bdbd-4bfd-84de-458454cfdf20', 'neutron:device_owner': 'network:distributed', 'neutron:mtu': '', 'neutron:network_name': 'neutron-4a3e1363-bdbd-4bfd-84de-458454cfdf20', 'neutron:port_capabilities': '', 'neutron:port_name': '', 'neutron:project_id': 'c1ec6cc558d14c12a98e4df3098159fc', 'neutron:revision_number': '1', 'neutron:security_group_ids': '', 'neutron:subnet_pool_addr_scope4': '', 'neutron:subnet_pool_addr_scope6': '', 'neutron:vnic_type': 'normal'}, tag_request=[], port_security=[], dynamic_addresses=[], dhcpv4_options=[], mirror_rules=[]) old= {{(pid=103259) matches /opt/stack/data/venv/lib/python3.12/site-packages/ovsdbapp/backend/ovs_idl/event.py:55}}
Feb 21 00:47:36.358543 np0000156624 devstack@neutron-api.service[103259]: INFO neutron.plugins.ml2.drivers.ovn.mech_driver.mech_driver [-] OVN reports status down for port: 2b8341c4-004d-4b8d-a40c-674f4444bca8
Feb 21 00:47:36.358981 np0000156624 devstack@neutron-api.service[103261]: DEBUG neutron.plugins.ml2.drivers.ovn.mech_driver.ovsdb.ovsdb_monitor [-] Hash Ring: Node 3d886aa7b271508eb8e5d8ccf3840513 (host: np0000156624) handling event "update" for row 4a3e1363-bdbd-4bfd-84de-458454cfdf20 (table: Logical_Switch) {{(pid=103261) notify /opt/stack/neutron/neutron/plugins/ml2/drivers/ovn/mech_driver/ovsdb/ovsdb_monitor.py:920}}
Feb 21 00:47:36.359409 np0000156624 devstack@neutron-api.service[103262]: DEBUG neutron.plugins.ml2.drivers.ovn.mech_driver.ovsdb.ovsdb_monitor [-] Hash Ring: Node 722d34ecbd8759b991ddae18fb190160 (host: np0000156624) handling event "update" for row 4a3e1363-bdbd-4bfd-84de-458454cfdf20 (table: Logical_Switch) {{(pid=103262) notify /opt/stack/neutron/neutron/plugins/ml2/drivers/ovn/mech_driver/ovsdb/ovsdb_monitor.py:920}}
Feb 21 00:47:36.359939 np0000156624 devstack@neutron-api.service[103262]: DEBUG neutron.plugins.ml2.drivers.ovn.mech_driver.ovsdb.ovsdb_monitor [-] Hash Ring: Node 722d34ecbd8759b991ddae18fb190160 (host: np0000156624) handling event "create" for row 2c69c5ac-f748-48f3-aa4b-cc2c653d2424 (table: Logical_Switch_Port) {{(pid=103262) notify /opt/stack/neutron/neutron/plugins/ml2/drivers/ovn/mech_driver/ovsdb/ovsdb_monitor.py:920}}
Feb 21 00:47:36.360593 np0000156624 devstack@neutron-api.service[103259]: DEBUG neutron.plugins.ml2.drivers.ovn.mech_driver.ovsdb.ovsdb_monitor [-] Hash Ring: Node b45f687a7df558d2a26b189687f0cbb7 (host: np0000156624) handling event "update" for row 2c69c5ac-f748-48f3-aa4b-cc2c653d2424 (table: Logical_Switch_Port) {{(pid=103259) notify /opt/stack/neutron/neutron/plugins/ml2/drivers/ovn/mech_driver/ovsdb/ovsdb_monitor.py:920}}
Feb 21 00:47:36.361519 np0000156624 devstack@neutron-api.service[103262]: DEBUG ovsdbapp.backend.ovs_idl.event [-] Matched CREATE: LogicalSwitchPortCreateEvent(events=('create',), table='Logical_Switch_Port', conditions=[], old_conditions=None), priority=20 to row=Logical_Switch_Port(name=2b8341c4-004d-4b8d-a40c-674f4444bca8, ha_chassis_group=[], options={}, parent_name=[], enabled=[True], type=localport, dhcpv6_options=[], addresses=['fa:16:3e:83:7d:b3'], tag=[], up=[], external_ids={'neutron:cidrs': '', 'neutron:device_id': 'ovnmeta-4a3e1363-bdbd-4bfd-84de-458454cfdf20', 'neutron:device_owner': 'network:distributed', 'neutron:mtu': '', 'neutron:network_name': 'neutron-4a3e1363-bdbd-4bfd-84de-458454cfdf20', 'neutron:port_capabilities': '', 'neutron:port_name': '', 'neutron:project_id': 'c1ec6cc558d14c12a98e4df3098159fc', 'neutron:revision_number': '1', 'neutron:security_group_ids': '', 'neutron:subnet_pool_addr_scope4': '', 'neutron:subnet_pool_addr_scope6': '', 'neutron:vnic_type': 'normal'}, tag_request=[], port_security=[], dynamic_addresses=[], dhcpv4_options=[], mirror_rules=[]) old= {{(pid=103262) matches /opt/stack/data/venv/lib/python3.12/site-packages/ovsdbapp/backend/ovs_idl/event.py:55}}
Feb 21 00:47:36.361711 np0000156624 devstack@neutron-api.service[103260]: DEBUG neutron.plugins.ml2.drivers.ovn.mech_driver.ovsdb.ovsdb_monitor [-] Hash Ring: Node 3d33dc96798a566bbec2c713ef0c3c5b (host: np0000156624) handling event "create" for row 4555a7f3-5838-4c03-b293-67b9a738b2f7 (table: Port_Binding) {{(pid=103260) notify /opt/stack/neutron/neutron/plugins/ml2/drivers/ovn/mech_driver/ovsdb/ovsdb_monitor.py:920}}
Feb 21 00:47:36.364143 np0000156624 devstack@neutron-api.service[103262]: INFO neutron.plugins.ml2.drivers.ovn.mech_driver.mech_driver [-] OVN reports status down for port: 2b8341c4-004d-4b8d-a40c-674f4444bca8
Feb 21 00:47:36.364587 np0000156624 devstack@neutron-api.service[103262]: DEBUG neutron.plugins.ml2.drivers.ovn.mech_driver.ovsdb.ovsdb_monitor [-] Hash Ring: Node 722d34ecbd8759b991ddae18fb190160 (host: np0000156624) handling event "create" for row 4555a7f3-5838-4c03-b293-67b9a738b2f7 (table: Port_Binding) {{(pid=103262) notify /opt/stack/neutron/neutron/plugins/ml2/drivers/ovn/mech_driver/ovsdb/ovsdb_monitor.py:920}}
Feb 21 00:47:36.365027 np0000156624 devstack@neutron-api.service[103262]: DEBUG neutron.plugins.ml2.drivers.ovn.mech_driver.ovsdb.ovsdb_monitor [-] Hash Ring: Node 722d34ecbd8759b991ddae18fb190160 (host: np0000156624) handling event "update" for row 2c69c5ac-f748-48f3-aa4b-cc2c653d2424 (table: Logical_Switch_Port) {{(pid=103262) notify /opt/stack/neutron/neutron/plugins/ml2/drivers/ovn/mech_driver/ovsdb/ovsdb_monitor.py:920}}
Feb 21 00:47:36.427534 np0000156624 devstack@neutron-api.service[103262]: DEBUG neutron.db.provisioning_blocks [None req-a56e3f4e-2dcb-432b-948c-a2a89d95ded9 None None] Transition to ACTIVE for port object 2b8341c4-004d-4b8d-a40c-674f4444bca8 will not be triggered until provisioned by entity L2. {{(pid=103262) add_provisioning_component /opt/stack/neutron/neutron/db/provisioning_blocks.py:74}}
Feb 21 00:47:36.473525 np0000156624 devstack@neutron-api.service[103259]: INFO neutron.db.ovn_revision_numbers_db [None req-8058addf-0f18-453d-b495-aa5a1847a271 admin admin] Successfully bumped revision number for resource 2b8341c4-004d-4b8d-a40c-674f4444bca8 (type: ports) to 1
Feb 21 00:47:36.478255 np0000156624 devstack@neutron-api.service[103259]: DEBUG neutron.db.provisioning_blocks [None req-cc0f5c0f-c6b2-4760-90d5-e1c61f02df1d None None] Ignored duplicate provisioning block setup for port 2b8341c4-004d-4b8d-a40c-674f4444bca8 by entity L2. {{(pid=103259) add_provisioning_component /opt/stack/neutron/neutron/db/provisioning_blocks.py:69}}
Feb 21 00:47:36.530273 np0000156624 devstack@neutron-api.service[103259]: DEBUG neutron.pecan_wsgi.hooks.policy_enforcement [None req-8058addf-0f18-453d-b495-aa5a1847a271 admin admin] Attributes excluded by policy engine: ['standard_attr_id'] {{(pid=103259) _exclude_attributes_by_policy /opt/stack/neutron/neutron/pecan_wsgi/hooks/policy_enforcement.py:258}}
Feb 21 00:47:36.533043 np0000156624 devstack@neutron-api.service[103259]: DEBUG neutron_lib.callbacks.manager [None req-8058addf-0f18-453d-b495-aa5a1847a271 admin admin] Publish callbacks [] for network (None), before_response {{(pid=103259) _notify_loop /opt/stack/data/venv/lib/python3.12/site-packages/neutron_lib/callbacks/manager.py:184}}
Feb 21 00:47:36.554860 np0000156624 devstack@neutron-api.service[103259]: DEBUG neutron.plugins.ml2.plugin [None req-cc0f5c0f-c6b2-4760-90d5-e1c61f02df1d None None] Current status of the port 2b8341c4-004d-4b8d-a40c-674f4444bca8 is: DOWN; New status is: DOWN {{(pid=103259) _update_individual_port_db_status /opt/stack/neutron/neutron/plugins/ml2/plugin.py:2461}}
Feb 21 00:47:36.556764 np0000156624 devstack@neutron-api.service[103259]: DEBUG ovsdbapp.backend.ovs_idl.transaction [-] Running txn n=1 command(idx=0): DbRemoveCommand(_result=None, table=Logical_Switch_Port, record=2b8341c4-004d-4b8d-a40c-674f4444bca8, column=external_ids, values=('neutron:host_id',), keyvalues={}, if_exists=True) {{(pid=103259) do_commit /opt/stack/data/venv/lib/python3.12/site-packages/ovsdbapp/backend/ovs_idl/transaction.py:89}}
Feb 21 00:47:36.562345 np0000156624 devstack@neutron-api.service[103259]: [pid: 103259|app: 0|req: 1/5] 162.253.55.227 () {68 vars in 1357 bytes} [Sat Feb 21 00:47:34 2026] POST /networking/v2.0/networks => generated 681 bytes in 1805 msecs (HTTP/1.1 201) 4 headers in 162 bytes (1 switches on core 0)
Feb 21 00:47:36.629312 np0000156624 devstack@neutron-api.service[103262]: DEBUG neutron.plugins.ml2.plugin [None req-a56e3f4e-2dcb-432b-948c-a2a89d95ded9 None None] Current status of the port 2b8341c4-004d-4b8d-a40c-674f4444bca8 is: DOWN; New status is: DOWN {{(pid=103262) _update_individual_port_db_status /opt/stack/neutron/neutron/plugins/ml2/plugin.py:2461}}
