Feb 21 00:46:58.236293 np0000156624 systemd[1]: Starting devstack@n-api.service - Devstack devstack@n-api.service...
Feb 21 00:46:58.249754 np0000156624 devstack@n-api.service[99987]: [uWSGI] getting INI configuration from /etc/nova/nova-api-uwsgi.ini
Feb 21 00:46:58.250480 np0000156624 devstack@n-api.service[99987]: open("./http_plugin.so"): No such file or directory [core/utils.c line 3709]
Feb 21 00:46:58.250480 np0000156624 devstack@n-api.service[99987]: !!! UNABLE to load uWSGI plugin: ./http_plugin.so: cannot open shared object file: No such file or directory !!!
Feb 21 00:46:58.250480 np0000156624 devstack@n-api.service[99987]: open("./python3_plugin.so"): No such file or directory [core/utils.c line 3709]
Feb 21 00:46:58.250480 np0000156624 devstack@n-api.service[99987]: !!! UNABLE to load uWSGI plugin: ./python3_plugin.so: cannot open shared object file: No such file or directory !!!
Feb 21 00:46:58.250480 np0000156624 devstack@n-api.service[99987]: *** Starting uWSGI 2.0.31 (64bit) on [Sat Feb 21 00:46:58 2026] ***
Feb 21 00:46:58.250480 np0000156624 devstack@n-api.service[99987]: compiled with version: 13.3.0 on 21 February 2026 00:37:28
Feb 21 00:46:58.250480 np0000156624 devstack@n-api.service[99987]: os: Linux-6.8.0-100-generic #100-Ubuntu SMP PREEMPT_DYNAMIC Tue Jan 13 16:40:06 UTC 2026
Feb 21 00:46:58.250480 np0000156624 devstack@n-api.service[99987]: nodename: np0000156624
Feb 21 00:46:58.250480 np0000156624 devstack@n-api.service[99987]: machine: x86_64
Feb 21 00:46:58.250480 np0000156624 devstack@n-api.service[99987]: clock source: unix
Feb 21 00:46:58.250480 np0000156624 devstack@n-api.service[99987]: pcre jit disabled
Feb 21 00:46:58.250480 np0000156624 devstack@n-api.service[99987]: detected number of CPU cores: 16
Feb 21 00:46:58.250480 np0000156624 devstack@n-api.service[99987]: current working directory: /
Feb 21 00:46:58.250480 np0000156624 devstack@n-api.service[99987]: detected binary path: /opt/stack/data/venv/bin/uwsgi
Feb 21 00:46:58.250480 np0000156624 devstack@n-api.service[99987]: your processes number limit is 256923
Feb 21 00:46:58.250480 np0000156624 devstack@n-api.service[99987]: your memory page size is 4096 bytes
Feb 21 00:46:58.250480 np0000156624 devstack@n-api.service[99987]: detected max file descriptor number: 2048
Feb 21 00:46:58.250480 np0000156624 devstack@n-api.service[99987]: lock engine: pthread robust mutexes
Feb 21 00:46:58.250480 np0000156624 devstack@n-api.service[99987]: thunder lock: enabled
Feb 21 00:46:58.251574 np0000156624 devstack@n-api.service[99987]: uwsgi socket 0 bound to UNIX address /var/run/uwsgi/nova-api.socket fd 4
Feb 21 00:46:58.251574 np0000156624 devstack@n-api.service[99987]: Python version: 3.12.3 (main, Jan 22 2026, 20:57:42) [GCC 13.3.0]
Feb 21 00:46:58.251574 np0000156624 devstack@n-api.service[99987]: PEP 405 virtualenv detected: /opt/stack/data/venv
Feb 21 00:46:58.251574 np0000156624 devstack@n-api.service[99987]: Set PythonHome to /opt/stack/data/venv
Feb 21 00:46:58.289237 np0000156624 devstack@n-api.service[99987]: Python main interpreter initialized at 0x7fdc500a3668
Feb 21 00:46:58.289237 np0000156624 devstack@n-api.service[99987]: python threads support enabled
Feb 21 00:46:58.289237 np0000156624 devstack@n-api.service[99987]: your server socket listen backlog is limited to 100 connections
Feb 21 00:46:58.289237 np0000156624 devstack@n-api.service[99987]: your mercy for graceful operations on workers is 80 seconds
Feb 21 00:46:58.289769 np0000156624 devstack@n-api.service[99987]: mapped 671795 bytes (656 KB) for 4 cores
Feb 21 00:46:58.289938 np0000156624 devstack@n-api.service[99987]: *** Operational MODE: preforking ***
Feb 21 00:46:58.290166 np0000156624 devstack@n-api.service[99987]: *** uWSGI is running in multiple interpreter mode ***
Feb 21 00:46:58.290166 np0000156624 devstack@n-api.service[99987]: spawned uWSGI master process (pid: 99987)
Feb 21 00:46:58.290325 np0000156624 systemd[1]: Started devstack@n-api.service - Devstack devstack@n-api.service.
Feb 21 00:46:58.290940 np0000156624 devstack@n-api.service[99987]: spawned uWSGI worker 1 (pid: 99988, cores: 1)
Feb 21 00:46:58.291309 np0000156624 devstack@n-api.service[99987]: spawned uWSGI worker 2 (pid: 99989, cores: 1)
Feb 21 00:46:58.291770 np0000156624 devstack@n-api.service[99987]: spawned uWSGI worker 3 (pid: 99990, cores: 1)
Feb 21 00:46:58.292214 np0000156624 devstack@n-api.service[99987]: spawned uWSGI worker 4 (pid: 99991, cores: 1)
Feb 21 00:46:58.292307 np0000156624 devstack@n-api.service[99987]: running "unix_signal:15 gracefully_kill_them_all" (master-start)...
Feb 21 00:46:58.625694 np0000156624 devstack@n-api.service[99988]: Service is starting with native threading. This is currently experimental. Do not use it in production without first testing it in pre-production.
Feb 21 00:46:58.661838 np0000156624 devstack@n-api.service[99990]: Service is starting with native threading. This is currently experimental. Do not use it in production without first testing it in pre-production.
Feb 21 00:46:58.720290 np0000156624 devstack@n-api.service[99991]: Service is starting with native threading. This is currently experimental. Do not use it in production without first testing it in pre-production.
Feb 21 00:46:58.727005 np0000156624 devstack@n-api.service[99989]: Service is starting with native threading. This is currently experimental. Do not use it in production without first testing it in pre-production.
Feb 21 00:47:00.678992 np0000156624 devstack@n-api.service[99988]: INFO dbcounter [None req-0262f630-5123-456a-a47b-34b6684afd4c None None] Registered counter for database nova_api
Feb 21 00:47:00.680300 np0000156624 devstack@n-api.service[99990]: INFO dbcounter [None req-01ab6422-13ba-4f64-bc34-520bee7c946b None None] Registered counter for database nova_api
Feb 21 00:47:00.694968 np0000156624 devstack@n-api.service[99988]: DEBUG oslo_db.sqlalchemy.engines [None req-0262f630-5123-456a-a47b-34b6684afd4c None None] MySQL server mode set to STRICT_TRANS_TABLES,STRICT_ALL_TABLES,NO_ZERO_IN_DATE,NO_ZERO_DATE,ERROR_FOR_DIVISION_BY_ZERO,TRADITIONAL,NO_ENGINE_SUBSTITUTION {{(pid=99988) _check_effective_sql_mode /opt/stack/data/venv/lib/python3.12/site-packages/oslo_db/sqlalchemy/engines.py:325}}
Feb 21 00:47:00.697498 np0000156624 devstack@n-api.service[99990]: DEBUG oslo_db.sqlalchemy.engines [None req-01ab6422-13ba-4f64-bc34-520bee7c946b None None] MySQL server mode set to STRICT_TRANS_TABLES,STRICT_ALL_TABLES,NO_ZERO_IN_DATE,NO_ZERO_DATE,ERROR_FOR_DIVISION_BY_ZERO,TRADITIONAL,NO_ENGINE_SUBSTITUTION {{(pid=99990) _check_effective_sql_mode /opt/stack/data/venv/lib/python3.12/site-packages/oslo_db/sqlalchemy/engines.py:325}}
Feb 21 00:47:00.705001 np0000156624 devstack@n-api.service[99991]: INFO dbcounter [None req-db46cd21-0693-4035-8d12-b6b596ad6d3d None None] Registered counter for database nova_api
Feb 21 00:47:00.713062 np0000156624 devstack@n-api.service[99989]: INFO dbcounter [None req-298cf491-9c18-4118-af49-e4d70c16dee5 None None] Registered counter for database nova_api
Feb 21 00:47:00.717266 np0000156624 devstack@n-api.service[99991]: DEBUG oslo_db.sqlalchemy.engines [None req-db46cd21-0693-4035-8d12-b6b596ad6d3d None None] MySQL server mode set to STRICT_TRANS_TABLES,STRICT_ALL_TABLES,NO_ZERO_IN_DATE,NO_ZERO_DATE,ERROR_FOR_DIVISION_BY_ZERO,TRADITIONAL,NO_ENGINE_SUBSTITUTION {{(pid=99991) _check_effective_sql_mode /opt/stack/data/venv/lib/python3.12/site-packages/oslo_db/sqlalchemy/engines.py:325}}
Feb 21 00:47:00.726590 np0000156624 devstack@n-api.service[99989]: DEBUG oslo_db.sqlalchemy.engines [None req-298cf491-9c18-4118-af49-e4d70c16dee5 None None] MySQL server mode set to STRICT_TRANS_TABLES,STRICT_ALL_TABLES,NO_ZERO_IN_DATE,NO_ZERO_DATE,ERROR_FOR_DIVISION_BY_ZERO,TRADITIONAL,NO_ENGINE_SUBSTITUTION {{(pid=99989) _check_effective_sql_mode /opt/stack/data/venv/lib/python3.12/site-packages/oslo_db/sqlalchemy/engines.py:325}}
Feb 21 00:47:00.727810 np0000156624 devstack@n-api.service[99988]: DEBUG dbcounter [-] [99988] Writer thread running {{(pid=99988) stat_writer /opt/stack/data/venv/lib/python3.12/site-packages/dbcounter.py:102}}
Feb 21 00:47:00.730325 np0000156624 devstack@n-api.service[99988]: DEBUG nova.context [None req-0262f630-5123-456a-a47b-34b6684afd4c None None] Found 2 cells: 00000000-0000-0000-0000-000000000000(cell0),4bb6901a-3ed1-440c-9953-901144dd901e(cell1) {{(pid=99988) load_cells /opt/stack/nova/nova/context.py:509}}
Feb 21 00:47:00.730517 np0000156624 devstack@n-api.service[99988]: INFO nova.utils [None req-0262f630-5123-456a-a47b-34b6684afd4c None None] The cell worker thread pool MainProcess.cell_worker is initialized
Feb 21 00:47:00.732196 np0000156624 devstack@n-api.service[99988]: DEBUG oslo_concurrency.lockutils [None req-0262f630-5123-456a-a47b-34b6684afd4c None None] Acquiring lock "00000000-0000-0000-0000-000000000000" by "nova.context.set_target_cell..get_or_set_cached_cell_and_set_connections" {{(pid=99988) inner /opt/stack/data/venv/lib/python3.12/site-packages/oslo_concurrency/lockutils.py:506}}
Feb 21 00:47:00.732347 np0000156624 devstack@n-api.service[99988]: DEBUG oslo_concurrency.lockutils [None req-0262f630-5123-456a-a47b-34b6684afd4c None None] Lock "00000000-0000-0000-0000-000000000000" acquired by "nova.context.set_target_cell..get_or_set_cached_cell_and_set_connections" :: waited 0.000s {{(pid=99988) inner /opt/stack/data/venv/lib/python3.12/site-packages/oslo_concurrency/lockutils.py:519}}
Feb 21 00:47:00.732718 np0000156624 devstack@n-api.service[99988]: DEBUG oslo_concurrency.lockutils [None req-0262f630-5123-456a-a47b-34b6684afd4c None None] Lock "00000000-0000-0000-0000-000000000000" "released" by "nova.context.set_target_cell..get_or_set_cached_cell_and_set_connections" :: held 0.000s {{(pid=99988) inner /opt/stack/data/venv/lib/python3.12/site-packages/oslo_concurrency/lockutils.py:538}}
Feb 21 00:47:00.733446 np0000156624 devstack@n-api.service[99988]: DEBUG oslo_concurrency.lockutils [None req-0262f630-5123-456a-a47b-34b6684afd4c None None] Acquiring lock "4bb6901a-3ed1-440c-9953-901144dd901e" by "nova.context.set_target_cell..get_or_set_cached_cell_and_set_connections" {{(pid=99988) inner /opt/stack/data/venv/lib/python3.12/site-packages/oslo_concurrency/lockutils.py:506}}
Feb 21 00:47:00.733569 np0000156624 devstack@n-api.service[99988]: DEBUG oslo_concurrency.lockutils [None req-0262f630-5123-456a-a47b-34b6684afd4c None None] Lock "4bb6901a-3ed1-440c-9953-901144dd901e" acquired by "nova.context.set_target_cell..get_or_set_cached_cell_and_set_connections" :: waited 0.000s {{(pid=99988) inner /opt/stack/data/venv/lib/python3.12/site-packages/oslo_concurrency/lockutils.py:519}}
Feb 21 00:47:00.734600 np0000156624 devstack@n-api.service[99988]: DEBUG oslo_concurrency.lockutils [None req-0262f630-5123-456a-a47b-34b6684afd4c None None] Lock "4bb6901a-3ed1-440c-9953-901144dd901e" "released" by "nova.context.set_target_cell..get_or_set_cached_cell_and_set_connections" :: held 0.001s {{(pid=99988) inner /opt/stack/data/venv/lib/python3.12/site-packages/oslo_concurrency/lockutils.py:538}}
Feb 21 00:47:00.737566 np0000156624 devstack@n-api.service[99990]: DEBUG dbcounter [-] [99990] Writer thread running {{(pid=99990) stat_writer /opt/stack/data/venv/lib/python3.12/site-packages/dbcounter.py:102}}
Feb 21 00:47:00.738282 np0000156624 devstack@n-api.service[99988]: INFO dbcounter [None req-0262f630-5123-456a-a47b-34b6684afd4c None None] Registered counter for database nova_cell0
Feb 21 00:47:00.740005 np0000156624 devstack@n-api.service[99990]: DEBUG nova.context [None req-01ab6422-13ba-4f64-bc34-520bee7c946b None None] Found 2 cells: 00000000-0000-0000-0000-000000000000(cell0),4bb6901a-3ed1-440c-9953-901144dd901e(cell1) {{(pid=99990) load_cells /opt/stack/nova/nova/context.py:509}}
Feb 21 00:47:00.740240 np0000156624 devstack@n-api.service[99990]: INFO nova.utils [None req-01ab6422-13ba-4f64-bc34-520bee7c946b None None] The cell worker thread pool MainProcess.cell_worker is initialized
Feb 21 00:47:00.742074 np0000156624 devstack@n-api.service[99990]: DEBUG oslo_concurrency.lockutils [None req-01ab6422-13ba-4f64-bc34-520bee7c946b None None] Acquiring lock "00000000-0000-0000-0000-000000000000" by "nova.context.set_target_cell..get_or_set_cached_cell_and_set_connections" {{(pid=99990) inner /opt/stack/data/venv/lib/python3.12/site-packages/oslo_concurrency/lockutils.py:506}}
Feb 21 00:47:00.742231 np0000156624 devstack@n-api.service[99990]: DEBUG oslo_concurrency.lockutils [None req-01ab6422-13ba-4f64-bc34-520bee7c946b None None] Lock "00000000-0000-0000-0000-000000000000" acquired by "nova.context.set_target_cell..get_or_set_cached_cell_and_set_connections" :: waited 0.000s {{(pid=99990) inner /opt/stack/data/venv/lib/python3.12/site-packages/oslo_concurrency/lockutils.py:519}}
Feb 21 00:47:00.742604 np0000156624 devstack@n-api.service[99990]: DEBUG oslo_concurrency.lockutils [None req-01ab6422-13ba-4f64-bc34-520bee7c946b None None] Lock "00000000-0000-0000-0000-000000000000" "released" by "nova.context.set_target_cell..get_or_set_cached_cell_and_set_connections" :: held 0.000s {{(pid=99990) inner /opt/stack/data/venv/lib/python3.12/site-packages/oslo_concurrency/lockutils.py:538}}
Feb 21 00:47:00.743303 np0000156624 devstack@n-api.service[99990]: DEBUG oslo_concurrency.lockutils [None req-01ab6422-13ba-4f64-bc34-520bee7c946b None None] Acquiring lock "4bb6901a-3ed1-440c-9953-901144dd901e" by "nova.context.set_target_cell..get_or_set_cached_cell_and_set_connections" {{(pid=99990) inner /opt/stack/data/venv/lib/python3.12/site-packages/oslo_concurrency/lockutils.py:506}}
Feb 21 00:47:00.743456 np0000156624 devstack@n-api.service[99990]: DEBUG oslo_concurrency.lockutils [None req-01ab6422-13ba-4f64-bc34-520bee7c946b None None] Lock "4bb6901a-3ed1-440c-9953-901144dd901e" acquired by "nova.context.set_target_cell..get_or_set_cached_cell_and_set_connections" :: waited 0.000s {{(pid=99990) inner /opt/stack/data/venv/lib/python3.12/site-packages/oslo_concurrency/lockutils.py:519}}
Feb 21 00:47:00.744363 np0000156624 devstack@n-api.service[99990]: DEBUG oslo_concurrency.lockutils [None req-01ab6422-13ba-4f64-bc34-520bee7c946b None None] Lock "4bb6901a-3ed1-440c-9953-901144dd901e" "released" by "nova.context.set_target_cell..get_or_set_cached_cell_and_set_connections" :: held 0.001s {{(pid=99990) inner /opt/stack/data/venv/lib/python3.12/site-packages/oslo_concurrency/lockutils.py:538}}
Feb 21 00:47:00.744954 np0000156624 devstack@n-api.service[99988]: INFO dbcounter [None req-0262f630-5123-456a-a47b-34b6684afd4c None None] Registered counter for database nova_cell1
Feb 21 00:47:00.747850 np0000156624 devstack@n-api.service[99990]: INFO dbcounter [None req-01ab6422-13ba-4f64-bc34-520bee7c946b None None] Registered counter for database nova_cell0
Feb 21 00:47:00.752646 np0000156624 devstack@n-api.service[99990]: INFO dbcounter [None req-01ab6422-13ba-4f64-bc34-520bee7c946b None None] Registered counter for database nova_cell1
Feb 21 00:47:00.752931 np0000156624 devstack@n-api.service[99991]: DEBUG dbcounter [-] [99991] Writer thread running {{(pid=99991) stat_writer /opt/stack/data/venv/lib/python3.12/site-packages/dbcounter.py:102}}
Feb 21 00:47:00.754322 np0000156624 devstack@n-api.service[99988]: DEBUG oslo_db.sqlalchemy.engines [None req-0262f630-5123-456a-a47b-34b6684afd4c None None] MySQL server mode set to STRICT_TRANS_TABLES,STRICT_ALL_TABLES,NO_ZERO_IN_DATE,NO_ZERO_DATE,ERROR_FOR_DIVISION_BY_ZERO,TRADITIONAL,NO_ENGINE_SUBSTITUTION {{(pid=99988) _check_effective_sql_mode /opt/stack/data/venv/lib/python3.12/site-packages/oslo_db/sqlalchemy/engines.py:325}}
Feb 21 00:47:00.756126 np0000156624 devstack@n-api.service[99991]: DEBUG nova.context [None req-db46cd21-0693-4035-8d12-b6b596ad6d3d None None] Found 2 cells: 00000000-0000-0000-0000-000000000000(cell0),4bb6901a-3ed1-440c-9953-901144dd901e(cell1) {{(pid=99991) load_cells /opt/stack/nova/nova/context.py:509}}
Feb 21 00:47:00.756247 np0000156624 devstack@n-api.service[99991]: INFO nova.utils [None req-db46cd21-0693-4035-8d12-b6b596ad6d3d None None] The cell worker thread pool MainProcess.cell_worker is initialized
Feb 21 00:47:00.757563 np0000156624 devstack@n-api.service[99989]: DEBUG dbcounter [-] [99989] Writer thread running {{(pid=99989) stat_writer /opt/stack/data/venv/lib/python3.12/site-packages/dbcounter.py:102}}
Feb 21 00:47:00.758056 np0000156624 devstack@n-api.service[99991]: DEBUG oslo_concurrency.lockutils [None req-db46cd21-0693-4035-8d12-b6b596ad6d3d None None] Acquiring lock "00000000-0000-0000-0000-000000000000" by "nova.context.set_target_cell..get_or_set_cached_cell_and_set_connections" {{(pid=99991) inner /opt/stack/data/venv/lib/python3.12/site-packages/oslo_concurrency/lockutils.py:506}}
Feb 21 00:47:00.758231 np0000156624 devstack@n-api.service[99991]: DEBUG oslo_concurrency.lockutils [None req-db46cd21-0693-4035-8d12-b6b596ad6d3d None None] Lock "00000000-0000-0000-0000-000000000000" acquired by "nova.context.set_target_cell..get_or_set_cached_cell_and_set_connections" :: waited 0.000s {{(pid=99991) inner /opt/stack/data/venv/lib/python3.12/site-packages/oslo_concurrency/lockutils.py:519}}
Feb 21 00:47:00.758608 np0000156624 devstack@n-api.service[99991]: DEBUG oslo_concurrency.lockutils [None req-db46cd21-0693-4035-8d12-b6b596ad6d3d None None] Lock "00000000-0000-0000-0000-000000000000" "released" by "nova.context.set_target_cell..get_or_set_cached_cell_and_set_connections" :: held 0.000s {{(pid=99991) inner /opt/stack/data/venv/lib/python3.12/site-packages/oslo_concurrency/lockutils.py:538}}
Feb 21 00:47:00.762240 np0000156624 devstack@n-api.service[99991]: DEBUG oslo_concurrency.lockutils [None req-db46cd21-0693-4035-8d12-b6b596ad6d3d None None] Acquiring lock "4bb6901a-3ed1-440c-9953-901144dd901e" by "nova.context.set_target_cell..get_or_set_cached_cell_and_set_connections" {{(pid=99991) inner /opt/stack/data/venv/lib/python3.12/site-packages/oslo_concurrency/lockutils.py:506}}
Feb 21 00:47:00.762420 np0000156624 devstack@n-api.service[99989]: DEBUG nova.context [None req-298cf491-9c18-4118-af49-e4d70c16dee5 None None] Found 2 cells: 00000000-0000-0000-0000-000000000000(cell0),4bb6901a-3ed1-440c-9953-901144dd901e(cell1) {{(pid=99989) load_cells /opt/stack/nova/nova/context.py:509}}
Feb 21 00:47:00.762484 np0000156624 devstack@n-api.service[99991]: DEBUG oslo_concurrency.lockutils [None req-db46cd21-0693-4035-8d12-b6b596ad6d3d None None] Lock "4bb6901a-3ed1-440c-9953-901144dd901e" acquired by "nova.context.set_target_cell..get_or_set_cached_cell_and_set_connections" :: waited 0.000s {{(pid=99991) inner /opt/stack/data/venv/lib/python3.12/site-packages/oslo_concurrency/lockutils.py:519}}
Feb 21 00:47:00.762575 np0000156624 devstack@n-api.service[99989]: INFO nova.utils [None req-298cf491-9c18-4118-af49-e4d70c16dee5 None None] The cell worker thread pool MainProcess.cell_worker is initialized
Feb 21 00:47:00.762659 np0000156624 devstack@n-api.service[99991]: DEBUG oslo_concurrency.lockutils [None req-db46cd21-0693-4035-8d12-b6b596ad6d3d None None] Lock "4bb6901a-3ed1-440c-9953-901144dd901e" "released" by "nova.context.set_target_cell..get_or_set_cached_cell_and_set_connections" :: held 0.001s {{(pid=99991) inner /opt/stack/data/venv/lib/python3.12/site-packages/oslo_concurrency/lockutils.py:538}}
Feb 21 00:47:00.762714 np0000156624 devstack@n-api.service[99989]: DEBUG oslo_concurrency.lockutils [None req-298cf491-9c18-4118-af49-e4d70c16dee5 None None] Acquiring lock "00000000-0000-0000-0000-000000000000" by "nova.context.set_target_cell..get_or_set_cached_cell_and_set_connections" {{(pid=99989) inner /opt/stack/data/venv/lib/python3.12/site-packages/oslo_concurrency/lockutils.py:506}}
Feb 21 00:47:00.762714 np0000156624 devstack@n-api.service[99989]: DEBUG oslo_concurrency.lockutils [None req-298cf491-9c18-4118-af49-e4d70c16dee5 None None] Lock "00000000-0000-0000-0000-000000000000" acquired by "nova.context.set_target_cell..get_or_set_cached_cell_and_set_connections" :: waited 0.000s {{(pid=99989) inner /opt/stack/data/venv/lib/python3.12/site-packages/oslo_concurrency/lockutils.py:519}}
Feb 21 00:47:00.762714 np0000156624 devstack@n-api.service[99989]: DEBUG oslo_concurrency.lockutils [None req-298cf491-9c18-4118-af49-e4d70c16dee5 None None] Lock "00000000-0000-0000-0000-000000000000" "released" by "nova.context.set_target_cell..get_or_set_cached_cell_and_set_connections" :: held 0.000s {{(pid=99989) inner /opt/stack/data/venv/lib/python3.12/site-packages/oslo_concurrency/lockutils.py:538}}
Feb 21 00:47:00.762714 np0000156624 devstack@n-api.service[99989]: DEBUG oslo_concurrency.lockutils [None req-298cf491-9c18-4118-af49-e4d70c16dee5 None None] Acquiring lock "4bb6901a-3ed1-440c-9953-901144dd901e" by "nova.context.set_target_cell..get_or_set_cached_cell_and_set_connections" {{(pid=99989) inner /opt/stack/data/venv/lib/python3.12/site-packages/oslo_concurrency/lockutils.py:506}}
Feb 21 00:47:00.762925 np0000156624 devstack@n-api.service[99989]: DEBUG oslo_concurrency.lockutils [None req-298cf491-9c18-4118-af49-e4d70c16dee5 None None] Lock "4bb6901a-3ed1-440c-9953-901144dd901e" acquired by "nova.context.set_target_cell..get_or_set_cached_cell_and_set_connections" :: waited 0.000s {{(pid=99989) inner /opt/stack/data/venv/lib/python3.12/site-packages/oslo_concurrency/lockutils.py:519}}
Feb 21 00:47:00.763188 np0000156624 devstack@n-api.service[99991]: INFO dbcounter [None req-db46cd21-0693-4035-8d12-b6b596ad6d3d None None] Registered counter for database nova_cell0
Feb 21 00:47:00.763582 np0000156624 devstack@n-api.service[99989]: DEBUG oslo_concurrency.lockutils [None req-298cf491-9c18-4118-af49-e4d70c16dee5 None None] Lock "4bb6901a-3ed1-440c-9953-901144dd901e" "released" by "nova.context.set_target_cell..get_or_set_cached_cell_and_set_connections" :: held 0.001s {{(pid=99989) inner /opt/stack/data/venv/lib/python3.12/site-packages/oslo_concurrency/lockutils.py:538}}
Feb 21 00:47:00.765678 np0000156624 devstack@n-api.service[99988]: DEBUG oslo_db.sqlalchemy.engines [None req-0262f630-5123-456a-a47b-34b6684afd4c None None] MySQL server mode set to STRICT_TRANS_TABLES,STRICT_ALL_TABLES,NO_ZERO_IN_DATE,NO_ZERO_DATE,ERROR_FOR_DIVISION_BY_ZERO,TRADITIONAL,NO_ENGINE_SUBSTITUTION {{(pid=99988) _check_effective_sql_mode /opt/stack/data/venv/lib/python3.12/site-packages/oslo_db/sqlalchemy/engines.py:325}}
Feb 21 00:47:00.766581 np0000156624 devstack@n-api.service[99990]: DEBUG oslo_db.sqlalchemy.engines [None req-01ab6422-13ba-4f64-bc34-520bee7c946b None None] MySQL server mode set to STRICT_TRANS_TABLES,STRICT_ALL_TABLES,NO_ZERO_IN_DATE,NO_ZERO_DATE,ERROR_FOR_DIVISION_BY_ZERO,TRADITIONAL,NO_ENGINE_SUBSTITUTION {{(pid=99990) _check_effective_sql_mode /opt/stack/data/venv/lib/python3.12/site-packages/oslo_db/sqlalchemy/engines.py:325}}
Feb 21 00:47:00.767100 np0000156624 devstack@n-api.service[99989]: INFO dbcounter [None req-298cf491-9c18-4118-af49-e4d70c16dee5 None None] Registered counter for database nova_cell0
Feb 21 00:47:00.769036 np0000156624 devstack@n-api.service[99991]: INFO dbcounter [None req-db46cd21-0693-4035-8d12-b6b596ad6d3d None None] Registered counter for database nova_cell1
Feb 21 00:47:00.771807 np0000156624 devstack@n-api.service[99989]: INFO dbcounter [None req-298cf491-9c18-4118-af49-e4d70c16dee5 None None] Registered counter for database nova_cell1
Feb 21 00:47:00.780856 np0000156624 devstack@n-api.service[99991]: DEBUG oslo_db.sqlalchemy.engines [None req-db46cd21-0693-4035-8d12-b6b596ad6d3d None None] MySQL server mode set to STRICT_TRANS_TABLES,STRICT_ALL_TABLES,NO_ZERO_IN_DATE,NO_ZERO_DATE,ERROR_FOR_DIVISION_BY_ZERO,TRADITIONAL,NO_ENGINE_SUBSTITUTION {{(pid=99991) _check_effective_sql_mode /opt/stack/data/venv/lib/python3.12/site-packages/oslo_db/sqlalchemy/engines.py:325}}
Feb 21 00:47:00.787504 np0000156624 devstack@n-api.service[99991]: DEBUG oslo_db.sqlalchemy.engines [None req-db46cd21-0693-4035-8d12-b6b596ad6d3d None None] MySQL server mode set to STRICT_TRANS_TABLES,STRICT_ALL_TABLES,NO_ZERO_IN_DATE,NO_ZERO_DATE,ERROR_FOR_DIVISION_BY_ZERO,TRADITIONAL,NO_ENGINE_SUBSTITUTION {{(pid=99991) _check_effective_sql_mode /opt/stack/data/venv/lib/python3.12/site-packages/oslo_db/sqlalchemy/engines.py:325}}
Feb 21 00:47:00.789085 np0000156624 devstack@n-api.service[99990]: DEBUG oslo_db.sqlalchemy.engines [None req-01ab6422-13ba-4f64-bc34-520bee7c946b None None] MySQL server mode set to STRICT_TRANS_TABLES,STRICT_ALL_TABLES,NO_ZERO_IN_DATE,NO_ZERO_DATE,ERROR_FOR_DIVISION_BY_ZERO,TRADITIONAL,NO_ENGINE_SUBSTITUTION {{(pid=99990) _check_effective_sql_mode /opt/stack/data/venv/lib/python3.12/site-packages/oslo_db/sqlalchemy/engines.py:325}}
Feb 21 00:47:00.794126 np0000156624 devstack@n-api.service[99989]: DEBUG oslo_db.sqlalchemy.engines [None req-298cf491-9c18-4118-af49-e4d70c16dee5 None None] MySQL server mode set to STRICT_TRANS_TABLES,STRICT_ALL_TABLES,NO_ZERO_IN_DATE,NO_ZERO_DATE,ERROR_FOR_DIVISION_BY_ZERO,TRADITIONAL,NO_ENGINE_SUBSTITUTION {{(pid=99989) _check_effective_sql_mode /opt/stack/data/venv/lib/python3.12/site-packages/oslo_db/sqlalchemy/engines.py:325}}
Feb 21 00:47:00.797527 np0000156624 devstack@n-api.service[99989]: DEBUG oslo_db.sqlalchemy.engines [None req-298cf491-9c18-4118-af49-e4d70c16dee5 None None] MySQL server mode set to STRICT_TRANS_TABLES,STRICT_ALL_TABLES,NO_ZERO_IN_DATE,NO_ZERO_DATE,ERROR_FOR_DIVISION_BY_ZERO,TRADITIONAL,NO_ENGINE_SUBSTITUTION {{(pid=99989) _check_effective_sql_mode /opt/stack/data/venv/lib/python3.12/site-packages/oslo_db/sqlalchemy/engines.py:325}}
Feb 21 00:47:00.841849 np0000156624 devstack@n-api.service[99988]: DEBUG dbcounter [-] [99988] Writer thread running {{(pid=99988) stat_writer /opt/stack/data/venv/lib/python3.12/site-packages/dbcounter.py:102}}
Feb 21 00:47:00.849795 np0000156624 devstack@n-api.service[99988]: DEBUG dbcounter [-] [99988] Writer thread running {{(pid=99988) stat_writer /opt/stack/data/venv/lib/python3.12/site-packages/dbcounter.py:102}}
Feb 21 00:47:00.854608 np0000156624 devstack@n-api.service[99988]: INFO dbcounter [None req-0262f630-5123-456a-a47b-34b6684afd4c None None] Registered counter for database nova_cell0
Feb 21 00:47:00.859742 np0000156624 devstack@n-api.service[99990]: DEBUG dbcounter [-] [99990] Writer thread running {{(pid=99990) stat_writer /opt/stack/data/venv/lib/python3.12/site-packages/dbcounter.py:102}}
Feb 21 00:47:00.863572 np0000156624 devstack@n-api.service[99988]: DEBUG oslo_db.sqlalchemy.engines [None req-0262f630-5123-456a-a47b-34b6684afd4c None None] MySQL server mode set to STRICT_TRANS_TABLES,STRICT_ALL_TABLES,NO_ZERO_IN_DATE,NO_ZERO_DATE,ERROR_FOR_DIVISION_BY_ZERO,TRADITIONAL,NO_ENGINE_SUBSTITUTION {{(pid=99988) _check_effective_sql_mode /opt/stack/data/venv/lib/python3.12/site-packages/oslo_db/sqlalchemy/engines.py:325}}
Feb 21 00:47:00.867136 np0000156624 devstack@n-api.service[99990]: DEBUG dbcounter [-] [99990] Writer thread running {{(pid=99990) stat_writer /opt/stack/data/venv/lib/python3.12/site-packages/dbcounter.py:102}}
Feb 21 00:47:00.872096 np0000156624 devstack@n-api.service[99990]: INFO dbcounter [None req-01ab6422-13ba-4f64-bc34-520bee7c946b None None] Registered counter for database nova_cell0
Feb 21 00:47:00.874237 np0000156624 devstack@n-api.service[99988]: DEBUG dbcounter [-] [99988] Writer thread running {{(pid=99988) stat_writer /opt/stack/data/venv/lib/python3.12/site-packages/dbcounter.py:102}}
Feb 21 00:47:00.883608 np0000156624 devstack@n-api.service[99990]: DEBUG oslo_db.sqlalchemy.engines [None req-01ab6422-13ba-4f64-bc34-520bee7c946b None None] MySQL server mode set to STRICT_TRANS_TABLES,STRICT_ALL_TABLES,NO_ZERO_IN_DATE,NO_ZERO_DATE,ERROR_FOR_DIVISION_BY_ZERO,TRADITIONAL,NO_ENGINE_SUBSTITUTION {{(pid=99990) _check_effective_sql_mode /opt/stack/data/venv/lib/python3.12/site-packages/oslo_db/sqlalchemy/engines.py:325}}
Feb 21 00:47:00.886138 np0000156624 devstack@n-api.service[99991]: DEBUG dbcounter [-] [99991] Writer thread running {{(pid=99991) stat_writer /opt/stack/data/venv/lib/python3.12/site-packages/dbcounter.py:102}}
Feb 21 00:47:00.886796 np0000156624 devstack@n-api.service[99991]: DEBUG dbcounter [-] [99991] Writer thread running {{(pid=99991) stat_writer /opt/stack/data/venv/lib/python3.12/site-packages/dbcounter.py:102}}
Feb 21 00:47:00.891566 np0000156624 devstack@n-api.service[99990]: DEBUG dbcounter [-] [99990] Writer thread running {{(pid=99990) stat_writer /opt/stack/data/venv/lib/python3.12/site-packages/dbcounter.py:102}}
Feb 21 00:47:00.902342 np0000156624 devstack@n-api.service[99989]: DEBUG dbcounter [-] [99989] Writer thread running {{(pid=99989) stat_writer /opt/stack/data/venv/lib/python3.12/site-packages/dbcounter.py:102}}
Feb 21 00:47:00.903856 np0000156624 devstack@n-api.service[99989]: DEBUG dbcounter [-] [99989] Writer thread running {{(pid=99989) stat_writer /opt/stack/data/venv/lib/python3.12/site-packages/dbcounter.py:102}}
Feb 21 00:47:00.936720 np0000156624 devstack@n-api.service[99991]: INFO dbcounter [None req-db46cd21-0693-4035-8d12-b6b596ad6d3d None None] Registered counter for database nova_cell0
Feb 21 00:47:00.936831 np0000156624 devstack@n-api.service[99989]: INFO dbcounter [None req-298cf491-9c18-4118-af49-e4d70c16dee5 None None] Registered counter for database nova_cell0
Feb 21 00:47:00.948982 np0000156624 devstack@n-api.service[99989]: DEBUG oslo_db.sqlalchemy.engines [None req-298cf491-9c18-4118-af49-e4d70c16dee5 None None] MySQL server mode set to STRICT_TRANS_TABLES,STRICT_ALL_TABLES,NO_ZERO_IN_DATE,NO_ZERO_DATE,ERROR_FOR_DIVISION_BY_ZERO,TRADITIONAL,NO_ENGINE_SUBSTITUTION {{(pid=99989) _check_effective_sql_mode /opt/stack/data/venv/lib/python3.12/site-packages/oslo_db/sqlalchemy/engines.py:325}}
Feb 21 00:47:00.953816 np0000156624 devstack@n-api.service[99991]: DEBUG oslo_db.sqlalchemy.engines [None req-db46cd21-0693-4035-8d12-b6b596ad6d3d None None] MySQL server mode set to STRICT_TRANS_TABLES,STRICT_ALL_TABLES,NO_ZERO_IN_DATE,NO_ZERO_DATE,ERROR_FOR_DIVISION_BY_ZERO,TRADITIONAL,NO_ENGINE_SUBSTITUTION {{(pid=99991) _check_effective_sql_mode /opt/stack/data/venv/lib/python3.12/site-packages/oslo_db/sqlalchemy/engines.py:325}}
Feb 21 00:47:00.958964 np0000156624 devstack@n-api.service[99989]: DEBUG dbcounter [-] [99989] Writer thread running {{(pid=99989) stat_writer /opt/stack/data/venv/lib/python3.12/site-packages/dbcounter.py:102}}
Feb 21 00:47:00.963141 np0000156624 devstack@n-api.service[99991]: DEBUG dbcounter [-] [99991] Writer thread running {{(pid=99991) stat_writer /opt/stack/data/venv/lib/python3.12/site-packages/dbcounter.py:102}}
Feb 21 00:47:01.317662 np0000156624 devstack@n-api.service[99990]: DEBUG oslo_concurrency.processutils [None req-01ab6422-13ba-4f64-bc34-520bee7c946b None None] Running cmd (subprocess): grep -F node.session.scan /sbin/iscsiadm {{(pid=99990) execute /opt/stack/data/venv/lib/python3.12/site-packages/oslo_concurrency/processutils.py:368}}
Feb 21 00:47:01.338874 np0000156624 devstack@n-api.service[99990]: DEBUG oslo_concurrency.processutils [None req-01ab6422-13ba-4f64-bc34-520bee7c946b None None] CMD "grep -F node.session.scan /sbin/iscsiadm" returned: 0 in 0.021s {{(pid=99990) execute /opt/stack/data/venv/lib/python3.12/site-packages/oslo_concurrency/processutils.py:396}}
Feb 21 00:47:01.351118 np0000156624 devstack@n-api.service[99989]: DEBUG oslo_concurrency.processutils [None req-298cf491-9c18-4118-af49-e4d70c16dee5 None None] Running cmd (subprocess): grep -F node.session.scan /sbin/iscsiadm {{(pid=99989) execute /opt/stack/data/venv/lib/python3.12/site-packages/oslo_concurrency/processutils.py:368}}
Feb 21 00:47:01.369148 np0000156624 devstack@n-api.service[99988]: DEBUG oslo_concurrency.processutils [None req-0262f630-5123-456a-a47b-34b6684afd4c None None] Running cmd (subprocess): grep -F node.session.scan /sbin/iscsiadm {{(pid=99988) execute /opt/stack/data/venv/lib/python3.12/site-packages/oslo_concurrency/processutils.py:368}}
Feb 21 00:47:01.373805 np0000156624 devstack@n-api.service[99989]: DEBUG oslo_concurrency.processutils [None req-298cf491-9c18-4118-af49-e4d70c16dee5 None None] CMD "grep -F node.session.scan /sbin/iscsiadm" returned: 0 in 0.023s {{(pid=99989) execute /opt/stack/data/venv/lib/python3.12/site-packages/oslo_concurrency/processutils.py:396}}
Feb 21 00:47:01.380897 np0000156624 devstack@n-api.service[99991]: DEBUG oslo_concurrency.processutils [None req-db46cd21-0693-4035-8d12-b6b596ad6d3d None None] Running cmd (subprocess): grep -F node.session.scan /sbin/iscsiadm {{(pid=99991) execute /opt/stack/data/venv/lib/python3.12/site-packages/oslo_concurrency/processutils.py:368}}
Feb 21 00:47:01.390477 np0000156624 devstack@n-api.service[99988]: DEBUG oslo_concurrency.processutils [None req-0262f630-5123-456a-a47b-34b6684afd4c None None] CMD "grep -F node.session.scan /sbin/iscsiadm" returned: 0 in 0.021s {{(pid=99988) execute /opt/stack/data/venv/lib/python3.12/site-packages/oslo_concurrency/processutils.py:396}}
Feb 21 00:47:01.399173 np0000156624 devstack@n-api.service[99991]: DEBUG oslo_concurrency.processutils [None req-db46cd21-0693-4035-8d12-b6b596ad6d3d None None] CMD "grep -F node.session.scan /sbin/iscsiadm" returned: 0 in 0.018s {{(pid=99991) execute /opt/stack/data/venv/lib/python3.12/site-packages/oslo_concurrency/processutils.py:396}}
Feb 21 00:47:01.841666 np0000156624 devstack@n-api.service[99990]: WARNING keystonemiddleware.auth_token [None req-01ab6422-13ba-4f64-bc34-520bee7c946b None None] AuthToken middleware is set with keystone_authtoken.service_token_roles_required set to False. This is backwards compatible but deprecated behaviour. Please set this to True.
Feb 21 00:47:01.843725 np0000156624 devstack@n-api.service[99988]: WARNING keystonemiddleware.auth_token [None req-0262f630-5123-456a-a47b-34b6684afd4c None None] AuthToken middleware is set with keystone_authtoken.service_token_roles_required set to False. This is backwards compatible but deprecated behaviour. Please set this to True.
Feb 21 00:47:01.849675 np0000156624 devstack@n-api.service[99989]: WARNING keystonemiddleware.auth_token [None req-298cf491-9c18-4118-af49-e4d70c16dee5 None None] AuthToken middleware is set with keystone_authtoken.service_token_roles_required set to False. This is backwards compatible but deprecated behaviour. Please set this to True.
Feb 21 00:47:01.862355 np0000156624 devstack@n-api.service[99991]: WARNING keystonemiddleware.auth_token [None req-db46cd21-0693-4035-8d12-b6b596ad6d3d None None] AuthToken middleware is set with keystone_authtoken.service_token_roles_required set to False. This is backwards compatible but deprecated behaviour. Please set this to True.
Feb 21 00:47:02.031962 np0000156624 devstack@n-api.service[99990]: WARNING keystonemiddleware.auth_token [None req-01ab6422-13ba-4f64-bc34-520bee7c946b None None] AuthToken middleware is set with keystone_authtoken.service_token_roles_required set to False. This is backwards compatible but deprecated behaviour. Please set this to True.
Feb 21 00:47:02.036868 np0000156624 devstack@n-api.service[99990]: DEBUG nova.api.openstack.wsgi_app [None req-01ab6422-13ba-4f64-bc34-520bee7c946b None None] ******************************************************************************** {{(pid=99990) log_opt_values /opt/stack/data/venv/lib/python3.12/site-packages/oslo_config/cfg.py:2979}}
Feb 21 00:47:02.036986 np0000156624 devstack@n-api.service[99990]: DEBUG nova.api.openstack.wsgi_app [None req-01ab6422-13ba-4f64-bc34-520bee7c946b None None] Configuration options gathered from: {{(pid=99990) log_opt_values /opt/stack/data/venv/lib/python3.12/site-packages/oslo_config/cfg.py:2980}}
Feb 21 00:47:02.037286 np0000156624 devstack@n-api.service[99990]: DEBUG nova.api.openstack.wsgi_app [None req-01ab6422-13ba-4f64-bc34-520bee7c946b None None] command line args: [] {{(pid=99990) log_opt_values /opt/stack/data/venv/lib/python3.12/site-packages/oslo_config/cfg.py:2981}}
Feb 21 00:47:02.037459 np0000156624 devstack@n-api.service[99990]: DEBUG nova.api.openstack.wsgi_app [None req-01ab6422-13ba-4f64-bc34-520bee7c946b None None] config files: ['/etc/nova/api-paste.ini', '/etc/nova/nova.conf'] {{(pid=99990) log_opt_values /opt/stack/data/venv/lib/python3.12/site-packages/oslo_config/cfg.py:2982}}
Feb 21 00:47:02.037587 np0000156624 devstack@n-api.service[99990]: DEBUG nova.api.openstack.wsgi_app [None req-01ab6422-13ba-4f64-bc34-520bee7c946b None None] ================================================================================ {{(pid=99990) log_opt_values /opt/stack/data/venv/lib/python3.12/site-packages/oslo_config/cfg.py:2987}}
Feb 21 00:47:02.037716 np0000156624 devstack@n-api.service[99990]: DEBUG nova.api.openstack.wsgi_app [None req-01ab6422-13ba-4f64-bc34-520bee7c946b None None] allow_resize_to_same_host = True {{(pid=99990) log_opt_values /opt/stack/data/venv/lib/python3.12/site-packages/oslo_config/cfg.py:2995}}
Feb 21 00:47:02.037931 np0000156624 devstack@n-api.service[99990]: DEBUG nova.api.openstack.wsgi_app [None req-01ab6422-13ba-4f64-bc34-520bee7c946b None None] arq_binding_timeout = 300 {{(pid=99990) log_opt_values /opt/stack/data/venv/lib/python3.12/site-packages/oslo_config/cfg.py:2995}}
Feb 21 00:47:02.038085 np0000156624 devstack@n-api.service[99990]: DEBUG nova.api.openstack.wsgi_app [None req-01ab6422-13ba-4f64-bc34-520bee7c946b None None] block_device_allocate_retries = 60 {{(pid=99990) log_opt_values /opt/stack/data/venv/lib/python3.12/site-packages/oslo_config/cfg.py:2995}}
Feb 21 00:47:02.038223 np0000156624 devstack@n-api.service[99990]: DEBUG nova.api.openstack.wsgi_app [None req-01ab6422-13ba-4f64-bc34-520bee7c946b None None] block_device_allocate_retries_interval = 3 {{(pid=99990) log_opt_values /opt/stack/data/venv/lib/python3.12/site-packages/oslo_config/cfg.py:2995}}
Feb 21 00:47:02.038350 np0000156624 devstack@n-api.service[99990]: DEBUG nova.api.openstack.wsgi_app [None req-01ab6422-13ba-4f64-bc34-520bee7c946b None None] cell_worker_thread_pool_size = 5 {{(pid=99990) log_opt_values /opt/stack/data/venv/lib/python3.12/site-packages/oslo_config/cfg.py:2995}}
Feb 21 00:47:02.038467 np0000156624 devstack@n-api.service[99990]: DEBUG nova.api.openstack.wsgi_app [None req-01ab6422-13ba-4f64-bc34-520bee7c946b None None] cert = self.pem {{(pid=99990) log_opt_values /opt/stack/data/venv/lib/python3.12/site-packages/oslo_config/cfg.py:2995}}
Feb 21 00:47:02.038570 np0000156624 devstack@n-api.service[99990]: DEBUG nova.api.openstack.wsgi_app [None req-01ab6422-13ba-4f64-bc34-520bee7c946b None None] compute_driver = libvirt.LibvirtDriver {{(pid=99990) log_opt_values /opt/stack/data/venv/lib/python3.12/site-packages/oslo_config/cfg.py:2995}}
Feb 21 00:47:02.038744 np0000156624 devstack@n-api.service[99990]: DEBUG nova.api.openstack.wsgi_app [None req-01ab6422-13ba-4f64-bc34-520bee7c946b None None] compute_monitors = [] {{(pid=99990) log_opt_values /opt/stack/data/venv/lib/python3.12/site-packages/oslo_config/cfg.py:2995}}
Feb 21 00:47:02.038888 np0000156624 devstack@n-api.service[99990]: DEBUG nova.api.openstack.wsgi_app [None req-01ab6422-13ba-4f64-bc34-520bee7c946b None None] config_dir = [] {{(pid=99990) log_opt_values /opt/stack/data/venv/lib/python3.12/site-packages/oslo_config/cfg.py:2995}}
Feb 21 00:47:02.038994 np0000156624 devstack@n-api.service[99990]: DEBUG nova.api.openstack.wsgi_app [None req-01ab6422-13ba-4f64-bc34-520bee7c946b None None] config_drive_format = iso9660 {{(pid=99990) log_opt_values /opt/stack/data/venv/lib/python3.12/site-packages/oslo_config/cfg.py:2995}}
Feb 21 00:47:02.039145 np0000156624 devstack@n-api.service[99990]: DEBUG nova.api.openstack.wsgi_app [None req-01ab6422-13ba-4f64-bc34-520bee7c946b None None] config_file = ['/etc/nova/api-paste.ini', '/etc/nova/nova.conf'] {{(pid=99990) log_opt_values /opt/stack/data/venv/lib/python3.12/site-packages/oslo_config/cfg.py:2995}}
Feb 21 00:47:02.039207 np0000156624 devstack@n-api.service[99990]: DEBUG nova.api.openstack.wsgi_app [None req-01ab6422-13ba-4f64-bc34-520bee7c946b None None] config_source = [] {{(pid=99990) log_opt_values /opt/stack/data/venv/lib/python3.12/site-packages/oslo_config/cfg.py:2995}}
Feb 21 00:47:02.039356 np0000156624 devstack@n-api.service[99990]: DEBUG nova.api.openstack.wsgi_app [None req-01ab6422-13ba-4f64-bc34-520bee7c946b None None] console_host = np0000156624 {{(pid=99990) log_opt_values /opt/stack/data/venv/lib/python3.12/site-packages/oslo_config/cfg.py:2995}}
Feb 21 00:47:02.039482 np0000156624 devstack@n-api.service[99989]: WARNING keystonemiddleware.auth_token [None req-298cf491-9c18-4118-af49-e4d70c16dee5 None None] AuthToken middleware is set with keystone_authtoken.service_token_roles_required set to False. This is backwards compatible but deprecated behaviour. Please set this to True.
Feb 21 00:47:02.039584 np0000156624 devstack@n-api.service[99990]: DEBUG nova.api.openstack.wsgi_app [None req-01ab6422-13ba-4f64-bc34-520bee7c946b None None] control_exchange = nova {{(pid=99990) log_opt_values /opt/stack/data/venv/lib/python3.12/site-packages/oslo_config/cfg.py:2995}}
Feb 21 00:47:02.039584 np0000156624 devstack@n-api.service[99990]: DEBUG nova.api.openstack.wsgi_app [None req-01ab6422-13ba-4f64-bc34-520bee7c946b None None] cpu_allocation_ratio = None {{(pid=99990) log_opt_values /opt/stack/data/venv/lib/python3.12/site-packages/oslo_config/cfg.py:2995}}
Feb 21 00:47:02.039869 np0000156624 devstack@n-api.service[99990]: DEBUG nova.api.openstack.wsgi_app [None req-01ab6422-13ba-4f64-bc34-520bee7c946b None None] daemon = False {{(pid=99990) log_opt_values /opt/stack/data/venv/lib/python3.12/site-packages/oslo_config/cfg.py:2995}}
Feb 21 00:47:02.039869 np0000156624 devstack@n-api.service[99990]: DEBUG nova.api.openstack.wsgi_app [None req-01ab6422-13ba-4f64-bc34-520bee7c946b None None] debug = True {{(pid=99990) log_opt_values /opt/stack/data/venv/lib/python3.12/site-packages/oslo_config/cfg.py:2995}}
Feb 21 00:47:02.040104 np0000156624 devstack@n-api.service[99990]: DEBUG nova.api.openstack.wsgi_app [None req-01ab6422-13ba-4f64-bc34-520bee7c946b None None] default_access_ip_network_name = None {{(pid=99990) log_opt_values /opt/stack/data/venv/lib/python3.12/site-packages/oslo_config/cfg.py:2995}}
Feb 21 00:47:02.040104 np0000156624 devstack@n-api.service[99990]: DEBUG nova.api.openstack.wsgi_app [None req-01ab6422-13ba-4f64-bc34-520bee7c946b None None] default_availability_zone = nova {{(pid=99990) log_opt_values /opt/stack/data/venv/lib/python3.12/site-packages/oslo_config/cfg.py:2995}}
Feb 21 00:47:02.040318 np0000156624 devstack@n-api.service[99990]: DEBUG nova.api.openstack.wsgi_app [None req-01ab6422-13ba-4f64-bc34-520bee7c946b None None] default_ephemeral_format = ext4 {{(pid=99990) log_opt_values /opt/stack/data/venv/lib/python3.12/site-packages/oslo_config/cfg.py:2995}}
Feb 21 00:47:02.040318 np0000156624 devstack@n-api.service[99990]: DEBUG nova.api.openstack.wsgi_app [None req-01ab6422-13ba-4f64-bc34-520bee7c946b None None] default_green_pool_size = 1000 {{(pid=99990) log_opt_values /opt/stack/data/venv/lib/python3.12/site-packages/oslo_config/cfg.py:2995}}
Feb 21 00:47:02.040551 np0000156624 devstack@n-api.service[99990]: DEBUG nova.api.openstack.wsgi_app [None req-01ab6422-13ba-4f64-bc34-520bee7c946b None None] default_log_levels = ['amqp=WARN', 'boto=WARN', 'sqlalchemy=WARN', 'suds=INFO', 'oslo.messaging=INFO', 'oslo_messaging=INFO', 'iso8601=WARN', 'requests.packages.urllib3.connectionpool=WARN', 'urllib3.connectionpool=WARN', 'websocket=WARN', 'requests.packages.urllib3.util.retry=WARN', 'urllib3.util.retry=WARN', 'keystonemiddleware=WARN', 'routes.middleware=WARN', 'stevedore=WARN', 'taskflow=WARN', 'keystoneauth=WARN', 'oslo.cache=INFO', 'oslo_policy=INFO', 'dogpile.core.dogpile=INFO', 'glanceclient=WARN', 'oslo.privsep.daemon=INFO'] {{(pid=99990) log_opt_values /opt/stack/data/venv/lib/python3.12/site-packages/oslo_config/cfg.py:2995}}
Feb 21 00:47:02.040819 np0000156624 devstack@n-api.service[99990]: DEBUG nova.api.openstack.wsgi_app [None req-01ab6422-13ba-4f64-bc34-520bee7c946b None None] default_schedule_zone = None {{(pid=99990) log_opt_values /opt/stack/data/venv/lib/python3.12/site-packages/oslo_config/cfg.py:2995}}
Feb 21 00:47:02.040819 np0000156624 devstack@n-api.service[99990]: DEBUG nova.api.openstack.wsgi_app [None req-01ab6422-13ba-4f64-bc34-520bee7c946b None None] default_thread_pool_size = 10 {{(pid=99990) log_opt_values /opt/stack/data/venv/lib/python3.12/site-packages/oslo_config/cfg.py:2995}}
Feb 21 00:47:02.041075 np0000156624 devstack@n-api.service[99990]: DEBUG nova.api.openstack.wsgi_app [None req-01ab6422-13ba-4f64-bc34-520bee7c946b None None] disk_allocation_ratio = None {{(pid=99990) log_opt_values /opt/stack/data/venv/lib/python3.12/site-packages/oslo_config/cfg.py:2995}}
Feb 21 00:47:02.041075 np0000156624 devstack@n-api.service[99990]: DEBUG nova.api.openstack.wsgi_app [None req-01ab6422-13ba-4f64-bc34-520bee7c946b None None] enable_new_services = True {{(pid=99990) log_opt_values /opt/stack/data/venv/lib/python3.12/site-packages/oslo_config/cfg.py:2995}}
Feb 21 00:47:02.041300 np0000156624 devstack@n-api.service[99990]: DEBUG nova.api.openstack.wsgi_app [None req-01ab6422-13ba-4f64-bc34-520bee7c946b None None] flat_injected = False {{(pid=99990) log_opt_values /opt/stack/data/venv/lib/python3.12/site-packages/oslo_config/cfg.py:2995}}
Feb 21 00:47:02.041300 np0000156624 devstack@n-api.service[99990]: DEBUG nova.api.openstack.wsgi_app [None req-01ab6422-13ba-4f64-bc34-520bee7c946b None None] force_config_drive = False {{(pid=99990) log_opt_values /opt/stack/data/venv/lib/python3.12/site-packages/oslo_config/cfg.py:2995}}
Feb 21 00:47:02.041422 np0000156624 devstack@n-api.service[99990]: DEBUG nova.api.openstack.wsgi_app [None req-01ab6422-13ba-4f64-bc34-520bee7c946b None None] force_raw_images = True {{(pid=99990) log_opt_values /opt/stack/data/venv/lib/python3.12/site-packages/oslo_config/cfg.py:2995}}
Feb 21 00:47:02.041489 np0000156624 devstack@n-api.service[99990]: DEBUG nova.api.openstack.wsgi_app [None req-01ab6422-13ba-4f64-bc34-520bee7c946b None None] graceful_shutdown_timeout = 5 {{(pid=99990) log_opt_values /opt/stack/data/venv/lib/python3.12/site-packages/oslo_config/cfg.py:2995}}
Feb 21 00:47:02.041692 np0000156624 devstack@n-api.service[99990]: DEBUG nova.api.openstack.wsgi_app [None req-01ab6422-13ba-4f64-bc34-520bee7c946b None None] heal_instance_info_cache_interval = -1 {{(pid=99990) log_opt_values /opt/stack/data/venv/lib/python3.12/site-packages/oslo_config/cfg.py:2995}}
Feb 21 00:47:02.041831 np0000156624 devstack@n-api.service[99990]: DEBUG nova.api.openstack.wsgi_app [None req-01ab6422-13ba-4f64-bc34-520bee7c946b None None] host = np0000156624 {{(pid=99990) log_opt_values /opt/stack/data/venv/lib/python3.12/site-packages/oslo_config/cfg.py:2995}}
Feb 21 00:47:02.041953 np0000156624 devstack@n-api.service[99990]: DEBUG nova.api.openstack.wsgi_app [None req-01ab6422-13ba-4f64-bc34-520bee7c946b None None] initial_cpu_allocation_ratio = 4.0 {{(pid=99990) log_opt_values /opt/stack/data/venv/lib/python3.12/site-packages/oslo_config/cfg.py:2995}}
Feb 21 00:47:02.042084 np0000156624 devstack@n-api.service[99990]: DEBUG nova.api.openstack.wsgi_app [None req-01ab6422-13ba-4f64-bc34-520bee7c946b None None] initial_disk_allocation_ratio = 1.0 {{(pid=99990) log_opt_values /opt/stack/data/venv/lib/python3.12/site-packages/oslo_config/cfg.py:2995}}
Feb 21 00:47:02.042172 np0000156624 devstack@n-api.service[99990]: DEBUG nova.api.openstack.wsgi_app [None req-01ab6422-13ba-4f64-bc34-520bee7c946b None None] initial_ram_allocation_ratio = 1.0 {{(pid=99990) log_opt_values /opt/stack/data/venv/lib/python3.12/site-packages/oslo_config/cfg.py:2995}}
Feb 21 00:47:02.042353 np0000156624 devstack@n-api.service[99990]: DEBUG nova.api.openstack.wsgi_app [None req-01ab6422-13ba-4f64-bc34-520bee7c946b None None] injected_network_template = /opt/stack/nova/nova/virt/interfaces.template {{(pid=99990) log_opt_values /opt/stack/data/venv/lib/python3.12/site-packages/oslo_config/cfg.py:2995}}
Feb 21 00:47:02.042495 np0000156624 devstack@n-api.service[99990]: DEBUG nova.api.openstack.wsgi_app [None req-01ab6422-13ba-4f64-bc34-520bee7c946b None None] instance_build_timeout = 0 {{(pid=99990) log_opt_values /opt/stack/data/venv/lib/python3.12/site-packages/oslo_config/cfg.py:2995}}
Feb 21 00:47:02.042618 np0000156624 devstack@n-api.service[99990]: DEBUG nova.api.openstack.wsgi_app [None req-01ab6422-13ba-4f64-bc34-520bee7c946b None None] instance_delete_interval = 300 {{(pid=99990) log_opt_values /opt/stack/data/venv/lib/python3.12/site-packages/oslo_config/cfg.py:2995}}
Feb 21 00:47:02.042800 np0000156624 devstack@n-api.service[99990]: DEBUG nova.api.openstack.wsgi_app [None req-01ab6422-13ba-4f64-bc34-520bee7c946b None None] instance_format = [instance: %(uuid)s] {{(pid=99990) log_opt_values /opt/stack/data/venv/lib/python3.12/site-packages/oslo_config/cfg.py:2995}}
Feb 21 00:47:02.042950 np0000156624 devstack@n-api.service[99990]: DEBUG nova.api.openstack.wsgi_app [None req-01ab6422-13ba-4f64-bc34-520bee7c946b None None] instance_name_template = instance-%08x {{(pid=99990) log_opt_values /opt/stack/data/venv/lib/python3.12/site-packages/oslo_config/cfg.py:2995}}
Feb 21 00:47:02.043012 np0000156624 devstack@n-api.service[99990]: DEBUG nova.api.openstack.wsgi_app [None req-01ab6422-13ba-4f64-bc34-520bee7c946b None None] instance_usage_audit = False {{(pid=99990) log_opt_values /opt/stack/data/venv/lib/python3.12/site-packages/oslo_config/cfg.py:2995}}
Feb 21 00:47:02.043173 np0000156624 devstack@n-api.service[99990]: DEBUG nova.api.openstack.wsgi_app [None req-01ab6422-13ba-4f64-bc34-520bee7c946b None None] instance_usage_audit_period = month {{(pid=99990) log_opt_values /opt/stack/data/venv/lib/python3.12/site-packages/oslo_config/cfg.py:2995}}
