Aug 14 09:15:10.938947 np0000189569 devstack@neutron-api.service[102013]: DEBUG ovsdbapp.backend.ovs_idl [None req-8dc9dd69-52e4-4340-9722-d20155116a9a None None] Created lookup_table index Logical_Switch.name {{(pid=102013) autocreate_indices /opt/stack/data/venv/lib/python3.12/site-packages/ovsdbapp/backend/ovs_idl/__init__.py:87}}
Aug 14 09:15:10.939182 np0000189569 devstack@neutron-api.service[102013]: DEBUG ovsdbapp.backend.ovs_idl [None req-8dc9dd69-52e4-4340-9722-d20155116a9a None None] Created lookup_table index Logical_Router.name {{(pid=102013) autocreate_indices /opt/stack/data/venv/lib/python3.12/site-packages/ovsdbapp/backend/ovs_idl/__init__.py:87}}
Aug 14 09:15:10.939428 np0000189569 devstack@neutron-api.service[102013]: DEBUG ovsdbapp.backend.ovs_idl [None req-8dc9dd69-52e4-4340-9722-d20155116a9a None None] Created lookup_table index Load_Balancer.name {{(pid=102013) autocreate_indices /opt/stack/data/venv/lib/python3.12/site-packages/ovsdbapp/backend/ovs_idl/__init__.py:87}}
Aug 14 09:15:10.939650 np0000189569 devstack@neutron-api.service[102013]: DEBUG ovsdbapp.backend.ovs_idl [None req-8dc9dd69-52e4-4340-9722-d20155116a9a None None] Created schema index Copp.name {{(pid=102013) autocreate_indices /opt/stack/data/venv/lib/python3.12/site-packages/ovsdbapp/backend/ovs_idl/__init__.py:106}}
Aug 14 09:15:10.939875 np0000189569 devstack@neutron-api.service[102013]: DEBUG ovsdbapp.backend.ovs_idl [None req-8dc9dd69-52e4-4340-9722-d20155116a9a None None] Created schema index Meter.name {{(pid=102013) autocreate_indices /opt/stack/data/venv/lib/python3.12/site-packages/ovsdbapp/backend/ovs_idl/__init__.py:106}}
Aug 14 09:15:10.940041 np0000189569 devstack@neutron-api.service[102013]: DEBUG ovsdbapp.backend.ovs_idl [None req-8dc9dd69-52e4-4340-9722-d20155116a9a None None] Created schema index Load_Balancer_Group.name {{(pid=102013) autocreate_indices /opt/stack/data/venv/lib/python3.12/site-packages/ovsdbapp/backend/ovs_idl/__init__.py:106}}
Aug 14 09:15:10.940234 np0000189569 devstack@neutron-api.service[102013]: DEBUG ovsdbapp.backend.ovs_idl [None req-8dc9dd69-52e4-4340-9722-d20155116a9a None None] Created schema index HA_Chassis_Group.name {{(pid=102013) autocreate_indices /opt/stack/data/venv/lib/python3.12/site-packages/ovsdbapp/backend/ovs_idl/__init__.py:106}}
Aug 14 09:15:10.940547 np0000189569 devstack@neutron-api.service[102013]: DEBUG ovsdbapp.backend.ovs_idl [None req-8dc9dd69-52e4-4340-9722-d20155116a9a None None] Created schema index Address_Set.name {{(pid=102013) autocreate_indices /opt/stack/data/venv/lib/python3.12/site-packages/ovsdbapp/backend/ovs_idl/__init__.py:106}}
Aug 14 09:15:10.940780 np0000189569 devstack@neutron-api.service[102013]: DEBUG ovsdbapp.backend.ovs_idl [None req-8dc9dd69-52e4-4340-9722-d20155116a9a None None] Created schema index Connection.target {{(pid=102013) autocreate_indices /opt/stack/data/venv/lib/python3.12/site-packages/ovsdbapp/backend/ovs_idl/__init__.py:106}}
Aug 14 09:15:10.941053 np0000189569 devstack@neutron-api.service[102013]: DEBUG ovsdbapp.backend.ovs_idl [None req-8dc9dd69-52e4-4340-9722-d20155116a9a None None] Created schema index Gateway_Chassis.name {{(pid=102013) autocreate_indices /opt/stack/data/venv/lib/python3.12/site-packages/ovsdbapp/backend/ovs_idl/__init__.py:106}}
Aug 14 09:15:10.941261 np0000189569 devstack@neutron-api.service[102013]: DEBUG ovsdbapp.backend.ovs_idl [None req-8dc9dd69-52e4-4340-9722-d20155116a9a None None] Created schema index Mirror.name {{(pid=102013) autocreate_indices /opt/stack/data/venv/lib/python3.12/site-packages/ovsdbapp/backend/ovs_idl/__init__.py:106}}
Aug 14 09:15:10.941478 np0000189569 devstack@neutron-api.service[102013]: DEBUG ovsdbapp.backend.ovs_idl [None req-8dc9dd69-52e4-4340-9722-d20155116a9a None None] Created schema index Chassis_Template_Var.chassis {{(pid=102013) autocreate_indices /opt/stack/data/venv/lib/python3.12/site-packages/ovsdbapp/backend/ovs_idl/__init__.py:106}}
Aug 14 09:15:10.941722 np0000189569 devstack@neutron-api.service[102013]: DEBUG ovsdbapp.backend.ovs_idl [None req-8dc9dd69-52e4-4340-9722-d20155116a9a None None] Created schema index Logical_Router_Port.name {{(pid=102013) autocreate_indices /opt/stack/data/venv/lib/python3.12/site-packages/ovsdbapp/backend/ovs_idl/__init__.py:106}}
Aug 14 09:15:10.941914 np0000189569 devstack@neutron-api.service[102013]: DEBUG ovsdbapp.backend.ovs_idl [None req-8dc9dd69-52e4-4340-9722-d20155116a9a None None] Created schema index Port_Group.name {{(pid=102013) autocreate_indices /opt/stack/data/venv/lib/python3.12/site-packages/ovsdbapp/backend/ovs_idl/__init__.py:106}}
Aug 14 09:15:10.942054 np0000189569 devstack@neutron-api.service[102013]: DEBUG ovsdbapp.backend.ovs_idl [None req-8dc9dd69-52e4-4340-9722-d20155116a9a None None] Created schema index Logical_Switch_Port.name {{(pid=102013) autocreate_indices /opt/stack/data/venv/lib/python3.12/site-packages/ovsdbapp/backend/ovs_idl/__init__.py:106}}
Aug 14 09:15:10.945477 np0000189569 devstack@neutron-api.service[102013]: INFO ovsdbapp.backend.ovs_idl.vlog [None req-8dc9dd69-52e4-4340-9722-d20155116a9a None None] ssl:199.204.45.65:6641: connecting...
Aug 14 09:15:10.953501 np0000189569 devstack@neutron-api.service[102013]: INFO ovsdbapp.backend.ovs_idl.vlog [None req-8dc9dd69-52e4-4340-9722-d20155116a9a None None] ssl:199.204.45.65:6641: connected
Aug 14 09:15:10.994634 np0000189569 devstack@neutron-api.service[102013]: DEBUG neutron.common.ovn.hash_ring_manager [None req-8dc9dd69-52e4-4340-9722-d20155116a9a None None] Disallow caching, nodes 1<4 {{(pid=102013) _wait_startup_before_caching /opt/stack/neutron/neutron/common/ovn/hash_ring_manager.py:79}}
Aug 14 09:15:11.003042 np0000189569 devstack@neutron-api.service[102013]: DEBUG neutron.common.ovn.hash_ring_manager [None req-8dc9dd69-52e4-4340-9722-d20155116a9a None None] Hash Ring loaded. 1 active nodes. 0 offline nodes {{(pid=102013) _load_hash_ring /opt/stack/neutron/neutron/common/ovn/hash_ring_manager.py:110}}
Aug 14 09:15:11.003253 np0000189569 devstack@neutron-api.service[102013]: DEBUG neutron.plugins.ml2.drivers.ovn.mech_driver.ovsdb.ovsdb_monitor [None req-8dc9dd69-52e4-4340-9722-d20155116a9a None None] Hash Ring: Node 8759c83ce3105ab2810ad0284dc6f2fb (host: np0000189569) handling event "create" for row 1865090f-8308-4a2a-ab9e-6212fa2fd6d4 (table: ACL) {{(pid=102013) notify /opt/stack/neutron/neutron/plugins/ml2/drivers/ovn/mech_driver/ovsdb/ovsdb_monitor.py:1099}}
Aug 14 09:15:11.009088 np0000189569 devstack@neutron-api.service[102013]: DEBUG neutron.common.ovn.hash_ring_manager [None req-8dc9dd69-52e4-4340-9722-d20155116a9a None None] Hash Ring loaded. 1 active nodes. 0 offline nodes {{(pid=102013) _load_hash_ring /opt/stack/neutron/neutron/common/ovn/hash_ring_manager.py:110}}
Aug 14 09:15:11.009215 np0000189569 devstack@neutron-api.service[102013]: DEBUG neutron.plugins.ml2.drivers.ovn.mech_driver.ovsdb.ovsdb_monitor [None req-8dc9dd69-52e4-4340-9722-d20155116a9a None None] Hash Ring: Node 8759c83ce3105ab2810ad0284dc6f2fb (host: np0000189569) handling event "create" for row be45a6a6-15cc-4720-9271-c1b282a70998 (table: ACL) {{(pid=102013) notify /opt/stack/neutron/neutron/plugins/ml2/drivers/ovn/mech_driver/ovsdb/ovsdb_monitor.py:1099}}
Aug 14 09:15:11.014048 np0000189569 devstack@neutron-api.service[102013]: DEBUG neutron.common.ovn.hash_ring_manager [None req-8dc9dd69-52e4-4340-9722-d20155116a9a None None] Hash Ring loaded. 1 active nodes. 0 offline nodes {{(pid=102013) _load_hash_ring /opt/stack/neutron/neutron/common/ovn/hash_ring_manager.py:110}}
Aug 14 09:15:11.014164 np0000189569 devstack@neutron-api.service[102013]: DEBUG neutron.plugins.ml2.drivers.ovn.mech_driver.ovsdb.ovsdb_monitor [None req-8dc9dd69-52e4-4340-9722-d20155116a9a None None] Hash Ring: Node 8759c83ce3105ab2810ad0284dc6f2fb (host: np0000189569) handling event "create" for row f136c8e2-a275-4bbb-9004-5cfda8cbdd13 (table: Connection) {{(pid=102013) notify /opt/stack/neutron/neutron/plugins/ml2/drivers/ovn/mech_driver/ovsdb/ovsdb_monitor.py:1099}}
Aug 14 09:15:11.019445 np0000189569 devstack@neutron-api.service[102013]: DEBUG neutron.common.ovn.hash_ring_manager [None req-8dc9dd69-52e4-4340-9722-d20155116a9a None None] Hash Ring loaded. 1 active nodes. 0 offline nodes {{(pid=102013) _load_hash_ring /opt/stack/neutron/neutron/common/ovn/hash_ring_manager.py:110}}
Aug 14 09:15:11.019580 np0000189569 devstack@neutron-api.service[102013]: DEBUG neutron.plugins.ml2.drivers.ovn.mech_driver.ovsdb.ovsdb_monitor [None req-8dc9dd69-52e4-4340-9722-d20155116a9a None None] Hash Ring: Node 8759c83ce3105ab2810ad0284dc6f2fb (host: np0000189569) handling event "create" for row 28b3cb76-aa26-4e7d-8d06-1e2c60745cca (table: NB_Global) {{(pid=102013) notify /opt/stack/neutron/neutron/plugins/ml2/drivers/ovn/mech_driver/ovsdb/ovsdb_monitor.py:1099}}
Aug 14 09:15:11.024269 np0000189569 devstack@neutron-api.service[102013]: DEBUG neutron.common.ovn.hash_ring_manager [None req-8dc9dd69-52e4-4340-9722-d20155116a9a None None] Hash Ring loaded. 1 active nodes. 0 offline nodes {{(pid=102013) _load_hash_ring /opt/stack/neutron/neutron/common/ovn/hash_ring_manager.py:110}}
Aug 14 09:15:11.024410 np0000189569 devstack@neutron-api.service[102013]: DEBUG neutron.plugins.ml2.drivers.ovn.mech_driver.ovsdb.ovsdb_monitor [None req-8dc9dd69-52e4-4340-9722-d20155116a9a None None] Hash Ring: Node 8759c83ce3105ab2810ad0284dc6f2fb (host: np0000189569) handling event "create" for row 2b74471d-47cf-4dfe-96ea-6bdda0b4d08b (table: Port_Group) {{(pid=102013) notify /opt/stack/neutron/neutron/plugins/ml2/drivers/ovn/mech_driver/ovsdb/ovsdb_monitor.py:1099}}
Aug 14 09:15:11.029052 np0000189569 devstack@neutron-api.service[102013]: DEBUG neutron.common.ovn.hash_ring_manager [None req-8dc9dd69-52e4-4340-9722-d20155116a9a None None] Hash Ring loaded. 1 active nodes. 0 offline nodes {{(pid=102013) _load_hash_ring /opt/stack/neutron/neutron/common/ovn/hash_ring_manager.py:110}}
Aug 14 09:15:11.029208 np0000189569 devstack@neutron-api.service[102013]: DEBUG neutron.plugins.ml2.drivers.ovn.mech_driver.ovsdb.ovsdb_monitor [None req-8dc9dd69-52e4-4340-9722-d20155116a9a None None] Hash Ring: Node 8759c83ce3105ab2810ad0284dc6f2fb (host: np0000189569) handling event "create" for row dce71b08-6649-48da-a7ba-d318f4f3fb57 (table: SSL) {{(pid=102013) notify /opt/stack/neutron/neutron/plugins/ml2/drivers/ovn/mech_driver/ovsdb/ovsdb_monitor.py:1099}}
Aug 14 09:15:11.030146 np0000189569 devstack@neutron-api.service[102013]: INFO neutron.plugins.ml2.drivers.ovn.mech_driver.ovsdb.impl_idl_ovn [None req-8dc9dd69-52e4-4340-9722-d20155116a9a None None] Getting OvsdbSbOvnIdl for WorkerService with retry
Aug 14 09:15:11.062459 np0000189569 devstack@neutron-api.service[102013]: DEBUG neutron.common.ovn.hash_ring_manager [-] Hash Ring loaded. 1 active nodes. 0 offline nodes {{(pid=102013) _load_hash_ring /opt/stack/neutron/neutron/common/ovn/hash_ring_manager.py:110}}
Aug 14 09:15:11.068080 np0000189569 devstack@neutron-api.service[102013]: DEBUG neutron.plugins.ml2.drivers.ovn.mech_driver.ovsdb.ovsdb_monitor [-] Hash Ring: Node 8759c83ce3105ab2810ad0284dc6f2fb (host: np0000189569) handling event "update" for row f136c8e2-a275-4bbb-9004-5cfda8cbdd13 (table: Connection) {{(pid=102013) notify /opt/stack/neutron/neutron/plugins/ml2/drivers/ovn/mech_driver/ovsdb/ovsdb_monitor.py:1099}}
Aug 14 09:15:11.069211 np0000189569 devstack@neutron-api.service[102013]: DEBUG ovsdbapp.backend.ovs_idl [None req-8dc9dd69-52e4-4340-9722-d20155116a9a None None] Created lookup_table index Chassis.name {{(pid=102013) autocreate_indices /opt/stack/data/venv/lib/python3.12/site-packages/ovsdbapp/backend/ovs_idl/__init__.py:87}}
Aug 14 09:15:11.069326 np0000189569 devstack@neutron-api.service[102013]: DEBUG ovsdbapp.backend.ovs_idl [None req-8dc9dd69-52e4-4340-9722-d20155116a9a None None] Created lookup_table index Port_Binding.logical_port {{(pid=102013) autocreate_indices /opt/stack/data/venv/lib/python3.12/site-packages/ovsdbapp/backend/ovs_idl/__init__.py:87}}
Aug 14 09:15:11.069422 np0000189569 devstack@neutron-api.service[102013]: DEBUG ovsdbapp.backend.ovs_idl [None req-8dc9dd69-52e4-4340-9722-d20155116a9a None None] Created schema index Chassis_Private.name {{(pid=102013) autocreate_indices /opt/stack/data/venv/lib/python3.12/site-packages/ovsdbapp/backend/ovs_idl/__init__.py:106}}
Aug 14 09:15:11.069613 np0000189569 devstack@neutron-api.service[102013]: DEBUG ovsdbapp.backend.ovs_idl [None req-8dc9dd69-52e4-4340-9722-d20155116a9a None None] Created schema index Datapath_Binding.tunnel_key {{(pid=102013) autocreate_indices /opt/stack/data/venv/lib/python3.12/site-packages/ovsdbapp/backend/ovs_idl/__init__.py:106}}
Aug 14 09:15:11.071498 np0000189569 devstack@neutron-api.service[102013]: INFO ovsdbapp.backend.ovs_idl.vlog [None req-8dc9dd69-52e4-4340-9722-d20155116a9a None None] ssl:199.204.45.65:6642: connecting...
Aug 14 09:15:11.076823 np0000189569 devstack@neutron-api.service[102013]: INFO ovsdbapp.backend.ovs_idl.vlog [None req-8dc9dd69-52e4-4340-9722-d20155116a9a None None] ssl:199.204.45.65:6642: connected
Aug 14 09:15:11.110481 np0000189569 devstack@neutron-api.service[102013]: DEBUG neutron.common.ovn.hash_ring_manager [None req-8dc9dd69-52e4-4340-9722-d20155116a9a None None] Disallow caching, nodes 1<4 {{(pid=102013) _wait_startup_before_caching /opt/stack/neutron/neutron/common/ovn/hash_ring_manager.py:79}}
Aug 14 09:15:11.114080 np0000189569 devstack@neutron-api.service[102013]: DEBUG neutron.common.ovn.hash_ring_manager [None req-8dc9dd69-52e4-4340-9722-d20155116a9a None None] Hash Ring loaded. 1 active nodes. 0 offline nodes {{(pid=102013) _load_hash_ring /opt/stack/neutron/neutron/common/ovn/hash_ring_manager.py:110}}
Aug 14 09:15:11.114274 np0000189569 devstack@neutron-api.service[102013]: DEBUG neutron.plugins.ml2.drivers.ovn.mech_driver.ovsdb.ovsdb_monitor [None req-8dc9dd69-52e4-4340-9722-d20155116a9a None None] Hash Ring: Node 8759c83ce3105ab2810ad0284dc6f2fb (host: np0000189569) handling event "create" for row bb389d1a-5578-4607-97ba-581221fd522c (table: Chassis) {{(pid=102013) notify /opt/stack/neutron/neutron/plugins/ml2/drivers/ovn/mech_driver/ovsdb/ovsdb_monitor.py:1099}}
Aug 14 09:15:11.115334 np0000189569 devstack@neutron-api.service[102013]: DEBUG ovsdbapp.backend.ovs_idl.event [None req-8dc9dd69-52e4-4340-9722-d20155116a9a None None] Matched CREATE: ChassisBandwidthConfigEvent(events=('create', 'update'), table='Chassis', conditions=None, old_conditions=None), priority=20 to row=Chassis(uuid=bb389d1a-5578-4607-97ba-581221fd522c, encaps=[a186a4ce-4127-46dc-82e0-6db33c5b1575], external_ids={}, hostname='np0000189569', name='15a55c66-bfde-44f7-98b7-41f83ac18846', nb_cfg=0, other_config={'ct-commit-nat-v2': 'true', 'ct-commit-to-zone': 'true', 'ct-next-zone': 'true', 'ct-no-masked-label': 'true', 'ct-state-save': 'true', 'datapath-type': 'system', 'fdb-timestamp': 'true', 'iface-types': 'afxdp,afxdp-nonpmd,bareudp,erspan,geneve,gre,gtpu,internal,ip6erspan,ip6gre,lisp,patch,srv6,stt,system,tap,vxlan', 'is-interconn': 'false', 'ls-dpg-column': 'true', 'mac-binding-timestamp': 'true', 'ovn-bridge-mappings': 'public:br-ex', 'ovn-chassis-mac-mappings': '', 'ovn-cms-options': 'enable-chassis-as-gw', 'ovn-ct-lb-related': 'true', 'ovn-enable-lflow-cache': 'true', 'ovn-limit-lflow-cache': '', 'ovn-memlimit-lflow-cache-kb': '', 'ovn-monitor-all': 'false', 'ovn-trim-limit-lflow-cache': '', 'ovn-trim-timeout-ms': '', 'ovn-trim-wmark-perc-lflow-cache': '', 'port-up-notif': 'true'}, transport_zones=[], vtep_logical_switches=[]) old= {{(pid=102013) matches /opt/stack/data/venv/lib/python3.12/site-packages/ovsdbapp/backend/ovs_idl/event.py:55}}
Aug 14 09:15:11.116312 np0000189569 devstack@neutron-api.service[102013]: DEBUG ovsdbapp.backend.ovs_idl.event [None req-8dc9dd69-52e4-4340-9722-d20155116a9a None None] Matched CREATE: ChassisAgentWriteEvent(events=('create', 'update'), table='Chassis_Private', conditions=None, old_conditions=None), priority=20 to row=Chassis_Private(uuid=d053409f-7881-4bc4-84cc-3e0d3bd4b797, chassis=bb389d1a-5578-4607-97ba-581221fd522c, external_ids={'neutron:ovn-bridge': 'br-int', 'neutron:ovn-neutron-agent-id': '8f36d46d-d170-57cd-8da8-00ed1a94644c', 'neutron:ovn-neutron-agent-sb-cfg': '0'}, name='15a55c66-bfde-44f7-98b7-41f83ac18846', nb_cfg=0, nb_cfg_timestamp=0) old= {{(pid=102013) matches /opt/stack/data/venv/lib/python3.12/site-packages/ovsdbapp/backend/ovs_idl/event.py:55}}
Aug 14 09:15:11.116801 np0000189569 devstack@neutron-api.service[102013]: DEBUG ovsdbapp.backend.ovs_idl.event [None req-8dc9dd69-52e4-4340-9722-d20155116a9a None None] Matched CREATE: ChassisOVNAgentWriteEvent(events=('create', 'update'), table='Chassis_Private', conditions=None, old_conditions=None), priority=20 to row=Chassis_Private(uuid=d053409f-7881-4bc4-84cc-3e0d3bd4b797, chassis=bb389d1a-5578-4607-97ba-581221fd522c, external_ids={'neutron:ovn-bridge': 'br-int', 'neutron:ovn-neutron-agent-id': '8f36d46d-d170-57cd-8da8-00ed1a94644c', 'neutron:ovn-neutron-agent-sb-cfg': '0'}, name='15a55c66-bfde-44f7-98b7-41f83ac18846', nb_cfg=0, nb_cfg_timestamp=0) old= {{(pid=102013) matches /opt/stack/data/venv/lib/python3.12/site-packages/ovsdbapp/backend/ovs_idl/event.py:55}}
Aug 14 09:15:11.123465 np0000189569 devstack@neutron-api.service[102013]: DEBUG neutron.common.ovn.hash_ring_manager [None req-8dc9dd69-52e4-4340-9722-d20155116a9a None None] Hash Ring loaded. 1 active nodes. 0 offline nodes {{(pid=102013) _load_hash_ring /opt/stack/neutron/neutron/common/ovn/hash_ring_manager.py:110}}
Aug 14 09:15:11.123465 np0000189569 devstack@neutron-api.service[102013]: DEBUG neutron.plugins.ml2.drivers.ovn.mech_driver.ovsdb.ovsdb_monitor [None req-8dc9dd69-52e4-4340-9722-d20155116a9a None None] Hash Ring: Node 8759c83ce3105ab2810ad0284dc6f2fb (host: np0000189569) handling event "create" for row d053409f-7881-4bc4-84cc-3e0d3bd4b797 (table: Chassis_Private) {{(pid=102013) notify /opt/stack/neutron/neutron/plugins/ml2/drivers/ovn/mech_driver/ovsdb/ovsdb_monitor.py:1099}}
Aug 14 09:15:11.127988 np0000189569 devstack@neutron-api.service[102013]: DEBUG neutron.common.ovn.hash_ring_manager [None req-8dc9dd69-52e4-4340-9722-d20155116a9a None None] Hash Ring loaded. 1 active nodes. 0 offline nodes {{(pid=102013) _load_hash_ring /opt/stack/neutron/neutron/common/ovn/hash_ring_manager.py:110}}
Aug 14 09:15:11.128128 np0000189569 devstack@neutron-api.service[102013]: DEBUG neutron.plugins.ml2.drivers.ovn.mech_driver.ovsdb.ovsdb_monitor [None req-8dc9dd69-52e4-4340-9722-d20155116a9a None None] Hash Ring: Node 8759c83ce3105ab2810ad0284dc6f2fb (host: np0000189569) handling event "create" for row a186a4ce-4127-46dc-82e0-6db33c5b1575 (table: Encap) {{(pid=102013) notify /opt/stack/neutron/neutron/plugins/ml2/drivers/ovn/mech_driver/ovsdb/ovsdb_monitor.py:1099}}
Aug 14 09:15:11.129121 np0000189569 devstack@neutron-api.service[102013]: INFO neutron.plugins.ml2.drivers.ovn.mech_driver.mech_driver [None req-8dc9dd69-52e4-4340-9722-d20155116a9a None None] WorkerService process has finished the post initialization
Aug 14 09:15:11.129465 np0000189569 devstack@neutron-api.service[102013]: DEBUG oslo_concurrency.processutils [None req-8dc9dd69-52e4-4340-9722-d20155116a9a None None] Running cmd (subprocess): ovsdb-client transact ssl:199.204.45.65:6641 --timeout 180 -p /opt/stack/data/CA/int-ca/private/devstack-cert.key -c /opt/stack/data/CA/int-ca/devstack-cert.crt -C /opt/stack/data/CA/int-ca/ca-chain.pem ["OVN_Northbound", {"op": "wait", "timeout": 0, "table": "Port_Group", "where": [["name", "==", "pvlan_pg_drop"]], "until": "==", "rows": []}, {"op": "insert", "table": "ACL", "row": {"action": "drop", "direction": "to-lport", "match": "outport == @pvlan_pg_drop && ip", "priority": 1010}, "uuid-name": "pvlandroptoport"}, {"op": "insert", "table": "ACL", "row": {"action": "drop", "direction": "from-lport", "match": "inport == @pvlan_pg_drop && ip", "priority": 1010}, "uuid-name": "pvlandropfromport"}, {"op": "insert", "table": "Port_Group", "row": {"name": "pvlan_pg_drop", "acls": ["set", [["named-uuid", "pvlandroptoport"], ["named-uuid", "pvlandropfromport"]]]}}] {{(pid=102013) execute /opt/stack/data/venv/lib/python3.12/site-packages/oslo_concurrency/processutils.py:440}}
Aug 14 09:15:11.129930 np0000189569 devstack@neutron-api.service[102013]: INFO neutron.plugins.ml2.drivers.ovn.mech_driver.ovsdb.extensions.qos [-] Starting OVNClientQosExtension
Aug 14 09:15:11.130161 np0000189569 devstack@neutron-api.service[102013]: INFO neutron.plugins.ml2.drivers.ovn.mech_driver.ovsdb.extensions.placement [-] Starting OVNClientPlacementExtension
Aug 14 09:15:11.170695 np0000189569 devstack@neutron-api.service[102013]: DEBUG oslo_concurrency.processutils [None req-8dc9dd69-52e4-4340-9722-d20155116a9a None None] CMD "ovsdb-client transact ssl:199.204.45.65:6641 --timeout 180 -p /opt/stack/data/CA/int-ca/private/devstack-cert.key -c /opt/stack/data/CA/int-ca/devstack-cert.crt -C /opt/stack/data/CA/int-ca/ca-chain.pem ["OVN_Northbound", {"op": "wait", "timeout": 0, "table": "Port_Group", "where": [["name", "==", "pvlan_pg_drop"]], "until": "==", "rows": []}, {"op": "insert", "table": "ACL", "row": {"action": "drop", "direction": "to-lport", "match": "outport == @pvlan_pg_drop && ip", "priority": 1010}, "uuid-name": "pvlandroptoport"}, {"op": "insert", "table": "ACL", "row": {"action": "drop", "direction": "from-lport", "match": "inport == @pvlan_pg_drop && ip", "priority": 1010}, "uuid-name": "pvlandropfromport"}, {"op": "insert", "table": "Port_Group", "row": {"name": "pvlan_pg_drop", "acls": ["set", [["named-uuid", "pvlandroptoport"], ["named-uuid", "pvlandropfromport"]]]}}]" returned: 0 in 0.040s {{(pid=102013) execute /opt/stack/data/venv/lib/python3.12/site-packages/oslo_concurrency/processutils.py:468}}
Aug 14 09:15:11.178816 np0000189569 devstack@neutron-api.service[102013]: WSGI app 0 (mountpoint='') ready in 7 seconds on interpreter 0x7bb94b8a4668 pid: 102013 (default app)
Aug 14 09:15:11.186125 np0000189569 devstack@neutron-api.service[102013]: DEBUG neutron.common.ovn.hash_ring_manager [-] Hash Ring loaded. 1 active nodes. 0 offline nodes {{(pid=102013) _load_hash_ring /opt/stack/neutron/neutron/common/ovn/hash_ring_manager.py:110}}
Aug 14 09:15:11.186271 np0000189569 devstack@neutron-api.service[102013]: DEBUG neutron.plugins.ml2.drivers.ovn.mech_driver.ovsdb.ovsdb_monitor [-] Hash Ring: Node 8759c83ce3105ab2810ad0284dc6f2fb (host: np0000189569) handling event "create" for row 00892980-baa6-4f2d-8a3d-478a5b5d4815 (table: ACL) {{(pid=102013) notify /opt/stack/neutron/neutron/plugins/ml2/drivers/ovn/mech_driver/ovsdb/ovsdb_monitor.py:1099}}
Aug 14 09:15:11.191159 np0000189569 devstack@neutron-api.service[102013]: DEBUG neutron.common.ovn.hash_ring_manager [-] Hash Ring loaded. 1 active nodes. 0 offline nodes {{(pid=102013) _load_hash_ring /opt/stack/neutron/neutron/common/ovn/hash_ring_manager.py:110}}
Aug 14 09:15:11.191270 np0000189569 devstack@neutron-api.service[102013]: DEBUG neutron.plugins.ml2.drivers.ovn.mech_driver.ovsdb.ovsdb_monitor [-] Hash Ring: Node 8759c83ce3105ab2810ad0284dc6f2fb (host: np0000189569) handling event "create" for row cf9b3d7f-f69e-4f2f-8377-ca79f6e0302c (table: ACL) {{(pid=102013) notify /opt/stack/neutron/neutron/plugins/ml2/drivers/ovn/mech_driver/ovsdb/ovsdb_monitor.py:1099}}
Aug 14 09:15:11.196193 np0000189569 devstack@neutron-api.service[102013]: DEBUG neutron.common.ovn.hash_ring_manager [-] Hash Ring loaded. 1 active nodes. 0 offline nodes {{(pid=102013) _load_hash_ring /opt/stack/neutron/neutron/common/ovn/hash_ring_manager.py:110}}
Aug 14 09:15:11.196347 np0000189569 devstack@neutron-api.service[102013]: DEBUG neutron.plugins.ml2.drivers.ovn.mech_driver.ovsdb.ovsdb_monitor [-] Hash Ring: Node 8759c83ce3105ab2810ad0284dc6f2fb (host: np0000189569) handling event "create" for row f0d7ab5a-9be0-4dd2-b204-b83788eaf3ff (table: Port_Group) {{(pid=102013) notify /opt/stack/neutron/neutron/plugins/ml2/drivers/ovn/mech_driver/ovsdb/ovsdb_monitor.py:1099}}
Aug 14 09:15:11.202177 np0000189569 devstack@neutron-api.service[102013]: [pid: 102013|app: 0|req: 1/1] 199.204.45.65 () {62 vars in 981 bytes} [Fri Aug 14 09:15:11 2026] GET /networking => generated 129 bytes in 4 msecs (HTTP/1.1 200) 3 headers in 91 bytes (1 switches on core 0)
Aug 14 09:15:11.239041 np0000189569 devstack@neutron-api.service[102012]: INFO neutron.plugins.ml2.managers [None req-05cdfed6-1ce4-4198-b9e1-df6f78df30bb None None] Initializing driver for type 'local'
Aug 14 09:15:11.239312 np0000189569 devstack@neutron-api.service[102012]: INFO neutron.plugins.ml2.managers [None req-05cdfed6-1ce4-4198-b9e1-df6f78df30bb None None] Initializing driver for type 'vlan'
Aug 14 09:15:11.241957 np0000189569 devstack@neutron-api.service[102015]: INFO neutron.plugins.ml2.managers [None req-7aa42734-b544-451c-93b0-9b0b546b7d5c None None] Initializing driver for type 'local'
Aug 14 09:15:11.242068 np0000189569 devstack@neutron-api.service[102015]: INFO neutron.plugins.ml2.managers [None req-7aa42734-b544-451c-93b0-9b0b546b7d5c None None] Initializing driver for type 'vlan'
Aug 14 09:15:11.262034 np0000189569 devstack@neutron-api.service[102014]: INFO neutron.plugins.ml2.managers [None req-9fe36939-9d70-44ca-8a1c-b586b2f685d0 None None] Initializing driver for type 'local'
Aug 14 09:15:11.262165 np0000189569 devstack@neutron-api.service[102014]: INFO neutron.plugins.ml2.managers [None req-9fe36939-9d70-44ca-8a1c-b586b2f685d0 None None] Initializing driver for type 'vlan'
Aug 14 09:15:11.550485 np0000189569 devstack@neutron-api.service[102015]: INFO neutron.plugins.ml2.drivers.type_vlan [None req-7aa42734-b544-451c-93b0-9b0b546b7d5c None None] VlanTypeDriver initialization complete
Aug 14 09:15:11.550485 np0000189569 devstack@neutron-api.service[102015]: INFO neutron.plugins.ml2.managers [None req-7aa42734-b544-451c-93b0-9b0b546b7d5c None None] Initializing extension driver 'port_security'
Aug 14 09:15:11.551261 np0000189569 devstack@neutron-api.service[102015]: INFO neutron.plugins.ml2.extensions.port_security [None req-7aa42734-b544-451c-93b0-9b0b546b7d5c None None] PortSecurityExtensionDriver initialization complete
Aug 14 09:15:11.551261 np0000189569 devstack@neutron-api.service[102015]: INFO neutron.plugins.ml2.managers [None req-7aa42734-b544-451c-93b0-9b0b546b7d5c None None] Initializing extension driver 'qos'
Aug 14 09:15:11.551261 np0000189569 devstack@neutron-api.service[102015]: DEBUG neutron.plugins.ml2.extensions.qos [None req-7aa42734-b544-451c-93b0-9b0b546b7d5c None None] QosExtensionDriver initialization complete {{(pid=102015) initialize /opt/stack/neutron/neutron/plugins/ml2/extensions/qos.py:31}}
Aug 14 09:15:11.551261 np0000189569 devstack@neutron-api.service[102015]: INFO neutron.plugins.ml2.managers [None req-7aa42734-b544-451c-93b0-9b0b546b7d5c None None] Initializing mechanism driver 'ovn'
Aug 14 09:15:11.551261 np0000189569 devstack@neutron-api.service[102015]: INFO neutron.plugins.ml2.drivers.ovn.mech_driver.mech_driver [None req-7aa42734-b544-451c-93b0-9b0b546b7d5c None None] Starting OVNMechanismDriver
Aug 14 09:15:11.552645 np0000189569 devstack@neutron-api.service[102015]: DEBUG neutron_lib.callbacks.manager [None req-7aa42734-b544-451c-93b0-9b0b546b7d5c None None] Subscribe: > process before_spawn 55550000, False {{(pid=102015) subscribe /opt/stack/data/venv/lib/python3.12/site-packages/neutron_lib/callbacks/manager.py:52}}
Aug 14 09:15:11.552802 np0000189569 devstack@neutron-api.service[102015]: DEBUG neutron_lib.callbacks.manager [None req-7aa42734-b544-451c-93b0-9b0b546b7d5c None None] Subscribe: > process after_init 55550000, True {{(pid=102015) subscribe /opt/stack/data/venv/lib/python3.12/site-packages/neutron_lib/callbacks/manager.py:52}}
Aug 14 09:15:11.552985 np0000189569 devstack@neutron-api.service[102015]: DEBUG neutron_lib.callbacks.manager [None req-7aa42734-b544-451c-93b0-9b0b546b7d5c None None] Subscribe: > segment after_create 55550000, False {{(pid=102015) subscribe /opt/stack/data/venv/lib/python3.12/site-packages/neutron_lib/callbacks/manager.py:52}}
Aug 14 09:15:11.552985 np0000189569 devstack@neutron-api.service[102015]: DEBUG neutron_lib.callbacks.manager [None req-7aa42734-b544-451c-93b0-9b0b546b7d5c None None] Subscribe: > segment after_create 55550000, False {{(pid=102015) subscribe /opt/stack/data/venv/lib/python3.12/site-packages/neutron_lib/callbacks/manager.py:52}}
Aug 14 09:15:11.553196 np0000189569 devstack@neutron-api.service[102015]: DEBUG neutron_lib.callbacks.manager [None req-7aa42734-b544-451c-93b0-9b0b546b7d5c None None] Subscribe: > segment after_delete 55550000, False {{(pid=102015) subscribe /opt/stack/data/venv/lib/python3.12/site-packages/neutron_lib/callbacks/manager.py:52}}
Aug 14 09:15:11.553196 np0000189569 devstack@neutron-api.service[102015]: DEBUG neutron_lib.callbacks.manager [None req-7aa42734-b544-451c-93b0-9b0b546b7d5c None None] Subscribe: > allowed_address_pair before_create 55550000, False {{(pid=102015) subscribe /opt/stack/data/venv/lib/python3.12/site-packages/neutron_lib/callbacks/manager.py:52}}
Aug 14 09:15:11.553408 np0000189569 devstack@neutron-api.service[102015]: DEBUG neutron_lib.callbacks.manager [None req-7aa42734-b544-451c-93b0-9b0b546b7d5c None None] Subscribe: > security_group precommit_create 55550000, False {{(pid=102015) subscribe /opt/stack/data/venv/lib/python3.12/site-packages/neutron_lib/callbacks/manager.py:52}}
Aug 14 09:15:11.553655 np0000189569 devstack@neutron-api.service[102015]: DEBUG neutron_lib.callbacks.manager [None req-7aa42734-b544-451c-93b0-9b0b546b7d5c None None] Subscribe: > security_group after_update 55550000, False {{(pid=102015) subscribe /opt/stack/data/venv/lib/python3.12/site-packages/neutron_lib/callbacks/manager.py:52}}
Aug 14 09:15:11.553655 np0000189569 devstack@neutron-api.service[102015]: DEBUG neutron_lib.callbacks.manager [None req-7aa42734-b544-451c-93b0-9b0b546b7d5c None None] Subscribe: > security_group after_create 55550000, False {{(pid=102015) subscribe /opt/stack/data/venv/lib/python3.12/site-packages/neutron_lib/callbacks/manager.py:52}}
Aug 14 09:15:11.553655 np0000189569 devstack@neutron-api.service[102015]: DEBUG neutron_lib.callbacks.manager [None req-7aa42734-b544-451c-93b0-9b0b546b7d5c None None] Subscribe: > security_group precommit_delete 55550000, False {{(pid=102015) subscribe /opt/stack/data/venv/lib/python3.12/site-packages/neutron_lib/callbacks/manager.py:52}}
Aug 14 09:15:11.553899 np0000189569 devstack@neutron-api.service[102015]: DEBUG neutron_lib.callbacks.manager [None req-7aa42734-b544-451c-93b0-9b0b546b7d5c None None] Subscribe: > security_group after_delete 55550000, False {{(pid=102015) subscribe /opt/stack/data/venv/lib/python3.12/site-packages/neutron_lib/callbacks/manager.py:52}}
Aug 14 09:15:11.553899 np0000189569 devstack@neutron-api.service[102015]: DEBUG neutron_lib.callbacks.manager [None req-7aa42734-b544-451c-93b0-9b0b546b7d5c None None] Subscribe: > security_group_rule precommit_create 55550000, False {{(pid=102015) subscribe /opt/stack/data/venv/lib/python3.12/site-packages/neutron_lib/callbacks/manager.py:52}}
Aug 14 09:15:11.554104 np0000189569 devstack@neutron-api.service[102015]: DEBUG neutron_lib.callbacks.manager [None req-7aa42734-b544-451c-93b0-9b0b546b7d5c None None] Subscribe: > security_group_rule after_create 55550000, False {{(pid=102015) subscribe /opt/stack/data/venv/lib/python3.12/site-packages/neutron_lib/callbacks/manager.py:52}}
Aug 14 09:15:11.554242 np0000189569 devstack@neutron-api.service[102015]: DEBUG neutron_lib.callbacks.manager [None req-7aa42734-b544-451c-93b0-9b0b546b7d5c None None] Subscribe: > security_group_rule before_delete 55550000, False {{(pid=102015) subscribe /opt/stack/data/venv/lib/python3.12/site-packages/neutron_lib/callbacks/manager.py:52}}
Aug 14 09:15:11.554242 np0000189569 devstack@neutron-api.service[102015]: DEBUG neutron_lib.callbacks.manager [None req-7aa42734-b544-451c-93b0-9b0b546b7d5c None None] Subscribe: > address_group after_create 55550000, False {{(pid=102015) subscribe /opt/stack/data/venv/lib/python3.12/site-packages/neutron_lib/callbacks/manager.py:52}}
Aug 14 09:15:11.554481 np0000189569 devstack@neutron-api.service[102015]: DEBUG neutron_lib.callbacks.manager [None req-7aa42734-b544-451c-93b0-9b0b546b7d5c None None] Subscribe: > address_group after_update 55550000, False {{(pid=102015) subscribe /opt/stack/data/venv/lib/python3.12/site-packages/neutron_lib/callbacks/manager.py:52}}
Aug 14 09:15:11.554481 np0000189569 devstack@neutron-api.service[102015]: DEBUG neutron_lib.callbacks.manager [None req-7aa42734-b544-451c-93b0-9b0b546b7d5c None None] Subscribe: > address_group after_delete 55550000, False {{(pid=102015) subscribe /opt/stack/data/venv/lib/python3.12/site-packages/neutron_lib/callbacks/manager.py:52}}
Aug 14 09:15:11.554842 np0000189569 devstack@neutron-api.service[102015]: DEBUG neutron_lib.callbacks.manager [None req-7aa42734-b544-451c-93b0-9b0b546b7d5c None None] Subscribe: > qos_plugin after_init 55550000, False {{(pid=102015) subscribe /opt/stack/data/venv/lib/python3.12/site-packages/neutron_lib/callbacks/manager.py:52}}
Aug 14 09:15:11.554983 np0000189569 devstack@neutron-api.service[102015]: DEBUG neutron_lib.callbacks.manager [None req-7aa42734-b544-451c-93b0-9b0b546b7d5c None None] Subscribe: > trunk_plugin after_init 55550000, False {{(pid=102015) subscribe /opt/stack/data/venv/lib/python3.12/site-packages/neutron_lib/callbacks/manager.py:52}}
Aug 14 09:15:11.555202 np0000189569 devstack@neutron-api.service[102015]: DEBUG neutron_lib.callbacks.manager [None req-7aa42734-b544-451c-93b0-9b0b546b7d5c None None] Subscribe: > logging-plugin after_init 55550000, False {{(pid=102015) subscribe /opt/stack/data/venv/lib/python3.12/site-packages/neutron_lib/callbacks/manager.py:52}}
Aug 14 09:15:11.555652 np0000189569 devstack@neutron-api.service[102015]: INFO neutron.services.logapi.drivers.ovn.driver [None req-7aa42734-b544-451c-93b0-9b0b546b7d5c None None] OVN logging driver registered
Aug 14 09:15:11.555866 np0000189569 devstack@neutron-api.service[102015]: DEBUG neutron_lib.callbacks.manager [None req-7aa42734-b544-451c-93b0-9b0b546b7d5c None None] Subscribe: ._register_pvlan_driver at 0x7bb94399b9c0> pvlan_plugin before_spawn 55550000, False {{(pid=102015) subscribe /opt/stack/data/venv/lib/python3.12/site-packages/neutron_lib/callbacks/manager.py:52}}
Aug 14 09:15:11.555866 np0000189569 devstack@neutron-api.service[102015]: DEBUG neutron_lib.callbacks.manager [None req-7aa42734-b544-451c-93b0-9b0b546b7d5c None None] Subscribe: process after_init 55550000, False {{(pid=102015) subscribe /opt/stack/data/venv/lib/python3.12/site-packages/neutron_lib/callbacks/manager.py:52}}
Aug 14 09:15:11.557561 np0000189569 devstack@neutron-api.service[102015]: DEBUG neutron.plugins.ml2.plugin [None req-7aa42734-b544-451c-93b0-9b0b546b7d5c None None] neutron.plugins.ml2.plugin.Ml2Plugin method _start_rpc_notifiers called with arguments () {} {{(pid=102015) wrapper /opt/stack/data/venv/lib/python3.12/site-packages/oslo_log/helpers.py:77}}
Aug 14 09:15:11.557828 np0000189569 devstack@neutron-api.service[102015]: DEBUG neutron_lib.callbacks.manager [None req-7aa42734-b544-451c-93b0-9b0b546b7d5c None None] Subscribe: > port after_create 55550000, False {{(pid=102015) subscribe /opt/stack/data/venv/lib/python3.12/site-packages/neutron_lib/callbacks/manager.py:52}}
Aug 14 09:15:11.557959 np0000189569 devstack@neutron-api.service[102015]: DEBUG neutron_lib.callbacks.manager [None req-7aa42734-b544-451c-93b0-9b0b546b7d5c None None] Subscribe: > port after_update 55550000, False {{(pid=102015) subscribe /opt/stack/data/venv/lib/python3.12/site-packages/neutron_lib/callbacks/manager.py:52}}
Aug 14 09:15:11.558039 np0000189569 devstack@neutron-api.service[102014]: INFO neutron.plugins.ml2.drivers.type_vlan [None req-9fe36939-9d70-44ca-8a1c-b586b2f685d0 None None] VlanTypeDriver initialization complete
Aug 14 09:15:11.558330 np0000189569 devstack@neutron-api.service[102015]: DEBUG neutron_lib.callbacks.manager [None req-7aa42734-b544-451c-93b0-9b0b546b7d5c None None] Subscribe: > port after_delete 55550000, False {{(pid=102015) subscribe /opt/stack/data/venv/lib/python3.12/site-packages/neutron_lib/callbacks/manager.py:52}}
Aug 14 09:15:11.558696 np0000189569 devstack@neutron-api.service[102014]: INFO neutron.plugins.ml2.managers [None req-9fe36939-9d70-44ca-8a1c-b586b2f685d0 None None] Initializing extension driver 'port_security'
Aug 14 09:15:11.558954 np0000189569 devstack@neutron-api.service[102015]: DEBUG neutron_lib.callbacks.manager [None req-7aa42734-b544-451c-93b0-9b0b546b7d5c None None] Subscribe: > subnet after_create 55550000, False {{(pid=102015) subscribe /opt/stack/data/venv/lib/python3.12/site-packages/neutron_lib/callbacks/manager.py:52}}
Aug 14 09:15:11.559041 np0000189569 devstack@neutron-api.service[102014]: INFO neutron.plugins.ml2.extensions.port_security [None req-9fe36939-9d70-44ca-8a1c-b586b2f685d0 None None] PortSecurityExtensionDriver initialization complete
Aug 14 09:15:11.559041 np0000189569 devstack@neutron-api.service[102014]: INFO neutron.plugins.ml2.managers [None req-9fe36939-9d70-44ca-8a1c-b586b2f685d0 None None] Initializing extension driver 'qos'
Aug 14 09:15:11.559414 np0000189569 devstack@neutron-api.service[102015]: DEBUG neutron_lib.callbacks.manager [None req-7aa42734-b544-451c-93b0-9b0b546b7d5c None None] Subscribe: > subnet after_update 55550000, False {{(pid=102015) subscribe /opt/stack/data/venv/lib/python3.12/site-packages/neutron_lib/callbacks/manager.py:52}}
Aug 14 09:15:11.559621 np0000189569 devstack@neutron-api.service[102014]: DEBUG neutron.plugins.ml2.extensions.qos [None req-9fe36939-9d70-44ca-8a1c-b586b2f685d0 None None] QosExtensionDriver initialization complete {{(pid=102014) initialize /opt/stack/neutron/neutron/plugins/ml2/extensions/qos.py:31}}
Aug 14 09:15:11.559708 np0000189569 devstack@neutron-api.service[102015]: DEBUG neutron_lib.callbacks.manager [None req-7aa42734-b544-451c-93b0-9b0b546b7d5c None None] Subscribe: > subnet after_delete 55550000, False {{(pid=102015) subscribe /opt/stack/data/venv/lib/python3.12/site-packages/neutron_lib/callbacks/manager.py:52}}
Aug 14 09:15:11.560060 np0000189569 devstack@neutron-api.service[102014]: INFO neutron.plugins.ml2.managers [None req-9fe36939-9d70-44ca-8a1c-b586b2f685d0 None None] Initializing mechanism driver 'ovn'
Aug 14 09:15:11.560183 np0000189569 devstack@neutron-api.service[102015]: DEBUG neutron_lib.callbacks.manager [None req-7aa42734-b544-451c-93b0-9b0b546b7d5c None None] Subscribe: > network after_create 55550000, False {{(pid=102015) subscribe /opt/stack/data/venv/lib/python3.12/site-packages/neutron_lib/callbacks/manager.py:52}}
Aug 14 09:15:11.560320 np0000189569 devstack@neutron-api.service[102014]: INFO neutron.plugins.ml2.drivers.ovn.mech_driver.mech_driver [None req-9fe36939-9d70-44ca-8a1c-b586b2f685d0 None None] Starting OVNMechanismDriver
Aug 14 09:15:11.560597 np0000189569 devstack@neutron-api.service[102015]: DEBUG neutron_lib.callbacks.manager [None req-7aa42734-b544-451c-93b0-9b0b546b7d5c None None] Subscribe: > network after_update 55550000, False {{(pid=102015) subscribe /opt/stack/data/venv/lib/python3.12/site-packages/neutron_lib/callbacks/manager.py:52}}
Aug 14 09:15:11.560597 np0000189569 devstack@neutron-api.service[102015]: DEBUG neutron_lib.callbacks.manager [None req-7aa42734-b544-451c-93b0-9b0b546b7d5c None None] Subscribe: > network after_delete 55550000, False {{(pid=102015) subscribe /opt/stack/data/venv/lib/python3.12/site-packages/neutron_lib/callbacks/manager.py:52}}
Aug 14 09:15:11.560597 np0000189569 devstack@neutron-api.service[102015]: DEBUG neutron_lib.callbacks.manager [None req-7aa42734-b544-451c-93b0-9b0b546b7d5c None None] Subscribe: > security_group after_create 55550000, False {{(pid=102015) subscribe /opt/stack/data/venv/lib/python3.12/site-packages/neutron_lib/callbacks/manager.py:52}}
Aug 14 09:15:11.560597 np0000189569 devstack@neutron-api.service[102015]: DEBUG neutron_lib.callbacks.manager [None req-7aa42734-b544-451c-93b0-9b0b546b7d5c None None] Subscribe: > security_group after_update 55550000, False {{(pid=102015) subscribe /opt/stack/data/venv/lib/python3.12/site-packages/neutron_lib/callbacks/manager.py:52}}
Aug 14 09:15:11.561167 np0000189569 devstack@neutron-api.service[102015]: DEBUG neutron_lib.callbacks.manager [None req-7aa42734-b544-451c-93b0-9b0b546b7d5c None None] Subscribe: > security_group after_delete 55550000, False {{(pid=102015) subscribe /opt/stack/data/venv/lib/python3.12/site-packages/neutron_lib/callbacks/manager.py:52}}
Aug 14 09:15:11.561167 np0000189569 devstack@neutron-api.service[102015]: DEBUG neutron_lib.callbacks.manager [None req-7aa42734-b544-451c-93b0-9b0b546b7d5c None None] Subscribe: > security_group_rule after_create 55550000, False {{(pid=102015) subscribe /opt/stack/data/venv/lib/python3.12/site-packages/neutron_lib/callbacks/manager.py:52}}
Aug 14 09:15:11.561167 np0000189569 devstack@neutron-api.service[102015]: DEBUG neutron_lib.callbacks.manager [None req-7aa42734-b544-451c-93b0-9b0b546b7d5c None None] Subscribe: > security_group_rule after_update 55550000, False {{(pid=102015) subscribe /opt/stack/data/venv/lib/python3.12/site-packages/neutron_lib/callbacks/manager.py:52}}
Aug 14 09:15:11.561167 np0000189569 devstack@neutron-api.service[102015]: DEBUG neutron_lib.callbacks.manager [None req-7aa42734-b544-451c-93b0-9b0b546b7d5c None None] Subscribe: > security_group_rule after_delete 55550000, False {{(pid=102015) subscribe /opt/stack/data/venv/lib/python3.12/site-packages/neutron_lib/callbacks/manager.py:52}}
Aug 14 09:15:11.561648 np0000189569 devstack@neutron-api.service[102015]: DEBUG neutron_lib.callbacks.manager [None req-7aa42734-b544-451c-93b0-9b0b546b7d5c None None] Subscribe: > address_group after_create 55550000, False {{(pid=102015) subscribe /opt/stack/data/venv/lib/python3.12/site-packages/neutron_lib/callbacks/manager.py:52}}
Aug 14 09:15:11.561648 np0000189569 devstack@neutron-api.service[102015]: DEBUG neutron_lib.callbacks.manager [None req-7aa42734-b544-451c-93b0-9b0b546b7d5c None None] Subscribe: > address_group after_update 55550000, False {{(pid=102015) subscribe /opt/stack/data/venv/lib/python3.12/site-packages/neutron_lib/callbacks/manager.py:52}}
Aug 14 09:15:11.561648 np0000189569 devstack@neutron-api.service[102015]: DEBUG neutron_lib.callbacks.manager [None req-7aa42734-b544-451c-93b0-9b0b546b7d5c None None] Subscribe: > address_group after_delete 55550000, False {{(pid=102015) subscribe /opt/stack/data/venv/lib/python3.12/site-packages/neutron_lib/callbacks/manager.py:52}}
Aug 14 09:15:11.561648 np0000189569 devstack@neutron-api.service[102015]: DEBUG neutron.plugins.ml2.ovo_rpc [None req-7aa42734-b544-451c-93b0-9b0b546b7d5c None None] ML2 OVO RPC backend initialized. {{(pid=102015) __init__ /opt/stack/neutron/neutron/plugins/ml2/ovo_rpc.py:117}}
Aug 14 09:15:11.561841 np0000189569 devstack@neutron-api.service[102014]: DEBUG neutron_lib.callbacks.manager [None req-9fe36939-9d70-44ca-8a1c-b586b2f685d0 None None] Subscribe: > process before_spawn 55550000, False {{(pid=102014) subscribe /opt/stack/data/venv/lib/python3.12/site-packages/neutron_lib/callbacks/manager.py:52}}
Aug 14 09:15:11.561841 np0000189569 devstack@neutron-api.service[102014]: DEBUG neutron_lib.callbacks.manager [None req-9fe36939-9d70-44ca-8a1c-b586b2f685d0 None None] Subscribe: > process after_init 55550000, True {{(pid=102014) subscribe /opt/stack/data/venv/lib/python3.12/site-packages/neutron_lib/callbacks/manager.py:52}}
Aug 14 09:15:11.561841 np0000189569 devstack@neutron-api.service[102014]: DEBUG neutron_lib.callbacks.manager [None req-9fe36939-9d70-44ca-8a1c-b586b2f685d0 None None] Subscribe: > segment after_create 55550000, False {{(pid=102014) subscribe /opt/stack/data/venv/lib/python3.12/site-packages/neutron_lib/callbacks/manager.py:52}}
Aug 14 09:15:11.561841 np0000189569 devstack@neutron-api.service[102014]: DEBUG neutron_lib.callbacks.manager [None req-9fe36939-9d70-44ca-8a1c-b586b2f685d0 None None] Subscribe: > segment after_create 55550000, False {{(pid=102014) subscribe /opt/stack/data/venv/lib/python3.12/site-packages/neutron_lib/callbacks/manager.py:52}}
Aug 14 09:15:11.562048 np0000189569 devstack@neutron-api.service[102014]: DEBUG neutron_lib.callbacks.manager [None req-9fe36939-9d70-44ca-8a1c-b586b2f685d0 None None] Subscribe: > segment after_delete 55550000, False {{(pid=102014) subscribe /opt/stack/data/venv/lib/python3.12/site-packages/neutron_lib/callbacks/manager.py:52}}
Aug 14 09:15:11.562048 np0000189569 devstack@neutron-api.service[102014]: DEBUG neutron_lib.callbacks.manager [None req-9fe36939-9d70-44ca-8a1c-b586b2f685d0 None None] Subscribe: > allowed_address_pair before_create 55550000, False {{(pid=102014) subscribe /opt/stack/data/venv/lib/python3.12/site-packages/neutron_lib/callbacks/manager.py:52}}
Aug 14 09:15:11.562048 np0000189569 devstack@neutron-api.service[102014]: DEBUG neutron_lib.callbacks.manager [None req-9fe36939-9d70-44ca-8a1c-b586b2f685d0 None None] Subscribe: > security_group precommit_create 55550000, False {{(pid=102014) subscribe /opt/stack/data/venv/lib/python3.12/site-packages/neutron_lib/callbacks/manager.py:52}}
Aug 14 09:15:11.562491 np0000189569 devstack@neutron-api.service[102015]: INFO neutron.quota [None req-7aa42734-b544-451c-93b0-9b0b546b7d5c None None] Loaded quota_driver: .
Aug 14 09:15:11.562491 np0000189569 devstack@neutron-api.service[102015]: INFO neutron.plugins.ml2.plugin [None req-7aa42734-b544-451c-93b0-9b0b546b7d5c None None] Modular L2 Plugin initialization complete
Aug 14 09:15:11.562865 np0000189569 devstack@neutron-api.service[102014]: DEBUG neutron_lib.callbacks.manager [None req-9fe36939-9d70-44ca-8a1c-b586b2f685d0 None None] Subscribe: > security_group after_update 55550000, False {{(pid=102014) subscribe /opt/stack/data/venv/lib/python3.12/site-packages/neutron_lib/callbacks/manager.py:52}}
Aug 14 09:15:11.563512 np0000189569 devstack@neutron-api.service[102015]: DEBUG neutron.manager [None req-7aa42734-b544-451c-93b0-9b0b546b7d5c None None] Loading services supported by the core plugin {{(pid=102015) _load_services_from_core_plugin /opt/stack/neutron/neutron/manager.py:167}}
Aug 14 09:15:11.563881 np0000189569 devstack@neutron-api.service[102014]: DEBUG neutron_lib.callbacks.manager [None req-9fe36939-9d70-44ca-8a1c-b586b2f685d0 None None] Subscribe: > security_group after_create 55550000, False {{(pid=102014) subscribe /opt/stack/data/venv/lib/python3.12/site-packages/neutron_lib/callbacks/manager.py:52}}
Aug 14 09:15:11.563881 np0000189569 devstack@neutron-api.service[102014]: DEBUG neutron_lib.callbacks.manager [None req-9fe36939-9d70-44ca-8a1c-b586b2f685d0 None None] Subscribe: > security_group precommit_delete 55550000, False {{(pid=102014) subscribe /opt/stack/data/venv/lib/python3.12/site-packages/neutron_lib/callbacks/manager.py:52}}
Aug 14 09:15:11.564261 np0000189569 devstack@neutron-api.service[102015]: INFO neutron.plugins.ml2.managers [None req-7aa42734-b544-451c-93b0-9b0b546b7d5c None None] Got port-security extension from driver 'port_security'
Aug 14 09:15:11.564588 np0000189569 devstack@neutron-api.service[102014]: DEBUG neutron_lib.callbacks.manager [None req-9fe36939-9d70-44ca-8a1c-b586b2f685d0 None None] Subscribe: > security_group after_delete 55550000, False {{(pid=102014) subscribe /opt/stack/data/venv/lib/python3.12/site-packages/neutron_lib/callbacks/manager.py:52}}
Aug 14 09:15:11.564588 np0000189569 devstack@neutron-api.service[102014]: DEBUG neutron_lib.callbacks.manager [None req-9fe36939-9d70-44ca-8a1c-b586b2f685d0 None None] Subscribe: > security_group_rule precommit_create 55550000, False {{(pid=102014) subscribe /opt/stack/data/venv/lib/python3.12/site-packages/neutron_lib/callbacks/manager.py:52}}
Aug 14 09:15:11.564588 np0000189569 devstack@neutron-api.service[102014]: DEBUG neutron_lib.callbacks.manager [None req-9fe36939-9d70-44ca-8a1c-b586b2f685d0 None None] Subscribe: > security_group_rule after_create 55550000, False {{(pid=102014) subscribe /opt/stack/data/venv/lib/python3.12/site-packages/neutron_lib/callbacks/manager.py:52}}
Aug 14 09:15:11.565007 np0000189569 devstack@neutron-api.service[102015]: DEBUG neutron.manager [None req-7aa42734-b544-451c-93b0-9b0b546b7d5c None None] Loading service plugins: ['ovn-router', 'auto_allocate', 'tag', 'timestamp', 'network_ip_availability', 'flavors', 'revisions'] {{(pid=102015) _load_service_plugins /opt/stack/neutron/neutron/manager.py:192}}
Aug 14 09:15:11.565362 np0000189569 devstack@neutron-api.service[102014]: DEBUG neutron_lib.callbacks.manager [None req-9fe36939-9d70-44ca-8a1c-b586b2f685d0 None None] Subscribe: > security_group_rule before_delete 55550000, False {{(pid=102014) subscribe /opt/stack/data/venv/lib/python3.12/site-packages/neutron_lib/callbacks/manager.py:52}}
Aug 14 09:15:11.565765 np0000189569 devstack@neutron-api.service[102015]: INFO neutron.manager [None req-7aa42734-b544-451c-93b0-9b0b546b7d5c None None] Loading Plugin: ovn-router
Aug 14 09:15:11.566149 np0000189569 devstack@neutron-api.service[102014]: DEBUG neutron_lib.callbacks.manager [None req-9fe36939-9d70-44ca-8a1c-b586b2f685d0 None None] Subscribe: > address_group after_create 55550000, False {{(pid=102014) subscribe /opt/stack/data/venv/lib/python3.12/site-packages/neutron_lib/callbacks/manager.py:52}}
Aug 14 09:15:11.566149 np0000189569 devstack@neutron-api.service[102014]: DEBUG neutron_lib.callbacks.manager [None req-9fe36939-9d70-44ca-8a1c-b586b2f685d0 None None] Subscribe: > address_group after_update 55550000, False {{(pid=102014) subscribe /opt/stack/data/venv/lib/python3.12/site-packages/neutron_lib/callbacks/manager.py:52}}
