2026-02-27 19:36:15.772 8 INFO placement.requestlog [None req-758ac4a5-6008-4ff1-9391-0f35ab66178e 778b8d15ae2a4931a61482d4d59eb2b8 f418a911955547bdb28e0032eee737f2 - - 05aeff5415c844f59285d0a37b4c6267 05aeff5415c844f59285d0a37b4c6267] 10.0.0.197 "DELETE /resource_providers/5bca2fb5-3010-4247-9f8e-8a57c99fed47" status: 404 len: 246 microversion: 1.1 [pid: 8|app: 0|req: 372/745] 10.0.0.197 () {34 vars in 815 bytes} [Fri Feb 27 19:36:15 2026] DELETE /resource_providers/5bca2fb5-3010-4247-9f8e-8a57c99fed47 => generated 246 bytes in 9 msecs (HTTP/1.1 404) 6 headers in 231 bytes (1 switches on core 0)
2026-02-27 19:36:16.012 7 INFO placement.requestlog [None req-f6f99f3c-8a5f-41e4-b6af-6b355082628c 778b8d15ae2a4931a61482d4d59eb2b8 f418a911955547bdb28e0032eee737f2 - - 05aeff5415c844f59285d0a37b4c6267 05aeff5415c844f59285d0a37b4c6267] 10.0.0.197 "GET /resource_providers/d0a1285d-27d4-427a-a106-3ba7e6581f57/aggregates" status: 404 len: 235 microversion: 1.1 [pid: 7|app: 0|req: 374/746] 10.0.0.197 () {32 vars in 815 bytes} [Fri Feb 27 19:36:16 2026] GET /resource_providers/d0a1285d-27d4-427a-a106-3ba7e6581f57/aggregates => generated 235 bytes in 10 msecs (HTTP/1.1 404) 5 headers in 202 bytes (1 switches on core 0)
2026-02-27 19:36:16.018 8 INFO placement.requestlog [None req-1597e499-e16b-41e3-b905-c40f6132a7a9 778b8d15ae2a4931a61482d4d59eb2b8 f418a911955547bdb28e0032eee737f2 - - 05aeff5415c844f59285d0a37b4c6267 05aeff5415c844f59285d0a37b4c6267] 10.0.0.197 "GET /resource_providers/d0a1285d-27d4-427a-a106-3ba7e6581f57/aggregates" status: 404 len: 235 microversion: 1.1 [pid: 8|app: 0|req: 373/747] 10.0.0.197 () {32 vars in 815 bytes} [Fri Feb 27 19:36:16 2026] GET /resource_providers/d0a1285d-27d4-427a-a106-3ba7e6581f57/aggregates => generated 235 bytes in 11 msecs (HTTP/1.1 404) 5 headers in 202 bytes (1 switches on core 0)
2026-02-27 19:36:16.040 8 INFO placement.requestlog [None req-bbab76f0-6c2c-49c8-b307-d17d3ef00e7c 778b8d15ae2a4931a61482d4d59eb2b8 f418a911955547bdb28e0032eee737f2 - - 05aeff5415c844f59285d0a37b4c6267 05aeff5415c844f59285d0a37b4c6267] 10.0.0.197 "DELETE /resource_providers/d0a1285d-27d4-427a-a106-3ba7e6581f57" status: 404 len: 246 microversion: 1.1
2026-02-27 19:36:16.040 7 INFO placement.requestlog [None req-bce2a0e9-6e65-48f8-a024-9748c5822cf7 778b8d15ae2a4931a61482d4d59eb2b8 f418a911955547bdb28e0032eee737f2 - - 05aeff5415c844f59285d0a37b4c6267 05aeff5415c844f59285d0a37b4c6267] 10.0.0.197 "DELETE /resource_providers/d0a1285d-27d4-427a-a106-3ba7e6581f57" status: 404 len: 246 microversion: 1.1 [pid: 7|app: 0|req: 375/749] 10.0.0.197 () {34 vars in 815 bytes} [Fri Feb 27 19:36:16 2026] DELETE /resource_providers/d0a1285d-27d4-427a-a106-3ba7e6581f57 => generated 246 bytes in 12 msecs (HTTP/1.1 404) 6 headers in 231 bytes (1 switches on core 0) [pid: 8|app: 0|req: 374/749] 10.0.0.197 () {34 vars in 815 bytes} [Fri Feb 27 19:36:16 2026] DELETE /resource_providers/d0a1285d-27d4-427a-a106-3ba7e6581f57 => generated 246 bytes in 10 msecs (HTTP/1.1 404) 6 headers in 231 bytes (1 switches on core 0)
2026-02-27 19:36:16.117 7 INFO placement.requestlog [req-7d402ab9-efa3-46ef-a3d0-19fd521a8456 req-104eb85f-b2bb-4f71-9b9c-f7a52b411573 c22fe67397fe423995985b2c9938e88d f418a911955547bdb28e0032eee737f2 - - 05aeff5415c844f59285d0a37b4c6267 05aeff5415c844f59285d0a37b4c6267] 162.253.55.43 "DELETE /allocations/abf0ff9f-0e27-476e-a524-5fbd93d3eb70" status: 204 len: 0 microversion: 1.0 [pid: 7|app: 0|req: 376/750] 162.253.55.43 () {34 vars in 839 bytes} [Fri Feb 27 19:36:16 2026] DELETE /allocations/abf0ff9f-0e27-476e-a524-5fbd93d3eb70 => generated 0 bytes in 26 msecs (HTTP/1.1 204) 5 headers in 198 bytes (1 switches on core 0)
2026-02-27 19:36:19.505 8 INFO placement.requestlog [None req-60ea45c1-ab97-4c13-90c0-f65a4b56eca8 778b8d15ae2a4931a61482d4d59eb2b8 f418a911955547bdb28e0032eee737f2 - - 05aeff5415c844f59285d0a37b4c6267 05aeff5415c844f59285d0a37b4c6267] 10.0.0.197 "GET /resource_providers/39317fc5-5160-4033-a2d0-e9207c363388/aggregates" status: 404 len: 235 microversion: 1.1 [pid: 8|app: 0|req: 375/751] 10.0.0.197 () {32 vars in 815 bytes} [Fri Feb 27 19:36:19 2026] GET /resource_providers/39317fc5-5160-4033-a2d0-e9207c363388/aggregates => generated 235 bytes in 6 msecs (HTTP/1.1 404) 5 headers in 202 bytes (1 switches on core 0)
2026-02-27 19:36:19.515 7 INFO placement.requestlog [None req-09e6d6cb-8052-4572-af66-27c681ce2b0f 778b8d15ae2a4931a61482d4d59eb2b8 f418a911955547bdb28e0032eee737f2 - - 05aeff5415c844f59285d0a37b4c6267 05aeff5415c844f59285d0a37b4c6267] 10.0.0.197 "GET /resource_providers/39317fc5-5160-4033-a2d0-e9207c363388/aggregates" status: 404 len: 235 microversion: 1.1 [pid: 7|app: 0|req: 377/752] 10.0.0.197 () {32 vars in 815 bytes} [Fri Feb 27 19:36:19 2026] GET /resource_providers/39317fc5-5160-4033-a2d0-e9207c363388/aggregates => generated 235 bytes in 16 msecs (HTTP/1.1 404) 5 headers in 202 bytes (1 switches on core 0)
2026-02-27 19:36:19.523 8 INFO placement.requestlog [None req-620be8d1-8446-44f9-acf6-50fd75f65bbc 778b8d15ae2a4931a61482d4d59eb2b8 f418a911955547bdb28e0032eee737f2 - - 05aeff5415c844f59285d0a37b4c6267 05aeff5415c844f59285d0a37b4c6267] 10.0.0.197 "DELETE /resource_providers/39317fc5-5160-4033-a2d0-e9207c363388" status: 404 len: 246 microversion: 1.1 [pid: 8|app: 0|req: 376/753] 10.0.0.197 () {34 vars in 815 bytes} [Fri Feb 27 19:36:19 2026] DELETE /resource_providers/39317fc5-5160-4033-a2d0-e9207c363388 => generated 246 bytes in 9 msecs (HTTP/1.1 404) 6 headers in 231 bytes (1 switches on core 0)
2026-02-27 19:36:19.541 7 INFO placement.requestlog [None req-1a9896f6-c7cb-4cba-b080-026b0979d972 778b8d15ae2a4931a61482d4d59eb2b8 f418a911955547bdb28e0032eee737f2 - - 05aeff5415c844f59285d0a37b4c6267 05aeff5415c844f59285d0a37b4c6267] 10.0.0.197 "DELETE /resource_providers/39317fc5-5160-4033-a2d0-e9207c363388" status: 404 len: 246 microversion: 1.1 [pid: 7|app: 0|req: 378/754] 10.0.0.197 () {34 vars in 815 bytes} [Fri Feb 27 19:36:19 2026] DELETE /resource_providers/39317fc5-5160-4033-a2d0-e9207c363388 => generated 246 bytes in 10 msecs (HTTP/1.1 404) 6 headers in 231 bytes (1 switches on core 0)
2026-02-27 19:36:20.337 8 INFO placement.requestlog [None req-a42d78cd-8de3-4a6c-9624-37c0ce73b94b 778b8d15ae2a4931a61482d4d59eb2b8 f418a911955547bdb28e0032eee737f2 - - 05aeff5415c844f59285d0a37b4c6267 05aeff5415c844f59285d0a37b4c6267] 10.0.0.197 "GET /resource_providers/db7431a0-e951-4bf4-b4b3-c700f8f865f9/aggregates" status: 404 len: 235 microversion: 1.1 [pid: 8|app: 0|req: 377/755] 10.0.0.197 () {32 vars in 815 bytes} [Fri Feb 27 19:36:20 2026] GET /resource_providers/db7431a0-e951-4bf4-b4b3-c700f8f865f9/aggregates => generated 235 bytes in 7 msecs (HTTP/1.1 404) 5 headers in 202 bytes (1 switches on core 0)
2026-02-27 19:36:20.341 7 INFO placement.requestlog [None req-1f2be143-6bb5-4b8c-b8b7-bf065ab76c10 778b8d15ae2a4931a61482d4d59eb2b8 f418a911955547bdb28e0032eee737f2 - - 05aeff5415c844f59285d0a37b4c6267 05aeff5415c844f59285d0a37b4c6267] 10.0.0.197 "GET /resource_providers/db7431a0-e951-4bf4-b4b3-c700f8f865f9/aggregates" status: 404 len: 235 microversion: 1.1 [pid: 7|app: 0|req: 379/756] 10.0.0.197 () {32 vars in 815 bytes} [Fri Feb 27 19:36:20 2026] GET /resource_providers/db7431a0-e951-4bf4-b4b3-c700f8f865f9/aggregates => generated 235 bytes in 9 msecs (HTTP/1.1 404) 5 headers in 202 bytes (1 switches on core 0)
2026-02-27 19:36:20.365 7 INFO placement.requestlog [None req-826ea9e7-5c51-4a77-bfec-534ea034d3a0 778b8d15ae2a4931a61482d4d59eb2b8 f418a911955547bdb28e0032eee737f2 - - 05aeff5415c844f59285d0a37b4c6267 05aeff5415c844f59285d0a37b4c6267] 10.0.0.197 "DELETE /resource_providers/db7431a0-e951-4bf4-b4b3-c700f8f865f9" status: 404 len: 246 microversion: 1.1 [pid: 7|app: 0|req: 380/757] 10.0.0.197 () {34 vars in 815 bytes} [Fri Feb 27 19:36:20 2026] DELETE /resource_providers/db7431a0-e951-4bf4-b4b3-c700f8f865f9 => generated 246 bytes in 10 msecs (HTTP/1.1 404) 6 headers in 231 bytes (1 switches on core 0)
2026-02-27 19:36:20.369 8 INFO placement.requestlog [None req-be3bae4b-79b6-48e4-b9ab-02ca64d0976b 778b8d15ae2a4931a61482d4d59eb2b8 f418a911955547bdb28e0032eee737f2 - - 05aeff5415c844f59285d0a37b4c6267 05aeff5415c844f59285d0a37b4c6267] 10.0.0.197 "DELETE /resource_providers/db7431a0-e951-4bf4-b4b3-c700f8f865f9" status: 404 len: 246 microversion: 1.1 [pid: 8|app: 0|req: 378/758] 10.0.0.197 () {34 vars in 815 bytes} [Fri Feb 27 19:36:20 2026] DELETE /resource_providers/db7431a0-e951-4bf4-b4b3-c700f8f865f9 => generated 246 bytes in 19 msecs (HTTP/1.1 404) 6 headers in 231 bytes (1 switches on core 0)
2026-02-27 19:36:21.551 7 INFO placement.requestlog [None req-11406963-587b-4442-ae2e-0b0af68cbbd9 778b8d15ae2a4931a61482d4d59eb2b8 f418a911955547bdb28e0032eee737f2 - - 05aeff5415c844f59285d0a37b4c6267 05aeff5415c844f59285d0a37b4c6267] 10.0.0.197 "GET /resource_providers/ad68e27e-5f8e-4131-8bd2-fad810f1215d/aggregates" status: 404 len: 235 microversion: 1.1 [pid: 7|app: 0|req: 381/759] 10.0.0.197 () {32 vars in 815 bytes} [Fri Feb 27 19:36:21 2026] GET /resource_providers/ad68e27e-5f8e-4131-8bd2-fad810f1215d/aggregates => generated 235 bytes in 10 msecs (HTTP/1.1 404) 5 headers in 202 bytes (1 switches on core 0)
2026-02-27 19:36:21.564 8 INFO placement.requestlog [None req-283bc060-a7ba-4ad6-b774-8a02795b3bd6 778b8d15ae2a4931a61482d4d59eb2b8 f418a911955547bdb28e0032eee737f2 - - 05aeff5415c844f59285d0a37b4c6267 05aeff5415c844f59285d0a37b4c6267] 10.0.0.197 "GET /resource_providers/ad68e27e-5f8e-4131-8bd2-fad810f1215d/aggregates" status: 404 len: 235 microversion: 1.1 [pid: 8|app: 0|req: 379/760] 10.0.0.197 () {32 vars in 815 bytes} [Fri Feb 27 19:36:21 2026] GET /resource_providers/ad68e27e-5f8e-4131-8bd2-fad810f1215d/aggregates => generated 235 bytes in 13 msecs (HTTP/1.1 404) 5 headers in 202 bytes (1 switches on core 0)
2026-02-27 19:36:21.575 7 INFO placement.requestlog [None req-207e1648-3774-460d-b76e-c5fc3b186ced 778b8d15ae2a4931a61482d4d59eb2b8 f418a911955547bdb28e0032eee737f2 - - 05aeff5415c844f59285d0a37b4c6267 05aeff5415c844f59285d0a37b4c6267] 10.0.0.197 "DELETE /resource_providers/ad68e27e-5f8e-4131-8bd2-fad810f1215d" status: 404 len: 246 microversion: 1.1 [pid: 7|app: 0|req: 382/761] 10.0.0.197 () {34 vars in 815 bytes} [Fri Feb 27 19:36:21 2026] DELETE /resource_providers/ad68e27e-5f8e-4131-8bd2-fad810f1215d => generated 246 bytes in 5 msecs (HTTP/1.1 404) 6 headers in 231 bytes (1 switches on core 0)
2026-02-27 19:36:21.595 8 INFO placement.requestlog [None req-45cf84d9-71bb-471a-88b8-35fc91c669d3 778b8d15ae2a4931a61482d4d59eb2b8 f418a911955547bdb28e0032eee737f2 - - 05aeff5415c844f59285d0a37b4c6267 05aeff5415c844f59285d0a37b4c6267] 10.0.0.197 "DELETE /resource_providers/ad68e27e-5f8e-4131-8bd2-fad810f1215d" status: 404 len: 246 microversion: 1.1 [pid: 8|app: 0|req: 380/762] 10.0.0.197 () {34 vars in 815 bytes} [Fri Feb 27 19:36:21 2026] DELETE /resource_providers/ad68e27e-5f8e-4131-8bd2-fad810f1215d => generated 246 bytes in 16 msecs (HTTP/1.1 404) 6 headers in 231 bytes (1 switches on core 0)
2026-02-27 19:36:22.385 7 INFO placement.requestlog [None req-2040a715-3ed5-4d86-9a21-a58229bf1c89 778b8d15ae2a4931a61482d4d59eb2b8 f418a911955547bdb28e0032eee737f2 - - 05aeff5415c844f59285d0a37b4c6267 05aeff5415c844f59285d0a37b4c6267] 10.0.0.197 "GET /resource_providers/5c4b8a8a-5d43-495f-83eb-5afae7b9f563/aggregates" status: 404 len: 235 microversion: 1.1 [pid: 7|app: 0|req: 383/763] 10.0.0.197 () {32 vars in 815 bytes} [Fri Feb 27 19:36:22 2026] GET /resource_providers/5c4b8a8a-5d43-495f-83eb-5afae7b9f563/aggregates => generated 235 bytes in 9 msecs (HTTP/1.1 404) 5 headers in 202 bytes (1 switches on core 0)
2026-02-27 19:36:22.392 8 INFO placement.requestlog [None req-626808d4-66d9-47ea-bd9a-663a864226a4 778b8d15ae2a4931a61482d4d59eb2b8 f418a911955547bdb28e0032eee737f2 - - 05aeff5415c844f59285d0a37b4c6267 05aeff5415c844f59285d0a37b4c6267] 10.0.0.197 "GET /resource_providers/5c4b8a8a-5d43-495f-83eb-5afae7b9f563/aggregates" status: 404 len: 235 microversion: 1.1 [pid: 8|app: 0|req: 381/764] 10.0.0.197 () {32 vars in 815 bytes} [Fri Feb 27 19:36:22 2026] GET /resource_providers/5c4b8a8a-5d43-495f-83eb-5afae7b9f563/aggregates => generated 235 bytes in 9 msecs (HTTP/1.1 404) 5 headers in 202 bytes (1 switches on core 0)
2026-02-27 19:36:22.398 7 INFO placement.requestlog [None req-bc026c83-78b0-404c-97f8-f71c9d1c9d02 778b8d15ae2a4931a61482d4d59eb2b8 f418a911955547bdb28e0032eee737f2 - - 05aeff5415c844f59285d0a37b4c6267 05aeff5415c844f59285d0a37b4c6267] 10.0.0.197 "DELETE /resource_providers/5c4b8a8a-5d43-495f-83eb-5afae7b9f563" status: 404 len: 246 microversion: 1.1 [pid: 7|app: 0|req: 384/765] 10.0.0.197 () {34 vars in 815 bytes} [Fri Feb 27 19:36:22 2026] DELETE /resource_providers/5c4b8a8a-5d43-495f-83eb-5afae7b9f563 => generated 246 bytes in 8 msecs (HTTP/1.1 404) 6 headers in 231 bytes (1 switches on core 0)
2026-02-27 19:36:22.410 8 INFO placement.requestlog [None req-0793f765-9daf-4a0c-bbda-de6d00a14946 778b8d15ae2a4931a61482d4d59eb2b8 f418a911955547bdb28e0032eee737f2 - - 05aeff5415c844f59285d0a37b4c6267 05aeff5415c844f59285d0a37b4c6267] 10.0.0.197 "DELETE /resource_providers/5c4b8a8a-5d43-495f-83eb-5afae7b9f563" status: 404 len: 246 microversion: 1.1 [pid: 8|app: 0|req: 382/766] 10.0.0.197 () {34 vars in 815 bytes} [Fri Feb 27 19:36:22 2026] DELETE /resource_providers/5c4b8a8a-5d43-495f-83eb-5afae7b9f563 => generated 246 bytes in 7 msecs (HTTP/1.1 404) 6 headers in 231 bytes (1 switches on core 0)
2026-02-27 19:36:23.412 7 INFO placement.requestlog [req-dad6ddd8-a78b-4a35-98ad-07e2727d2b53 req-b601980b-c284-4d57-9624-f86e0b129aff c22fe67397fe423995985b2c9938e88d f418a911955547bdb28e0032eee737f2 - - 05aeff5415c844f59285d0a37b4c6267 05aeff5415c844f59285d0a37b4c6267] 162.253.55.43 "GET /resource_providers/3f3fb2f0-2161-4838-b738-81005d7a8936/allocations" status: 200 len: 252 microversion: 1.0 [pid: 7|app: 0|req: 385/767] 162.253.55.43 () {32 vars in 855 bytes} [Fri Feb 27 19:36:23 2026] GET /resource_providers/3f3fb2f0-2161-4838-b738-81005d7a8936/allocations => generated 252 bytes in 20 msecs (HTTP/1.1 200) 6 headers in 224 bytes (1 switches on core 0)
2026-02-27 19:36:23.432 8 INFO placement.requestlog [req-dad6ddd8-a78b-4a35-98ad-07e2727d2b53 req-23c7d2c1-211c-4312-809a-16af53ac58ff c22fe67397fe423995985b2c9938e88d f418a911955547bdb28e0032eee737f2 - - 05aeff5415c844f59285d0a37b4c6267 05aeff5415c844f59285d0a37b4c6267] 162.253.55.43 "GET /resource_providers/3f3fb2f0-2161-4838-b738-81005d7a8936/allocations" status: 200 len: 252 microversion: 1.0 [pid: 8|app: 0|req: 383/768] 162.253.55.43 () {32 vars in 855 bytes} [Fri Feb 27 19:36:23 2026] GET /resource_providers/3f3fb2f0-2161-4838-b738-81005d7a8936/allocations => generated 252 bytes in 14 msecs (HTTP/1.1 200) 6 headers in 224 bytes (1 switches on core 0)
2026-02-27 19:36:23.459 7 INFO placement.requestlog [req-dad6ddd8-a78b-4a35-98ad-07e2727d2b53 req-48090da9-afcb-4c91-b4d7-fd7a7ac492e5 c22fe67397fe423995985b2c9938e88d f418a911955547bdb28e0032eee737f2 - - 05aeff5415c844f59285d0a37b4c6267 05aeff5415c844f59285d0a37b4c6267] 162.253.55.43 "GET /allocations/f68b1a8a-2b41-414b-b3e7-1bc45d5df00b" status: 200 len: 257 microversion: 1.28 [pid: 7|app: 0|req: 386/769] 162.253.55.43 () {34 vars in 861 bytes} [Fri Feb 27 19:36:23 2026] GET /allocations/f68b1a8a-2b41-414b-b3e7-1bc45d5df00b => generated 257 bytes in 16 msecs (HTTP/1.1 200) 8 headers in 296 bytes (1 switches on core 0)
2026-02-27 19:36:23.476 8 INFO placement.requestlog [req-dad6ddd8-a78b-4a35-98ad-07e2727d2b53 req-a79dd8da-5f9f-4034-97ec-83ac4250f4cc c22fe67397fe423995985b2c9938e88d f418a911955547bdb28e0032eee737f2 - - 05aeff5415c844f59285d0a37b4c6267 05aeff5415c844f59285d0a37b4c6267] 162.253.55.43 "GET /allocations/b45fd619-e730-4d24-ad03-676b9cb477be" status: 200 len: 257 microversion: 1.28 [pid: 8|app: 0|req: 384/770] 162.253.55.43 () {34 vars in 861 bytes} [Fri Feb 27 19:36:23 2026] GET /allocations/b45fd619-e730-4d24-ad03-676b9cb477be => generated 257 bytes in 12 msecs (HTTP/1.1 200) 8 headers in 296 bytes (1 switches on core 0)
2026-02-27 19:36:24.448 7 INFO placement.requestlog [None req-4db608d3-8ce7-4463-81ba-e782e3df1d92 - - - - - -] 10.0.0.216 "GET /" status: 200 len: 136 microversion: 1.0
2026-02-27 19:36:24.448 8 INFO placement.requestlog [None req-fcb2a466-8cc7-4b74-9771-6fcd7b66e25e - - - - - -] 10.0.0.216 "GET /" status: 200 len: 136 microversion: 1.0
2026-02-27 19:36:24.744 7 INFO placement.requestlog [None req-48f8e7f1-ecfd-4c6d-9fe4-e341598892a7 778b8d15ae2a4931a61482d4d59eb2b8 f418a911955547bdb28e0032eee737f2 - - 05aeff5415c844f59285d0a37b4c6267 05aeff5415c844f59285d0a37b4c6267] 10.0.0.197 "GET /resource_providers/35979e68-374f-435c-8cba-c829ba438ad7/aggregates" status: 404 len: 235 microversion: 1.1 [pid: 7|app: 0|req: 388/773] 10.0.0.197 () {32 vars in 815 bytes} [Fri Feb 27 19:36:24 2026] GET /resource_providers/35979e68-374f-435c-8cba-c829ba438ad7/aggregates => generated 235 bytes in 11 msecs (HTTP/1.1 404) 5 headers in 202 bytes (1 switches on core 0)
2026-02-27 19:36:24.747 8 INFO placement.requestlog [None req-4ccae9ef-87d5-4af8-bb4e-3ef2b21e56b9 778b8d15ae2a4931a61482d4d59eb2b8 f418a911955547bdb28e0032eee737f2 - - 05aeff5415c844f59285d0a37b4c6267 05aeff5415c844f59285d0a37b4c6267] 10.0.0.197 "GET /resource_providers/35979e68-374f-435c-8cba-c829ba438ad7/aggregates" status: 404 len: 235 microversion: 1.1 [pid: 8|app: 0|req: 386/774] 10.0.0.197 () {32 vars in 815 bytes} [Fri Feb 27 19:36:24 2026] GET /resource_providers/35979e68-374f-435c-8cba-c829ba438ad7/aggregates => generated 235 bytes in 8 msecs (HTTP/1.1 404) 5 headers in 202 bytes (1 switches on core 0)
2026-02-27 19:36:24.765 7 INFO placement.requestlog [None req-640f4978-14b4-49e8-84d7-04288a0480c7 778b8d15ae2a4931a61482d4d59eb2b8 f418a911955547bdb28e0032eee737f2 - - 05aeff5415c844f59285d0a37b4c6267 05aeff5415c844f59285d0a37b4c6267] 10.0.0.197 "DELETE /resource_providers/35979e68-374f-435c-8cba-c829ba438ad7" status: 404 len: 246 microversion: 1.1 [pid: 7|app: 0|req: 389/775] 10.0.0.197 () {34 vars in 815 bytes} [Fri Feb 27 19:36:24 2026] DELETE /resource_providers/35979e68-374f-435c-8cba-c829ba438ad7 => generated 246 bytes in 7 msecs (HTTP/1.1 404) 6 headers in 231 bytes (1 switches on core 0)
2026-02-27 19:36:24.769 8 INFO placement.requestlog [None req-8302ae47-7f64-4746-a0e8-e447a697ba56 778b8d15ae2a4931a61482d4d59eb2b8 f418a911955547bdb28e0032eee737f2 - - 05aeff5415c844f59285d0a37b4c6267 05aeff5415c844f59285d0a37b4c6267] 10.0.0.197 "DELETE /resource_providers/35979e68-374f-435c-8cba-c829ba438ad7" status: 404 len: 246 microversion: 1.1 [pid: 8|app: 0|req: 387/776] 10.0.0.197 () {34 vars in 815 bytes} [Fri Feb 27 19:36:24 2026] DELETE /resource_providers/35979e68-374f-435c-8cba-c829ba438ad7 => generated 246 bytes in 10 msecs (HTTP/1.1 404) 6 headers in 231 bytes (1 switches on core 0)
2026-02-27 19:36:26.089 7 INFO placement.requestlog [req-5453a806-7d24-4f1a-8178-8a1e12bad632 req-bfaa65d9-bc34-4d24-8a6d-883191b546e4 c22fe67397fe423995985b2c9938e88d f418a911955547bdb28e0032eee737f2 - - 05aeff5415c844f59285d0a37b4c6267 05aeff5415c844f59285d0a37b4c6267] 162.253.55.43 "GET /resource_providers/3f3fb2f0-2161-4838-b738-81005d7a8936/allocations" status: 200 len: 252 microversion: 1.0 [pid: 7|app: 0|req: 390/777] 162.253.55.43 () {32 vars in 855 bytes} [Fri Feb 27 19:36:26 2026] GET /resource_providers/3f3fb2f0-2161-4838-b738-81005d7a8936/allocations => generated 252 bytes in 19 msecs (HTTP/1.1 200) 6 headers in 224 bytes (1 switches on core 0)
2026-02-27 19:36:26.107 8 INFO placement.requestlog [req-5453a806-7d24-4f1a-8178-8a1e12bad632 req-007eca15-17c5-4809-8d8b-42ef6882eb38 c22fe67397fe423995985b2c9938e88d f418a911955547bdb28e0032eee737f2 - - 05aeff5415c844f59285d0a37b4c6267 05aeff5415c844f59285d0a37b4c6267] 162.253.55.43 "GET /allocations/f68b1a8a-2b41-414b-b3e7-1bc45d5df00b" status: 200 len: 257 microversion: 1.28 [pid: 8|app: 0|req: 388/778] 162.253.55.43 () {34 vars in 861 bytes} [Fri Feb 27 19:36:26 2026] GET /allocations/f68b1a8a-2b41-414b-b3e7-1bc45d5df00b => generated 257 bytes in 14 msecs (HTTP/1.1 200) 8 headers in 296 bytes (1 switches on core 0)
2026-02-27 19:36:26.129 7 INFO placement.requestlog [req-5453a806-7d24-4f1a-8178-8a1e12bad632 req-0380947a-7a48-4f23-b631-c601aae5ab1d c22fe67397fe423995985b2c9938e88d f418a911955547bdb28e0032eee737f2 - - 05aeff5415c844f59285d0a37b4c6267 05aeff5415c844f59285d0a37b4c6267] 162.253.55.43 "GET /allocations/b45fd619-e730-4d24-ad03-676b9cb477be" status: 200 len: 257 microversion: 1.28 [pid: 7|app: 0|req: 391/779] 162.253.55.43 () {34 vars in 861 bytes} [Fri Feb 27 19:36:26 2026] GET /allocations/b45fd619-e730-4d24-ad03-676b9cb477be => generated 257 bytes in 16 msecs (HTTP/1.1 200) 8 headers in 296 bytes (1 switches on core 0)
2026-02-27 19:36:27.180 8 INFO placement.requestlog [req-5453a806-7d24-4f1a-8178-8a1e12bad632 req-810382d1-c39a-4297-9823-b55dbaed994a c22fe67397fe423995985b2c9938e88d f418a911955547bdb28e0032eee737f2 - - 05aeff5415c844f59285d0a37b4c6267 05aeff5415c844f59285d0a37b4c6267] 162.253.55.43 "DELETE /allocations/f68b1a8a-2b41-414b-b3e7-1bc45d5df00b" status: 204 len: 0 microversion: 1.0 [pid: 8|app: 0|req: 389/780] 162.253.55.43 () {34 vars in 839 bytes} [Fri Feb 27 19:36:27 2026] DELETE /allocations/f68b1a8a-2b41-414b-b3e7-1bc45d5df00b => generated 0 bytes in 26 msecs (HTTP/1.1 204) 5 headers in 198 bytes (1 switches on core 0)
2026-02-27 19:36:30.557 7 INFO placement.requestlog [None req-8974f7e2-255b-4f90-9dee-be72cf58f003 778b8d15ae2a4931a61482d4d59eb2b8 f418a911955547bdb28e0032eee737f2 - - 05aeff5415c844f59285d0a37b4c6267 05aeff5415c844f59285d0a37b4c6267] 10.0.0.197 "GET /resource_providers/ba476904-8f3b-444d-9d5e-e2a041cc4aac/aggregates" status: 404 len: 235 microversion: 1.1 [pid: 7|app: 0|req: 392/781] 10.0.0.197 () {32 vars in 815 bytes} [Fri Feb 27 19:36:30 2026] GET /resource_providers/ba476904-8f3b-444d-9d5e-e2a041cc4aac/aggregates => generated 235 bytes in 21 msecs (HTTP/1.1 404) 5 headers in 202 bytes (1 switches on core 0)
2026-02-27 19:36:30.558 8 INFO placement.requestlog [None req-0af425b7-4a47-4e35-98fb-8e30ac06b03d 778b8d15ae2a4931a61482d4d59eb2b8 f418a911955547bdb28e0032eee737f2 - - 05aeff5415c844f59285d0a37b4c6267 05aeff5415c844f59285d0a37b4c6267] 10.0.0.197 "GET /resource_providers/ba476904-8f3b-444d-9d5e-e2a041cc4aac/aggregates" status: 404 len: 235 microversion: 1.1 [pid: 8|app: 0|req: 390/782] 10.0.0.197 () {32 vars in 815 bytes} [Fri Feb 27 19:36:30 2026] GET /resource_providers/ba476904-8f3b-444d-9d5e-e2a041cc4aac/aggregates => generated 235 bytes in 20 msecs (HTTP/1.1 404) 5 headers in 202 bytes (1 switches on core 0)
2026-02-27 19:36:30.580 8 INFO placement.requestlog [None req-dd517aae-4ef9-42fa-8681-394c36635a92 778b8d15ae2a4931a61482d4d59eb2b8 f418a911955547bdb28e0032eee737f2 - - 05aeff5415c844f59285d0a37b4c6267 05aeff5415c844f59285d0a37b4c6267] 10.0.0.197 "DELETE /resource_providers/ba476904-8f3b-444d-9d5e-e2a041cc4aac" status: 404 len: 246 microversion: 1.1 [pid: 8|app: 0|req: 391/783] 10.0.0.197 () {34 vars in 815 bytes} [Fri Feb 27 19:36:30 2026] DELETE /resource_providers/ba476904-8f3b-444d-9d5e-e2a041cc4aac => generated 246 bytes in 10 msecs (HTTP/1.1 404) 6 headers in 231 bytes (1 switches on core 0)
2026-02-27 19:36:30.585 7 INFO placement.requestlog [None req-6266ee32-fcb2-4057-a97d-ccbb02da12f9 778b8d15ae2a4931a61482d4d59eb2b8 f418a911955547bdb28e0032eee737f2 - - 05aeff5415c844f59285d0a37b4c6267 05aeff5415c844f59285d0a37b4c6267] 10.0.0.197 "DELETE /resource_providers/ba476904-8f3b-444d-9d5e-e2a041cc4aac" status: 404 len: 246 microversion: 1.1 [pid: 7|app: 0|req: 393/784] 10.0.0.197 () {34 vars in 815 bytes} [Fri Feb 27 19:36:30 2026] DELETE /resource_providers/ba476904-8f3b-444d-9d5e-e2a041cc4aac => generated 246 bytes in 16 msecs (HTTP/1.1 404) 6 headers in 231 bytes (1 switches on core 0)
2026-02-27 19:36:31.106 7 INFO placement.requestlog [None req-078ffda0-1f6e-4a75-980a-7f90f3a3f021 778b8d15ae2a4931a61482d4d59eb2b8 f418a911955547bdb28e0032eee737f2 - - 05aeff5415c844f59285d0a37b4c6267 05aeff5415c844f59285d0a37b4c6267] 10.0.0.197 "GET /resource_providers/5e69a702-6f75-4990-ba49-20716d79b39b/aggregates" status: 404 len: 235 microversion: 1.1 [pid: 7|app: 0|req: 394/785] 10.0.0.197 () {32 vars in 815 bytes} [Fri Feb 27 19:36:31 2026] GET /resource_providers/5e69a702-6f75-4990-ba49-20716d79b39b/aggregates => generated 235 bytes in 9 msecs (HTTP/1.1 404) 5 headers in 202 bytes (1 switches on core 0)
2026-02-27 19:36:31.107 8 INFO placement.requestlog [None req-572a32f0-6b0c-4173-bd05-6ae48062db1b 778b8d15ae2a4931a61482d4d59eb2b8 f418a911955547bdb28e0032eee737f2 - - 05aeff5415c844f59285d0a37b4c6267 05aeff5415c844f59285d0a37b4c6267] 10.0.0.197 "GET /resource_providers/5e69a702-6f75-4990-ba49-20716d79b39b/aggregates" status: 404 len: 235 microversion: 1.1 [pid: 8|app: 0|req: 392/786] 10.0.0.197 () {32 vars in 815 bytes} [Fri Feb 27 19:36:31 2026] GET /resource_providers/5e69a702-6f75-4990-ba49-20716d79b39b/aggregates => generated 235 bytes in 11 msecs (HTTP/1.1 404) 5 headers in 202 bytes (1 switches on core 0)
2026-02-27 19:36:31.130 7 INFO placement.requestlog [None req-913adbd1-24a0-462d-bcc5-65f7d1cbf03d 778b8d15ae2a4931a61482d4d59eb2b8 f418a911955547bdb28e0032eee737f2 - - 05aeff5415c844f59285d0a37b4c6267 05aeff5415c844f59285d0a37b4c6267] 10.0.0.197 "DELETE /resource_providers/5e69a702-6f75-4990-ba49-20716d79b39b" status: 404 len: 246 microversion: 1.1 [pid: 7|app: 0|req: 395/787] 10.0.0.197 () {34 vars in 815 bytes} [Fri Feb 27 19:36:31 2026] DELETE /resource_providers/5e69a702-6f75-4990-ba49-20716d79b39b => generated 246 bytes in 12 msecs (HTTP/1.1 404) 6 headers in 231 bytes (1 switches on core 0)
2026-02-27 19:36:31.134 8 INFO placement.requestlog [None req-e87f81ae-81bb-4938-8c02-e82b8bfe2745 778b8d15ae2a4931a61482d4d59eb2b8 f418a911955547bdb28e0032eee737f2 - - 05aeff5415c844f59285d0a37b4c6267 05aeff5415c844f59285d0a37b4c6267] 10.0.0.197 "DELETE /resource_providers/5e69a702-6f75-4990-ba49-20716d79b39b" status: 404 len: 246 microversion: 1.1 [pid: 8|app: 0|req: 393/788] 10.0.0.197 () {34 vars in 815 bytes} [Fri Feb 27 19:36:31 2026] DELETE /resource_providers/5e69a702-6f75-4990-ba49-20716d79b39b => generated 246 bytes in 10 msecs (HTTP/1.1 404) 6 headers in 231 bytes (1 switches on core 0)
2026-02-27 19:36:34.447 7 INFO placement.requestlog [None req-a18f4f80-f695-42e4-aaea-b315ec18581e - - - - - -] 10.0.0.216 "GET /" status: 200 len: 136 microversion: 1.0
2026-02-27 19:36:34.450 8 INFO placement.requestlog [None req-0dc1d059-af3a-414c-85d0-d7560b6bb0a1 - - - - - -] 10.0.0.216 "GET /" status: 200 len: 136 microversion: 1.0
2026-02-27 19:36:38.958 7 INFO placement.requestlog [None req-f9df45e6-855f-4197-a1eb-0da6fe6b17b4 b43a73c6c2cb42928ac79e4a9b22e635 d2bfa038a816448083408f62dbd438e3 - - default default] 10.0.0.120 "GET /resource_providers" status: 200 len: 405 microversion: 1.0 [pid: 7|app: 0|req: 397/791] 10.0.0.120 () {28 vars in 592 bytes} [Fri Feb 27 19:36:38 2026] GET /resource_providers => generated 405 bytes in 342 msecs (HTTP/1.1 200) 6 headers in 224 bytes (1 switches on core 0)
2026-02-27 19:36:38.985 8 INFO placement.requestlog [None req-b04770a7-f229-4f6b-bf8a-cbdbb3ae9834 b43a73c6c2cb42928ac79e4a9b22e635 d2bfa038a816448083408f62dbd438e3 - - default default] 10.0.0.120 "GET /resource_providers/3f3fb2f0-2161-4838-b738-81005d7a8936/inventories" status: 200 len: 400 microversion: 1.0 [pid: 8|app: 0|req: 395/792] 10.0.0.120 () {28 vars in 690 bytes} [Fri Feb 27 19:36:38 2026] GET /resource_providers/3f3fb2f0-2161-4838-b738-81005d7a8936/inventories => generated 400 bytes in 23 msecs (HTTP/1.1 200) 6 headers in 224 bytes (1 switches on core 0)
2026-02-27 19:36:39.000 7 INFO placement.requestlog [None req-f5535e5e-12c8-4797-9d67-20acca723096 b43a73c6c2cb42928ac79e4a9b22e635 d2bfa038a816448083408f62dbd438e3 - - default default] 10.0.0.120 "GET /resource_providers/3f3fb2f0-2161-4838-b738-81005d7a8936/usages" status: 200 len: 90 microversion: 1.0 [pid: 7|app: 0|req: 398/793] 10.0.0.120 () {28 vars in 680 bytes} [Fri Feb 27 19:36:38 2026] GET /resource_providers/3f3fb2f0-2161-4838-b738-81005d7a8936/usages => generated 90 bytes in 12 msecs (HTTP/1.1 200) 6 headers in 223 bytes (1 switches on core 0)
2026-02-27 19:36:44.448 7 INFO placement.requestlog [None req-6cb46884-0ef2-4c50-86b0-61323bab9cfe - - - - - -] 10.0.0.216 "GET /" status: 200 len: 136 microversion: 1.0
2026-02-27 19:36:44.448 8 INFO placement.requestlog [None req-6302f9f3-145a-4a52-81a7-ee2f44f6ac1b - - - - - -] 10.0.0.216 "GET /" status: 200 len: 136 microversion: 1.0
2026-02-27 19:36:45.375 7 INFO placement.requestlog [None req-5a32e206-a398-4bae-8368-883b158f06d8 778b8d15ae2a4931a61482d4d59eb2b8 f418a911955547bdb28e0032eee737f2 - - 05aeff5415c844f59285d0a37b4c6267 05aeff5415c844f59285d0a37b4c6267] 10.0.0.197 "GET /resource_providers/f6162eb4-74d6-428b-809e-605e0a855b12/aggregates" status: 404 len: 235 microversion: 1.1 [pid: 7|app: 0|req: 400/796] 10.0.0.197 () {32 vars in 815 bytes} [Fri Feb 27 19:36:45 2026] GET /resource_providers/f6162eb4-74d6-428b-809e-605e0a855b12/aggregates => generated 235 bytes in 14 msecs (HTTP/1.1 404) 5 headers in 202 bytes (1 switches on core 0)
2026-02-27 19:36:45.378 8 INFO placement.requestlog [None req-771223fd-e190-46a6-9a0d-5c8c3622688d 778b8d15ae2a4931a61482d4d59eb2b8 f418a911955547bdb28e0032eee737f2 - - 05aeff5415c844f59285d0a37b4c6267 05aeff5415c844f59285d0a37b4c6267] 10.0.0.197 "GET /resource_providers/f6162eb4-74d6-428b-809e-605e0a855b12/aggregates" status: 404 len: 235 microversion: 1.1 [pid: 8|app: 0|req: 397/797] 10.0.0.197 () {32 vars in 815 bytes} [Fri Feb 27 19:36:45 2026] GET /resource_providers/f6162eb4-74d6-428b-809e-605e0a855b12/aggregates => generated 235 bytes in 12 msecs (HTTP/1.1 404) 5 headers in 202 bytes (1 switches on core 0)
2026-02-27 19:36:45.401 8 INFO placement.requestlog [None req-696c1360-23ba-4b0d-bd25-35b33d02a736 778b8d15ae2a4931a61482d4d59eb2b8 f418a911955547bdb28e0032eee737f2 - - 05aeff5415c844f59285d0a37b4c6267 05aeff5415c844f59285d0a37b4c6267] 10.0.0.197 "DELETE /resource_providers/f6162eb4-74d6-428b-809e-605e0a855b12" status: 404 len: 246 microversion: 1.1 [pid: 8|app: 0|req: 398/798] 10.0.0.197 () {34 vars in 815 bytes} [Fri Feb 27 19:36:45 2026] DELETE /resource_providers/f6162eb4-74d6-428b-809e-605e0a855b12 => generated 246 bytes in 10 msecs (HTTP/1.1 404) 6 headers in 231 bytes (1 switches on core 0)
2026-02-27 19:36:45.402 7 INFO placement.requestlog [None req-0fb0ee9a-a3e1-4cbd-abba-acd6ec37f26c 778b8d15ae2a4931a61482d4d59eb2b8 f418a911955547bdb28e0032eee737f2 - - 05aeff5415c844f59285d0a37b4c6267 05aeff5415c844f59285d0a37b4c6267] 10.0.0.197 "DELETE /resource_providers/f6162eb4-74d6-428b-809e-605e0a855b12" status: 404 len: 246 microversion: 1.1 [pid: 7|app: 0|req: 401/799] 10.0.0.197 () {34 vars in 815 bytes} [Fri Feb 27 19:36:45 2026] DELETE /resource_providers/f6162eb4-74d6-428b-809e-605e0a855b12 => generated 246 bytes in 14 msecs (HTTP/1.1 404) 6 headers in 231 bytes (1 switches on core 0)
2026-02-27 19:36:47.427 8 INFO placement.requestlog [None req-6edf0de9-c577-4451-9195-f13d1ef2541f 778b8d15ae2a4931a61482d4d59eb2b8 f418a911955547bdb28e0032eee737f2 - - 05aeff5415c844f59285d0a37b4c6267 05aeff5415c844f59285d0a37b4c6267] 10.0.0.197 "GET /resource_providers/e0528956-064e-4171-ba7f-7cf566714ef8/aggregates" status: 404 len: 235 microversion: 1.1 [pid: 8|app: 0|req: 399/800] 10.0.0.197 () {32 vars in 815 bytes} [Fri Feb 27 19:36:47 2026] GET /resource_providers/e0528956-064e-4171-ba7f-7cf566714ef8/aggregates => generated 235 bytes in 11 msecs (HTTP/1.1 404) 5 headers in 202 bytes (1 switches on core 0)
2026-02-27 19:36:47.431 7 INFO placement.requestlog [None req-fd5d716a-4441-4e06-9780-d0aea6f7ae1c 778b8d15ae2a4931a61482d4d59eb2b8 f418a911955547bdb28e0032eee737f2 - - 05aeff5415c844f59285d0a37b4c6267 05aeff5415c844f59285d0a37b4c6267] 10.0.0.197 "GET /resource_providers/e0528956-064e-4171-ba7f-7cf566714ef8/aggregates" status: 404 len: 235 microversion: 1.1 [pid: 7|app: 0|req: 402/801] 10.0.0.197 () {32 vars in 815 bytes} [Fri Feb 27 19:36:47 2026] GET /resource_providers/e0528956-064e-4171-ba7f-7cf566714ef8/aggregates => generated 235 bytes in 9 msecs (HTTP/1.1 404) 5 headers in 202 bytes (1 switches on core 0)
2026-02-27 19:36:47.442 8 INFO placement.requestlog [None req-a2ea5458-8679-43db-b694-f53f70fb9edb 778b8d15ae2a4931a61482d4d59eb2b8 f418a911955547bdb28e0032eee737f2 - - 05aeff5415c844f59285d0a37b4c6267 05aeff5415c844f59285d0a37b4c6267] 10.0.0.197 "DELETE /resource_providers/e0528956-064e-4171-ba7f-7cf566714ef8" status: 404 len: 246 microversion: 1.1 [pid: 8|app: 0|req: 400/802] 10.0.0.197 () {34 vars in 815 bytes} [Fri Feb 27 19:36:47 2026] DELETE /resource_providers/e0528956-064e-4171-ba7f-7cf566714ef8 => generated 246 bytes in 8 msecs (HTTP/1.1 404) 6 headers in 231 bytes (1 switches on core 0)
2026-02-27 19:36:47.446 7 INFO placement.requestlog [None req-630dd822-3ea4-4cd7-bedc-726cbd43e89d 778b8d15ae2a4931a61482d4d59eb2b8 f418a911955547bdb28e0032eee737f2 - - 05aeff5415c844f59285d0a37b4c6267 05aeff5415c844f59285d0a37b4c6267] 10.0.0.197 "DELETE /resource_providers/e0528956-064e-4171-ba7f-7cf566714ef8" status: 404 len: 246 microversion: 1.1 [pid: 7|app: 0|req: 403/803] 10.0.0.197 () {34 vars in 815 bytes} [Fri Feb 27 19:36:47 2026] DELETE /resource_providers/e0528956-064e-4171-ba7f-7cf566714ef8 => generated 246 bytes in 8 msecs (HTTP/1.1 404) 6 headers in 231 bytes (1 switches on core 0)
2026-02-27 19:36:50.517 8 INFO placement.requestlog [req-2dd97ab8-2c26-4eeb-8f1f-b2eddc5e6938 req-3f46ba53-9b54-4624-b585-64a6193cd0d1 c22fe67397fe423995985b2c9938e88d f418a911955547bdb28e0032eee737f2 - - 05aeff5415c844f59285d0a37b4c6267 05aeff5415c844f59285d0a37b4c6267] 10.0.0.151 "GET /allocation_candidates?limit=1000&resources=DISK_GB%3A1%2CMEMORY_MB%3A512%2CVCPU%3A1&root_required=%21COMPUTE_STATUS_DISABLED" status: 200 len: 2783 microversion: 1.36 [pid: 8|app: 0|req: 401/804] 10.0.0.151 () {34 vars in 1011 bytes} [Fri Feb 27 19:36:50 2026] GET /allocation_candidates?limit=1000&resources=DISK_GB%3A1%2CMEMORY_MB%3A512%2CVCPU%3A1&root_required=%21COMPUTE_STATUS_DISABLED => generated 2783 bytes in 41 msecs (HTTP/1.1 200) 8 headers in 297 bytes (1 switches on core 0)
2026-02-27 19:36:50.546 7 INFO placement.requestlog [req-2dd97ab8-2c26-4eeb-8f1f-b2eddc5e6938 req-c40a715a-e342-4957-b744-cb55bc707677 c22fe67397fe423995985b2c9938e88d f418a911955547bdb28e0032eee737f2 - - 05aeff5415c844f59285d0a37b4c6267 05aeff5415c844f59285d0a37b4c6267] 10.0.0.151 "GET /allocations/a511060f-3596-437f-a377-337db40def76" status: 200 len: 19 microversion: 1.28 [pid: 7|app: 0|req: 404/805] 10.0.0.151 () {34 vars in 860 bytes} [Fri Feb 27 19:36:50 2026] GET /allocations/a511060f-3596-437f-a377-337db40def76 => generated 19 bytes in 7 msecs (HTTP/1.1 200) 8 headers in 295 bytes (1 switches on core 0)
2026-02-27 19:36:50.629 8 INFO placement.requestlog [req-2dd97ab8-2c26-4eeb-8f1f-b2eddc5e6938 req-04be8b2e-ecb0-407c-be62-cfaf7654e38c c22fe67397fe423995985b2c9938e88d f418a911955547bdb28e0032eee737f2 - - 05aeff5415c844f59285d0a37b4c6267 05aeff5415c844f59285d0a37b4c6267] 10.0.0.151 "PUT /allocations/a511060f-3596-437f-a377-337db40def76" status: 204 len: 0 microversion: 1.36 [pid: 8|app: 0|req: 402/806] 10.0.0.151 () {38 vars in 913 bytes} [Fri Feb 27 19:36:50 2026] PUT /allocations/a511060f-3596-437f-a377-337db40def76 => generated 0 bytes in 74 msecs (HTTP/1.1 204) 5 headers in 199 bytes (1 switches on core 0)
2026-02-27 19:36:51.189 7 INFO placement.requestlog [None req-167babfd-9ce7-4ab6-8b5b-06534e90a39c 778b8d15ae2a4931a61482d4d59eb2b8 f418a911955547bdb28e0032eee737f2 - - 05aeff5415c844f59285d0a37b4c6267 05aeff5415c844f59285d0a37b4c6267] 10.0.0.197 "GET /resource_providers/f318cd7d-f90a-417b-a8e0-795cc4f04525/aggregates" status: 404 len: 235 microversion: 1.1 [pid: 7|app: 0|req: 405/807] 10.0.0.197 () {32 vars in 815 bytes} [Fri Feb 27 19:36:51 2026] GET /resource_providers/f318cd7d-f90a-417b-a8e0-795cc4f04525/aggregates => generated 235 bytes in 10 msecs (HTTP/1.1 404) 5 headers in 202 bytes (1 switches on core 0)
2026-02-27 19:36:51.195 8 INFO placement.requestlog [None req-081304c1-5429-49a6-9041-fa0b8ec10f16 778b8d15ae2a4931a61482d4d59eb2b8 f418a911955547bdb28e0032eee737f2 - - 05aeff5415c844f59285d0a37b4c6267 05aeff5415c844f59285d0a37b4c6267] 10.0.0.197 "GET /resource_providers/f318cd7d-f90a-417b-a8e0-795cc4f04525/aggregates" status: 404 len: 235 microversion: 1.1 [pid: 8|app: 0|req: 403/808] 10.0.0.197 () {32 vars in 815 bytes} [Fri Feb 27 19:36:51 2026] GET /resource_providers/f318cd7d-f90a-417b-a8e0-795cc4f04525/aggregates => generated 235 bytes in 12 msecs (HTTP/1.1 404) 5 headers in 202 bytes (1 switches on core 0)
2026-02-27 19:36:51.212 8 INFO placement.requestlog [None req-b2e14b8e-47d6-4c86-b24e-52876151f710 778b8d15ae2a4931a61482d4d59eb2b8 f418a911955547bdb28e0032eee737f2 - - 05aeff5415c844f59285d0a37b4c6267 05aeff5415c844f59285d0a37b4c6267] 10.0.0.197 "DELETE /resource_providers/f318cd7d-f90a-417b-a8e0-795cc4f04525" status: 404 len: 246 microversion: 1.1 [pid: 8|app: 0|req: 404/809] 10.0.0.197 () {34 vars in 815 bytes} [Fri Feb 27 19:36:51 2026] DELETE /resource_providers/f318cd7d-f90a-417b-a8e0-795cc4f04525 => generated 246 bytes in 7 msecs (HTTP/1.1 404) 6 headers in 231 bytes (1 switches on core 0)
2026-02-27 19:36:51.213 7 INFO placement.requestlog [None req-2614835b-e7f9-4e4c-835a-3cc1dca4345c 778b8d15ae2a4931a61482d4d59eb2b8 f418a911955547bdb28e0032eee737f2 - - 05aeff5415c844f59285d0a37b4c6267 05aeff5415c844f59285d0a37b4c6267] 10.0.0.197 "DELETE /resource_providers/f318cd7d-f90a-417b-a8e0-795cc4f04525" status: 404 len: 246 microversion: 1.1 [pid: 7|app: 0|req: 406/810] 10.0.0.197 () {34 vars in 815 bytes} [Fri Feb 27 19:36:51 2026] DELETE /resource_providers/f318cd7d-f90a-417b-a8e0-795cc4f04525 => generated 246 bytes in 9 msecs (HTTP/1.1 404) 6 headers in 231 bytes (1 switches on core 0)
2026-02-27 19:36:51.353 8 INFO placement.requestlog [None req-a996d226-d4c3-4324-a404-91780e8df9a4 778b8d15ae2a4931a61482d4d59eb2b8 f418a911955547bdb28e0032eee737f2 - - 05aeff5415c844f59285d0a37b4c6267 05aeff5415c844f59285d0a37b4c6267] 10.0.0.197 "GET /resource_providers/99a09774-c436-4026-9680-fcec1a39bc8f/aggregates" status: 404 len: 235 microversion: 1.1 [pid: 8|app: 0|req: 405/811] 10.0.0.197 () {32 vars in 815 bytes} [Fri Feb 27 19:36:51 2026] GET /resource_providers/99a09774-c436-4026-9680-fcec1a39bc8f/aggregates => generated 235 bytes in 11 msecs (HTTP/1.1 404) 5 headers in 202 bytes (1 switches on core 0)
2026-02-27 19:36:51.355 7 INFO placement.requestlog [None req-3a99788e-b51d-4fc6-961a-61f48a0b856d 778b8d15ae2a4931a61482d4d59eb2b8 f418a911955547bdb28e0032eee737f2 - - 05aeff5415c844f59285d0a37b4c6267 05aeff5415c844f59285d0a37b4c6267] 10.0.0.197 "GET /resource_providers/99a09774-c436-4026-9680-fcec1a39bc8f/aggregates" status: 404 len: 235 microversion: 1.1 [pid: 7|app: 0|req: 407/812] 10.0.0.197 () {32 vars in 815 bytes} [Fri Feb 27 19:36:51 2026] GET /resource_providers/99a09774-c436-4026-9680-fcec1a39bc8f/aggregates => generated 235 bytes in 9 msecs (HTTP/1.1 404) 5 headers in 202 bytes (1 switches on core 0)
2026-02-27 19:36:51.373 8 INFO placement.requestlog [None req-dbc71fe6-b7e3-4765-b199-0297c97e0024 778b8d15ae2a4931a61482d4d59eb2b8 f418a911955547bdb28e0032eee737f2 - - 05aeff5415c844f59285d0a37b4c6267 05aeff5415c844f59285d0a37b4c6267] 10.0.0.197 "DELETE /resource_providers/99a09774-c436-4026-9680-fcec1a39bc8f" status: 404 len: 246 microversion: 1.1 [pid: 8|app: 0|req: 406/813] 10.0.0.197 () {34 vars in 815 bytes} [Fri Feb 27 19:36:51 2026] DELETE /resource_providers/99a09774-c436-4026-9680-fcec1a39bc8f => generated 246 bytes in 10 msecs (HTTP/1.1 404) 6 headers in 231 bytes (1 switches on core 0)
2026-02-27 19:36:51.380 7 INFO placement.requestlog [None req-6b716f7c-5f8e-4b26-865b-45772fcb913e 778b8d15ae2a4931a61482d4d59eb2b8 f418a911955547bdb28e0032eee737f2 - - 05aeff5415c844f59285d0a37b4c6267 05aeff5415c844f59285d0a37b4c6267] 10.0.0.197 "DELETE /resource_providers/99a09774-c436-4026-9680-fcec1a39bc8f" status: 404 len: 246 microversion: 1.1 [pid: 7|app: 0|req: 408/814] 10.0.0.197 () {34 vars in 815 bytes} [Fri Feb 27 19:36:51 2026] DELETE /resource_providers/99a09774-c436-4026-9680-fcec1a39bc8f => generated 246 bytes in 14 msecs (HTTP/1.1 404) 6 headers in 231 bytes (1 switches on core 0)
2026-02-27 19:36:52.185 8 INFO placement.requestlog [req-2dd97ab8-2c26-4eeb-8f1f-b2eddc5e6938 req-ee5ffe0c-15ec-4bbb-a5e3-0bce3c4edd12 c22fe67397fe423995985b2c9938e88d f418a911955547bdb28e0032eee737f2 - - 05aeff5415c844f59285d0a37b4c6267 05aeff5415c844f59285d0a37b4c6267] 162.253.55.43 "GET /allocations/a511060f-3596-437f-a377-337db40def76" status: 200 len: 257 microversion: 1.28 [pid: 8|app: 0|req: 407/815] 162.253.55.43 () {34 vars in 861 bytes} [Fri Feb 27 19:36:52 2026] GET /allocations/a511060f-3596-437f-a377-337db40def76 => generated 257 bytes in 14 msecs (HTTP/1.1 200) 8 headers in 296 bytes (1 switches on core 0)
2026-02-27 19:36:53.245 7 INFO placement.requestlog [req-2dd97ab8-2c26-4eeb-8f1f-b2eddc5e6938 req-a42c3674-2542-423e-b43d-750e7c1ae758 c22fe67397fe423995985b2c9938e88d f418a911955547bdb28e0032eee737f2 - - 05aeff5415c844f59285d0a37b4c6267 05aeff5415c844f59285d0a37b4c6267] 162.253.55.43 "GET /resource_providers/3f3fb2f0-2161-4838-b738-81005d7a8936/allocations" status: 200 len: 252 microversion: 1.0 [pid: 7|app: 0|req: 409/816] 162.253.55.43 () {32 vars in 855 bytes} [Fri Feb 27 19:36:53 2026] GET /resource_providers/3f3fb2f0-2161-4838-b738-81005d7a8936/allocations => generated 252 bytes in 35 msecs (HTTP/1.1 200) 6 headers in 224 bytes (1 switches on core 0)
2026-02-27 19:36:53.263 8 INFO placement.requestlog [req-2dd97ab8-2c26-4eeb-8f1f-b2eddc5e6938 req-6f0a4140-a13c-40b4-baeb-8c6d76205a61 c22fe67397fe423995985b2c9938e88d f418a911955547bdb28e0032eee737f2 - - 05aeff5415c844f59285d0a37b4c6267 05aeff5415c844f59285d0a37b4c6267] 162.253.55.43 "GET /allocations/a511060f-3596-437f-a377-337db40def76" status: 200 len: 257 microversion: 1.28 [pid: 8|app: 0|req: 408/817] 162.253.55.43 () {34 vars in 861 bytes} [Fri Feb 27 19:36:53 2026] GET /allocations/a511060f-3596-437f-a377-337db40def76 => generated 257 bytes in 11 msecs (HTTP/1.1 200) 8 headers in 296 bytes (1 switches on core 0)
2026-02-27 19:36:53.283 7 INFO placement.requestlog [req-2dd97ab8-2c26-4eeb-8f1f-b2eddc5e6938 req-a5d1cc50-b92b-4394-95ee-9ad29e3540dc c22fe67397fe423995985b2c9938e88d f418a911955547bdb28e0032eee737f2 - - 05aeff5415c844f59285d0a37b4c6267 05aeff5415c844f59285d0a37b4c6267] 162.253.55.43 "GET /allocations/b45fd619-e730-4d24-ad03-676b9cb477be" status: 200 len: 257 microversion: 1.28 [pid: 7|app: 0|req: 410/818] 162.253.55.43 () {34 vars in 861 bytes} [Fri Feb 27 19:36:53 2026] GET /allocations/b45fd619-e730-4d24-ad03-676b9cb477be => generated 257 bytes in 13 msecs (HTTP/1.1 200) 8 headers in 296 bytes (1 switches on core 0)
2026-02-27 19:36:54.391 8 INFO placement.requestlog [None req-bce176ec-a659-4e92-b52a-54f22924267b 778b8d15ae2a4931a61482d4d59eb2b8 f418a911955547bdb28e0032eee737f2 - - 05aeff5415c844f59285d0a37b4c6267 05aeff5415c844f59285d0a37b4c6267] 10.0.0.197 "GET /resource_providers/530968df-f76d-483b-9b03-1a4a14008e34/aggregates" status: 404 len: 235 microversion: 1.1 [pid: 8|app: 0|req: 409/819] 10.0.0.197 () {32 vars in 815 bytes} [Fri Feb 27 19:36:54 2026] GET /resource_providers/530968df-f76d-483b-9b03-1a4a14008e34/aggregates => generated 235 bytes in 11 msecs (HTTP/1.1 404) 5 headers in 202 bytes (1 switches on core 0)
2026-02-27 19:36:54.393 7 INFO placement.requestlog [None req-f63765d3-cda2-4ec0-b581-99c251e3bbf8 778b8d15ae2a4931a61482d4d59eb2b8 f418a911955547bdb28e0032eee737f2 - - 05aeff5415c844f59285d0a37b4c6267 05aeff5415c844f59285d0a37b4c6267] 10.0.0.197 "GET /resource_providers/530968df-f76d-483b-9b03-1a4a14008e34/aggregates" status: 404 len: 235 microversion: 1.1 [pid: 7|app: 0|req: 411/820] 10.0.0.197 () {32 vars in 815 bytes} [Fri Feb 27 19:36:54 2026] GET /resource_providers/530968df-f76d-483b-9b03-1a4a14008e34/aggregates => generated 235 bytes in 12 msecs (HTTP/1.1 404) 5 headers in 202 bytes (1 switches on core 0)
2026-02-27 19:36:54.408 8 INFO placement.requestlog [None req-8285128a-ca15-45a9-af11-d9b7d3fc6959 778b8d15ae2a4931a61482d4d59eb2b8 f418a911955547bdb28e0032eee737f2 - - 05aeff5415c844f59285d0a37b4c6267 05aeff5415c844f59285d0a37b4c6267] 10.0.0.197 "DELETE /resource_providers/530968df-f76d-483b-9b03-1a4a14008e34" status: 404 len: 246 microversion: 1.1 [pid: 8|app: 0|req: 410/821] 10.0.0.197 () {34 vars in 815 bytes} [Fri Feb 27 19:36:54 2026] DELETE /resource_providers/530968df-f76d-483b-9b03-1a4a14008e34 => generated 246 bytes in 5 msecs (HTTP/1.1 404) 6 headers in 231 bytes (1 switches on core 0)
2026-02-27 19:36:54.412 7 INFO placement.requestlog [None req-d92c8dbd-d639-4549-95f8-34c06b7453de 778b8d15ae2a4931a61482d4d59eb2b8 f418a911955547bdb28e0032eee737f2 - - 05aeff5415c844f59285d0a37b4c6267 05aeff5415c844f59285d0a37b4c6267] 10.0.0.197 "DELETE /resource_providers/530968df-f76d-483b-9b03-1a4a14008e34" status: 404 len: 246 microversion: 1.1 [pid: 7|app: 0|req: 412/822] 10.0.0.197 () {34 vars in 815 bytes} [Fri Feb 27 19:36:54 2026] DELETE /resource_providers/530968df-f76d-483b-9b03-1a4a14008e34 => generated 246 bytes in 8 msecs (HTTP/1.1 404) 6 headers in 231 bytes (1 switches on core 0)
2026-02-27 19:36:54.448 8 INFO placement.requestlog [None req-f79134d1-4a85-4515-80d7-283dbf0a7f21 - - - - - -] 10.0.0.216 "GET /" status: 200 len: 136 microversion: 1.0
2026-02-27 19:36:54.449 7 INFO placement.requestlog [None req-c239ad40-5a4f-493d-8907-3a37258f1941 - - - - - -] 10.0.0.216 "GET /" status: 200 len: 136 microversion: 1.0
2026-02-27 19:36:56.427 7 INFO placement.requestlog [None req-103dade0-92d5-4134-ba34-4222c51f8e87 778b8d15ae2a4931a61482d4d59eb2b8 f418a911955547bdb28e0032eee737f2 - - 05aeff5415c844f59285d0a37b4c6267 05aeff5415c844f59285d0a37b4c6267] 10.0.0.197 "GET /resource_providers/17bf8072-7563-41dc-8864-e46a94f31e0e/aggregates" status: 404 len: 235 microversion: 1.1 [pid: 7|app: 0|req: 414/825] 10.0.0.197 () {32 vars in 815 bytes} [Fri Feb 27 19:36:56 2026] GET /resource_providers/17bf8072-7563-41dc-8864-e46a94f31e0e/aggregates => generated 235 bytes in 12 msecs (HTTP/1.1 404) 5 headers in 202 bytes (1 switches on core 0)
2026-02-27 19:36:56.435 8 INFO placement.requestlog [None req-30c90feb-65fa-4b8b-9475-2cfd799d125a 778b8d15ae2a4931a61482d4d59eb2b8 f418a911955547bdb28e0032eee737f2 - - 05aeff5415c844f59285d0a37b4c6267 05aeff5415c844f59285d0a37b4c6267] 10.0.0.197 "GET /resource_providers/17bf8072-7563-41dc-8864-e46a94f31e0e/aggregates" status: 404 len: 235 microversion: 1.1 [pid: 8|app: 0|req: 412/826] 10.0.0.197 () {32 vars in 815 bytes} [Fri Feb 27 19:36:56 2026] GET /resource_providers/17bf8072-7563-41dc-8864-e46a94f31e0e/aggregates => generated 235 bytes in 7 msecs (HTTP/1.1 404) 5 headers in 202 bytes (1 switches on core 0)
2026-02-27 19:36:56.447 7 INFO placement.requestlog [None req-c0a1cf37-caa0-4e63-946a-5bbfeb875eae 778b8d15ae2a4931a61482d4d59eb2b8 f418a911955547bdb28e0032eee737f2 - - 05aeff5415c844f59285d0a37b4c6267 05aeff5415c844f59285d0a37b4c6267] 10.0.0.197 "DELETE /resource_providers/17bf8072-7563-41dc-8864-e46a94f31e0e" status: 404 len: 246 microversion: 1.1 [pid: 7|app: 0|req: 415/827] 10.0.0.197 () {34 vars in 815 bytes} [Fri Feb 27 19:36:56 2026] DELETE /resource_providers/17bf8072-7563-41dc-8864-e46a94f31e0e => generated 246 bytes in 13 msecs (HTTP/1.1 404) 6 headers in 231 bytes (1 switches on core 0)
2026-02-27 19:36:56.448 8 INFO placement.requestlog [None req-fd5a195d-2a72-4d22-baa0-85746433c3ec 778b8d15ae2a4931a61482d4d59eb2b8 f418a911955547bdb28e0032eee737f2 - - 05aeff5415c844f59285d0a37b4c6267 05aeff5415c844f59285d0a37b4c6267] 10.0.0.197 "DELETE /resource_providers/17bf8072-7563-41dc-8864-e46a94f31e0e" status: 404 len: 246 microversion: 1.1 [pid: 8|app: 0|req: 413/828] 10.0.0.197 () {34 vars in 815 bytes} [Fri Feb 27 19:36:56 2026] DELETE /resource_providers/17bf8072-7563-41dc-8864-e46a94f31e0e => generated 246 bytes in 7 msecs (HTTP/1.1 404) 6 headers in 231 bytes (1 switches on core 0)
2026-02-27 19:36:56.469 7 INFO placement.requestlog [None req-ee1a0df9-4cf8-4429-85d2-005bbf3ec661 778b8d15ae2a4931a61482d4d59eb2b8 f418a911955547bdb28e0032eee737f2 - - 05aeff5415c844f59285d0a37b4c6267 05aeff5415c844f59285d0a37b4c6267] 10.0.0.197 "GET /resource_providers/39f6fcf5-60ac-49af-8f76-0d68f80e5063/aggregates" status: 404 len: 235 microversion: 1.1 [pid: 7|app: 0|req: 416/829] 10.0.0.197 () {32 vars in 815 bytes} [Fri Feb 27 19:36:56 2026] GET /resource_providers/39f6fcf5-60ac-49af-8f76-0d68f80e5063/aggregates => generated 235 bytes in 12 msecs (HTTP/1.1 404) 5 headers in 202 bytes (1 switches on core 0)
2026-02-27 19:36:56.474 8 INFO placement.requestlog [None req-1d7d7aac-564a-4e2a-863b-262e8729af5b 778b8d15ae2a4931a61482d4d59eb2b8 f418a911955547bdb28e0032eee737f2 - - 05aeff5415c844f59285d0a37b4c6267 05aeff5415c844f59285d0a37b4c6267] 10.0.0.197 "GET /resource_providers/39f6fcf5-60ac-49af-8f76-0d68f80e5063/aggregates" status: 404 len: 235 microversion: 1.1 [pid: 8|app: 0|req: 414/830] 10.0.0.197 () {32 vars in 815 bytes} [Fri Feb 27 19:36:56 2026] GET /resource_providers/39f6fcf5-60ac-49af-8f76-0d68f80e5063/aggregates => generated 235 bytes in 10 msecs (HTTP/1.1 404) 5 headers in 202 bytes (1 switches on core 0)
