Apr 12 17:50:05.879239 np0000165272 neutron-periodic-workers[105842]: DEBUG cotyledon.oslo_config_glue [-] ml2.path_mtu = 0 {{(pid=105842) log_opt_values /opt/stack/data/venv/lib/python3.12/site-packages/oslo_config/cfg.py:3006}}
Apr 12 17:50:05.879239 np0000165272 neutron-periodic-workers[105842]: DEBUG cotyledon.oslo_config_glue [-] ml2.physical_network_mtus = {} {{(pid=105842) log_opt_values /opt/stack/data/venv/lib/python3.12/site-packages/oslo_config/cfg.py:3006}}
Apr 12 17:50:05.879239 np0000165272 neutron-periodic-workers[105842]: DEBUG cotyledon.oslo_config_glue [-] ml2.project_network_types = ['geneve'] {{(pid=105842) log_opt_values /opt/stack/data/venv/lib/python3.12/site-packages/oslo_config/cfg.py:3006}}
Apr 12 17:50:05.879239 np0000165272 neutron-periodic-workers[105842]: DEBUG cotyledon.oslo_config_glue [-] ml2.tunnelled_network_rp_name = rp_tunnelled {{(pid=105842) log_opt_values /opt/stack/data/venv/lib/python3.12/site-packages/oslo_config/cfg.py:3006}}
Apr 12 17:50:05.879239 np0000165272 neutron-periodic-workers[105842]: DEBUG cotyledon.oslo_config_glue [-] ml2.type_drivers = ['local', 'flat', 'vlan', 'geneve'] {{(pid=105842) log_opt_values /opt/stack/data/venv/lib/python3.12/site-packages/oslo_config/cfg.py:3006}}
Apr 12 17:50:05.879239 np0000165272 neutron-periodic-workers[105842]: DEBUG cotyledon.oslo_config_glue [-] ml2_type_flat.flat_networks = ['public'] {{(pid=105842) log_opt_values /opt/stack/data/venv/lib/python3.12/site-packages/oslo_config/cfg.py:3006}}
Apr 12 17:50:05.879239 np0000165272 neutron-periodic-workers[105842]: DEBUG cotyledon.oslo_config_glue [-] ml2_type_geneve.max_header_size = 38 {{(pid=105842) log_opt_values /opt/stack/data/venv/lib/python3.12/site-packages/oslo_config/cfg.py:3006}}
Apr 12 17:50:05.879489 np0000165272 neutron-periodic-workers[105842]: DEBUG cotyledon.oslo_config_glue [-] ml2_type_geneve.vni_ranges = ['1:65536'] {{(pid=105842) log_opt_values /opt/stack/data/venv/lib/python3.12/site-packages/oslo_config/cfg.py:3006}}
Apr 12 17:50:05.879489 np0000165272 neutron-periodic-workers[105842]: DEBUG cotyledon.oslo_config_glue [-] ml2_type_vlan.network_vlan_ranges = ['public'] {{(pid=105842) log_opt_values /opt/stack/data/venv/lib/python3.12/site-packages/oslo_config/cfg.py:3006}}
Apr 12 17:50:05.879489 np0000165272 neutron-periodic-workers[105842]: DEBUG cotyledon.oslo_config_glue [-] network_log.burst_limit = 25 {{(pid=105842) log_opt_values /opt/stack/data/venv/lib/python3.12/site-packages/oslo_config/cfg.py:3006}}
Apr 12 17:50:05.879489 np0000165272 neutron-periodic-workers[105842]: DEBUG cotyledon.oslo_config_glue [-] network_log.local_output_log_base = None {{(pid=105842) log_opt_values /opt/stack/data/venv/lib/python3.12/site-packages/oslo_config/cfg.py:3006}}
Apr 12 17:50:05.879489 np0000165272 neutron-periodic-workers[105842]: DEBUG cotyledon.oslo_config_glue [-] network_log.rate_limit = 100 {{(pid=105842) log_opt_values /opt/stack/data/venv/lib/python3.12/site-packages/oslo_config/cfg.py:3006}}
Apr 12 17:50:05.879489 np0000165272 neutron-periodic-workers[105842]: DEBUG cotyledon.oslo_config_glue [-] database.asyncio_connection = **** {{(pid=105842) log_opt_values /opt/stack/data/venv/lib/python3.12/site-packages/oslo_config/cfg.py:3006}}
Apr 12 17:50:05.879489 np0000165272 neutron-periodic-workers[105842]: DEBUG cotyledon.oslo_config_glue [-] database.asyncio_slave_connection = **** {{(pid=105842) log_opt_values /opt/stack/data/venv/lib/python3.12/site-packages/oslo_config/cfg.py:3006}}
Apr 12 17:50:05.879489 np0000165272 neutron-periodic-workers[105842]: DEBUG cotyledon.oslo_config_glue [-] database.backend = sqlalchemy {{(pid=105842) log_opt_values /opt/stack/data/venv/lib/python3.12/site-packages/oslo_config/cfg.py:3006}}
Apr 12 17:50:05.879489 np0000165272 neutron-periodic-workers[105842]: DEBUG cotyledon.oslo_config_glue [-] database.connection = **** {{(pid=105842) log_opt_values /opt/stack/data/venv/lib/python3.12/site-packages/oslo_config/cfg.py:3006}}
Apr 12 17:50:05.879818 np0000165272 neutron-periodic-workers[105842]: DEBUG cotyledon.oslo_config_glue [-] database.connection_debug = 0 {{(pid=105842) log_opt_values /opt/stack/data/venv/lib/python3.12/site-packages/oslo_config/cfg.py:3006}}
Apr 12 17:50:05.879818 np0000165272 neutron-periodic-workers[105842]: DEBUG cotyledon.oslo_config_glue [-] database.connection_parameters = {{(pid=105842) log_opt_values /opt/stack/data/venv/lib/python3.12/site-packages/oslo_config/cfg.py:3006}}
Apr 12 17:50:05.879818 np0000165272 neutron-periodic-workers[105842]: DEBUG cotyledon.oslo_config_glue [-] database.connection_recycle_time = 3600 {{(pid=105842) log_opt_values /opt/stack/data/venv/lib/python3.12/site-packages/oslo_config/cfg.py:3006}}
Apr 12 17:50:05.879818 np0000165272 neutron-periodic-workers[105842]: DEBUG cotyledon.oslo_config_glue [-] database.connection_trace = False {{(pid=105842) log_opt_values /opt/stack/data/venv/lib/python3.12/site-packages/oslo_config/cfg.py:3006}}
Apr 12 17:50:05.879818 np0000165272 neutron-periodic-workers[105842]: DEBUG cotyledon.oslo_config_glue [-] database.db_inc_retry_interval = True {{(pid=105842) log_opt_values /opt/stack/data/venv/lib/python3.12/site-packages/oslo_config/cfg.py:3006}}
Apr 12 17:50:05.879818 np0000165272 neutron-periodic-workers[105842]: DEBUG cotyledon.oslo_config_glue [-] database.db_max_retries = 20 {{(pid=105842) log_opt_values /opt/stack/data/venv/lib/python3.12/site-packages/oslo_config/cfg.py:3006}}
Apr 12 17:50:05.879818 np0000165272 neutron-periodic-workers[105842]: DEBUG cotyledon.oslo_config_glue [-] database.db_max_retry_interval = 10 {{(pid=105842) log_opt_values /opt/stack/data/venv/lib/python3.12/site-packages/oslo_config/cfg.py:3006}}
Apr 12 17:50:05.879818 np0000165272 neutron-periodic-workers[105842]: DEBUG cotyledon.oslo_config_glue [-] database.db_retry_interval = 1 {{(pid=105842) log_opt_values /opt/stack/data/venv/lib/python3.12/site-packages/oslo_config/cfg.py:3006}}
Apr 12 17:50:05.879818 np0000165272 neutron-periodic-workers[105842]: DEBUG cotyledon.oslo_config_glue [-] database.max_overflow = 50 {{(pid=105842) log_opt_values /opt/stack/data/venv/lib/python3.12/site-packages/oslo_config/cfg.py:3006}}
Apr 12 17:50:05.880074 np0000165272 neutron-periodic-workers[105842]: DEBUG cotyledon.oslo_config_glue [-] database.max_pool_size = 5 {{(pid=105842) log_opt_values /opt/stack/data/venv/lib/python3.12/site-packages/oslo_config/cfg.py:3006}}
Apr 12 17:50:05.880074 np0000165272 neutron-periodic-workers[105842]: DEBUG cotyledon.oslo_config_glue [-] database.max_retries = 10 {{(pid=105842) log_opt_values /opt/stack/data/venv/lib/python3.12/site-packages/oslo_config/cfg.py:3006}}
Apr 12 17:50:05.880074 np0000165272 neutron-periodic-workers[105842]: DEBUG cotyledon.oslo_config_glue [-] database.mysql_sql_mode = TRADITIONAL {{(pid=105842) log_opt_values /opt/stack/data/venv/lib/python3.12/site-packages/oslo_config/cfg.py:3006}}
Apr 12 17:50:05.880074 np0000165272 neutron-periodic-workers[105842]: DEBUG cotyledon.oslo_config_glue [-] database.mysql_wsrep_sync_wait = None {{(pid=105842) log_opt_values /opt/stack/data/venv/lib/python3.12/site-packages/oslo_config/cfg.py:3006}}
Apr 12 17:50:05.880074 np0000165272 neutron-periodic-workers[105842]: DEBUG cotyledon.oslo_config_glue [-] database.pool_timeout = None {{(pid=105842) log_opt_values /opt/stack/data/venv/lib/python3.12/site-packages/oslo_config/cfg.py:3006}}
Apr 12 17:50:05.880074 np0000165272 neutron-periodic-workers[105842]: DEBUG cotyledon.oslo_config_glue [-] database.retry_interval = 10 {{(pid=105842) log_opt_values /opt/stack/data/venv/lib/python3.12/site-packages/oslo_config/cfg.py:3006}}
Apr 12 17:50:05.880074 np0000165272 neutron-periodic-workers[105842]: DEBUG cotyledon.oslo_config_glue [-] database.slave_connection = **** {{(pid=105842) log_opt_values /opt/stack/data/venv/lib/python3.12/site-packages/oslo_config/cfg.py:3006}}
Apr 12 17:50:05.880074 np0000165272 neutron-periodic-workers[105842]: DEBUG cotyledon.oslo_config_glue [-] database.sqlite_synchronous = True {{(pid=105842) log_opt_values /opt/stack/data/venv/lib/python3.12/site-packages/oslo_config/cfg.py:3006}}
Apr 12 17:50:05.880074 np0000165272 neutron-periodic-workers[105842]: DEBUG cotyledon.oslo_config_glue [-] database.synchronous_reader = True {{(pid=105842) log_opt_values /opt/stack/data/venv/lib/python3.12/site-packages/oslo_config/cfg.py:3006}}
Apr 12 17:50:05.880316 np0000165272 neutron-periodic-workers[105842]: DEBUG cotyledon.oslo_config_glue [-] database.use_db_reconnect = False {{(pid=105842) log_opt_values /opt/stack/data/venv/lib/python3.12/site-packages/oslo_config/cfg.py:3006}}
Apr 12 17:50:05.880316 np0000165272 neutron-periodic-workers[105842]: DEBUG cotyledon.oslo_config_glue [-] ovn.bfd_min_rx = 1000 {{(pid=105842) log_opt_values /opt/stack/data/venv/lib/python3.12/site-packages/oslo_config/cfg.py:3006}}
Apr 12 17:50:05.880316 np0000165272 neutron-periodic-workers[105842]: DEBUG cotyledon.oslo_config_glue [-] ovn.bfd_min_tx = 100 {{(pid=105842) log_opt_values /opt/stack/data/venv/lib/python3.12/site-packages/oslo_config/cfg.py:3006}}
Apr 12 17:50:05.880316 np0000165272 neutron-periodic-workers[105842]: DEBUG cotyledon.oslo_config_glue [-] ovn.bfd_mult = 3 {{(pid=105842) log_opt_values /opt/stack/data/venv/lib/python3.12/site-packages/oslo_config/cfg.py:3006}}
Apr 12 17:50:05.880316 np0000165272 neutron-periodic-workers[105842]: DEBUG cotyledon.oslo_config_glue [-] ovn.broadcast_arps_to_all_routers = True {{(pid=105842) log_opt_values /opt/stack/data/venv/lib/python3.12/site-packages/oslo_config/cfg.py:3006}}
Apr 12 17:50:05.880316 np0000165272 neutron-periodic-workers[105842]: DEBUG cotyledon.oslo_config_glue [-] ovn.dhcp_default_lease_time = 43200 {{(pid=105842) log_opt_values /opt/stack/data/venv/lib/python3.12/site-packages/oslo_config/cfg.py:3006}}
Apr 12 17:50:05.880316 np0000165272 neutron-periodic-workers[105842]: DEBUG cotyledon.oslo_config_glue [-] ovn.disable_ovn_dhcp_for_baremetal_ports = False {{(pid=105842) log_opt_values /opt/stack/data/venv/lib/python3.12/site-packages/oslo_config/cfg.py:3006}}
Apr 12 17:50:05.880316 np0000165272 neutron-periodic-workers[105842]: DEBUG cotyledon.oslo_config_glue [-] ovn.dns_records_ovn_owned = False {{(pid=105842) log_opt_values /opt/stack/data/venv/lib/python3.12/site-packages/oslo_config/cfg.py:3006}}
Apr 12 17:50:05.880316 np0000165272 neutron-periodic-workers[105842]: DEBUG cotyledon.oslo_config_glue [-] ovn.dns_servers = [] {{(pid=105842) log_opt_values /opt/stack/data/venv/lib/python3.12/site-packages/oslo_config/cfg.py:3006}}
Apr 12 17:50:05.880623 np0000165272 neutron-periodic-workers[105842]: DEBUG cotyledon.oslo_config_glue [-] ovn.enable_distributed_floating_ip = False {{(pid=105842) log_opt_values /opt/stack/data/venv/lib/python3.12/site-packages/oslo_config/cfg.py:3006}}
Apr 12 17:50:05.880623 np0000165272 neutron-periodic-workers[105842]: DEBUG cotyledon.oslo_config_glue [-] ovn.fdb_age_threshold = 300 {{(pid=105842) log_opt_values /opt/stack/data/venv/lib/python3.12/site-packages/oslo_config/cfg.py:3006}}
Apr 12 17:50:05.880623 np0000165272 neutron-periodic-workers[105842]: DEBUG cotyledon.oslo_config_glue [-] ovn.ha_failover_strategy = normal {{(pid=105842) log_opt_values /opt/stack/data/venv/lib/python3.12/site-packages/oslo_config/cfg.py:3006}}
Apr 12 17:50:05.880623 np0000165272 neutron-periodic-workers[105842]: DEBUG cotyledon.oslo_config_glue [-] ovn.live_migration_activation_strategy = rarp {{(pid=105842) log_opt_values /opt/stack/data/venv/lib/python3.12/site-packages/oslo_config/cfg.py:3006}}
Apr 12 17:50:05.880623 np0000165272 neutron-periodic-workers[105842]: DEBUG cotyledon.oslo_config_glue [-] ovn.localnet_learn_fdb = False {{(pid=105842) log_opt_values /opt/stack/data/venv/lib/python3.12/site-packages/oslo_config/cfg.py:3006}}
Apr 12 17:50:05.880623 np0000165272 neutron-periodic-workers[105842]: DEBUG cotyledon.oslo_config_glue [-] ovn.mac_binding_age_threshold = 300 {{(pid=105842) log_opt_values /opt/stack/data/venv/lib/python3.12/site-packages/oslo_config/cfg.py:3006}}
Apr 12 17:50:05.880623 np0000165272 neutron-periodic-workers[105842]: DEBUG cotyledon.oslo_config_glue [-] ovn.neutron_sync_mode = log {{(pid=105842) log_opt_values /opt/stack/data/venv/lib/python3.12/site-packages/oslo_config/cfg.py:3006}}
Apr 12 17:50:05.880623 np0000165272 neutron-periodic-workers[105842]: DEBUG cotyledon.oslo_config_glue [-] ovn.ovn_dhcp4_global_options = {} {{(pid=105842) log_opt_values /opt/stack/data/venv/lib/python3.12/site-packages/oslo_config/cfg.py:3006}}
Apr 12 17:50:05.880623 np0000165272 neutron-periodic-workers[105842]: DEBUG cotyledon.oslo_config_glue [-] ovn.ovn_dhcp6_global_options = {} {{(pid=105842) log_opt_values /opt/stack/data/venv/lib/python3.12/site-packages/oslo_config/cfg.py:3006}}
Apr 12 17:50:05.880875 np0000165272 neutron-periodic-workers[105842]: DEBUG cotyledon.oslo_config_glue [-] ovn.ovn_l3_scheduler = leastloaded {{(pid=105842) log_opt_values /opt/stack/data/venv/lib/python3.12/site-packages/oslo_config/cfg.py:3006}}
Apr 12 17:50:05.880875 np0000165272 neutron-periodic-workers[105842]: DEBUG cotyledon.oslo_config_glue [-] ovn.ovn_metadata_enabled = True {{(pid=105842) log_opt_values /opt/stack/data/venv/lib/python3.12/site-packages/oslo_config/cfg.py:3006}}
Apr 12 17:50:05.880875 np0000165272 neutron-periodic-workers[105842]: DEBUG cotyledon.oslo_config_glue [-] ovn.ovn_nb_ca_cert = /opt/stack/data/CA/int-ca/ca-chain.pem {{(pid=105842) log_opt_values /opt/stack/data/venv/lib/python3.12/site-packages/oslo_config/cfg.py:3006}}
Apr 12 17:50:05.880875 np0000165272 neutron-periodic-workers[105842]: DEBUG cotyledon.oslo_config_glue [-] ovn.ovn_nb_certificate = /opt/stack/data/CA/int-ca/devstack-cert.crt {{(pid=105842) log_opt_values /opt/stack/data/venv/lib/python3.12/site-packages/oslo_config/cfg.py:3006}}
Apr 12 17:50:05.880875 np0000165272 neutron-periodic-workers[105842]: DEBUG cotyledon.oslo_config_glue [-] ovn.ovn_nb_connection = ['ssl:199.204.45.116:6641'] {{(pid=105842) log_opt_values /opt/stack/data/venv/lib/python3.12/site-packages/oslo_config/cfg.py:3006}}
Apr 12 17:50:05.880875 np0000165272 neutron-periodic-workers[105842]: DEBUG cotyledon.oslo_config_glue [-] ovn.ovn_nb_private_key = /opt/stack/data/CA/int-ca/private/devstack-cert.key {{(pid=105842) log_opt_values /opt/stack/data/venv/lib/python3.12/site-packages/oslo_config/cfg.py:3006}}
Apr 12 17:50:05.880875 np0000165272 neutron-periodic-workers[105842]: DEBUG cotyledon.oslo_config_glue [-] ovn.ovn_router_indirect_snat = False {{(pid=105842) log_opt_values /opt/stack/data/venv/lib/python3.12/site-packages/oslo_config/cfg.py:3006}}
Apr 12 17:50:05.880875 np0000165272 neutron-periodic-workers[105842]: DEBUG cotyledon.oslo_config_glue [-] ovn.ovn_sb_ca_cert = /opt/stack/data/CA/int-ca/ca-chain.pem {{(pid=105842) log_opt_values /opt/stack/data/venv/lib/python3.12/site-packages/oslo_config/cfg.py:3006}}
Apr 12 17:50:05.881102 np0000165272 neutron-periodic-workers[105842]: DEBUG cotyledon.oslo_config_glue [-] ovn.ovn_sb_certificate = /opt/stack/data/CA/int-ca/devstack-cert.crt {{(pid=105842) log_opt_values /opt/stack/data/venv/lib/python3.12/site-packages/oslo_config/cfg.py:3006}}
Apr 12 17:50:05.881102 np0000165272 neutron-periodic-workers[105842]: DEBUG cotyledon.oslo_config_glue [-] ovn.ovn_sb_connection = ['ssl:199.204.45.116:6642'] {{(pid=105842) log_opt_values /opt/stack/data/venv/lib/python3.12/site-packages/oslo_config/cfg.py:3006}}
Apr 12 17:50:05.881102 np0000165272 neutron-periodic-workers[105842]: DEBUG cotyledon.oslo_config_glue [-] ovn.ovn_sb_private_key = /opt/stack/data/CA/int-ca/private/devstack-cert.key {{(pid=105842) log_opt_values /opt/stack/data/venv/lib/python3.12/site-packages/oslo_config/cfg.py:3006}}
Apr 12 17:50:05.881102 np0000165272 neutron-periodic-workers[105842]: DEBUG cotyledon.oslo_config_glue [-] ovn.ovs_create_tap = False {{(pid=105842) log_opt_values /opt/stack/data/venv/lib/python3.12/site-packages/oslo_config/cfg.py:3006}}
Apr 12 17:50:05.881102 np0000165272 neutron-periodic-workers[105842]: DEBUG cotyledon.oslo_config_glue [-] ovn.ovsdb_connection_timeout = 180 {{(pid=105842) log_opt_values /opt/stack/data/venv/lib/python3.12/site-packages/oslo_config/cfg.py:3006}}
Apr 12 17:50:05.881102 np0000165272 neutron-periodic-workers[105842]: DEBUG cotyledon.oslo_config_glue [-] ovn.ovsdb_log_level = INFO {{(pid=105842) log_opt_values /opt/stack/data/venv/lib/python3.12/site-packages/oslo_config/cfg.py:3006}}
Apr 12 17:50:05.881102 np0000165272 neutron-periodic-workers[105842]: DEBUG cotyledon.oslo_config_glue [-] ovn.ovsdb_probe_interval = 60000 {{(pid=105842) log_opt_values /opt/stack/data/venv/lib/python3.12/site-packages/oslo_config/cfg.py:3006}}
Apr 12 17:50:05.881102 np0000165272 neutron-periodic-workers[105842]: DEBUG cotyledon.oslo_config_glue [-] ovn.ovsdb_retry_max_interval = 180 {{(pid=105842) log_opt_values /opt/stack/data/venv/lib/python3.12/site-packages/oslo_config/cfg.py:3006}}
Apr 12 17:50:05.881102 np0000165272 neutron-periodic-workers[105842]: DEBUG cotyledon.oslo_config_glue [-] ovn.stateless_nat_enabled = False {{(pid=105842) log_opt_values /opt/stack/data/venv/lib/python3.12/site-packages/oslo_config/cfg.py:3006}}
Apr 12 17:50:05.881350 np0000165272 neutron-periodic-workers[105842]: DEBUG cotyledon.oslo_config_glue [-] ovn.vhost_sock_dir = /var/run/openvswitch {{(pid=105842) log_opt_values /opt/stack/data/venv/lib/python3.12/site-packages/oslo_config/cfg.py:3006}}
Apr 12 17:50:05.881350 np0000165272 neutron-periodic-workers[105842]: DEBUG cotyledon.oslo_config_glue [-] OVS.bridge_mac_table_size = 50000 {{(pid=105842) log_opt_values /opt/stack/data/venv/lib/python3.12/site-packages/oslo_config/cfg.py:3006}}
Apr 12 17:50:05.881350 np0000165272 neutron-periodic-workers[105842]: DEBUG cotyledon.oslo_config_glue [-] OVS.igmp_flood = False {{(pid=105842) log_opt_values /opt/stack/data/venv/lib/python3.12/site-packages/oslo_config/cfg.py:3006}}
Apr 12 17:50:05.881350 np0000165272 neutron-periodic-workers[105842]: DEBUG cotyledon.oslo_config_glue [-] OVS.igmp_flood_reports = True {{(pid=105842) log_opt_values /opt/stack/data/venv/lib/python3.12/site-packages/oslo_config/cfg.py:3006}}
Apr 12 17:50:05.881350 np0000165272 neutron-periodic-workers[105842]: DEBUG cotyledon.oslo_config_glue [-] OVS.igmp_flood_unregistered = False {{(pid=105842) log_opt_values /opt/stack/data/venv/lib/python3.12/site-packages/oslo_config/cfg.py:3006}}
Apr 12 17:50:05.881350 np0000165272 neutron-periodic-workers[105842]: DEBUG cotyledon.oslo_config_glue [-] OVS.igmp_snooping_enable = False {{(pid=105842) log_opt_values /opt/stack/data/venv/lib/python3.12/site-packages/oslo_config/cfg.py:3006}}
Apr 12 17:50:05.881350 np0000165272 neutron-periodic-workers[105842]: DEBUG cotyledon.oslo_config_glue [-] OVS.ovsdb_timeout = 10 {{(pid=105842) log_opt_values /opt/stack/data/venv/lib/python3.12/site-packages/oslo_config/cfg.py:3006}}
Apr 12 17:50:05.881350 np0000165272 neutron-periodic-workers[105842]: DEBUG cotyledon.oslo_config_glue [-] ovn_nb_global.fdb_removal_limit = 0 {{(pid=105842) log_opt_values /opt/stack/data/venv/lib/python3.12/site-packages/oslo_config/cfg.py:3006}}
Apr 12 17:50:05.881350 np0000165272 neutron-periodic-workers[105842]: DEBUG cotyledon.oslo_config_glue [-] ovn_nb_global.ignore_lsp_down = False {{(pid=105842) log_opt_values /opt/stack/data/venv/lib/python3.12/site-packages/oslo_config/cfg.py:3006}}
Apr 12 17:50:05.881689 np0000165272 neutron-periodic-workers[105842]: DEBUG cotyledon.oslo_config_glue [-] ovn_nb_global.mac_binding_removal_limit = 0 {{(pid=105842) log_opt_values /opt/stack/data/venv/lib/python3.12/site-packages/oslo_config/cfg.py:3006}}
Apr 12 17:50:05.881689 np0000165272 neutron-periodic-workers[105842]: DEBUG cotyledon.oslo_config_glue [-] ******************************************************************************** {{(pid=105842) log_opt_values /opt/stack/data/venv/lib/python3.12/site-packages/oslo_config/cfg.py:3013}}
Apr 12 17:50:05.881689 np0000165272 neutron-periodic-workers[105842]: DEBUG cotyledon._service_worker [-] Run service ServiceWrapper(0) [105842] {{(pid=105842) wait_forever /opt/stack/data/venv/lib/python3.12/site-packages/cotyledon/_service_worker.py:218}}
Apr 12 17:50:15.491190 np0000165272 neutron-periodic-workers[105058]: DEBUG dbcounter [-] [105058] Writing DB stats neutron:SELECT=4 {{(pid=105058) stat_writer /opt/stack/data/venv/lib/python3.12/site-packages/dbcounter.py:115}}
Apr 12 17:50:52.848486 np0000165272 neutron-periodic-workers[105830]: DEBUG oslo_db.sqlalchemy.engines [None req-0bd6af75-8dba-4e69-a0b9-b7c01a44c774 None None] Parent process 105058 forked (105830) with an open database connection, which is being discarded and recreated. {{(pid=105830) checkout /opt/stack/data/venv/lib/python3.12/site-packages/oslo_db/sqlalchemy/engines.py:402}}
Apr 12 17:50:52.856349 np0000165272 neutron-periodic-workers[105830]: DEBUG dbcounter [-] [105830] Writer thread running {{(pid=105830) stat_writer /opt/stack/data/venv/lib/python3.12/site-packages/dbcounter.py:102}}
Apr 12 17:50:52.866425 np0000165272 neutron-periodic-workers[105830]: DEBUG oslo.service.backend._threading.loopingcall [None req-0bd6af75-8dba-4e69-a0b9-b7c01a44c774 None None] Fixed interval looping call 'neutron.plugins.ml2.plugin.DhcpAgentSchedulerDbMixin.remove_networks_from_down_agents' sleeping for 36.98 seconds {{(pid=105830) _run_loop /opt/stack/data/venv/lib/python3.12/site-packages/oslo_service/backend/_threading/loopingcall.py:125}}
Apr 12 17:51:02.865085 np0000165272 neutron-periodic-workers[105830]: DEBUG dbcounter [-] [105830] Writing DB stats neutron:SELECT=3 {{(pid=105830) stat_writer /opt/stack/data/venv/lib/python3.12/site-packages/dbcounter.py:115}}
Apr 12 17:51:08.885419 np0000165272 neutron-periodic-workers[105835]: DEBUG dbcounter [-] [105835] Writer thread running {{(pid=105835) stat_writer /opt/stack/data/venv/lib/python3.12/site-packages/dbcounter.py:102}}
Apr 12 17:51:08.888866 np0000165272 neutron-periodic-workers[105835]: DEBUG neutron.db.agents_db [None req-2ee6de05-8303-4ff6-b6f7-c44fdfc56f1a None None] Agent healthcheck: found 0 active agents {{(pid=105835) agent_health_check /opt/stack/neutron/neutron/db/agents_db.py:317}}
Apr 12 17:51:08.889031 np0000165272 neutron-periodic-workers[105835]: DEBUG oslo.service.backend._threading.loopingcall [None req-2ee6de05-8303-4ff6-b6f7-c44fdfc56f1a None None] Fixed interval looping call 'neutron.plugins.ml2.plugin.AgentDbMixin.agent_health_check' sleeping for 36.98 seconds {{(pid=105835) _run_loop /opt/stack/data/venv/lib/python3.12/site-packages/oslo_service/backend/_threading/loopingcall.py:125}}
Apr 12 17:51:18.886374 np0000165272 neutron-periodic-workers[105835]: DEBUG dbcounter [-] [105835] Writing DB stats neutron:SELECT=1 {{(pid=105835) stat_writer /opt/stack/data/venv/lib/python3.12/site-packages/dbcounter.py:115}}
Apr 12 17:51:29.856776 np0000165272 neutron-periodic-workers[105830]: DEBUG oslo.service.backend._threading.loopingcall [None req-0bd6af75-8dba-4e69-a0b9-b7c01a44c774 None None] Fixed interval looping call 'neutron.plugins.ml2.plugin.DhcpAgentSchedulerDbMixin.remove_networks_from_down_agents' sleeping for 36.99 seconds {{(pid=105830) _run_loop /opt/stack/data/venv/lib/python3.12/site-packages/oslo_service/backend/_threading/loopingcall.py:125}}
Apr 12 17:51:39.855242 np0000165272 neutron-periodic-workers[105830]: DEBUG dbcounter [-] [105830] Writing DB stats neutron:SELECT=3 {{(pid=105830) stat_writer /opt/stack/data/venv/lib/python3.12/site-packages/dbcounter.py:115}}
Apr 12 17:51:45.875970 np0000165272 neutron-periodic-workers[105835]: DEBUG neutron.db.agents_db [None req-2ee6de05-8303-4ff6-b6f7-c44fdfc56f1a None None] Agent healthcheck: found 0 active agents {{(pid=105835) agent_health_check /opt/stack/neutron/neutron/db/agents_db.py:317}}
Apr 12 17:51:45.875970 np0000165272 neutron-periodic-workers[105835]: DEBUG oslo.service.backend._threading.loopingcall [None req-2ee6de05-8303-4ff6-b6f7-c44fdfc56f1a None None] Fixed interval looping call 'neutron.plugins.ml2.plugin.AgentDbMixin.agent_health_check' sleeping for 36.99 seconds {{(pid=105835) _run_loop /opt/stack/data/venv/lib/python3.12/site-packages/oslo_service/backend/_threading/loopingcall.py:125}}
Apr 12 17:51:55.873823 np0000165272 neutron-periodic-workers[105835]: DEBUG dbcounter [-] [105835] Writing DB stats neutron:SELECT=1 {{(pid=105835) stat_writer /opt/stack/data/venv/lib/python3.12/site-packages/dbcounter.py:115}}
Apr 12 17:52:05.895691 np0000165272 neutron-periodic-workers[105842]: DEBUG dbcounter [-] [105842] Writer thread running {{(pid=105842) stat_writer /opt/stack/data/venv/lib/python3.12/site-packages/dbcounter.py:102}}
Apr 12 17:52:05.897641 np0000165272 neutron-periodic-workers[105842]: DEBUG oslo.service.backend._threading.loopingcall [None req-b302304c-da29-4db0-8f8a-16441fc51482 None None] Fixed interval looping call 'neutron.db.quota.driver_nolock.DbQuotaNoLockDriver._remove_expired_reservations' sleeping for 119.99 seconds {{(pid=105842) _run_loop /opt/stack/data/venv/lib/python3.12/site-packages/oslo_service/backend/_threading/loopingcall.py:125}}
Apr 12 17:52:06.855926 np0000165272 neutron-periodic-workers[105830]: DEBUG oslo.service.backend._threading.loopingcall [None req-0bd6af75-8dba-4e69-a0b9-b7c01a44c774 None None] Fixed interval looping call 'neutron.plugins.ml2.plugin.DhcpAgentSchedulerDbMixin.remove_networks_from_down_agents' sleeping for 36.99 seconds {{(pid=105830) _run_loop /opt/stack/data/venv/lib/python3.12/site-packages/oslo_service/backend/_threading/loopingcall.py:125}}
Apr 12 17:52:15.896349 np0000165272 neutron-periodic-workers[105842]: DEBUG dbcounter [-] [105842] Writing DB stats neutron:DELETE=1 {{(pid=105842) stat_writer /opt/stack/data/venv/lib/python3.12/site-packages/dbcounter.py:115}}
Apr 12 17:52:16.855729 np0000165272 neutron-periodic-workers[105830]: DEBUG dbcounter [-] [105830] Writing DB stats neutron:SELECT=3 {{(pid=105830) stat_writer /opt/stack/data/venv/lib/python3.12/site-packages/dbcounter.py:115}}
Apr 12 17:52:22.869785 np0000165272 neutron-periodic-workers[105835]: DEBUG neutron.db.agents_db [None req-2ee6de05-8303-4ff6-b6f7-c44fdfc56f1a None None] Agent healthcheck: found 0 active agents {{(pid=105835) agent_health_check /opt/stack/neutron/neutron/db/agents_db.py:317}}
Apr 12 17:52:22.870053 np0000165272 neutron-periodic-workers[105835]: DEBUG oslo.service.backend._threading.loopingcall [None req-2ee6de05-8303-4ff6-b6f7-c44fdfc56f1a None None] Fixed interval looping call 'neutron.plugins.ml2.plugin.AgentDbMixin.agent_health_check' sleeping for 37.00 seconds {{(pid=105835) _run_loop /opt/stack/data/venv/lib/python3.12/site-packages/oslo_service/backend/_threading/loopingcall.py:125}}
Apr 12 17:52:32.868931 np0000165272 neutron-periodic-workers[105835]: DEBUG dbcounter [-] [105835] Writing DB stats neutron:SELECT=1 {{(pid=105835) stat_writer /opt/stack/data/venv/lib/python3.12/site-packages/dbcounter.py:115}}
Apr 12 17:52:43.860074 np0000165272 neutron-periodic-workers[105830]: DEBUG oslo.service.backend._threading.loopingcall [None req-0bd6af75-8dba-4e69-a0b9-b7c01a44c774 None None] Fixed interval looping call 'neutron.plugins.ml2.plugin.DhcpAgentSchedulerDbMixin.remove_networks_from_down_agents' sleeping for 36.99 seconds {{(pid=105830) _run_loop /opt/stack/data/venv/lib/python3.12/site-packages/oslo_service/backend/_threading/loopingcall.py:125}}
Apr 12 17:52:53.859311 np0000165272 neutron-periodic-workers[105830]: DEBUG dbcounter [-] [105830] Writing DB stats neutron:SELECT=3 {{(pid=105830) stat_writer /opt/stack/data/venv/lib/python3.12/site-packages/dbcounter.py:115}}
Apr 12 17:52:59.876571 np0000165272 neutron-periodic-workers[105835]: DEBUG neutron.db.agents_db [None req-2ee6de05-8303-4ff6-b6f7-c44fdfc56f1a None None] Agent healthcheck: found 0 active agents {{(pid=105835) agent_health_check /opt/stack/neutron/neutron/db/agents_db.py:317}}
Apr 12 17:52:59.877350 np0000165272 neutron-periodic-workers[105835]: DEBUG oslo.service.backend._threading.loopingcall [None req-2ee6de05-8303-4ff6-b6f7-c44fdfc56f1a None None] Fixed interval looping call 'neutron.plugins.ml2.plugin.AgentDbMixin.agent_health_check' sleeping for 36.99 seconds {{(pid=105835) _run_loop /opt/stack/data/venv/lib/python3.12/site-packages/oslo_service/backend/_threading/loopingcall.py:125}}
Apr 12 17:53:09.873884 np0000165272 neutron-periodic-workers[105835]: DEBUG dbcounter [-] [105835] Writing DB stats neutron:SELECT=1 {{(pid=105835) stat_writer /opt/stack/data/venv/lib/python3.12/site-packages/dbcounter.py:115}}
Apr 12 17:53:20.860609 np0000165272 neutron-periodic-workers[105830]: DEBUG oslo.service.backend._threading.loopingcall [None req-0bd6af75-8dba-4e69-a0b9-b7c01a44c774 None None] Fixed interval looping call 'neutron.plugins.ml2.plugin.DhcpAgentSchedulerDbMixin.remove_networks_from_down_agents' sleeping for 36.99 seconds {{(pid=105830) _run_loop /opt/stack/data/venv/lib/python3.12/site-packages/oslo_service/backend/_threading/loopingcall.py:125}}
Apr 12 17:53:30.859847 np0000165272 neutron-periodic-workers[105830]: DEBUG dbcounter [-] [105830] Writing DB stats neutron:SELECT=3 {{(pid=105830) stat_writer /opt/stack/data/venv/lib/python3.12/site-packages/dbcounter.py:115}}
Apr 12 17:53:36.872631 np0000165272 neutron-periodic-workers[105835]: DEBUG neutron.db.agents_db [None req-2ee6de05-8303-4ff6-b6f7-c44fdfc56f1a None None] Agent healthcheck: found 0 active agents {{(pid=105835) agent_health_check /opt/stack/neutron/neutron/db/agents_db.py:317}}
Apr 12 17:53:36.873236 np0000165272 neutron-periodic-workers[105835]: DEBUG oslo.service.backend._threading.loopingcall [None req-2ee6de05-8303-4ff6-b6f7-c44fdfc56f1a None None] Fixed interval looping call 'neutron.plugins.ml2.plugin.AgentDbMixin.agent_health_check' sleeping for 36.99 seconds {{(pid=105835) _run_loop /opt/stack/data/venv/lib/python3.12/site-packages/oslo_service/backend/_threading/loopingcall.py:125}}
Apr 12 17:53:46.870898 np0000165272 neutron-periodic-workers[105835]: DEBUG dbcounter [-] [105835] Writing DB stats neutron:SELECT=1 {{(pid=105835) stat_writer /opt/stack/data/venv/lib/python3.12/site-packages/dbcounter.py:115}}
Apr 12 17:53:47.898296 np0000165272 neutron-periodic-workers[105824]: DEBUG dbcounter [-] [105824] Writer thread running {{(pid=105824) stat_writer /opt/stack/data/venv/lib/python3.12/site-packages/dbcounter.py:102}}
Apr 12 17:53:47.909971 np0000165272 neutron-periodic-workers[105824]: DEBUG oslo.service.backend._threading.loopingcall [None req-cba9e082-0bf4-483a-9074-341c5aad3f8e None None] Fixed interval looping call 'neutron.services.ovn_l3.plugin.L3_NAT_dbonly_mixin._clean_garbage' sleeping for 299.96 seconds {{(pid=105824) _run_loop /opt/stack/data/venv/lib/python3.12/site-packages/oslo_service/backend/_threading/loopingcall.py:125}}
Apr 12 17:53:57.858318 np0000165272 neutron-periodic-workers[105830]: DEBUG oslo.service.backend._threading.loopingcall [None req-0bd6af75-8dba-4e69-a0b9-b7c01a44c774 None None] Fixed interval looping call 'neutron.plugins.ml2.plugin.DhcpAgentSchedulerDbMixin.remove_networks_from_down_agents' sleeping for 36.99 seconds {{(pid=105830) _run_loop /opt/stack/data/venv/lib/python3.12/site-packages/oslo_service/backend/_threading/loopingcall.py:125}}
Apr 12 17:53:57.898820 np0000165272 neutron-periodic-workers[105824]: DEBUG dbcounter [-] [105824] Writing DB stats neutron:SELECT=1 {{(pid=105824) stat_writer /opt/stack/data/venv/lib/python3.12/site-packages/dbcounter.py:115}}
Apr 12 17:54:05.891603 np0000165272 neutron-periodic-workers[105842]: DEBUG oslo.service.backend._threading.loopingcall [None req-b302304c-da29-4db0-8f8a-16441fc51482 None None] Fixed interval looping call 'neutron.db.quota.driver_nolock.DbQuotaNoLockDriver._remove_expired_reservations' sleeping for 120.00 seconds {{(pid=105842) _run_loop /opt/stack/data/venv/lib/python3.12/site-packages/oslo_service/backend/_threading/loopingcall.py:125}}
Apr 12 17:54:07.857468 np0000165272 neutron-periodic-workers[105830]: DEBUG dbcounter [-] [105830] Writing DB stats neutron:SELECT=3 {{(pid=105830) stat_writer /opt/stack/data/venv/lib/python3.12/site-packages/dbcounter.py:115}}
Apr 12 17:54:13.868896 np0000165272 neutron-periodic-workers[105835]: DEBUG neutron.db.agents_db [None req-2ee6de05-8303-4ff6-b6f7-c44fdfc56f1a None None] Agent healthcheck: found 0 active agents {{(pid=105835) agent_health_check /opt/stack/neutron/neutron/db/agents_db.py:317}}
Apr 12 17:54:13.868896 np0000165272 neutron-periodic-workers[105835]: DEBUG oslo.service.backend._threading.loopingcall [None req-2ee6de05-8303-4ff6-b6f7-c44fdfc56f1a None None] Fixed interval looping call 'neutron.plugins.ml2.plugin.AgentDbMixin.agent_health_check' sleeping for 36.99 seconds {{(pid=105835) _run_loop /opt/stack/data/venv/lib/python3.12/site-packages/oslo_service/backend/_threading/loopingcall.py:125}}
Apr 12 17:54:15.890374 np0000165272 neutron-periodic-workers[105842]: DEBUG dbcounter [-] [105842] Writing DB stats neutron:DELETE=1 {{(pid=105842) stat_writer /opt/stack/data/venv/lib/python3.12/site-packages/dbcounter.py:115}}
Apr 12 17:54:23.866844 np0000165272 neutron-periodic-workers[105835]: DEBUG dbcounter [-] [105835] Writing DB stats neutron:SELECT=1 {{(pid=105835) stat_writer /opt/stack/data/venv/lib/python3.12/site-packages/dbcounter.py:115}}
Apr 12 17:54:34.854329 np0000165272 neutron-periodic-workers[105830]: DEBUG oslo.service.backend._threading.loopingcall [None req-0bd6af75-8dba-4e69-a0b9-b7c01a44c774 None None] Fixed interval looping call 'neutron.plugins.ml2.plugin.DhcpAgentSchedulerDbMixin.remove_networks_from_down_agents' sleeping for 36.99 seconds {{(pid=105830) _run_loop /opt/stack/data/venv/lib/python3.12/site-packages/oslo_service/backend/_threading/loopingcall.py:125}}
Apr 12 17:54:44.853864 np0000165272 neutron-periodic-workers[105830]: DEBUG dbcounter [-] [105830] Writing DB stats neutron:SELECT=3 {{(pid=105830) stat_writer /opt/stack/data/venv/lib/python3.12/site-packages/dbcounter.py:115}}
Apr 12 17:54:50.864810 np0000165272 neutron-periodic-workers[105835]: DEBUG neutron.db.agents_db [None req-2ee6de05-8303-4ff6-b6f7-c44fdfc56f1a None None] Agent healthcheck: found 0 active agents {{(pid=105835) agent_health_check /opt/stack/neutron/neutron/db/agents_db.py:317}}
Apr 12 17:54:50.865397 np0000165272 neutron-periodic-workers[105835]: DEBUG oslo.service.backend._threading.loopingcall [None req-2ee6de05-8303-4ff6-b6f7-c44fdfc56f1a None None] Fixed interval looping call 'neutron.plugins.ml2.plugin.AgentDbMixin.agent_health_check' sleeping for 36.99 seconds {{(pid=105835) _run_loop /opt/stack/data/venv/lib/python3.12/site-packages/oslo_service/backend/_threading/loopingcall.py:125}}
Apr 12 17:55:00.863001 np0000165272 neutron-periodic-workers[105835]: DEBUG dbcounter [-] [105835] Writing DB stats neutron:SELECT=1 {{(pid=105835) stat_writer /opt/stack/data/venv/lib/python3.12/site-packages/dbcounter.py:115}}
Apr 12 17:55:11.853845 np0000165272 neutron-periodic-workers[105830]: DEBUG oslo.service.backend._threading.loopingcall [None req-0bd6af75-8dba-4e69-a0b9-b7c01a44c774 None None] Fixed interval looping call 'neutron.plugins.ml2.plugin.DhcpAgentSchedulerDbMixin.remove_networks_from_down_agents' sleeping for 36.99 seconds {{(pid=105830) _run_loop /opt/stack/data/venv/lib/python3.12/site-packages/oslo_service/backend/_threading/loopingcall.py:125}}
Apr 12 17:55:21.853484 np0000165272 neutron-periodic-workers[105830]: DEBUG dbcounter [-] [105830] Writing DB stats neutron:SELECT=3 {{(pid=105830) stat_writer /opt/stack/data/venv/lib/python3.12/site-packages/dbcounter.py:115}}
Apr 12 17:55:27.860195 np0000165272 neutron-periodic-workers[105835]: DEBUG neutron.db.agents_db [None req-2ee6de05-8303-4ff6-b6f7-c44fdfc56f1a None None] Agent healthcheck: found 0 active agents {{(pid=105835) agent_health_check /opt/stack/neutron/neutron/db/agents_db.py:317}}
Apr 12 17:55:27.861149 np0000165272 neutron-periodic-workers[105835]: DEBUG oslo.service.backend._threading.loopingcall [None req-2ee6de05-8303-4ff6-b6f7-c44fdfc56f1a None None] Fixed interval looping call 'neutron.plugins.ml2.plugin.AgentDbMixin.agent_health_check' sleeping for 36.99 seconds {{(pid=105835) _run_loop /opt/stack/data/venv/lib/python3.12/site-packages/oslo_service/backend/_threading/loopingcall.py:125}}
Apr 12 17:55:37.858680 np0000165272 neutron-periodic-workers[105835]: DEBUG dbcounter [-] [105835] Writing DB stats neutron:SELECT=1 {{(pid=105835) stat_writer /opt/stack/data/venv/lib/python3.12/site-packages/dbcounter.py:115}}
Apr 12 17:55:48.854135 np0000165272 neutron-periodic-workers[105830]: DEBUG oslo.service.backend._threading.loopingcall [None req-0bd6af75-8dba-4e69-a0b9-b7c01a44c774 None None] Fixed interval looping call 'neutron.plugins.ml2.plugin.DhcpAgentSchedulerDbMixin.remove_networks_from_down_agents' sleeping for 36.99 seconds {{(pid=105830) _run_loop /opt/stack/data/venv/lib/python3.12/site-packages/oslo_service/backend/_threading/loopingcall.py:125}}
Apr 12 17:55:58.851719 np0000165272 neutron-periodic-workers[105830]: DEBUG dbcounter [-] [105830] Writing DB stats neutron:SELECT=3 {{(pid=105830) stat_writer /opt/stack/data/venv/lib/python3.12/site-packages/dbcounter.py:115}}
Apr 12 17:56:04.855673 np0000165272 neutron-periodic-workers[105835]: DEBUG neutron.db.agents_db [None req-2ee6de05-8303-4ff6-b6f7-c44fdfc56f1a None None] Agent healthcheck: found 0 active agents {{(pid=105835) agent_health_check /opt/stack/neutron/neutron/db/agents_db.py:317}}
Apr 12 17:56:04.856243 np0000165272 neutron-periodic-workers[105835]: DEBUG oslo.service.backend._threading.loopingcall [None req-2ee6de05-8303-4ff6-b6f7-c44fdfc56f1a None None] Fixed interval looping call 'neutron.plugins.ml2.plugin.AgentDbMixin.agent_health_check' sleeping for 37.00 seconds {{(pid=105835) _run_loop /opt/stack/data/venv/lib/python3.12/site-packages/oslo_service/backend/_threading/loopingcall.py:125}}
Apr 12 17:56:05.895619 np0000165272 neutron-periodic-workers[105842]: DEBUG oslo.service.backend._threading.loopingcall [None req-b302304c-da29-4db0-8f8a-16441fc51482 None None] Fixed interval looping call 'neutron.db.quota.driver_nolock.DbQuotaNoLockDriver._remove_expired_reservations' sleeping for 120.00 seconds {{(pid=105842) _run_loop /opt/stack/data/venv/lib/python3.12/site-packages/oslo_service/backend/_threading/loopingcall.py:125}}
Apr 12 17:56:14.853818 np0000165272 neutron-periodic-workers[105835]: DEBUG dbcounter [-] [105835] Writing DB stats neutron:SELECT=1 {{(pid=105835) stat_writer /opt/stack/data/venv/lib/python3.12/site-packages/dbcounter.py:115}}
Apr 12 17:56:15.894301 np0000165272 neutron-periodic-workers[105842]: DEBUG dbcounter [-] [105842] Writing DB stats neutron:DELETE=1 {{(pid=105842) stat_writer /opt/stack/data/venv/lib/python3.12/site-packages/dbcounter.py:115}}
Apr 12 17:56:25.849603 np0000165272 neutron-periodic-workers[105830]: DEBUG oslo.service.backend._threading.loopingcall [None req-0bd6af75-8dba-4e69-a0b9-b7c01a44c774 None None] Fixed interval looping call 'neutron.plugins.ml2.plugin.DhcpAgentSchedulerDbMixin.remove_networks_from_down_agents' sleeping for 37.00 seconds {{(pid=105830) _run_loop /opt/stack/data/venv/lib/python3.12/site-packages/oslo_service/backend/_threading/loopingcall.py:125}}
Apr 12 17:56:35.849083 np0000165272 neutron-periodic-workers[105830]: DEBUG dbcounter [-] [105830] Writing DB stats neutron:SELECT=3 {{(pid=105830) stat_writer /opt/stack/data/venv/lib/python3.12/site-packages/dbcounter.py:115}}
Apr 12 17:56:41.860822 np0000165272 neutron-periodic-workers[105835]: DEBUG neutron.db.agents_db [None req-2ee6de05-8303-4ff6-b6f7-c44fdfc56f1a None None] Agent healthcheck: found 0 active agents {{(pid=105835) agent_health_check /opt/stack/neutron/neutron/db/agents_db.py:317}}
Apr 12 17:56:41.861283 np0000165272 neutron-periodic-workers[105835]: DEBUG oslo.service.backend._threading.loopingcall [None req-2ee6de05-8303-4ff6-b6f7-c44fdfc56f1a None None] Fixed interval looping call 'neutron.plugins.ml2.plugin.AgentDbMixin.agent_health_check' sleeping for 37.00 seconds {{(pid=105835) _run_loop /opt/stack/data/venv/lib/python3.12/site-packages/oslo_service/backend/_threading/loopingcall.py:125}}
Apr 12 17:56:51.859329 np0000165272 neutron-periodic-workers[105835]: DEBUG dbcounter [-] [105835] Writing DB stats neutron:SELECT=1 {{(pid=105835) stat_writer /opt/stack/data/venv/lib/python3.12/site-packages/dbcounter.py:115}}
Apr 12 17:57:02.859268 np0000165272 neutron-periodic-workers[105830]: DEBUG oslo.service.backend._threading.loopingcall [None req-0bd6af75-8dba-4e69-a0b9-b7c01a44c774 None None] Fixed interval looping call 'neutron.plugins.ml2.plugin.DhcpAgentSchedulerDbMixin.remove_networks_from_down_agents' sleeping for 36.99 seconds {{(pid=105830) _run_loop /opt/stack/data/venv/lib/python3.12/site-packages/oslo_service/backend/_threading/loopingcall.py:125}}
Apr 12 17:57:12.858445 np0000165272 neutron-periodic-workers[105830]: DEBUG dbcounter [-] [105830] Writing DB stats neutron:SELECT=3 {{(pid=105830) stat_writer /opt/stack/data/venv/lib/python3.12/site-packages/dbcounter.py:115}}
Apr 12 17:57:18.866631 np0000165272 neutron-periodic-workers[105835]: DEBUG neutron.db.agents_db [None req-2ee6de05-8303-4ff6-b6f7-c44fdfc56f1a None None] Agent healthcheck: found 0 active agents {{(pid=105835) agent_health_check /opt/stack/neutron/neutron/db/agents_db.py:317}}
Apr 12 17:57:18.867251 np0000165272 neutron-periodic-workers[105835]: DEBUG oslo.service.backend._threading.loopingcall [None req-2ee6de05-8303-4ff6-b6f7-c44fdfc56f1a None None] Fixed interval looping call 'neutron.plugins.ml2.plugin.AgentDbMixin.agent_health_check' sleeping for 36.99 seconds {{(pid=105835) _run_loop /opt/stack/data/venv/lib/python3.12/site-packages/oslo_service/backend/_threading/loopingcall.py:125}}
Apr 12 17:57:28.865176 np0000165272 neutron-periodic-workers[105835]: DEBUG dbcounter [-] [105835] Writing DB stats neutron:SELECT=1 {{(pid=105835) stat_writer /opt/stack/data/venv/lib/python3.12/site-packages/dbcounter.py:115}}
Apr 12 17:57:39.859603 np0000165272 neutron-periodic-workers[105830]: DEBUG oslo.service.backend._threading.loopingcall [None req-0bd6af75-8dba-4e69-a0b9-b7c01a44c774 None None] Fixed interval looping call 'neutron.plugins.ml2.plugin.DhcpAgentSchedulerDbMixin.remove_networks_from_down_agents' sleeping for 36.99 seconds {{(pid=105830) _run_loop /opt/stack/data/venv/lib/python3.12/site-packages/oslo_service/backend/_threading/loopingcall.py:125}}
Apr 12 17:57:49.858401 np0000165272 neutron-periodic-workers[105830]: DEBUG dbcounter [-] [105830] Writing DB stats neutron:SELECT=3 {{(pid=105830) stat_writer /opt/stack/data/venv/lib/python3.12/site-packages/dbcounter.py:115}}
Apr 12 17:57:55.861904 np0000165272 neutron-periodic-workers[105835]: DEBUG neutron.db.agents_db [None req-2ee6de05-8303-4ff6-b6f7-c44fdfc56f1a None None] Agent healthcheck: found 0 active agents {{(pid=105835) agent_health_check /opt/stack/neutron/neutron/db/agents_db.py:317}}
Apr 12 17:57:55.862766 np0000165272 neutron-periodic-workers[105835]: DEBUG oslo.service.backend._threading.loopingcall [None req-2ee6de05-8303-4ff6-b6f7-c44fdfc56f1a None None] Fixed interval looping call 'neutron.plugins.ml2.plugin.AgentDbMixin.agent_health_check' sleeping for 37.00 seconds {{(pid=105835) _run_loop /opt/stack/data/venv/lib/python3.12/site-packages/oslo_service/backend/_threading/loopingcall.py:125}}
Apr 12 17:58:05.860329 np0000165272 neutron-periodic-workers[105835]: DEBUG dbcounter [-] [105835] Writing DB stats neutron:SELECT=1 {{(pid=105835) stat_writer /opt/stack/data/venv/lib/python3.12/site-packages/dbcounter.py:115}}
Apr 12 17:58:05.900206 np0000165272 neutron-periodic-workers[105842]: DEBUG oslo.service.backend._threading.loopingcall [None req-b302304c-da29-4db0-8f8a-16441fc51482 None None] Fixed interval looping call 'neutron.db.quota.driver_nolock.DbQuotaNoLockDriver._remove_expired_reservations' sleeping for 120.00 seconds {{(pid=105842) _run_loop /opt/stack/data/venv/lib/python3.12/site-packages/oslo_service/backend/_threading/loopingcall.py:125}}
Apr 12 17:58:15.898814 np0000165272 neutron-periodic-workers[105842]: DEBUG dbcounter [-] [105842] Writing DB stats neutron:DELETE=1 {{(pid=105842) stat_writer /opt/stack/data/venv/lib/python3.12/site-packages/dbcounter.py:115}}
Apr 12 17:58:16.862274 np0000165272 neutron-periodic-workers[105830]: DEBUG oslo.service.backend._threading.loopingcall [None req-0bd6af75-8dba-4e69-a0b9-b7c01a44c774 None None] Fixed interval looping call 'neutron.plugins.ml2.plugin.DhcpAgentSchedulerDbMixin.remove_networks_from_down_agents' sleeping for 36.99 seconds {{(pid=105830) _run_loop /opt/stack/data/venv/lib/python3.12/site-packages/oslo_service/backend/_threading/loopingcall.py:125}}
Apr 12 17:58:26.859853 np0000165272 neutron-periodic-workers[105830]: DEBUG dbcounter [-] [105830] Writing DB stats neutron:SELECT=3 {{(pid=105830) stat_writer /opt/stack/data/venv/lib/python3.12/site-packages/dbcounter.py:115}}
Apr 12 17:58:32.867963 np0000165272 neutron-periodic-workers[105835]: DEBUG neutron.db.agents_db [None req-2ee6de05-8303-4ff6-b6f7-c44fdfc56f1a None None] Agent healthcheck: found 0 active agents {{(pid=105835) agent_health_check /opt/stack/neutron/neutron/db/agents_db.py:317}}
Apr 12 17:58:32.868645 np0000165272 neutron-periodic-workers[105835]: DEBUG oslo.service.backend._threading.loopingcall [None req-2ee6de05-8303-4ff6-b6f7-c44fdfc56f1a None None] Fixed interval looping call 'neutron.plugins.ml2.plugin.AgentDbMixin.agent_health_check' sleeping for 36.99 seconds {{(pid=105835) _run_loop /opt/stack/data/venv/lib/python3.12/site-packages/oslo_service/backend/_threading/loopingcall.py:125}}
Apr 12 17:58:42.866185 np0000165272 neutron-periodic-workers[105835]: DEBUG dbcounter [-] [105835] Writing DB stats neutron:SELECT=1 {{(pid=105835) stat_writer /opt/stack/data/venv/lib/python3.12/site-packages/dbcounter.py:115}}
Apr 12 17:58:47.878177 np0000165272 neutron-periodic-workers[105824]: DEBUG oslo.service.backend._threading.loopingcall [None req-cba9e082-0bf4-483a-9074-341c5aad3f8e None None] Fixed interval looping call 'neutron.services.ovn_l3.plugin.L3_NAT_dbonly_mixin._clean_garbage' sleeping for 299.99 seconds {{(pid=105824) _run_loop /opt/stack/data/venv/lib/python3.12/site-packages/oslo_service/backend/_threading/loopingcall.py:125}}
Apr 12 17:58:53.861370 np0000165272 neutron-periodic-workers[105830]: DEBUG oslo.service.backend._threading.loopingcall [None req-0bd6af75-8dba-4e69-a0b9-b7c01a44c774 None None] Fixed interval looping call 'neutron.plugins.ml2.plugin.DhcpAgentSchedulerDbMixin.remove_networks_from_down_agents' sleeping for 36.99 seconds {{(pid=105830) _run_loop /opt/stack/data/venv/lib/python3.12/site-packages/oslo_service/backend/_threading/loopingcall.py:125}}
Apr 12 17:58:57.872986 np0000165272 neutron-periodic-workers[105824]: DEBUG dbcounter [-] [105824] Writing DB stats neutron:SELECT=1 {{(pid=105824) stat_writer /opt/stack/data/venv/lib/python3.12/site-packages/dbcounter.py:115}}
Apr 12 17:59:03.860688 np0000165272 neutron-periodic-workers[105830]: DEBUG dbcounter [-] [105830] Writing DB stats neutron:SELECT=3 {{(pid=105830) stat_writer /opt/stack/data/venv/lib/python3.12/site-packages/dbcounter.py:115}}
Apr 12 17:59:09.862409 np0000165272 neutron-periodic-workers[105835]: DEBUG neutron.db.agents_db [None req-2ee6de05-8303-4ff6-b6f7-c44fdfc56f1a None None] Agent healthcheck: found 0 active agents {{(pid=105835) agent_health_check /opt/stack/neutron/neutron/db/agents_db.py:317}}
Apr 12 17:59:09.863805 np0000165272 neutron-periodic-workers[105835]: DEBUG oslo.service.backend._threading.loopingcall [None req-2ee6de05-8303-4ff6-b6f7-c44fdfc56f1a None None] Fixed interval looping call 'neutron.plugins.ml2.plugin.AgentDbMixin.agent_health_check' sleeping for 37.00 seconds {{(pid=105835) _run_loop /opt/stack/data/venv/lib/python3.12/site-packages/oslo_service/backend/_threading/loopingcall.py:125}}
Apr 12 17:59:19.861927 np0000165272 neutron-periodic-workers[105835]: DEBUG dbcounter [-] [105835] Writing DB stats neutron:SELECT=1 {{(pid=105835) stat_writer /opt/stack/data/venv/lib/python3.12/site-packages/dbcounter.py:115}}
Apr 12 17:59:30.860892 np0000165272 neutron-periodic-workers[105830]: DEBUG oslo.service.backend._threading.loopingcall [None req-0bd6af75-8dba-4e69-a0b9-b7c01a44c774 None None] Fixed interval looping call 'neutron.plugins.ml2.plugin.DhcpAgentSchedulerDbMixin.remove_networks_from_down_agents' sleeping for 36.99 seconds {{(pid=105830) _run_loop /opt/stack/data/venv/lib/python3.12/site-packages/oslo_service/backend/_threading/loopingcall.py:125}}
Apr 12 17:59:40.860134 np0000165272 neutron-periodic-workers[105830]: DEBUG dbcounter [-] [105830] Writing DB stats neutron:SELECT=3 {{(pid=105830) stat_writer /opt/stack/data/venv/lib/python3.12/site-packages/dbcounter.py:115}}
Apr 12 17:59:46.868253 np0000165272 neutron-periodic-workers[105835]: DEBUG neutron.db.agents_db [None req-2ee6de05-8303-4ff6-b6f7-c44fdfc56f1a None None] Agent healthcheck: found 0 active agents {{(pid=105835) agent_health_check /opt/stack/neutron/neutron/db/agents_db.py:317}}
Apr 12 17:59:46.868253 np0000165272 neutron-periodic-workers[105835]: DEBUG oslo.service.backend._threading.loopingcall [None req-2ee6de05-8303-4ff6-b6f7-c44fdfc56f1a None None] Fixed interval looping call 'neutron.plugins.ml2.plugin.AgentDbMixin.agent_health_check' sleeping for 36.99 seconds {{(pid=105835) _run_loop /opt/stack/data/venv/lib/python3.12/site-packages/oslo_service/backend/_threading/loopingcall.py:125}}
Apr 12 17:59:56.866591 np0000165272 neutron-periodic-workers[105835]: DEBUG dbcounter [-] [105835] Writing DB stats neutron:SELECT=1 {{(pid=105835) stat_writer /opt/stack/data/venv/lib/python3.12/site-packages/dbcounter.py:115}}
