2026-08-19 00:47:36.516 8 INFO placement.requestlog [None req-5a9a145a-d469-4d23-ba40-0e10e2058e33 d3167d152acc41448fc2a58f789f4aa8 085cb437c01b4d4a999826f8a660a490 - - 1f94308b18a14bc48b0e1d66633695aa 1f94308b18a14bc48b0e1d66633695aa] 10.0.0.252 "GET /resource_providers/91932e90-f15f-46db-8cf6-fa1ab77d51d6/aggregates" status: 404 len: 235 microversion: 1.1 [pid: 8|app: 0|req: 573/1145] 10.0.0.252 () {32 vars in 816 bytes} [Wed Aug 19 00:47:36 2026] GET /resource_providers/91932e90-f15f-46db-8cf6-fa1ab77d51d6/aggregates => generated 235 bytes in 166 msecs (HTTP/1.1 404) 5 headers in 202 bytes (1 switches on core 0)
2026-08-19 00:47:36.531 7 INFO placement.requestlog [None req-102369cd-d628-401a-a64a-f7b3cc194c32 d3167d152acc41448fc2a58f789f4aa8 085cb437c01b4d4a999826f8a660a490 - - 1f94308b18a14bc48b0e1d66633695aa 1f94308b18a14bc48b0e1d66633695aa] 10.0.0.252 "DELETE /resource_providers/91932e90-f15f-46db-8cf6-fa1ab77d51d6" status: 404 len: 246 microversion: 1.1 [pid: 7|app: 0|req: 573/1146] 10.0.0.252 () {34 vars in 816 bytes} [Wed Aug 19 00:47:36 2026] DELETE /resource_providers/91932e90-f15f-46db-8cf6-fa1ab77d51d6 => generated 246 bytes in 7 msecs (HTTP/1.1 404) 6 headers in 231 bytes (1 switches on core 0)
2026-08-19 00:47:36.768 8 INFO placement.requestlog [req-631eff87-ccbf-43f5-bf6d-a6a6b650530e req-2b0a13d7-abef-4d2a-b911-c72053efd311 03d00f263e384171888df1cb527def05 085cb437c01b4d4a999826f8a660a490 - - 1f94308b18a14bc48b0e1d66633695aa 1f94308b18a14bc48b0e1d66633695aa] 10.0.0.193 "GET /allocation_candidates?limit=1000&resources=DISK_GB%3A1%2CMEMORY_MB%3A512%2CVCPU%3A1&root_required=%21COMPUTE_STATUS_DISABLED" status: 200 len: 2642 microversion: 1.36 [pid: 8|app: 0|req: 574/1147] 10.0.0.193 () {34 vars in 1012 bytes} [Wed Aug 19 00:47:36 2026] GET /allocation_candidates?limit=1000&resources=DISK_GB%3A1%2CMEMORY_MB%3A512%2CVCPU%3A1&root_required=%21COMPUTE_STATUS_DISABLED => generated 2642 bytes in 44 msecs (HTTP/1.1 200) 8 headers in 297 bytes (1 switches on core 0)
2026-08-19 00:47:36.793 7 INFO placement.requestlog [req-631eff87-ccbf-43f5-bf6d-a6a6b650530e req-360669cd-57d9-4bb8-a988-f542a2d66ea7 03d00f263e384171888df1cb527def05 085cb437c01b4d4a999826f8a660a490 - - 1f94308b18a14bc48b0e1d66633695aa 1f94308b18a14bc48b0e1d66633695aa] 10.0.0.193 "GET /allocations/1d96c78f-116c-4b45-b018-cbea14266664" status: 200 len: 19 microversion: 1.28 [pid: 7|app: 0|req: 574/1148] 10.0.0.193 () {34 vars in 861 bytes} [Wed Aug 19 00:47:36 2026] GET /allocations/1d96c78f-116c-4b45-b018-cbea14266664 => generated 19 bytes in 10 msecs (HTTP/1.1 200) 8 headers in 295 bytes (1 switches on core 0)
2026-08-19 00:47:36.846 8 INFO placement.requestlog [req-631eff87-ccbf-43f5-bf6d-a6a6b650530e req-b016b3cf-5ff2-4d42-9d20-112c90b99d02 03d00f263e384171888df1cb527def05 085cb437c01b4d4a999826f8a660a490 - - 1f94308b18a14bc48b0e1d66633695aa 1f94308b18a14bc48b0e1d66633695aa] 10.0.0.193 "PUT /allocations/1d96c78f-116c-4b45-b018-cbea14266664" status: 204 len: 0 microversion: 1.36 [pid: 8|app: 0|req: 575/1149] 10.0.0.193 () {38 vars in 914 bytes} [Wed Aug 19 00:47:36 2026] PUT /allocations/1d96c78f-116c-4b45-b018-cbea14266664 => generated 0 bytes in 50 msecs (HTTP/1.1 204) 5 headers in 199 bytes (1 switches on core 0)
2026-08-19 00:47:38.359 7 INFO placement.requestlog [req-631eff87-ccbf-43f5-bf6d-a6a6b650530e req-ef7c8d50-6617-41bb-b147-90e1ee458bd3 03d00f263e384171888df1cb527def05 085cb437c01b4d4a999826f8a660a490 - - 1f94308b18a14bc48b0e1d66633695aa 1f94308b18a14bc48b0e1d66633695aa] 199.204.45.182 "GET /allocations/1d96c78f-116c-4b45-b018-cbea14266664" status: 200 len: 258 microversion: 1.28 [pid: 7|app: 0|req: 575/1150] 199.204.45.182 () {34 vars in 863 bytes} [Wed Aug 19 00:47:38 2026] GET /allocations/1d96c78f-116c-4b45-b018-cbea14266664 => generated 258 bytes in 13 msecs (HTTP/1.1 200) 8 headers in 296 bytes (1 switches on core 0)
2026-08-19 00:47:39.075 8 INFO placement.requestlog [None req-de82034f-353c-49f8-bf5f-92ffd6070496 - - - - - -] 10.0.0.128 "GET /" status: 200 len: 136 microversion: 1.0
2026-08-19 00:47:39.076 7 INFO placement.requestlog [None req-511a004d-1b76-4fbd-a154-02e559a6ac30 - - - - - -] 10.0.0.128 "GET /" status: 200 len: 136 microversion: 1.0
2026-08-19 00:47:39.401 8 INFO placement.requestlog [req-631eff87-ccbf-43f5-bf6d-a6a6b650530e req-bc9ad1fc-9041-4643-b7fd-a19d09ff796f 03d00f263e384171888df1cb527def05 085cb437c01b4d4a999826f8a660a490 - - 1f94308b18a14bc48b0e1d66633695aa 1f94308b18a14bc48b0e1d66633695aa] 199.204.45.182 "GET /resource_providers/f648a04d-220e-4b25-b5c9-aa9725b3db62/allocations" status: 200 len: 253 microversion: 1.0 [pid: 8|app: 0|req: 577/1153] 199.204.45.182 () {32 vars in 857 bytes} [Wed Aug 19 00:47:39 2026] GET /resource_providers/f648a04d-220e-4b25-b5c9-aa9725b3db62/allocations => generated 253 bytes in 15 msecs (HTTP/1.1 200) 6 headers in 224 bytes (1 switches on core 0)
2026-08-19 00:47:39.421 7 INFO placement.requestlog [req-631eff87-ccbf-43f5-bf6d-a6a6b650530e req-b6a82652-e644-427f-9719-e35cb7dd599e 03d00f263e384171888df1cb527def05 085cb437c01b4d4a999826f8a660a490 - - 1f94308b18a14bc48b0e1d66633695aa 1f94308b18a14bc48b0e1d66633695aa] 199.204.45.182 "GET /allocations/1d96c78f-116c-4b45-b018-cbea14266664" status: 200 len: 258 microversion: 1.28 [pid: 7|app: 0|req: 577/1154] 199.204.45.182 () {34 vars in 863 bytes} [Wed Aug 19 00:47:39 2026] GET /allocations/1d96c78f-116c-4b45-b018-cbea14266664 => generated 258 bytes in 13 msecs (HTTP/1.1 200) 8 headers in 296 bytes (1 switches on core 0)
2026-08-19 00:47:39.438 8 INFO placement.requestlog [req-631eff87-ccbf-43f5-bf6d-a6a6b650530e req-fbd0ab1b-81d6-496d-97fc-4f4fb45b85c7 03d00f263e384171888df1cb527def05 085cb437c01b4d4a999826f8a660a490 - - 1f94308b18a14bc48b0e1d66633695aa 1f94308b18a14bc48b0e1d66633695aa] 199.204.45.182 "GET /allocations/7e1a4a50-21ca-461e-a230-92594a79d986" status: 200 len: 258 microversion: 1.28 [pid: 8|app: 0|req: 578/1155] 199.204.45.182 () {34 vars in 863 bytes} [Wed Aug 19 00:47:39 2026] GET /allocations/7e1a4a50-21ca-461e-a230-92594a79d986 => generated 258 bytes in 12 msecs (HTTP/1.1 200) 8 headers in 296 bytes (1 switches on core 0)
2026-08-19 00:47:49.076 8 INFO placement.requestlog [None req-7df8a28f-8c42-407c-ac11-bb9164dd722b - - - - - -] 10.0.0.128 "GET /" status: 200 len: 136 microversion: 1.0
2026-08-19 00:47:49.076 7 INFO placement.requestlog [None req-49ae4594-41a9-4524-8fea-6a135a931139 - - - - - -] 10.0.0.128 "GET /" status: 200 len: 136 microversion: 1.0
2026-08-19 00:47:53.621 7 INFO placement.requestlog [None req-3c5a5e6d-51cd-4062-8ee2-853c36bde222 d3167d152acc41448fc2a58f789f4aa8 085cb437c01b4d4a999826f8a660a490 - - 1f94308b18a14bc48b0e1d66633695aa 1f94308b18a14bc48b0e1d66633695aa] 10.0.0.252 "GET /resource_providers/2623ddc4-25b9-43fc-b1c6-4dcb9bb83116/aggregates" status: 404 len: 235 microversion: 1.1 [pid: 7|app: 0|req: 579/1158] 10.0.0.252 () {32 vars in 816 bytes} [Wed Aug 19 00:47:53 2026] GET /resource_providers/2623ddc4-25b9-43fc-b1c6-4dcb9bb83116/aggregates => generated 235 bytes in 22 msecs (HTTP/1.1 404) 5 headers in 202 bytes (1 switches on core 0)
2026-08-19 00:47:53.622 8 INFO placement.requestlog [None req-1dc99475-4117-4d10-aa06-381e490d2655 d3167d152acc41448fc2a58f789f4aa8 085cb437c01b4d4a999826f8a660a490 - - 1f94308b18a14bc48b0e1d66633695aa 1f94308b18a14bc48b0e1d66633695aa] 10.0.0.252 "GET /resource_providers/2623ddc4-25b9-43fc-b1c6-4dcb9bb83116/aggregates" status: 404 len: 235 microversion: 1.1 [pid: 8|app: 0|req: 580/1159] 10.0.0.252 () {32 vars in 816 bytes} [Wed Aug 19 00:47:53 2026] GET /resource_providers/2623ddc4-25b9-43fc-b1c6-4dcb9bb83116/aggregates => generated 235 bytes in 23 msecs (HTTP/1.1 404) 5 headers in 202 bytes (1 switches on core 0)
2026-08-19 00:47:53.650 8 INFO placement.requestlog [None req-1eef7dc0-0b40-4b47-8b12-825a0497f723 d3167d152acc41448fc2a58f789f4aa8 085cb437c01b4d4a999826f8a660a490 - - 1f94308b18a14bc48b0e1d66633695aa 1f94308b18a14bc48b0e1d66633695aa] 10.0.0.252 "DELETE /resource_providers/2623ddc4-25b9-43fc-b1c6-4dcb9bb83116" status: 404 len: 246 microversion: 1.1 [pid: 8|app: 0|req: 581/1160] 10.0.0.252 () {34 vars in 816 bytes} [Wed Aug 19 00:47:53 2026] DELETE /resource_providers/2623ddc4-25b9-43fc-b1c6-4dcb9bb83116 => generated 246 bytes in 13 msecs (HTTP/1.1 404) 6 headers in 231 bytes (1 switches on core 0)
2026-08-19 00:47:53.653 7 INFO placement.requestlog [None req-ed1c8b8e-52bc-4e28-bc46-4a7260cc0598 d3167d152acc41448fc2a58f789f4aa8 085cb437c01b4d4a999826f8a660a490 - - 1f94308b18a14bc48b0e1d66633695aa 1f94308b18a14bc48b0e1d66633695aa] 10.0.0.252 "DELETE /resource_providers/2623ddc4-25b9-43fc-b1c6-4dcb9bb83116" status: 404 len: 246 microversion: 1.1 [pid: 7|app: 0|req: 580/1161] 10.0.0.252 () {34 vars in 816 bytes} [Wed Aug 19 00:47:53 2026] DELETE /resource_providers/2623ddc4-25b9-43fc-b1c6-4dcb9bb83116 => generated 246 bytes in 17 msecs (HTTP/1.1 404) 6 headers in 231 bytes (1 switches on core 0)
2026-08-19 00:47:57.401 8 INFO placement.requestlog [None req-cddacb49-2a86-41bc-9500-5fc7c413af57 d3167d152acc41448fc2a58f789f4aa8 085cb437c01b4d4a999826f8a660a490 - - 1f94308b18a14bc48b0e1d66633695aa 1f94308b18a14bc48b0e1d66633695aa] 10.0.0.252 "GET /resource_providers/0874cc42-68ba-41ba-8c47-153f9fd0fc5d/aggregates" status: 404 len: 235 microversion: 1.1 [pid: 8|app: 0|req: 582/1162] 10.0.0.252 () {32 vars in 816 bytes} [Wed Aug 19 00:47:57 2026] GET /resource_providers/0874cc42-68ba-41ba-8c47-153f9fd0fc5d/aggregates => generated 235 bytes in 12 msecs (HTTP/1.1 404) 5 headers in 202 bytes (1 switches on core 0)
2026-08-19 00:47:57.405 7 INFO placement.requestlog [None req-687510a7-f5da-4aa2-8257-333e5a11eccd d3167d152acc41448fc2a58f789f4aa8 085cb437c01b4d4a999826f8a660a490 - - 1f94308b18a14bc48b0e1d66633695aa 1f94308b18a14bc48b0e1d66633695aa] 10.0.0.252 "GET /resource_providers/0874cc42-68ba-41ba-8c47-153f9fd0fc5d/aggregates" status: 404 len: 235 microversion: 1.1 [pid: 7|app: 0|req: 581/1163] 10.0.0.252 () {32 vars in 816 bytes} [Wed Aug 19 00:47:57 2026] GET /resource_providers/0874cc42-68ba-41ba-8c47-153f9fd0fc5d/aggregates => generated 235 bytes in 16 msecs (HTTP/1.1 404) 5 headers in 202 bytes (1 switches on core 0)
2026-08-19 00:47:57.428 8 INFO placement.requestlog [None req-b3b1c1b9-264e-46cf-be05-8acc058b4320 d3167d152acc41448fc2a58f789f4aa8 085cb437c01b4d4a999826f8a660a490 - - 1f94308b18a14bc48b0e1d66633695aa 1f94308b18a14bc48b0e1d66633695aa] 10.0.0.252 "DELETE /resource_providers/0874cc42-68ba-41ba-8c47-153f9fd0fc5d" status: 404 len: 246 microversion: 1.1
2026-08-19 00:47:57.428 7 INFO placement.requestlog [None req-02d8b924-20f6-41d7-aacd-5009654acaac d3167d152acc41448fc2a58f789f4aa8 085cb437c01b4d4a999826f8a660a490 - - 1f94308b18a14bc48b0e1d66633695aa 1f94308b18a14bc48b0e1d66633695aa] 10.0.0.252 "DELETE /resource_providers/0874cc42-68ba-41ba-8c47-153f9fd0fc5d" status: 404 len: 246 microversion: 1.1 [pid: 8|app: 0|req: 583/1164] 10.0.0.252 () {34 vars in 816 bytes} [Wed Aug 19 00:47:57 2026] DELETE /resource_providers/0874cc42-68ba-41ba-8c47-153f9fd0fc5d => generated 246 bytes in 9 msecs (HTTP/1.1 404) 6 headers in 231 bytes (1 switches on core 0) [pid: 7|app: 0|req: 582/1165] 10.0.0.252 () {34 vars in 816 bytes} [Wed Aug 19 00:47:57 2026] DELETE /resource_providers/0874cc42-68ba-41ba-8c47-153f9fd0fc5d => generated 246 bytes in 8 msecs (HTTP/1.1 404) 6 headers in 231 bytes (1 switches on core 0)
2026-08-19 00:47:59.076 7 INFO placement.requestlog [None req-6b46b9dd-cc8c-49df-b236-4f9cd54eb433 - - - - - -] 10.0.0.128 "GET /" status: 200 len: 136 microversion: 1.0
2026-08-19 00:47:59.076 8 INFO placement.requestlog [None req-2387557e-a8c1-4cc4-8f1b-6756de5b2fb6 - - - - - -] 10.0.0.128 "GET /" status: 200 len: 136 microversion: 1.0
2026-08-19 00:48:01.964 8 INFO placement.requestlog [None req-ddc94484-995b-4d42-97fb-60dad8834c7e d3167d152acc41448fc2a58f789f4aa8 085cb437c01b4d4a999826f8a660a490 - - 1f94308b18a14bc48b0e1d66633695aa 1f94308b18a14bc48b0e1d66633695aa] 10.0.0.252 "GET /resource_providers/1ee39602-d50d-4da6-a525-b6084ee0f990/aggregates" status: 404 len: 235 microversion: 1.1 [pid: 8|app: 0|req: 585/1168] 10.0.0.252 () {32 vars in 816 bytes} [Wed Aug 19 00:48:01 2026] GET /resource_providers/1ee39602-d50d-4da6-a525-b6084ee0f990/aggregates => generated 235 bytes in 9 msecs (HTTP/1.1 404) 5 headers in 202 bytes (1 switches on core 0)
2026-08-19 00:48:01.965 7 INFO placement.requestlog [None req-f8efdba2-0579-4d79-97fd-4ea5ef9c58b2 d3167d152acc41448fc2a58f789f4aa8 085cb437c01b4d4a999826f8a660a490 - - 1f94308b18a14bc48b0e1d66633695aa 1f94308b18a14bc48b0e1d66633695aa] 10.0.0.252 "GET /resource_providers/1ee39602-d50d-4da6-a525-b6084ee0f990/aggregates" status: 404 len: 235 microversion: 1.1 [pid: 7|app: 0|req: 584/1169] 10.0.0.252 () {32 vars in 816 bytes} [Wed Aug 19 00:48:01 2026] GET /resource_providers/1ee39602-d50d-4da6-a525-b6084ee0f990/aggregates => generated 235 bytes in 10 msecs (HTTP/1.1 404) 5 headers in 202 bytes (1 switches on core 0)
2026-08-19 00:48:01.985 8 INFO placement.requestlog [None req-73f6904b-02e8-4859-b861-4af3854f2540 d3167d152acc41448fc2a58f789f4aa8 085cb437c01b4d4a999826f8a660a490 - - 1f94308b18a14bc48b0e1d66633695aa 1f94308b18a14bc48b0e1d66633695aa] 10.0.0.252 "DELETE /resource_providers/1ee39602-d50d-4da6-a525-b6084ee0f990" status: 404 len: 246 microversion: 1.1 [pid: 8|app: 0|req: 586/1170] 10.0.0.252 () {34 vars in 816 bytes} [Wed Aug 19 00:48:01 2026] DELETE /resource_providers/1ee39602-d50d-4da6-a525-b6084ee0f990 => generated 246 bytes in 10 msecs (HTTP/1.1 404) 6 headers in 231 bytes (1 switches on core 0)
2026-08-19 00:48:01.987 7 INFO placement.requestlog [None req-6e3960d3-3346-4c62-8e85-b4b8029221b3 d3167d152acc41448fc2a58f789f4aa8 085cb437c01b4d4a999826f8a660a490 - - 1f94308b18a14bc48b0e1d66633695aa 1f94308b18a14bc48b0e1d66633695aa] 10.0.0.252 "DELETE /resource_providers/1ee39602-d50d-4da6-a525-b6084ee0f990" status: 404 len: 246 microversion: 1.1 [pid: 7|app: 0|req: 585/1171] 10.0.0.252 () {34 vars in 816 bytes} [Wed Aug 19 00:48:01 2026] DELETE /resource_providers/1ee39602-d50d-4da6-a525-b6084ee0f990 => generated 246 bytes in 10 msecs (HTTP/1.1 404) 6 headers in 231 bytes (1 switches on core 0)
2026-08-19 00:48:02.293 8 INFO placement.requestlog [req-ff8bcb8d-e16f-4486-b38c-1529b9a3828b req-a5b1c3db-18cc-4d9b-ba31-609c7e9df03d 03d00f263e384171888df1cb527def05 085cb437c01b4d4a999826f8a660a490 - - 1f94308b18a14bc48b0e1d66633695aa 1f94308b18a14bc48b0e1d66633695aa] 199.204.45.182 "GET /resource_providers/f648a04d-220e-4b25-b5c9-aa9725b3db62/allocations" status: 200 len: 253 microversion: 1.0 [pid: 8|app: 0|req: 587/1172] 199.204.45.182 () {32 vars in 857 bytes} [Wed Aug 19 00:48:02 2026] GET /resource_providers/f648a04d-220e-4b25-b5c9-aa9725b3db62/allocations => generated 253 bytes in 70 msecs (HTTP/1.1 200) 6 headers in 224 bytes (1 switches on core 0)
2026-08-19 00:48:02.321 7 INFO placement.requestlog [req-ff8bcb8d-e16f-4486-b38c-1529b9a3828b req-8889acfe-eb4d-4206-9840-45e09f64d61a 03d00f263e384171888df1cb527def05 085cb437c01b4d4a999826f8a660a490 - - 1f94308b18a14bc48b0e1d66633695aa 1f94308b18a14bc48b0e1d66633695aa] 199.204.45.182 "GET /resource_providers?in_tree=f648a04d-220e-4b25-b5c9-aa9725b3db62" status: 200 len: 798 microversion: 1.14 [pid: 7|app: 0|req: 586/1173] 199.204.45.182 () {34 vars in 892 bytes} [Wed Aug 19 00:48:02 2026] GET /resource_providers?in_tree=f648a04d-220e-4b25-b5c9-aa9725b3db62 => generated 798 bytes in 21 msecs (HTTP/1.1 200) 6 headers in 225 bytes (1 switches on core 0)
2026-08-19 00:48:02.338 8 INFO placement.requestlog [req-ff8bcb8d-e16f-4486-b38c-1529b9a3828b req-4304f455-e12f-4de5-98c1-57728143127d 03d00f263e384171888df1cb527def05 085cb437c01b4d4a999826f8a660a490 - - 1f94308b18a14bc48b0e1d66633695aa 1f94308b18a14bc48b0e1d66633695aa] 199.204.45.182 "GET /resource_providers/f648a04d-220e-4b25-b5c9-aa9725b3db62/inventories" status: 200 len: 401 microversion: 1.0 [pid: 8|app: 0|req: 588/1174] 199.204.45.182 () {32 vars in 857 bytes} [Wed Aug 19 00:48:02 2026] GET /resource_providers/f648a04d-220e-4b25-b5c9-aa9725b3db62/inventories => generated 401 bytes in 13 msecs (HTTP/1.1 200) 6 headers in 224 bytes (1 switches on core 0)
2026-08-19 00:48:02.360 7 INFO placement.requestlog [req-ff8bcb8d-e16f-4486-b38c-1529b9a3828b req-42fe28b6-949f-498e-b9b6-1f51bc59b235 03d00f263e384171888df1cb527def05 085cb437c01b4d4a999826f8a660a490 - - 1f94308b18a14bc48b0e1d66633695aa 1f94308b18a14bc48b0e1d66633695aa] 199.204.45.182 "GET /resource_providers/f648a04d-220e-4b25-b5c9-aa9725b3db62/aggregates" status: 200 len: 54 microversion: 1.19 [pid: 7|app: 0|req: 587/1175] 199.204.45.182 () {34 vars in 899 bytes} [Wed Aug 19 00:48:02 2026] GET /resource_providers/f648a04d-220e-4b25-b5c9-aa9725b3db62/aggregates => generated 54 bytes in 18 msecs (HTTP/1.1 200) 8 headers in 295 bytes (1 switches on core 0)
2026-08-19 00:48:02.387 8 INFO placement.requestlog [req-ff8bcb8d-e16f-4486-b38c-1529b9a3828b req-a21b2e0a-1df8-4e71-ab79-63eaf171d646 03d00f263e384171888df1cb527def05 085cb437c01b4d4a999826f8a660a490 - - 1f94308b18a14bc48b0e1d66633695aa 1f94308b18a14bc48b0e1d66633695aa] 199.204.45.182 "GET /resource_providers/f648a04d-220e-4b25-b5c9-aa9725b3db62/traits" status: 200 len: 2176 microversion: 1.6 [pid: 8|app: 0|req: 589/1176] 199.204.45.182 () {34 vars in 890 bytes} [Wed Aug 19 00:48:02 2026] GET /resource_providers/f648a04d-220e-4b25-b5c9-aa9725b3db62/traits => generated 2176 bytes in 20 msecs (HTTP/1.1 200) 6 headers in 225 bytes (1 switches on core 0)
2026-08-19 00:48:02.414 7 INFO placement.requestlog [req-ff8bcb8d-e16f-4486-b38c-1529b9a3828b req-bc561a32-fb0b-4b9e-983b-49100aeba617 03d00f263e384171888df1cb527def05 085cb437c01b4d4a999826f8a660a490 - - 1f94308b18a14bc48b0e1d66633695aa 1f94308b18a14bc48b0e1d66633695aa] 199.204.45.182 "GET /resource_providers/f648a04d-220e-4b25-b5c9-aa9725b3db62/allocations" status: 200 len: 253 microversion: 1.0 [pid: 7|app: 0|req: 588/1177] 199.204.45.182 () {32 vars in 857 bytes} [Wed Aug 19 00:48:02 2026] GET /resource_providers/f648a04d-220e-4b25-b5c9-aa9725b3db62/allocations => generated 253 bytes in 21 msecs (HTTP/1.1 200) 6 headers in 224 bytes (1 switches on core 0)
2026-08-19 00:48:02.433 8 INFO placement.requestlog [req-ff8bcb8d-e16f-4486-b38c-1529b9a3828b req-9dc728bb-1038-41c8-9e37-fe1e7aa5443e 03d00f263e384171888df1cb527def05 085cb437c01b4d4a999826f8a660a490 - - 1f94308b18a14bc48b0e1d66633695aa 1f94308b18a14bc48b0e1d66633695aa] 199.204.45.182 "GET /allocations/1d96c78f-116c-4b45-b018-cbea14266664" status: 200 len: 258 microversion: 1.28 [pid: 8|app: 0|req: 590/1178] 199.204.45.182 () {34 vars in 863 bytes} [Wed Aug 19 00:48:02 2026] GET /allocations/1d96c78f-116c-4b45-b018-cbea14266664 => generated 258 bytes in 12 msecs (HTTP/1.1 200) 8 headers in 296 bytes (1 switches on core 0)
2026-08-19 00:48:02.460 7 INFO placement.requestlog [req-ff8bcb8d-e16f-4486-b38c-1529b9a3828b req-996be19f-5e38-40ee-8097-916326c06513 03d00f263e384171888df1cb527def05 085cb437c01b4d4a999826f8a660a490 - - 1f94308b18a14bc48b0e1d66633695aa 1f94308b18a14bc48b0e1d66633695aa] 199.204.45.182 "GET /allocations/7e1a4a50-21ca-461e-a230-92594a79d986" status: 200 len: 258 microversion: 1.28 [pid: 7|app: 0|req: 589/1179] 199.204.45.182 () {34 vars in 863 bytes} [Wed Aug 19 00:48:02 2026] GET /allocations/7e1a4a50-21ca-461e-a230-92594a79d986 => generated 258 bytes in 21 msecs (HTTP/1.1 200) 8 headers in 296 bytes (1 switches on core 0)
2026-08-19 00:48:09.076 8 INFO placement.requestlog [None req-2b1ce74e-89c0-4e36-a43b-31ed1e341037 - - - - - -] 10.0.0.128 "GET /" status: 200 len: 136 microversion: 1.0
2026-08-19 00:48:09.076 7 INFO placement.requestlog [None req-7c1e415b-9e32-4288-ba1c-1d4689b6ff17 - - - - - -] 10.0.0.128 "GET /" status: 200 len: 136 microversion: 1.0
2026-08-19 00:48:13.018 8 INFO placement.requestlog [None req-4eb1011e-5f86-4cea-ba84-003f783f3ed9 d3167d152acc41448fc2a58f789f4aa8 085cb437c01b4d4a999826f8a660a490 - - 1f94308b18a14bc48b0e1d66633695aa 1f94308b18a14bc48b0e1d66633695aa] 10.0.0.252 "GET /resource_providers/80ec050a-012b-417c-8aae-d6ddf636fa88/aggregates" status: 404 len: 235 microversion: 1.1
2026-08-19 00:48:13.018 7 INFO placement.requestlog [None req-63aedf56-f8cb-48e3-84a3-4b9ff78157f6 d3167d152acc41448fc2a58f789f4aa8 085cb437c01b4d4a999826f8a660a490 - - 1f94308b18a14bc48b0e1d66633695aa 1f94308b18a14bc48b0e1d66633695aa] 10.0.0.252 "GET /resource_providers/80ec050a-012b-417c-8aae-d6ddf636fa88/aggregates" status: 404 len: 235 microversion: 1.1 [pid: 8|app: 0|req: 592/1182] 10.0.0.252 () {32 vars in 816 bytes} [Wed Aug 19 00:48:13 2026] GET /resource_providers/80ec050a-012b-417c-8aae-d6ddf636fa88/aggregates => generated 235 bytes in 14 msecs (HTTP/1.1 404) 5 headers in 202 bytes (1 switches on core 0) [pid: 7|app: 0|req: 591/1183] 10.0.0.252 () {32 vars in 816 bytes} [Wed Aug 19 00:48:13 2026] GET /resource_providers/80ec050a-012b-417c-8aae-d6ddf636fa88/aggregates => generated 235 bytes in 12 msecs (HTTP/1.1 404) 5 headers in 202 bytes (1 switches on core 0)
2026-08-19 00:48:13.037 8 INFO placement.requestlog [None req-193d984e-5f45-48bb-83f9-22f59ed4f5bb d3167d152acc41448fc2a58f789f4aa8 085cb437c01b4d4a999826f8a660a490 - - 1f94308b18a14bc48b0e1d66633695aa 1f94308b18a14bc48b0e1d66633695aa] 10.0.0.252 "DELETE /resource_providers/80ec050a-012b-417c-8aae-d6ddf636fa88" status: 404 len: 246 microversion: 1.1 [pid: 8|app: 0|req: 593/1184] 10.0.0.252 () {34 vars in 816 bytes} [Wed Aug 19 00:48:13 2026] DELETE /resource_providers/80ec050a-012b-417c-8aae-d6ddf636fa88 => generated 246 bytes in 9 msecs (HTTP/1.1 404) 6 headers in 231 bytes (1 switches on core 0)
2026-08-19 00:48:13.043 7 INFO placement.requestlog [None req-9d2b8e7c-7276-4c17-a533-3cc75b084e7d d3167d152acc41448fc2a58f789f4aa8 085cb437c01b4d4a999826f8a660a490 - - 1f94308b18a14bc48b0e1d66633695aa 1f94308b18a14bc48b0e1d66633695aa] 10.0.0.252 "DELETE /resource_providers/80ec050a-012b-417c-8aae-d6ddf636fa88" status: 404 len: 246 microversion: 1.1 [pid: 7|app: 0|req: 592/1185] 10.0.0.252 () {34 vars in 816 bytes} [Wed Aug 19 00:48:13 2026] DELETE /resource_providers/80ec050a-012b-417c-8aae-d6ddf636fa88 => generated 246 bytes in 11 msecs (HTTP/1.1 404) 6 headers in 231 bytes (1 switches on core 0)
2026-08-19 00:48:15.063 8 INFO placement.requestlog [None req-30de9cd6-28f9-4232-a080-2ed20b4ea349 d3167d152acc41448fc2a58f789f4aa8 085cb437c01b4d4a999826f8a660a490 - - 1f94308b18a14bc48b0e1d66633695aa 1f94308b18a14bc48b0e1d66633695aa] 10.0.0.252 "GET /resource_providers/3d9b1422-847d-40e5-8415-8ad23c1a8fd8/aggregates" status: 404 len: 235 microversion: 1.1 [pid: 8|app: 0|req: 594/1186] 10.0.0.252 () {32 vars in 816 bytes} [Wed Aug 19 00:48:15 2026] GET /resource_providers/3d9b1422-847d-40e5-8415-8ad23c1a8fd8/aggregates => generated 235 bytes in 8 msecs (HTTP/1.1 404) 5 headers in 202 bytes (1 switches on core 0)
2026-08-19 00:48:15.067 7 INFO placement.requestlog [None req-5704912a-559c-403c-954e-938744ea3b44 d3167d152acc41448fc2a58f789f4aa8 085cb437c01b4d4a999826f8a660a490 - - 1f94308b18a14bc48b0e1d66633695aa 1f94308b18a14bc48b0e1d66633695aa] 10.0.0.252 "GET /resource_providers/3d9b1422-847d-40e5-8415-8ad23c1a8fd8/aggregates" status: 404 len: 235 microversion: 1.1 [pid: 7|app: 0|req: 593/1187] 10.0.0.252 () {32 vars in 816 bytes} [Wed Aug 19 00:48:15 2026] GET /resource_providers/3d9b1422-847d-40e5-8415-8ad23c1a8fd8/aggregates => generated 235 bytes in 10 msecs (HTTP/1.1 404) 5 headers in 202 bytes (1 switches on core 0)
2026-08-19 00:48:15.084 8 INFO placement.requestlog [None req-269b0883-282a-48ea-b3f2-2b56f2c6e4fe d3167d152acc41448fc2a58f789f4aa8 085cb437c01b4d4a999826f8a660a490 - - 1f94308b18a14bc48b0e1d66633695aa 1f94308b18a14bc48b0e1d66633695aa] 10.0.0.252 "DELETE /resource_providers/3d9b1422-847d-40e5-8415-8ad23c1a8fd8" status: 404 len: 246 microversion: 1.1 [pid: 8|app: 0|req: 595/1188] 10.0.0.252 () {34 vars in 816 bytes} [Wed Aug 19 00:48:15 2026] DELETE /resource_providers/3d9b1422-847d-40e5-8415-8ad23c1a8fd8 => generated 246 bytes in 8 msecs (HTTP/1.1 404) 6 headers in 231 bytes (1 switches on core 0)
2026-08-19 00:48:15.089 7 INFO placement.requestlog [None req-a454b9f1-e48f-4415-af7f-b84686fc4c15 d3167d152acc41448fc2a58f789f4aa8 085cb437c01b4d4a999826f8a660a490 - - 1f94308b18a14bc48b0e1d66633695aa 1f94308b18a14bc48b0e1d66633695aa] 10.0.0.252 "DELETE /resource_providers/3d9b1422-847d-40e5-8415-8ad23c1a8fd8" status: 404 len: 246 microversion: 1.1 [pid: 7|app: 0|req: 594/1189] 10.0.0.252 () {34 vars in 816 bytes} [Wed Aug 19 00:48:15 2026] DELETE /resource_providers/3d9b1422-847d-40e5-8415-8ad23c1a8fd8 => generated 246 bytes in 12 msecs (HTTP/1.1 404) 6 headers in 231 bytes (1 switches on core 0)
2026-08-19 00:48:15.101 8 INFO placement.requestlog [None req-489dcbfc-f096-4ddf-8f65-682711200c58 d3167d152acc41448fc2a58f789f4aa8 085cb437c01b4d4a999826f8a660a490 - - 1f94308b18a14bc48b0e1d66633695aa 1f94308b18a14bc48b0e1d66633695aa] 10.0.0.252 "GET /resource_providers/140ef0e8-28c5-424c-91ae-2c4413c0961b/aggregates" status: 404 len: 235 microversion: 1.1 [pid: 8|app: 0|req: 596/1190] 10.0.0.252 () {32 vars in 816 bytes} [Wed Aug 19 00:48:15 2026] GET /resource_providers/140ef0e8-28c5-424c-91ae-2c4413c0961b/aggregates => generated 235 bytes in 8 msecs (HTTP/1.1 404) 5 headers in 202 bytes (1 switches on core 0)
2026-08-19 00:48:15.103 7 INFO placement.requestlog [None req-e9904cf4-67d7-46af-b6f8-4f071435a284 d3167d152acc41448fc2a58f789f4aa8 085cb437c01b4d4a999826f8a660a490 - - 1f94308b18a14bc48b0e1d66633695aa 1f94308b18a14bc48b0e1d66633695aa] 10.0.0.252 "GET /resource_providers/140ef0e8-28c5-424c-91ae-2c4413c0961b/aggregates" status: 404 len: 235 microversion: 1.1 [pid: 7|app: 0|req: 595/1191] 10.0.0.252 () {32 vars in 816 bytes} [Wed Aug 19 00:48:15 2026] GET /resource_providers/140ef0e8-28c5-424c-91ae-2c4413c0961b/aggregates => generated 235 bytes in 7 msecs (HTTP/1.1 404) 5 headers in 202 bytes (1 switches on core 0)
2026-08-19 00:48:15.122 8 INFO placement.requestlog [None req-bf69a09c-95bc-4ddf-9ade-9439fce2ace4 d3167d152acc41448fc2a58f789f4aa8 085cb437c01b4d4a999826f8a660a490 - - 1f94308b18a14bc48b0e1d66633695aa 1f94308b18a14bc48b0e1d66633695aa] 10.0.0.252 "DELETE /resource_providers/140ef0e8-28c5-424c-91ae-2c4413c0961b" status: 404 len: 246 microversion: 1.1 [pid: 8|app: 0|req: 597/1192] 10.0.0.252 () {34 vars in 816 bytes} [Wed Aug 19 00:48:15 2026] DELETE /resource_providers/140ef0e8-28c5-424c-91ae-2c4413c0961b => generated 246 bytes in 10 msecs (HTTP/1.1 404) 6 headers in 231 bytes (1 switches on core 0)
2026-08-19 00:48:15.124 7 INFO placement.requestlog [None req-925259ef-c8bb-4995-a6bf-abc6432572d3 d3167d152acc41448fc2a58f789f4aa8 085cb437c01b4d4a999826f8a660a490 - - 1f94308b18a14bc48b0e1d66633695aa 1f94308b18a14bc48b0e1d66633695aa] 10.0.0.252 "DELETE /resource_providers/140ef0e8-28c5-424c-91ae-2c4413c0961b" status: 404 len: 246 microversion: 1.1 [pid: 7|app: 0|req: 596/1193] 10.0.0.252 () {34 vars in 816 bytes} [Wed Aug 19 00:48:15 2026] DELETE /resource_providers/140ef0e8-28c5-424c-91ae-2c4413c0961b => generated 246 bytes in 13 msecs (HTTP/1.1 404) 6 headers in 231 bytes (1 switches on core 0)
2026-08-19 00:48:19.076 7 INFO placement.requestlog [None req-af2404c8-95ab-4986-8e15-85c528faff2e - - - - - -] 10.0.0.128 "GET /" status: 200 len: 136 microversion: 1.0
2026-08-19 00:48:19.076 8 INFO placement.requestlog [None req-f4e6d8b6-5c64-4d21-b3fb-79d1f0e9b509 - - - - - -] 10.0.0.128 "GET /" status: 200 len: 136 microversion: 1.0
2026-08-19 00:48:22.057 7 INFO placement.requestlog [req-601c3f99-3101-49ee-9a79-d08f99ef1474 req-db9941d2-0093-400b-b1d2-51ed4d52789d 03d00f263e384171888df1cb527def05 085cb437c01b4d4a999826f8a660a490 - - 1f94308b18a14bc48b0e1d66633695aa 1f94308b18a14bc48b0e1d66633695aa] 10.0.0.193 "GET /allocation_candidates?limit=1000&resources=MEMORY_MB%3A2048%2CVCPU%3A2&root_required=%21COMPUTE_STATUS_DISABLED" status: 200 len: 2630 microversion: 1.36 [pid: 7|app: 0|req: 598/1196] 10.0.0.193 () {34 vars in 986 bytes} [Wed Aug 19 00:48:22 2026] GET /allocation_candidates?limit=1000&resources=MEMORY_MB%3A2048%2CVCPU%3A2&root_required=%21COMPUTE_STATUS_DISABLED => generated 2630 bytes in 41 msecs (HTTP/1.1 200) 8 headers in 297 bytes (1 switches on core 0)
2026-08-19 00:48:22.081 8 INFO placement.requestlog [req-601c3f99-3101-49ee-9a79-d08f99ef1474 req-d5a583b6-6afd-44a4-acfe-42a867f06258 03d00f263e384171888df1cb527def05 085cb437c01b4d4a999826f8a660a490 - - 1f94308b18a14bc48b0e1d66633695aa 1f94308b18a14bc48b0e1d66633695aa] 10.0.0.193 "GET /allocations/a19f1d8b-8155-4312-b679-5d67f937d300" status: 200 len: 19 microversion: 1.28 [pid: 8|app: 0|req: 599/1197] 10.0.0.193 () {34 vars in 861 bytes} [Wed Aug 19 00:48:22 2026] GET /allocations/a19f1d8b-8155-4312-b679-5d67f937d300 => generated 19 bytes in 9 msecs (HTTP/1.1 200) 8 headers in 295 bytes (1 switches on core 0)
2026-08-19 00:48:22.148 7 INFO placement.requestlog [req-601c3f99-3101-49ee-9a79-d08f99ef1474 req-5108e3c2-6a17-42ea-9a0c-7ee8179a576e 03d00f263e384171888df1cb527def05 085cb437c01b4d4a999826f8a660a490 - - 1f94308b18a14bc48b0e1d66633695aa 1f94308b18a14bc48b0e1d66633695aa] 10.0.0.193 "PUT /allocations/a19f1d8b-8155-4312-b679-5d67f937d300" status: 204 len: 0 microversion: 1.36 [pid: 7|app: 0|req: 599/1198] 10.0.0.193 () {38 vars in 914 bytes} [Wed Aug 19 00:48:22 2026] PUT /allocations/a19f1d8b-8155-4312-b679-5d67f937d300 => generated 0 bytes in 61 msecs (HTTP/1.1 204) 5 headers in 199 bytes (1 switches on core 0)
2026-08-19 00:48:23.650 8 INFO placement.requestlog [req-601c3f99-3101-49ee-9a79-d08f99ef1474 req-7d5c5ffd-fb35-405c-92f1-c61f01310088 03d00f263e384171888df1cb527def05 085cb437c01b4d4a999826f8a660a490 - - 1f94308b18a14bc48b0e1d66633695aa 1f94308b18a14bc48b0e1d66633695aa] 199.204.45.182 "GET /allocations/a19f1d8b-8155-4312-b679-5d67f937d300" status: 200 len: 245 microversion: 1.28 [pid: 8|app: 0|req: 600/1199] 199.204.45.182 () {34 vars in 863 bytes} [Wed Aug 19 00:48:23 2026] GET /allocations/a19f1d8b-8155-4312-b679-5d67f937d300 => generated 245 bytes in 13 msecs (HTTP/1.1 200) 8 headers in 296 bytes (1 switches on core 0)
2026-08-19 00:48:24.702 7 INFO placement.requestlog [req-601c3f99-3101-49ee-9a79-d08f99ef1474 req-f0a70077-9f99-4712-8fb3-5274b5ae2ad8 03d00f263e384171888df1cb527def05 085cb437c01b4d4a999826f8a660a490 - - 1f94308b18a14bc48b0e1d66633695aa 1f94308b18a14bc48b0e1d66633695aa] 199.204.45.182 "GET /resource_providers/f648a04d-220e-4b25-b5c9-aa9725b3db62/allocations" status: 200 len: 340 microversion: 1.0 [pid: 7|app: 0|req: 600/1200] 199.204.45.182 () {32 vars in 857 bytes} [Wed Aug 19 00:48:24 2026] GET /resource_providers/f648a04d-220e-4b25-b5c9-aa9725b3db62/allocations => generated 340 bytes in 21 msecs (HTTP/1.1 200) 6 headers in 224 bytes (1 switches on core 0)
2026-08-19 00:48:24.729 8 INFO placement.requestlog [req-601c3f99-3101-49ee-9a79-d08f99ef1474 req-6c905a58-401a-4790-afc5-a063e7650f84 03d00f263e384171888df1cb527def05 085cb437c01b4d4a999826f8a660a490 - - 1f94308b18a14bc48b0e1d66633695aa 1f94308b18a14bc48b0e1d66633695aa] 199.204.45.182 "GET /allocations/1d96c78f-116c-4b45-b018-cbea14266664" status: 200 len: 258 microversion: 1.28 [pid: 8|app: 0|req: 601/1201] 199.204.45.182 () {34 vars in 863 bytes} [Wed Aug 19 00:48:24 2026] GET /allocations/1d96c78f-116c-4b45-b018-cbea14266664 => generated 258 bytes in 18 msecs (HTTP/1.1 200) 8 headers in 296 bytes (1 switches on core 0)
2026-08-19 00:48:24.748 7 INFO placement.requestlog [req-601c3f99-3101-49ee-9a79-d08f99ef1474 req-b70f517a-b24f-41bd-91c8-c1d74f08a98e 03d00f263e384171888df1cb527def05 085cb437c01b4d4a999826f8a660a490 - - 1f94308b18a14bc48b0e1d66633695aa 1f94308b18a14bc48b0e1d66633695aa] 199.204.45.182 "GET /allocations/7e1a4a50-21ca-461e-a230-92594a79d986" status: 200 len: 258 microversion: 1.28 [pid: 7|app: 0|req: 601/1202] 199.204.45.182 () {34 vars in 863 bytes} [Wed Aug 19 00:48:24 2026] GET /allocations/7e1a4a50-21ca-461e-a230-92594a79d986 => generated 258 bytes in 12 msecs (HTTP/1.1 200) 8 headers in 296 bytes (1 switches on core 0)
2026-08-19 00:48:24.776 8 INFO placement.requestlog [req-601c3f99-3101-49ee-9a79-d08f99ef1474 req-471ef754-48af-4294-acad-a178d20c02bb 03d00f263e384171888df1cb527def05 085cb437c01b4d4a999826f8a660a490 - - 1f94308b18a14bc48b0e1d66633695aa 1f94308b18a14bc48b0e1d66633695aa] 199.204.45.182 "GET /allocations/a19f1d8b-8155-4312-b679-5d67f937d300" status: 200 len: 245 microversion: 1.28 [pid: 8|app: 0|req: 602/1203] 199.204.45.182 () {34 vars in 863 bytes} [Wed Aug 19 00:48:24 2026] GET /allocations/a19f1d8b-8155-4312-b679-5d67f937d300 => generated 245 bytes in 20 msecs (HTTP/1.1 200) 8 headers in 296 bytes (1 switches on core 0)
2026-08-19 00:48:29.075 7 INFO placement.requestlog [None req-3b87c104-9f5b-4b23-9f54-a5f9906e1b0a - - - - - -] 10.0.0.128 "GET /" status: 200 len: 136 microversion: 1.0
2026-08-19 00:48:29.075 8 INFO placement.requestlog [None req-7ee82210-20cd-472e-ad56-29c5aec69145 - - - - - -] 10.0.0.128 "GET /" status: 200 len: 136 microversion: 1.0
2026-08-19 00:48:39.075 7 INFO placement.requestlog [None req-df2b1a09-3c52-4d85-a0d9-398e126cf304 - - - - - -] 10.0.0.128 "GET /" status: 200 len: 136 microversion: 1.0
2026-08-19 00:48:39.076 8 INFO placement.requestlog [None req-c71ccb6d-c91b-48da-bab9-aa19ccc5e709 - - - - - -] 10.0.0.128 "GET /" status: 200 len: 136 microversion: 1.0
2026-08-19 00:48:49.076 7 INFO placement.requestlog [None req-bf14b251-affa-4dfe-808d-f536b6b91856 - - - - - -] 10.0.0.128 "GET /" status: 200 len: 136 microversion: 1.0
2026-08-19 00:48:49.076 8 INFO placement.requestlog [None req-203e76f3-072b-49cc-9c80-c6119284ad1d - - - - - -] 10.0.0.128 "GET /" status: 200 len: 136 microversion: 1.0
2026-08-19 00:48:59.075 8 INFO placement.requestlog [None req-4d3c12e4-0edd-42c4-996c-b85b5a389d46 - - - - - -] 10.0.0.128 "GET /" status: 200 len: 136 microversion: 1.0
2026-08-19 00:48:59.075 7 INFO placement.requestlog [None req-4ab9b91d-861b-480a-a6bb-109a5af315d6 - - - - - -] 10.0.0.128 "GET /" status: 200 len: 136 microversion: 1.0
2026-08-19 00:49:04.977 8 INFO placement.requestlog [req-86fd7d50-5ee8-4ea6-b09f-5d1cd859a883 req-f9ead8fa-a428-4c52-b5ec-c11719220027 03d00f263e384171888df1cb527def05 085cb437c01b4d4a999826f8a660a490 - - 1f94308b18a14bc48b0e1d66633695aa 1f94308b18a14bc48b0e1d66633695aa] 199.204.45.182 "GET /resource_providers/f648a04d-220e-4b25-b5c9-aa9725b3db62/allocations" status: 200 len: 340 microversion: 1.0 [pid: 8|app: 0|req: 607/1212] 199.204.45.182 () {32 vars in 857 bytes} [Wed Aug 19 00:49:04 2026] GET /resource_providers/f648a04d-220e-4b25-b5c9-aa9725b3db62/allocations => generated 340 bytes in 38 msecs (HTTP/1.1 200) 6 headers in 224 bytes (1 switches on core 0)
2026-08-19 00:49:05.001 7 INFO placement.requestlog [req-86fd7d50-5ee8-4ea6-b09f-5d1cd859a883 req-2caf3c38-7d3a-4c21-a227-fbd3a12e572c 03d00f263e384171888df1cb527def05 085cb437c01b4d4a999826f8a660a490 - - 1f94308b18a14bc48b0e1d66633695aa 1f94308b18a14bc48b0e1d66633695aa] 199.204.45.182 "GET /resource_providers/f648a04d-220e-4b25-b5c9-aa9725b3db62/allocations" status: 200 len: 340 microversion: 1.0 [pid: 7|app: 0|req: 606/1213] 199.204.45.182 () {32 vars in 857 bytes} [Wed Aug 19 00:49:04 2026] GET /resource_providers/f648a04d-220e-4b25-b5c9-aa9725b3db62/allocations => generated 340 bytes in 16 msecs (HTTP/1.1 200) 6 headers in 224 bytes (1 switches on core 0)
2026-08-19 00:49:05.018 8 INFO placement.requestlog [req-86fd7d50-5ee8-4ea6-b09f-5d1cd859a883 req-1b5da4b4-b3cf-4534-b6d8-109f5f7a4e50 03d00f263e384171888df1cb527def05 085cb437c01b4d4a999826f8a660a490 - - 1f94308b18a14bc48b0e1d66633695aa 1f94308b18a14bc48b0e1d66633695aa] 199.204.45.182 "GET /allocations/1d96c78f-116c-4b45-b018-cbea14266664" status: 200 len: 258 microversion: 1.28 [pid: 8|app: 0|req: 608/1214] 199.204.45.182 () {34 vars in 863 bytes} [Wed Aug 19 00:49:05 2026] GET /allocations/1d96c78f-116c-4b45-b018-cbea14266664 => generated 258 bytes in 11 msecs (HTTP/1.1 200) 8 headers in 296 bytes (1 switches on core 0)
2026-08-19 00:49:05.041 7 INFO placement.requestlog [req-86fd7d50-5ee8-4ea6-b09f-5d1cd859a883 req-7607146f-104c-4260-9a91-f54270a93e4c 03d00f263e384171888df1cb527def05 085cb437c01b4d4a999826f8a660a490 - - 1f94308b18a14bc48b0e1d66633695aa 1f94308b18a14bc48b0e1d66633695aa] 199.204.45.182 "GET /allocations/7e1a4a50-21ca-461e-a230-92594a79d986" status: 200 len: 258 microversion: 1.28 [pid: 7|app: 0|req: 607/1215] 199.204.45.182 () {34 vars in 863 bytes} [Wed Aug 19 00:49:05 2026] GET /allocations/7e1a4a50-21ca-461e-a230-92594a79d986 => generated 258 bytes in 18 msecs (HTTP/1.1 200) 8 headers in 296 bytes (1 switches on core 0)
2026-08-19 00:49:05.057 8 INFO placement.requestlog [req-86fd7d50-5ee8-4ea6-b09f-5d1cd859a883 req-bd900495-0326-4cf5-b048-3074e7b4d4df 03d00f263e384171888df1cb527def05 085cb437c01b4d4a999826f8a660a490 - - 1f94308b18a14bc48b0e1d66633695aa 1f94308b18a14bc48b0e1d66633695aa] 199.204.45.182 "GET /allocations/a19f1d8b-8155-4312-b679-5d67f937d300" status: 200 len: 245 microversion: 1.28 [pid: 8|app: 0|req: 609/1216] 199.204.45.182 () {34 vars in 863 bytes} [Wed Aug 19 00:49:05 2026] GET /allocations/a19f1d8b-8155-4312-b679-5d67f937d300 => generated 245 bytes in 10 msecs (HTTP/1.1 200) 8 headers in 296 bytes (1 switches on core 0)
2026-08-19 00:49:09.079 7 INFO placement.requestlog [None req-66a814ed-76d1-4b5d-85d9-8a325358effb - - - - - -] 10.0.0.128 "GET /" status: 200 len: 136 microversion: 1.0
2026-08-19 00:49:09.082 8 INFO placement.requestlog [None req-11e1bba1-4ff4-4622-a65c-3f22ba82145d - - - - - -] 10.0.0.128 "GET /" status: 200 len: 136 microversion: 1.0
2026-08-19 00:49:19.075 7 INFO placement.requestlog [None req-92659708-1ea9-4fdf-b8cb-14b0c034d1a3 - - - - - -] 10.0.0.128 "GET /" status: 200 len: 136 microversion: 1.0
2026-08-19 00:49:19.076 8 INFO placement.requestlog [None req-254b0158-9ad2-42a1-8127-0af884c38c3f - - - - - -] 10.0.0.128 "GET /" status: 200 len: 136 microversion: 1.0
2026-08-19 00:49:29.075 7 INFO placement.requestlog [None req-d780ad7c-9d81-4d9d-b068-5190d95eaf98 - - - - - -] 10.0.0.128 "GET /" status: 200 len: 136 microversion: 1.0
2026-08-19 00:49:29.076 8 INFO placement.requestlog [None req-ef232a55-51b3-44eb-9d65-3924e2bf7824 - - - - - -] 10.0.0.128 "GET /" status: 200 len: 136 microversion: 1.0
2026-08-19 00:49:39.076 7 INFO placement.requestlog [None req-893fa1fe-b065-4d78-8bc3-c6cc30781e57 - - - - - -] 10.0.0.128 "GET /" status: 200 len: 136 microversion: 1.0
2026-08-19 00:49:39.076 8 INFO placement.requestlog [None req-7d4c7c36-769f-47eb-8e6a-57101e173c75 - - - - - -] 10.0.0.128 "GET /" status: 200 len: 136 microversion: 1.0
2026-08-19 00:49:49.076 7 INFO placement.requestlog [None req-683423b3-1025-47c4-9148-531b54099c4e - - - - - -] 10.0.0.128 "GET /" status: 200 len: 136 microversion: 1.0
2026-08-19 00:49:49.077 8 INFO placement.requestlog [None req-b46ca044-5547-4455-9c54-f314f0a929a4 - - - - - -] 10.0.0.128 "GET /" status: 200 len: 136 microversion: 1.0
2026-08-19 00:49:59.076 8 INFO placement.requestlog [None req-b8ede9d6-34c1-4897-8418-25b828d46da3 - - - - - -] 10.0.0.128 "GET /" status: 200 len: 136 microversion: 1.0
2026-08-19 00:49:59.076 7 INFO placement.requestlog [None req-cb928550-6c98-43d6-aa7b-f8a6b190b5a0 - - - - - -] 10.0.0.128 "GET /" status: 200 len: 136 microversion: 1.0
2026-08-19 00:50:06.615 8 INFO placement.requestlog [req-8d090b1e-fd9f-4ebc-b9a7-ea3f1046327f req-42b96fed-dab3-4c27-ac48-b5f24e80f104 03d00f263e384171888df1cb527def05 085cb437c01b4d4a999826f8a660a490 - - 1f94308b18a14bc48b0e1d66633695aa 1f94308b18a14bc48b0e1d66633695aa] 199.204.45.182 "GET /resource_providers/f648a04d-220e-4b25-b5c9-aa9725b3db62/allocations" status: 200 len: 340 microversion: 1.0 [pid: 8|app: 0|req: 616/1229] 199.204.45.182 () {32 vars in 857 bytes} [Wed Aug 19 00:50:06 2026] GET /resource_providers/f648a04d-220e-4b25-b5c9-aa9725b3db62/allocations => generated 340 bytes in 26 msecs (HTTP/1.1 200) 6 headers in 224 bytes (1 switches on core 0)
2026-08-19 00:50:06.650 7 INFO placement.requestlog [req-8d090b1e-fd9f-4ebc-b9a7-ea3f1046327f req-067a7131-e477-4eae-924c-57e2e42ebb40 03d00f263e384171888df1cb527def05 085cb437c01b4d4a999826f8a660a490 - - 1f94308b18a14bc48b0e1d66633695aa 1f94308b18a14bc48b0e1d66633695aa] 199.204.45.182 "GET /resource_providers/f648a04d-220e-4b25-b5c9-aa9725b3db62/allocations" status: 200 len: 340 microversion: 1.0 [pid: 7|app: 0|req: 614/1230] 199.204.45.182 () {32 vars in 857 bytes} [Wed Aug 19 00:50:06 2026] GET /resource_providers/f648a04d-220e-4b25-b5c9-aa9725b3db62/allocations => generated 340 bytes in 21 msecs (HTTP/1.1 200) 6 headers in 224 bytes (1 switches on core 0)
2026-08-19 00:50:06.674 8 INFO placement.requestlog [req-8d090b1e-fd9f-4ebc-b9a7-ea3f1046327f req-9ac7901c-864f-4c4d-8df9-27b3d98bc622 03d00f263e384171888df1cb527def05 085cb437c01b4d4a999826f8a660a490 - - 1f94308b18a14bc48b0e1d66633695aa 1f94308b18a14bc48b0e1d66633695aa] 199.204.45.182 "GET /allocations/1d96c78f-116c-4b45-b018-cbea14266664" status: 200 len: 258 microversion: 1.28 [pid: 8|app: 0|req: 617/1231] 199.204.45.182 () {34 vars in 863 bytes} [Wed Aug 19 00:50:06 2026] GET /allocations/1d96c78f-116c-4b45-b018-cbea14266664 => generated 258 bytes in 19 msecs (HTTP/1.1 200) 8 headers in 296 bytes (1 switches on core 0)
2026-08-19 00:50:06.696 7 INFO placement.requestlog [req-8d090b1e-fd9f-4ebc-b9a7-ea3f1046327f req-e7e818a2-8629-427d-a211-d97fd87baec1 03d00f263e384171888df1cb527def05 085cb437c01b4d4a999826f8a660a490 - - 1f94308b18a14bc48b0e1d66633695aa 1f94308b18a14bc48b0e1d66633695aa] 199.204.45.182 "GET /allocations/7e1a4a50-21ca-461e-a230-92594a79d986" status: 200 len: 258 microversion: 1.28 [pid: 7|app: 0|req: 615/1232] 199.204.45.182 () {34 vars in 863 bytes} [Wed Aug 19 00:50:06 2026] GET /allocations/7e1a4a50-21ca-461e-a230-92594a79d986 => generated 258 bytes in 16 msecs (HTTP/1.1 200) 8 headers in 296 bytes (1 switches on core 0)
2026-08-19 00:50:06.717 8 INFO placement.requestlog [req-8d090b1e-fd9f-4ebc-b9a7-ea3f1046327f req-cd28e8de-2112-472f-bb89-4102509235f0 03d00f263e384171888df1cb527def05 085cb437c01b4d4a999826f8a660a490 - - 1f94308b18a14bc48b0e1d66633695aa 1f94308b18a14bc48b0e1d66633695aa] 199.204.45.182 "GET /allocations/a19f1d8b-8155-4312-b679-5d67f937d300" status: 200 len: 245 microversion: 1.28 [pid: 8|app: 0|req: 618/1233] 199.204.45.182 () {34 vars in 863 bytes} [Wed Aug 19 00:50:06 2026] GET /allocations/a19f1d8b-8155-4312-b679-5d67f937d300 => generated 245 bytes in 14 msecs (HTTP/1.1 200) 8 headers in 296 bytes (1 switches on core 0)
2026-08-19 00:50:09.076 7 INFO placement.requestlog [None req-d2b167c7-275d-4c6c-8f25-430a07a0573a - - - - - -] 10.0.0.128 "GET /" status: 200 len: 136 microversion: 1.0
2026-08-19 00:50:09.076 8 INFO placement.requestlog [None req-7070785c-418a-4275-a1ee-585fabf17f86 - - - - - -] 10.0.0.128 "GET /" status: 200 len: 136 microversion: 1.0
2026-08-19 00:50:19.076 7 INFO placement.requestlog [None req-055773f1-c453-4585-b6fe-9e3263c878c3 - - - - - -] 10.0.0.128 "GET /" status: 200 len: 136 microversion: 1.0
2026-08-19 00:50:19.077 8 INFO placement.requestlog [None req-fb3f63f6-fd7b-4966-aa51-5d0df0cf9903 - - - - - -] 10.0.0.128 "GET /" status: 200 len: 136 microversion: 1.0
2026-08-19 00:50:29.076 7 INFO placement.requestlog [None req-868d975f-aeb7-4a0d-a55f-1e2af92e0f8a - - - - - -] 10.0.0.128 "GET /" status: 200 len: 136 microversion: 1.0
2026-08-19 00:50:29.076 8 INFO placement.requestlog [None req-2f904fac-1e69-419f-afce-3f53e50a7c9f - - - - - -] 10.0.0.128 "GET /" status: 200 len: 136 microversion: 1.0
2026-08-19 00:50:39.076 7 INFO placement.requestlog [None req-cbd5e101-aa87-46d8-84b1-efc19fe47e58 - - - - - -] 10.0.0.128 "GET /" status: 200 len: 136 microversion: 1.0
2026-08-19 00:50:39.076 8 INFO placement.requestlog [None req-0ee8650e-3b1e-45c9-b46d-d7a55559f835 - - - - - -] 10.0.0.128 "GET /" status: 200 len: 136 microversion: 1.0
2026-08-19 00:50:49.075 7 INFO placement.requestlog [None req-3c6bfa29-0bf6-4335-8cae-431bf7f3ef40 - - - - - -] 10.0.0.128 "GET /" status: 200 len: 136 microversion: 1.0
2026-08-19 00:50:49.076 8 INFO placement.requestlog [None req-aea5faef-034e-44e9-9d5c-0613ff5d09ca - - - - - -] 10.0.0.128 "GET /" status: 200 len: 136 microversion: 1.0
2026-08-19 00:50:59.076 7 INFO placement.requestlog [None req-1451efc4-f016-4364-8962-24739563bf92 - - - - - -] 10.0.0.128 "GET /" status: 200 len: 136 microversion: 1.0
2026-08-19 00:50:59.076 8 INFO placement.requestlog [None req-9b5a627c-7235-4aab-a270-b906d15a2e41 - - - - - -] 10.0.0.128 "GET /" status: 200 len: 136 microversion: 1.0
2026-08-19 00:51:07.949 7 INFO placement.requestlog [req-49db9bf2-c519-432c-88e5-e2581fb7bede req-85259b0d-76c8-43cd-b02b-1219ba3476eb 03d00f263e384171888df1cb527def05 085cb437c01b4d4a999826f8a660a490 - - 1f94308b18a14bc48b0e1d66633695aa 1f94308b18a14bc48b0e1d66633695aa] 199.204.45.182 "GET /resource_providers/f648a04d-220e-4b25-b5c9-aa9725b3db62/allocations" status: 200 len: 340 microversion: 1.0 [pid: 7|app: 0|req: 622/1246] 199.204.45.182 () {32 vars in 857 bytes} [Wed Aug 19 00:51:07 2026] GET /resource_providers/f648a04d-220e-4b25-b5c9-aa9725b3db62/allocations => generated 340 bytes in 17 msecs (HTTP/1.1 200) 6 headers in 224 bytes (1 switches on core 0)
2026-08-19 00:51:07.973 8 INFO placement.requestlog [req-49db9bf2-c519-432c-88e5-e2581fb7bede req-017ccfcd-fb15-4204-a9e6-d48f20cb2ae8 03d00f263e384171888df1cb527def05 085cb437c01b4d4a999826f8a660a490 - - 1f94308b18a14bc48b0e1d66633695aa 1f94308b18a14bc48b0e1d66633695aa] 199.204.45.182 "GET /resource_providers/f648a04d-220e-4b25-b5c9-aa9725b3db62/allocations" status: 200 len: 340 microversion: 1.0 [pid: 8|app: 0|req: 625/1247] 199.204.45.182 () {32 vars in 857 bytes} [Wed Aug 19 00:51:07 2026] GET /resource_providers/f648a04d-220e-4b25-b5c9-aa9725b3db62/allocations => generated 340 bytes in 15 msecs (HTTP/1.1 200) 6 headers in 224 bytes (1 switches on core 0)
2026-08-19 00:51:07.991 7 INFO placement.requestlog [req-49db9bf2-c519-432c-88e5-e2581fb7bede req-66985af0-f351-4acd-9ecb-c694f18cb753 03d00f263e384171888df1cb527def05 085cb437c01b4d4a999826f8a660a490 - - 1f94308b18a14bc48b0e1d66633695aa 1f94308b18a14bc48b0e1d66633695aa] 199.204.45.182 "GET /allocations/1d96c78f-116c-4b45-b018-cbea14266664" status: 200 len: 258 microversion: 1.28 [pid: 7|app: 0|req: 623/1248] 199.204.45.182 () {34 vars in 863 bytes} [Wed Aug 19 00:51:07 2026] GET /allocations/1d96c78f-116c-4b45-b018-cbea14266664 => generated 258 bytes in 13 msecs (HTTP/1.1 200) 8 headers in 296 bytes (1 switches on core 0)
2026-08-19 00:51:08.011 8 INFO placement.requestlog [req-49db9bf2-c519-432c-88e5-e2581fb7bede req-83f3ffeb-99a1-4b26-b3c6-c1eecb406c31 03d00f263e384171888df1cb527def05 085cb437c01b4d4a999826f8a660a490 - - 1f94308b18a14bc48b0e1d66633695aa 1f94308b18a14bc48b0e1d66633695aa] 199.204.45.182 "GET /allocations/7e1a4a50-21ca-461e-a230-92594a79d986" status: 200 len: 258 microversion: 1.28 [pid: 8|app: 0|req: 626/1249] 199.204.45.182 () {34 vars in 863 bytes} [Wed Aug 19 00:51:07 2026] GET /allocations/7e1a4a50-21ca-461e-a230-92594a79d986 => generated 258 bytes in 13 msecs (HTTP/1.1 200) 8 headers in 296 bytes (1 switches on core 0)
2026-08-19 00:51:08.030 7 INFO placement.requestlog [req-49db9bf2-c519-432c-88e5-e2581fb7bede req-3251157f-f4e1-43c2-adea-3754265560b6 03d00f263e384171888df1cb527def05 085cb437c01b4d4a999826f8a660a490 - - 1f94308b18a14bc48b0e1d66633695aa 1f94308b18a14bc48b0e1d66633695aa] 199.204.45.182 "GET /allocations/a19f1d8b-8155-4312-b679-5d67f937d300" status: 200 len: 245 microversion: 1.28 [pid: 7|app: 0|req: 624/1250] 199.204.45.182 () {34 vars in 863 bytes} [Wed Aug 19 00:51:08 2026] GET /allocations/a19f1d8b-8155-4312-b679-5d67f937d300 => generated 245 bytes in 13 msecs (HTTP/1.1 200) 8 headers in 296 bytes (1 switches on core 0)
2026-08-19 00:51:09.076 7 INFO placement.requestlog [None req-4a6827f3-9c48-4614-a624-dbe2ddd019ba - - - - - -] 10.0.0.128 "GET /" status: 200 len: 136 microversion: 1.0
2026-08-19 00:51:09.076 8 INFO placement.requestlog [None req-3d1af98c-fb26-434a-a1de-8a12584d7760 - - - - - -] 10.0.0.128 "GET /" status: 200 len: 136 microversion: 1.0
2026-08-19 00:51:10.784 7 INFO placement.requestlog [req-0904b2aa-a804-48e3-9c03-91f1376de3d7 req-27302979-ec1d-4936-b87c-387a95aadea2 03d00f263e384171888df1cb527def05 085cb437c01b4d4a999826f8a660a490 - - 1f94308b18a14bc48b0e1d66633695aa 1f94308b18a14bc48b0e1d66633695aa] 199.204.45.182 "GET /resource_providers/f648a04d-220e-4b25-b5c9-aa9725b3db62/allocations" status: 200 len: 340 microversion: 1.0 [pid: 7|app: 0|req: 626/1253] 199.204.45.182 () {32 vars in 857 bytes} [Wed Aug 19 00:51:10 2026] GET /resource_providers/f648a04d-220e-4b25-b5c9-aa9725b3db62/allocations => generated 340 bytes in 19 msecs (HTTP/1.1 200) 6 headers in 224 bytes (1 switches on core 0)
2026-08-19 00:51:10.804 8 INFO placement.requestlog [req-0904b2aa-a804-48e3-9c03-91f1376de3d7 req-baceb368-c4b4-4b10-ba40-b92b394e2a73 03d00f263e384171888df1cb527def05 085cb437c01b4d4a999826f8a660a490 - - 1f94308b18a14bc48b0e1d66633695aa 1f94308b18a14bc48b0e1d66633695aa] 199.204.45.182 "GET /allocations/1d96c78f-116c-4b45-b018-cbea14266664" status: 200 len: 258 microversion: 1.28 [pid: 8|app: 0|req: 628/1254] 199.204.45.182 () {34 vars in 863 bytes} [Wed Aug 19 00:51:10 2026] GET /allocations/1d96c78f-116c-4b45-b018-cbea14266664 => generated 258 bytes in 12 msecs (HTTP/1.1 200) 8 headers in 296 bytes (1 switches on core 0)
