2026-04-17 11:46:31.165 7 INFO placement.requestlog [req-9f5d0655-a2ca-4e6e-9821-e7495e979802 req-5cd6713b-9ea8-462c-b251-3c2db92cf401 ea760857e91d49b78a814670d027c4bb 554f6db5d095431b8eb21a2cd215b260 - - a86600488e304b0abb84e5dd00f83c86 a86600488e304b0abb84e5dd00f83c86] 199.204.45.25 "GET /allocations/4aae5384-fb7b-4fba-b200-3c8620a85af0" status: 200 len: 257 microversion: 1.28 [pid: 7|app: 0|req: 193/385] 199.204.45.25 () {34 vars in 862 bytes} [Fri Apr 17 11:46:31 2026] GET /allocations/4aae5384-fb7b-4fba-b200-3c8620a85af0 => generated 257 bytes in 14 msecs (HTTP/1.1 200) 8 headers in 296 bytes (1 switches on core 0)
2026-04-17 11:46:31.953 8 INFO placement.requestlog [req-6f1b8a78-d766-4c04-bb10-5e2198145fc8 req-6cddc53c-0293-4291-a0be-d0b75e5d6b3f ea760857e91d49b78a814670d027c4bb 554f6db5d095431b8eb21a2cd215b260 - - a86600488e304b0abb84e5dd00f83c86 a86600488e304b0abb84e5dd00f83c86] 199.204.45.25 "GET /resource_providers?in_tree=c8036779-2574-418b-80a8-af6f2a73dbb0" status: 200 len: 797 microversion: 1.14 [pid: 8|app: 0|req: 193/386] 199.204.45.25 () {34 vars in 891 bytes} [Fri Apr 17 11:46:31 2026] GET /resource_providers?in_tree=c8036779-2574-418b-80a8-af6f2a73dbb0 => generated 797 bytes in 13 msecs (HTTP/1.1 200) 6 headers in 225 bytes (1 switches on core 0)
2026-04-17 11:46:31.973 7 INFO placement.requestlog [req-6f1b8a78-d766-4c04-bb10-5e2198145fc8 req-1bd9d95c-5d60-4655-a013-e398dc741829 ea760857e91d49b78a814670d027c4bb 554f6db5d095431b8eb21a2cd215b260 - - a86600488e304b0abb84e5dd00f83c86 a86600488e304b0abb84e5dd00f83c86] 199.204.45.25 "GET /resource_providers/c8036779-2574-418b-80a8-af6f2a73dbb0/inventories" status: 200 len: 400 microversion: 1.0 [pid: 7|app: 0|req: 194/387] 199.204.45.25 () {32 vars in 856 bytes} [Fri Apr 17 11:46:31 2026] GET /resource_providers/c8036779-2574-418b-80a8-af6f2a73dbb0/inventories => generated 400 bytes in 14 msecs (HTTP/1.1 200) 6 headers in 224 bytes (1 switches on core 0)
2026-04-17 11:46:31.989 8 INFO placement.requestlog [req-6f1b8a78-d766-4c04-bb10-5e2198145fc8 req-273dda28-7924-4620-98d0-3589c74955bf ea760857e91d49b78a814670d027c4bb 554f6db5d095431b8eb21a2cd215b260 - - a86600488e304b0abb84e5dd00f83c86 a86600488e304b0abb84e5dd00f83c86] 199.204.45.25 "GET /resource_providers/c8036779-2574-418b-80a8-af6f2a73dbb0/aggregates" status: 200 len: 53 microversion: 1.19 [pid: 8|app: 0|req: 194/388] 199.204.45.25 () {34 vars in 898 bytes} [Fri Apr 17 11:46:31 2026] GET /resource_providers/c8036779-2574-418b-80a8-af6f2a73dbb0/aggregates => generated 53 bytes in 11 msecs (HTTP/1.1 200) 8 headers in 295 bytes (1 switches on core 0)
2026-04-17 11:46:32.015 7 INFO placement.requestlog [req-6f1b8a78-d766-4c04-bb10-5e2198145fc8 req-9ff270a9-feb0-47a5-bda7-fda341639305 ea760857e91d49b78a814670d027c4bb 554f6db5d095431b8eb21a2cd215b260 - - a86600488e304b0abb84e5dd00f83c86 a86600488e304b0abb84e5dd00f83c86] 199.204.45.25 "GET /resource_providers/c8036779-2574-418b-80a8-af6f2a73dbb0/traits" status: 200 len: 2316 microversion: 1.6 [pid: 7|app: 0|req: 195/389] 199.204.45.25 () {34 vars in 889 bytes} [Fri Apr 17 11:46:31 2026] GET /resource_providers/c8036779-2574-418b-80a8-af6f2a73dbb0/traits => generated 2316 bytes in 20 msecs (HTTP/1.1 200) 6 headers in 225 bytes (1 switches on core 0)
2026-04-17 11:46:32.037 8 INFO placement.requestlog [req-6f1b8a78-d766-4c04-bb10-5e2198145fc8 req-fbe5cc13-675c-4354-8fd7-936c28e78b3b ea760857e91d49b78a814670d027c4bb 554f6db5d095431b8eb21a2cd215b260 - - a86600488e304b0abb84e5dd00f83c86 a86600488e304b0abb84e5dd00f83c86] 199.204.45.25 "GET /resource_providers/c8036779-2574-418b-80a8-af6f2a73dbb0/allocations" status: 200 len: 252 microversion: 1.0 [pid: 8|app: 0|req: 195/390] 199.204.45.25 () {32 vars in 856 bytes} [Fri Apr 17 11:46:32 2026] GET /resource_providers/c8036779-2574-418b-80a8-af6f2a73dbb0/allocations => generated 252 bytes in 15 msecs (HTTP/1.1 200) 6 headers in 224 bytes (1 switches on core 0)
2026-04-17 11:46:32.058 7 INFO placement.requestlog [req-6f1b8a78-d766-4c04-bb10-5e2198145fc8 req-be2fc7f5-72d9-4405-aabb-1213e77ea813 ea760857e91d49b78a814670d027c4bb 554f6db5d095431b8eb21a2cd215b260 - - a86600488e304b0abb84e5dd00f83c86 a86600488e304b0abb84e5dd00f83c86] 199.204.45.25 "GET /allocations/ec3639e5-d493-41c8-9d39-8584915cf67c" status: 200 len: 257 microversion: 1.28 [pid: 7|app: 0|req: 196/391] 199.204.45.25 () {34 vars in 862 bytes} [Fri Apr 17 11:46:32 2026] GET /allocations/ec3639e5-d493-41c8-9d39-8584915cf67c => generated 257 bytes in 15 msecs (HTTP/1.1 200) 8 headers in 296 bytes (1 switches on core 0)
2026-04-17 11:46:32.077 8 INFO placement.requestlog [req-6f1b8a78-d766-4c04-bb10-5e2198145fc8 req-ce2e4487-1e5b-4c2c-b1e5-a624551bf5f0 ea760857e91d49b78a814670d027c4bb 554f6db5d095431b8eb21a2cd215b260 - - a86600488e304b0abb84e5dd00f83c86 a86600488e304b0abb84e5dd00f83c86] 199.204.45.25 "GET /allocations/4aae5384-fb7b-4fba-b200-3c8620a85af0" status: 200 len: 257 microversion: 1.28 [pid: 8|app: 0|req: 196/392] 199.204.45.25 () {34 vars in 862 bytes} [Fri Apr 17 11:46:32 2026] GET /allocations/4aae5384-fb7b-4fba-b200-3c8620a85af0 => generated 257 bytes in 13 msecs (HTTP/1.1 200) 8 headers in 296 bytes (1 switches on core 0)
2026-04-17 11:46:32.951 7 INFO placement.requestlog [req-c4776e91-5b65-4cc9-9b10-0d84ef8ad85e req-587bf369-864c-4b59-a346-229252582684 ea760857e91d49b78a814670d027c4bb 554f6db5d095431b8eb21a2cd215b260 - - a86600488e304b0abb84e5dd00f83c86 a86600488e304b0abb84e5dd00f83c86] 10.0.0.35 "GET /allocation_candidates?limit=1000&resources=DISK_GB%3A1%2CMEMORY_MB%3A512%2CVCPU%3A1&root_required=%21COMPUTE_STATUS_DISABLED" status: 200 len: 2784 microversion: 1.36 [pid: 7|app: 0|req: 197/393] 10.0.0.35 () {34 vars in 1011 bytes} [Fri Apr 17 11:46:32 2026] GET /allocation_candidates?limit=1000&resources=DISK_GB%3A1%2CMEMORY_MB%3A512%2CVCPU%3A1&root_required=%21COMPUTE_STATUS_DISABLED => generated 2784 bytes in 64 msecs (HTTP/1.1 200) 8 headers in 297 bytes (1 switches on core 0)
2026-04-17 11:46:32.982 8 INFO placement.requestlog [req-c4776e91-5b65-4cc9-9b10-0d84ef8ad85e req-a693df43-3bab-4c17-964d-279adb56dd82 ea760857e91d49b78a814670d027c4bb 554f6db5d095431b8eb21a2cd215b260 - - a86600488e304b0abb84e5dd00f83c86 a86600488e304b0abb84e5dd00f83c86] 10.0.0.35 "GET /allocations/6a47f036-103f-4648-b257-b2937a95afa2" status: 200 len: 19 microversion: 1.28 [pid: 8|app: 0|req: 197/394] 10.0.0.35 () {34 vars in 860 bytes} [Fri Apr 17 11:46:32 2026] GET /allocations/6a47f036-103f-4648-b257-b2937a95afa2 => generated 19 bytes in 10 msecs (HTTP/1.1 200) 8 headers in 295 bytes (1 switches on core 0)
2026-04-17 11:46:33.053 7 INFO placement.requestlog [req-c4776e91-5b65-4cc9-9b10-0d84ef8ad85e req-2db3b476-e455-4f5a-a168-d8b3f459bca3 ea760857e91d49b78a814670d027c4bb 554f6db5d095431b8eb21a2cd215b260 - - a86600488e304b0abb84e5dd00f83c86 a86600488e304b0abb84e5dd00f83c86] 10.0.0.35 "PUT /allocations/6a47f036-103f-4648-b257-b2937a95afa2" status: 204 len: 0 microversion: 1.36 [pid: 7|app: 0|req: 198/395] 10.0.0.35 () {38 vars in 913 bytes} [Fri Apr 17 11:46:32 2026] PUT /allocations/6a47f036-103f-4648-b257-b2937a95afa2 => generated 0 bytes in 64 msecs (HTTP/1.1 204) 5 headers in 199 bytes (1 switches on core 0)
2026-04-17 11:46:34.140 8 INFO placement.requestlog [req-9f5d0655-a2ca-4e6e-9821-e7495e979802 req-86751872-cf1c-44f0-a1b2-ed2b5fac14a6 ea760857e91d49b78a814670d027c4bb 554f6db5d095431b8eb21a2cd215b260 - - a86600488e304b0abb84e5dd00f83c86 a86600488e304b0abb84e5dd00f83c86] 199.204.45.25 "GET /resource_providers/c8036779-2574-418b-80a8-af6f2a73dbb0/allocations" status: 200 len: 352 microversion: 1.0 [pid: 8|app: 0|req: 198/396] 199.204.45.25 () {32 vars in 856 bytes} [Fri Apr 17 11:46:34 2026] GET /resource_providers/c8036779-2574-418b-80a8-af6f2a73dbb0/allocations => generated 352 bytes in 16 msecs (HTTP/1.1 200) 6 headers in 224 bytes (1 switches on core 0)
2026-04-17 11:46:34.164 8 INFO placement.requestlog [req-9f5d0655-a2ca-4e6e-9821-e7495e979802 req-94342a1b-4f66-4799-b59e-078bd88db76b ea760857e91d49b78a814670d027c4bb 554f6db5d095431b8eb21a2cd215b260 - - a86600488e304b0abb84e5dd00f83c86 a86600488e304b0abb84e5dd00f83c86] 199.204.45.25 "GET /allocations/ec3639e5-d493-41c8-9d39-8584915cf67c" status: 200 len: 257 microversion: 1.28 [pid: 8|app: 0|req: 199/397] 199.204.45.25 () {34 vars in 862 bytes} [Fri Apr 17 11:46:34 2026] GET /allocations/ec3639e5-d493-41c8-9d39-8584915cf67c => generated 257 bytes in 19 msecs (HTTP/1.1 200) 8 headers in 296 bytes (1 switches on core 0)
2026-04-17 11:46:34.259 7 INFO placement.requestlog [None req-091798a5-a0ea-417a-a9d9-47457fec72af 2efcd0e0c9764e18a456a2e1e07eb411 554f6db5d095431b8eb21a2cd215b260 - - a86600488e304b0abb84e5dd00f83c86 a86600488e304b0abb84e5dd00f83c86] 10.0.0.75 "GET /resource_providers/534ef86f-4937-4a78-ba27-de649fb2473a/aggregates" status: 404 len: 235 microversion: 1.1 [pid: 7|app: 0|req: 199/398] 10.0.0.75 () {32 vars in 815 bytes} [Fri Apr 17 11:46:34 2026] GET /resource_providers/534ef86f-4937-4a78-ba27-de649fb2473a/aggregates => generated 235 bytes in 129 msecs (HTTP/1.1 404) 5 headers in 202 bytes (1 switches on core 0)
2026-04-17 11:46:34.272 8 INFO placement.requestlog [None req-b4af9e32-d210-4a84-9c4d-7e11baf017e0 2efcd0e0c9764e18a456a2e1e07eb411 554f6db5d095431b8eb21a2cd215b260 - - a86600488e304b0abb84e5dd00f83c86 a86600488e304b0abb84e5dd00f83c86] 10.0.0.75 "GET /resource_providers/534ef86f-4937-4a78-ba27-de649fb2473a/aggregates" status: 404 len: 235 microversion: 1.1 [pid: 8|app: 0|req: 200/399] 10.0.0.75 () {32 vars in 815 bytes} [Fri Apr 17 11:46:34 2026] GET /resource_providers/534ef86f-4937-4a78-ba27-de649fb2473a/aggregates => generated 235 bytes in 107 msecs (HTTP/1.1 404) 5 headers in 202 bytes (1 switches on core 0)
2026-04-17 11:46:34.274 7 INFO placement.requestlog [req-9f5d0655-a2ca-4e6e-9821-e7495e979802 req-311a7288-4a7d-4bca-862e-8c3583d51461 ea760857e91d49b78a814670d027c4bb 554f6db5d095431b8eb21a2cd215b260 - - a86600488e304b0abb84e5dd00f83c86 a86600488e304b0abb84e5dd00f83c86] 199.204.45.25 "GET /allocations/4aae5384-fb7b-4fba-b200-3c8620a85af0" status: 200 len: 257 microversion: 1.28 [pid: 7|app: 0|req: 200/400] 199.204.45.25 () {34 vars in 862 bytes} [Fri Apr 17 11:46:34 2026] GET /allocations/4aae5384-fb7b-4fba-b200-3c8620a85af0 => generated 257 bytes in 14 msecs (HTTP/1.1 200) 8 headers in 296 bytes (1 switches on core 0)
2026-04-17 11:46:34.282 8 INFO placement.requestlog [None req-fc07520f-3fb9-4f38-8b51-30baabf5524f 2efcd0e0c9764e18a456a2e1e07eb411 554f6db5d095431b8eb21a2cd215b260 - - a86600488e304b0abb84e5dd00f83c86 a86600488e304b0abb84e5dd00f83c86] 10.0.0.75 "DELETE /resource_providers/534ef86f-4937-4a78-ba27-de649fb2473a" status: 404 len: 246 microversion: 1.1 [pid: 8|app: 0|req: 201/401] 10.0.0.75 () {34 vars in 815 bytes} [Fri Apr 17 11:46:34 2026] DELETE /resource_providers/534ef86f-4937-4a78-ba27-de649fb2473a => generated 246 bytes in 9 msecs (HTTP/1.1 404) 6 headers in 231 bytes (1 switches on core 0)
2026-04-17 11:46:34.287 8 INFO placement.requestlog [None req-2ce76cde-e205-4d51-9aa3-956aec07aca3 2efcd0e0c9764e18a456a2e1e07eb411 554f6db5d095431b8eb21a2cd215b260 - - a86600488e304b0abb84e5dd00f83c86 a86600488e304b0abb84e5dd00f83c86] 10.0.0.75 "DELETE /resource_providers/534ef86f-4937-4a78-ba27-de649fb2473a" status: 404 len: 246 microversion: 1.1 [pid: 8|app: 0|req: 202/402] 10.0.0.75 () {34 vars in 815 bytes} [Fri Apr 17 11:46:34 2026] DELETE /resource_providers/534ef86f-4937-4a78-ba27-de649fb2473a => generated 246 bytes in 5 msecs (HTTP/1.1 404) 6 headers in 231 bytes (1 switches on core 0)
2026-04-17 11:46:34.297 7 INFO placement.requestlog [req-9f5d0655-a2ca-4e6e-9821-e7495e979802 req-c26ca272-3efd-4f62-b43c-6288b576ce32 ea760857e91d49b78a814670d027c4bb 554f6db5d095431b8eb21a2cd215b260 - - a86600488e304b0abb84e5dd00f83c86 a86600488e304b0abb84e5dd00f83c86] 199.204.45.25 "GET /allocations/6a47f036-103f-4648-b257-b2937a95afa2" status: 200 len: 257 microversion: 1.28 [pid: 7|app: 0|req: 201/403] 199.204.45.25 () {34 vars in 862 bytes} [Fri Apr 17 11:46:34 2026] GET /allocations/6a47f036-103f-4648-b257-b2937a95afa2 => generated 257 bytes in 16 msecs (HTTP/1.1 200) 8 headers in 296 bytes (1 switches on core 0)
2026-04-17 11:46:34.577 8 INFO placement.requestlog [req-c4776e91-5b65-4cc9-9b10-0d84ef8ad85e req-b86a652e-789b-40f1-b602-687fdabcd721 ea760857e91d49b78a814670d027c4bb 554f6db5d095431b8eb21a2cd215b260 - - a86600488e304b0abb84e5dd00f83c86 a86600488e304b0abb84e5dd00f83c86] 199.204.45.25 "GET /allocations/6a47f036-103f-4648-b257-b2937a95afa2" status: 200 len: 257 microversion: 1.28 [pid: 8|app: 0|req: 203/404] 199.204.45.25 () {34 vars in 862 bytes} [Fri Apr 17 11:46:34 2026] GET /allocations/6a47f036-103f-4648-b257-b2937a95afa2 => generated 257 bytes in 13 msecs (HTTP/1.1 200) 8 headers in 296 bytes (1 switches on core 0)
2026-04-17 11:46:34.660 7 INFO placement.requestlog [None req-2c0c04dc-fe5e-4aa3-a51b-d3993e62c6fc - - - - - -] 10.0.0.230 "GET /" status: 200 len: 136 microversion: 1.0
2026-04-17 11:46:34.661 8 INFO placement.requestlog [None req-0091a561-1779-49dd-a47c-e5b19eee4359 - - - - - -] 10.0.0.230 "GET /" status: 200 len: 136 microversion: 1.0
2026-04-17 11:46:36.382 7 INFO placement.requestlog [req-c4776e91-5b65-4cc9-9b10-0d84ef8ad85e req-cbd7ca39-e9f5-40d3-9084-a8953eeea65c ea760857e91d49b78a814670d027c4bb 554f6db5d095431b8eb21a2cd215b260 - - a86600488e304b0abb84e5dd00f83c86 a86600488e304b0abb84e5dd00f83c86] 199.204.45.25 "GET /resource_providers/c8036779-2574-418b-80a8-af6f2a73dbb0/allocations" status: 200 len: 352 microversion: 1.0 [pid: 7|app: 0|req: 203/407] 199.204.45.25 () {32 vars in 856 bytes} [Fri Apr 17 11:46:36 2026] GET /resource_providers/c8036779-2574-418b-80a8-af6f2a73dbb0/allocations => generated 352 bytes in 27 msecs (HTTP/1.1 200) 6 headers in 224 bytes (1 switches on core 0)
2026-04-17 11:46:36.401 8 INFO placement.requestlog [req-c4776e91-5b65-4cc9-9b10-0d84ef8ad85e req-61d66a83-cb23-475a-b8b7-5a132415e91b ea760857e91d49b78a814670d027c4bb 554f6db5d095431b8eb21a2cd215b260 - - a86600488e304b0abb84e5dd00f83c86 a86600488e304b0abb84e5dd00f83c86] 199.204.45.25 "GET /allocations/ec3639e5-d493-41c8-9d39-8584915cf67c" status: 200 len: 257 microversion: 1.28 [pid: 8|app: 0|req: 205/408] 199.204.45.25 () {34 vars in 862 bytes} [Fri Apr 17 11:46:36 2026] GET /allocations/ec3639e5-d493-41c8-9d39-8584915cf67c => generated 257 bytes in 13 msecs (HTTP/1.1 200) 8 headers in 296 bytes (1 switches on core 0)
2026-04-17 11:46:36.433 7 INFO placement.requestlog [req-c4776e91-5b65-4cc9-9b10-0d84ef8ad85e req-3fb81858-e260-4811-9f08-0ac60e7ecaf2 ea760857e91d49b78a814670d027c4bb 554f6db5d095431b8eb21a2cd215b260 - - a86600488e304b0abb84e5dd00f83c86 a86600488e304b0abb84e5dd00f83c86] 199.204.45.25 "GET /allocations/4aae5384-fb7b-4fba-b200-3c8620a85af0" status: 200 len: 257 microversion: 1.28 [pid: 7|app: 0|req: 204/409] 199.204.45.25 () {34 vars in 862 bytes} [Fri Apr 17 11:46:36 2026] GET /allocations/4aae5384-fb7b-4fba-b200-3c8620a85af0 => generated 257 bytes in 25 msecs (HTTP/1.1 200) 8 headers in 296 bytes (1 switches on core 0)
2026-04-17 11:46:36.467 8 INFO placement.requestlog [req-c4776e91-5b65-4cc9-9b10-0d84ef8ad85e req-aba80abc-7a85-420a-af73-401b129f634d ea760857e91d49b78a814670d027c4bb 554f6db5d095431b8eb21a2cd215b260 - - a86600488e304b0abb84e5dd00f83c86 a86600488e304b0abb84e5dd00f83c86] 199.204.45.25 "GET /allocations/6a47f036-103f-4648-b257-b2937a95afa2" status: 200 len: 257 microversion: 1.28 [pid: 8|app: 0|req: 206/410] 199.204.45.25 () {34 vars in 862 bytes} [Fri Apr 17 11:46:36 2026] GET /allocations/6a47f036-103f-4648-b257-b2937a95afa2 => generated 257 bytes in 24 msecs (HTTP/1.1 200) 8 headers in 296 bytes (1 switches on core 0)
2026-04-17 11:46:38.549 7 INFO placement.requestlog [req-e3f86596-ebfb-48c7-9b30-db2d35361066 req-8b5349c9-fd49-467b-9b0a-e1a332600242 ea760857e91d49b78a814670d027c4bb 554f6db5d095431b8eb21a2cd215b260 - - a86600488e304b0abb84e5dd00f83c86 a86600488e304b0abb84e5dd00f83c86] 199.204.45.25 "GET /resource_providers/c8036779-2574-418b-80a8-af6f2a73dbb0/allocations" status: 200 len: 352 microversion: 1.0 [pid: 7|app: 0|req: 205/411] 199.204.45.25 () {32 vars in 856 bytes} [Fri Apr 17 11:46:38 2026] GET /resource_providers/c8036779-2574-418b-80a8-af6f2a73dbb0/allocations => generated 352 bytes in 15 msecs (HTTP/1.1 200) 6 headers in 224 bytes (1 switches on core 0)
2026-04-17 11:46:38.580 8 INFO placement.requestlog [req-e3f86596-ebfb-48c7-9b30-db2d35361066 req-ee3b2668-cf31-42a0-a5d6-b44a39aa235b ea760857e91d49b78a814670d027c4bb 554f6db5d095431b8eb21a2cd215b260 - - a86600488e304b0abb84e5dd00f83c86 a86600488e304b0abb84e5dd00f83c86] 199.204.45.25 "GET /resource_providers/c8036779-2574-418b-80a8-af6f2a73dbb0/allocations" status: 200 len: 352 microversion: 1.0 [pid: 8|app: 0|req: 207/412] 199.204.45.25 () {32 vars in 856 bytes} [Fri Apr 17 11:46:38 2026] GET /resource_providers/c8036779-2574-418b-80a8-af6f2a73dbb0/allocations => generated 352 bytes in 18 msecs (HTTP/1.1 200) 6 headers in 224 bytes (1 switches on core 0)
2026-04-17 11:46:38.599 7 INFO placement.requestlog [req-e3f86596-ebfb-48c7-9b30-db2d35361066 req-3173b2ff-b068-49e7-b7d4-c1eb95e6fb2f ea760857e91d49b78a814670d027c4bb 554f6db5d095431b8eb21a2cd215b260 - - a86600488e304b0abb84e5dd00f83c86 a86600488e304b0abb84e5dd00f83c86] 199.204.45.25 "GET /allocations/ec3639e5-d493-41c8-9d39-8584915cf67c" status: 200 len: 257 microversion: 1.28 [pid: 7|app: 0|req: 206/413] 199.204.45.25 () {34 vars in 862 bytes} [Fri Apr 17 11:46:38 2026] GET /allocations/ec3639e5-d493-41c8-9d39-8584915cf67c => generated 257 bytes in 15 msecs (HTTP/1.1 200) 8 headers in 296 bytes (1 switches on core 0)
2026-04-17 11:46:38.618 8 INFO placement.requestlog [req-e3f86596-ebfb-48c7-9b30-db2d35361066 req-72fcb3aa-8713-485b-8e0c-00950abf0b82 ea760857e91d49b78a814670d027c4bb 554f6db5d095431b8eb21a2cd215b260 - - a86600488e304b0abb84e5dd00f83c86 a86600488e304b0abb84e5dd00f83c86] 199.204.45.25 "GET /allocations/4aae5384-fb7b-4fba-b200-3c8620a85af0" status: 200 len: 257 microversion: 1.28 [pid: 8|app: 0|req: 208/414] 199.204.45.25 () {34 vars in 862 bytes} [Fri Apr 17 11:46:38 2026] GET /allocations/4aae5384-fb7b-4fba-b200-3c8620a85af0 => generated 257 bytes in 11 msecs (HTTP/1.1 200) 8 headers in 296 bytes (1 switches on core 0)
2026-04-17 11:46:38.636 7 INFO placement.requestlog [req-e3f86596-ebfb-48c7-9b30-db2d35361066 req-9a587ef3-df8b-48eb-bc96-edf3c47829e4 ea760857e91d49b78a814670d027c4bb 554f6db5d095431b8eb21a2cd215b260 - - a86600488e304b0abb84e5dd00f83c86 a86600488e304b0abb84e5dd00f83c86] 199.204.45.25 "GET /allocations/6a47f036-103f-4648-b257-b2937a95afa2" status: 200 len: 257 microversion: 1.28 [pid: 7|app: 0|req: 207/415] 199.204.45.25 () {34 vars in 862 bytes} [Fri Apr 17 11:46:38 2026] GET /allocations/6a47f036-103f-4648-b257-b2937a95afa2 => generated 257 bytes in 12 msecs (HTTP/1.1 200) 8 headers in 296 bytes (1 switches on core 0)
2026-04-17 11:46:44.660 7 INFO placement.requestlog [None req-f0765c46-2a72-47cc-94f3-5b48e1288c22 - - - - - -] 10.0.0.230 "GET /" status: 200 len: 136 microversion: 1.0
2026-04-17 11:46:44.660 8 INFO placement.requestlog [None req-714426de-6e58-4580-a828-048bba2de98f - - - - - -] 10.0.0.230 "GET /" status: 200 len: 136 microversion: 1.0
2026-04-17 11:46:49.703 7 INFO placement.requestlog [None req-8a2299cf-0aa6-447f-a100-34371939519a 2efcd0e0c9764e18a456a2e1e07eb411 554f6db5d095431b8eb21a2cd215b260 - - a86600488e304b0abb84e5dd00f83c86 a86600488e304b0abb84e5dd00f83c86] 10.0.0.75 "GET /resource_providers/58081353-d716-46bd-8edf-adfbffe3e780/aggregates" status: 404 len: 235 microversion: 1.1 [pid: 7|app: 0|req: 209/418] 10.0.0.75 () {32 vars in 815 bytes} [Fri Apr 17 11:46:49 2026] GET /resource_providers/58081353-d716-46bd-8edf-adfbffe3e780/aggregates => generated 235 bytes in 119 msecs (HTTP/1.1 404) 5 headers in 202 bytes (1 switches on core 0)
2026-04-17 11:46:49.717 7 INFO placement.requestlog [None req-e6eb693f-3c6c-442e-b75a-6ce8e3fb669f 2efcd0e0c9764e18a456a2e1e07eb411 554f6db5d095431b8eb21a2cd215b260 - - a86600488e304b0abb84e5dd00f83c86 a86600488e304b0abb84e5dd00f83c86] 10.0.0.75 "DELETE /resource_providers/58081353-d716-46bd-8edf-adfbffe3e780" status: 404 len: 246 microversion: 1.1 [pid: 7|app: 0|req: 210/419] 10.0.0.75 () {34 vars in 815 bytes} [Fri Apr 17 11:46:49 2026] DELETE /resource_providers/58081353-d716-46bd-8edf-adfbffe3e780 => generated 246 bytes in 8 msecs (HTTP/1.1 404) 6 headers in 231 bytes (1 switches on core 0)
2026-04-17 11:46:49.736 8 INFO placement.requestlog [None req-7e55edb1-30dd-474c-9259-07d8e4bd8b85 2efcd0e0c9764e18a456a2e1e07eb411 554f6db5d095431b8eb21a2cd215b260 - - a86600488e304b0abb84e5dd00f83c86 a86600488e304b0abb84e5dd00f83c86] 10.0.0.75 "GET /resource_providers/58081353-d716-46bd-8edf-adfbffe3e780/aggregates" status: 404 len: 235 microversion: 1.1 [pid: 8|app: 0|req: 210/420] 10.0.0.75 () {32 vars in 815 bytes} [Fri Apr 17 11:46:49 2026] GET /resource_providers/58081353-d716-46bd-8edf-adfbffe3e780/aggregates => generated 235 bytes in 115 msecs (HTTP/1.1 404) 5 headers in 202 bytes (1 switches on core 0)
2026-04-17 11:46:49.758 7 INFO placement.requestlog [None req-5266b03c-ee51-4d3f-995e-c36ddfc6f607 2efcd0e0c9764e18a456a2e1e07eb411 554f6db5d095431b8eb21a2cd215b260 - - a86600488e304b0abb84e5dd00f83c86 a86600488e304b0abb84e5dd00f83c86] 10.0.0.75 "DELETE /resource_providers/58081353-d716-46bd-8edf-adfbffe3e780" status: 404 len: 246 microversion: 1.1 [pid: 7|app: 0|req: 211/421] 10.0.0.75 () {34 vars in 815 bytes} [Fri Apr 17 11:46:49 2026] DELETE /resource_providers/58081353-d716-46bd-8edf-adfbffe3e780 => generated 246 bytes in 16 msecs (HTTP/1.1 404) 6 headers in 231 bytes (1 switches on core 0)
2026-04-17 11:46:54.660 7 INFO placement.requestlog [None req-7fc8b037-db96-4130-b8b7-3b790082af31 - - - - - -] 10.0.0.230 "GET /" status: 200 len: 136 microversion: 1.0
2026-04-17 11:46:54.661 8 INFO placement.requestlog [None req-b6381c9d-9fd9-4b51-882d-915f7318b755 - - - - - -] 10.0.0.230 "GET /" status: 200 len: 136 microversion: 1.0
2026-04-17 11:47:00.387 7 INFO placement.requestlog [req-cd600176-cb28-4875-8e1d-f794adb89475 req-c671acd6-7adf-499d-bbe6-58e12ac828b4 ea760857e91d49b78a814670d027c4bb 554f6db5d095431b8eb21a2cd215b260 - - a86600488e304b0abb84e5dd00f83c86 a86600488e304b0abb84e5dd00f83c86] 199.204.45.25 "GET /resource_providers/c8036779-2574-418b-80a8-af6f2a73dbb0/allocations" status: 200 len: 352 microversion: 1.0 [pid: 7|app: 0|req: 213/424] 199.204.45.25 () {32 vars in 856 bytes} [Fri Apr 17 11:47:00 2026] GET /resource_providers/c8036779-2574-418b-80a8-af6f2a73dbb0/allocations => generated 352 bytes in 16 msecs (HTTP/1.1 200) 6 headers in 224 bytes (1 switches on core 0)
2026-04-17 11:47:00.409 8 INFO placement.requestlog [req-cd600176-cb28-4875-8e1d-f794adb89475 req-571ab4b0-df5b-453d-a8ee-dbc9cf4bfe73 ea760857e91d49b78a814670d027c4bb 554f6db5d095431b8eb21a2cd215b260 - - a86600488e304b0abb84e5dd00f83c86 a86600488e304b0abb84e5dd00f83c86] 199.204.45.25 "GET /allocations/ec3639e5-d493-41c8-9d39-8584915cf67c" status: 200 len: 257 microversion: 1.28 [pid: 8|app: 0|req: 212/425] 199.204.45.25 () {34 vars in 862 bytes} [Fri Apr 17 11:47:00 2026] GET /allocations/ec3639e5-d493-41c8-9d39-8584915cf67c => generated 257 bytes in 16 msecs (HTTP/1.1 200) 8 headers in 296 bytes (1 switches on core 0)
2026-04-17 11:47:00.433 7 INFO placement.requestlog [req-cd600176-cb28-4875-8e1d-f794adb89475 req-7a0ae429-63d7-4eee-83fc-ce11d497ccde ea760857e91d49b78a814670d027c4bb 554f6db5d095431b8eb21a2cd215b260 - - a86600488e304b0abb84e5dd00f83c86 a86600488e304b0abb84e5dd00f83c86] 199.204.45.25 "GET /allocations/4aae5384-fb7b-4fba-b200-3c8620a85af0" status: 200 len: 257 microversion: 1.28 [pid: 7|app: 0|req: 214/426] 199.204.45.25 () {34 vars in 862 bytes} [Fri Apr 17 11:47:00 2026] GET /allocations/4aae5384-fb7b-4fba-b200-3c8620a85af0 => generated 257 bytes in 17 msecs (HTTP/1.1 200) 8 headers in 296 bytes (1 switches on core 0)
2026-04-17 11:47:00.451 8 INFO placement.requestlog [req-cd600176-cb28-4875-8e1d-f794adb89475 req-dd6fc5ac-476c-4034-89a5-9c130cab525e ea760857e91d49b78a814670d027c4bb 554f6db5d095431b8eb21a2cd215b260 - - a86600488e304b0abb84e5dd00f83c86 a86600488e304b0abb84e5dd00f83c86] 199.204.45.25 "GET /allocations/6a47f036-103f-4648-b257-b2937a95afa2" status: 200 len: 257 microversion: 1.28 [pid: 8|app: 0|req: 213/427] 199.204.45.25 () {34 vars in 862 bytes} [Fri Apr 17 11:47:00 2026] GET /allocations/6a47f036-103f-4648-b257-b2937a95afa2 => generated 257 bytes in 13 msecs (HTTP/1.1 200) 8 headers in 296 bytes (1 switches on core 0)
2026-04-17 11:47:01.494 7 INFO placement.requestlog [req-cd600176-cb28-4875-8e1d-f794adb89475 req-b7de433f-d9e4-4cc7-9261-938f6e8badc9 ea760857e91d49b78a814670d027c4bb 554f6db5d095431b8eb21a2cd215b260 - - a86600488e304b0abb84e5dd00f83c86 a86600488e304b0abb84e5dd00f83c86] 199.204.45.25 "DELETE /allocations/4aae5384-fb7b-4fba-b200-3c8620a85af0" status: 204 len: 0 microversion: 1.0 [pid: 7|app: 0|req: 215/428] 199.204.45.25 () {34 vars in 840 bytes} [Fri Apr 17 11:47:01 2026] DELETE /allocations/4aae5384-fb7b-4fba-b200-3c8620a85af0 => generated 0 bytes in 21 msecs (HTTP/1.1 204) 5 headers in 198 bytes (1 switches on core 0)
2026-04-17 11:47:01.983 7 INFO placement.requestlog [None req-f4f4a4c7-b3ca-44fd-ac2f-c5cd87e0d5a8 2efcd0e0c9764e18a456a2e1e07eb411 554f6db5d095431b8eb21a2cd215b260 - - a86600488e304b0abb84e5dd00f83c86 a86600488e304b0abb84e5dd00f83c86] 10.0.0.75 "GET /resource_providers/708831d4-0ba9-48c8-afdf-539e90040720/aggregates" status: 404 len: 235 microversion: 1.1
2026-04-17 11:47:01.983 8 INFO placement.requestlog [None req-7552516a-4d15-4ea3-8778-e877253a4b2c 2efcd0e0c9764e18a456a2e1e07eb411 554f6db5d095431b8eb21a2cd215b260 - - a86600488e304b0abb84e5dd00f83c86 a86600488e304b0abb84e5dd00f83c86] 10.0.0.75 "GET /resource_providers/708831d4-0ba9-48c8-afdf-539e90040720/aggregates" status: 404 len: 235 microversion: 1.1 [pid: 7|app: 0|req: 216/429] 10.0.0.75 () {32 vars in 815 bytes} [Fri Apr 17 11:47:01 2026] GET /resource_providers/708831d4-0ba9-48c8-afdf-539e90040720/aggregates => generated 235 bytes in 10 msecs (HTTP/1.1 404) 5 headers in 202 bytes (1 switches on core 0) [pid: 8|app: 0|req: 214/430] 10.0.0.75 () {32 vars in 815 bytes} [Fri Apr 17 11:47:01 2026] GET /resource_providers/708831d4-0ba9-48c8-afdf-539e90040720/aggregates => generated 235 bytes in 11 msecs (HTTP/1.1 404) 5 headers in 202 bytes (1 switches on core 0)
2026-04-17 11:47:02.004 7 INFO placement.requestlog [None req-4135242f-b3fd-4f25-8276-4bf70e4fdcb8 2efcd0e0c9764e18a456a2e1e07eb411 554f6db5d095431b8eb21a2cd215b260 - - a86600488e304b0abb84e5dd00f83c86 a86600488e304b0abb84e5dd00f83c86] 10.0.0.75 "DELETE /resource_providers/708831d4-0ba9-48c8-afdf-539e90040720" status: 404 len: 246 microversion: 1.1 [pid: 7|app: 0|req: 217/431] 10.0.0.75 () {34 vars in 815 bytes} [Fri Apr 17 11:47:01 2026] DELETE /resource_providers/708831d4-0ba9-48c8-afdf-539e90040720 => generated 246 bytes in 10 msecs (HTTP/1.1 404) 6 headers in 231 bytes (1 switches on core 0)
2026-04-17 11:47:02.006 8 INFO placement.requestlog [None req-e70ee3fc-b3f8-4266-95e6-e28698330670 2efcd0e0c9764e18a456a2e1e07eb411 554f6db5d095431b8eb21a2cd215b260 - - a86600488e304b0abb84e5dd00f83c86 a86600488e304b0abb84e5dd00f83c86] 10.0.0.75 "DELETE /resource_providers/708831d4-0ba9-48c8-afdf-539e90040720" status: 404 len: 246 microversion: 1.1 [pid: 8|app: 0|req: 215/432] 10.0.0.75 () {34 vars in 815 bytes} [Fri Apr 17 11:47:01 2026] DELETE /resource_providers/708831d4-0ba9-48c8-afdf-539e90040720 => generated 246 bytes in 11 msecs (HTTP/1.1 404) 6 headers in 231 bytes (1 switches on core 0)
2026-04-17 11:47:04.049 7 INFO placement.requestlog [None req-6f441885-8db1-4807-adb3-cea16642de94 2efcd0e0c9764e18a456a2e1e07eb411 554f6db5d095431b8eb21a2cd215b260 - - a86600488e304b0abb84e5dd00f83c86 a86600488e304b0abb84e5dd00f83c86] 10.0.0.75 "GET /resource_providers/2e4bcd4f-2874-4195-a745-6e9167f6e0be/aggregates" status: 404 len: 235 microversion: 1.1
2026-04-17 11:47:04.052 8 INFO placement.requestlog [None req-1e1e4aa2-4bfc-4d85-b48c-9a2fe59b5189 2efcd0e0c9764e18a456a2e1e07eb411 554f6db5d095431b8eb21a2cd215b260 - - a86600488e304b0abb84e5dd00f83c86 a86600488e304b0abb84e5dd00f83c86] 10.0.0.75 "GET /resource_providers/2e4bcd4f-2874-4195-a745-6e9167f6e0be/aggregates" status: 404 len: 235 microversion: 1.1 [pid: 8|app: 0|req: 216/433] 10.0.0.75 () {32 vars in 815 bytes} [Fri Apr 17 11:47:04 2026] GET /resource_providers/2e4bcd4f-2874-4195-a745-6e9167f6e0be/aggregates => generated 235 bytes in 15 msecs (HTTP/1.1 404) 5 headers in 202 bytes (1 switches on core 0) [pid: 7|app: 0|req: 218/434] 10.0.0.75 () {32 vars in 815 bytes} [Fri Apr 17 11:47:04 2026] GET /resource_providers/2e4bcd4f-2874-4195-a745-6e9167f6e0be/aggregates => generated 235 bytes in 30 msecs (HTTP/1.1 404) 5 headers in 202 bytes (1 switches on core 0)
2026-04-17 11:47:04.111 8 INFO placement.requestlog [None req-cc05cea0-2941-4b82-be46-3be9538c67b8 2efcd0e0c9764e18a456a2e1e07eb411 554f6db5d095431b8eb21a2cd215b260 - - a86600488e304b0abb84e5dd00f83c86 a86600488e304b0abb84e5dd00f83c86] 10.0.0.75 "DELETE /resource_providers/2e4bcd4f-2874-4195-a745-6e9167f6e0be" status: 404 len: 246 microversion: 1.1 [pid: 8|app: 0|req: 217/435] 10.0.0.75 () {34 vars in 815 bytes} [Fri Apr 17 11:47:04 2026] DELETE /resource_providers/2e4bcd4f-2874-4195-a745-6e9167f6e0be => generated 246 bytes in 38 msecs (HTTP/1.1 404) 6 headers in 231 bytes (1 switches on core 0)
2026-04-17 11:47:04.113 7 INFO placement.requestlog [None req-d3ebf78a-c691-493d-bacd-0e75ccf45d7e 2efcd0e0c9764e18a456a2e1e07eb411 554f6db5d095431b8eb21a2cd215b260 - - a86600488e304b0abb84e5dd00f83c86 a86600488e304b0abb84e5dd00f83c86] 10.0.0.75 "DELETE /resource_providers/2e4bcd4f-2874-4195-a745-6e9167f6e0be" status: 404 len: 246 microversion: 1.1 [pid: 7|app: 0|req: 219/436] 10.0.0.75 () {34 vars in 815 bytes} [Fri Apr 17 11:47:04 2026] DELETE /resource_providers/2e4bcd4f-2874-4195-a745-6e9167f6e0be => generated 246 bytes in 38 msecs (HTTP/1.1 404) 6 headers in 231 bytes (1 switches on core 0)
2026-04-17 11:47:04.660 8 INFO placement.requestlog [None req-f4aae8ee-d278-4e89-862d-ed1c4c5f3208 - - - - - -] 10.0.0.230 "GET /" status: 200 len: 136 microversion: 1.0
2026-04-17 11:47:04.664 7 INFO placement.requestlog [None req-d894e85a-4a6a-48c3-a880-f25656c6dd3d - - - - - -] 10.0.0.230 "GET /" status: 200 len: 136 microversion: 1.0
2026-04-17 11:47:05.105 8 INFO placement.requestlog [None req-86bc1562-061b-40d6-819f-8217c046c2ac 2efcd0e0c9764e18a456a2e1e07eb411 554f6db5d095431b8eb21a2cd215b260 - - a86600488e304b0abb84e5dd00f83c86 a86600488e304b0abb84e5dd00f83c86] 10.0.0.75 "GET /resource_providers/a44a0509-f3ec-4024-988e-5069e07e4296/aggregates" status: 404 len: 235 microversion: 1.1 [pid: 8|app: 0|req: 219/439] 10.0.0.75 () {32 vars in 815 bytes} [Fri Apr 17 11:47:05 2026] GET /resource_providers/a44a0509-f3ec-4024-988e-5069e07e4296/aggregates => generated 235 bytes in 18 msecs (HTTP/1.1 404) 5 headers in 202 bytes (1 switches on core 0)
2026-04-17 11:47:05.124 7 INFO placement.requestlog [None req-44258f77-0fe4-480b-bcde-db93b8f9f5aa 2efcd0e0c9764e18a456a2e1e07eb411 554f6db5d095431b8eb21a2cd215b260 - - a86600488e304b0abb84e5dd00f83c86 a86600488e304b0abb84e5dd00f83c86] 10.0.0.75 "GET /resource_providers/a44a0509-f3ec-4024-988e-5069e07e4296/aggregates" status: 404 len: 235 microversion: 1.1 [pid: 7|app: 0|req: 221/440] 10.0.0.75 () {32 vars in 815 bytes} [Fri Apr 17 11:47:05 2026] GET /resource_providers/a44a0509-f3ec-4024-988e-5069e07e4296/aggregates => generated 235 bytes in 35 msecs (HTTP/1.1 404) 5 headers in 202 bytes (1 switches on core 0)
2026-04-17 11:47:05.129 8 INFO placement.requestlog [None req-523fe90d-0456-4d8c-810e-eae25d9088f0 2efcd0e0c9764e18a456a2e1e07eb411 554f6db5d095431b8eb21a2cd215b260 - - a86600488e304b0abb84e5dd00f83c86 a86600488e304b0abb84e5dd00f83c86] 10.0.0.75 "DELETE /resource_providers/a44a0509-f3ec-4024-988e-5069e07e4296" status: 404 len: 246 microversion: 1.1 [pid: 8|app: 0|req: 220/441] 10.0.0.75 () {34 vars in 815 bytes} [Fri Apr 17 11:47:05 2026] DELETE /resource_providers/a44a0509-f3ec-4024-988e-5069e07e4296 => generated 246 bytes in 15 msecs (HTTP/1.1 404) 6 headers in 231 bytes (1 switches on core 0)
2026-04-17 11:47:05.155 7 INFO placement.requestlog [None req-587607bf-5b8f-4dc4-b50a-d6b39f90a373 2efcd0e0c9764e18a456a2e1e07eb411 554f6db5d095431b8eb21a2cd215b260 - - a86600488e304b0abb84e5dd00f83c86 a86600488e304b0abb84e5dd00f83c86] 10.0.0.75 "DELETE /resource_providers/a44a0509-f3ec-4024-988e-5069e07e4296" status: 404 len: 246 microversion: 1.1 [pid: 7|app: 0|req: 222/442] 10.0.0.75 () {34 vars in 815 bytes} [Fri Apr 17 11:47:05 2026] DELETE /resource_providers/a44a0509-f3ec-4024-988e-5069e07e4296 => generated 246 bytes in 18 msecs (HTTP/1.1 404) 6 headers in 231 bytes (1 switches on core 0)
2026-04-17 11:47:10.748 8 INFO placement.requestlog [None req-f46a085a-b0f0-4f84-9b10-aa38f53e2d80 2efcd0e0c9764e18a456a2e1e07eb411 554f6db5d095431b8eb21a2cd215b260 - - a86600488e304b0abb84e5dd00f83c86 a86600488e304b0abb84e5dd00f83c86] 10.0.0.75 "GET /resource_providers/879b3f63-7d4c-4520-afbf-197a0df14683/aggregates" status: 404 len: 235 microversion: 1.1
2026-04-17 11:47:10.748 7 INFO placement.requestlog [None req-552f92b3-0d05-422f-9c29-e138ecb47140 2efcd0e0c9764e18a456a2e1e07eb411 554f6db5d095431b8eb21a2cd215b260 - - a86600488e304b0abb84e5dd00f83c86 a86600488e304b0abb84e5dd00f83c86] 10.0.0.75 "GET /resource_providers/879b3f63-7d4c-4520-afbf-197a0df14683/aggregates" status: 404 len: 235 microversion: 1.1 [pid: 8|app: 0|req: 221/443] 10.0.0.75 () {32 vars in 815 bytes} [Fri Apr 17 11:47:10 2026] GET /resource_providers/879b3f63-7d4c-4520-afbf-197a0df14683/aggregates => generated 235 bytes in 10 msecs (HTTP/1.1 404) 5 headers in 202 bytes (1 switches on core 0) [pid: 7|app: 0|req: 223/444] 10.0.0.75 () {32 vars in 815 bytes} [Fri Apr 17 11:47:10 2026] GET /resource_providers/879b3f63-7d4c-4520-afbf-197a0df14683/aggregates => generated 235 bytes in 10 msecs (HTTP/1.1 404) 5 headers in 202 bytes (1 switches on core 0)
2026-04-17 11:47:10.771 7 INFO placement.requestlog [None req-889c3b8f-ad3c-41c0-94d7-c1c4613f80c5 2efcd0e0c9764e18a456a2e1e07eb411 554f6db5d095431b8eb21a2cd215b260 - - a86600488e304b0abb84e5dd00f83c86 a86600488e304b0abb84e5dd00f83c86] 10.0.0.75 "DELETE /resource_providers/879b3f63-7d4c-4520-afbf-197a0df14683" status: 404 len: 246 microversion: 1.1 [pid: 7|app: 0|req: 224/445] 10.0.0.75 () {34 vars in 815 bytes} [Fri Apr 17 11:47:10 2026] DELETE /resource_providers/879b3f63-7d4c-4520-afbf-197a0df14683 => generated 246 bytes in 11 msecs (HTTP/1.1 404) 6 headers in 231 bytes (1 switches on core 0)
2026-04-17 11:47:10.773 8 INFO placement.requestlog [None req-35984401-eaf9-4864-94fa-f26b07a29b53 2efcd0e0c9764e18a456a2e1e07eb411 554f6db5d095431b8eb21a2cd215b260 - - a86600488e304b0abb84e5dd00f83c86 a86600488e304b0abb84e5dd00f83c86] 10.0.0.75 "DELETE /resource_providers/879b3f63-7d4c-4520-afbf-197a0df14683" status: 404 len: 246 microversion: 1.1 [pid: 8|app: 0|req: 222/446] 10.0.0.75 () {34 vars in 815 bytes} [Fri Apr 17 11:47:10 2026] DELETE /resource_providers/879b3f63-7d4c-4520-afbf-197a0df14683 => generated 246 bytes in 12 msecs (HTTP/1.1 404) 6 headers in 231 bytes (1 switches on core 0)
2026-04-17 11:47:12.793 8 INFO placement.requestlog [None req-36b57456-cba4-492b-8a73-89ff45855fee 2efcd0e0c9764e18a456a2e1e07eb411 554f6db5d095431b8eb21a2cd215b260 - - a86600488e304b0abb84e5dd00f83c86 a86600488e304b0abb84e5dd00f83c86] 10.0.0.75 "GET /resource_providers/462928a9-6ea5-4ea8-89a9-9d6cc5e92317/aggregates" status: 404 len: 235 microversion: 1.1 [pid: 8|app: 0|req: 223/447] 10.0.0.75 () {32 vars in 815 bytes} [Fri Apr 17 11:47:12 2026] GET /resource_providers/462928a9-6ea5-4ea8-89a9-9d6cc5e92317/aggregates => generated 235 bytes in 10 msecs (HTTP/1.1 404) 5 headers in 202 bytes (1 switches on core 0)
2026-04-17 11:47:12.794 7 INFO placement.requestlog [None req-97ba13ae-584d-447b-b3a0-0b1a52894b05 2efcd0e0c9764e18a456a2e1e07eb411 554f6db5d095431b8eb21a2cd215b260 - - a86600488e304b0abb84e5dd00f83c86 a86600488e304b0abb84e5dd00f83c86] 10.0.0.75 "GET /resource_providers/462928a9-6ea5-4ea8-89a9-9d6cc5e92317/aggregates" status: 404 len: 235 microversion: 1.1 [pid: 7|app: 0|req: 225/448] 10.0.0.75 () {32 vars in 815 bytes} [Fri Apr 17 11:47:12 2026] GET /resource_providers/462928a9-6ea5-4ea8-89a9-9d6cc5e92317/aggregates => generated 235 bytes in 12 msecs (HTTP/1.1 404) 5 headers in 202 bytes (1 switches on core 0)
2026-04-17 11:47:12.828 8 INFO placement.requestlog [None req-9fdc02ad-71b4-4349-bfad-4bf764e4f62f 2efcd0e0c9764e18a456a2e1e07eb411 554f6db5d095431b8eb21a2cd215b260 - - a86600488e304b0abb84e5dd00f83c86 a86600488e304b0abb84e5dd00f83c86] 10.0.0.75 "DELETE /resource_providers/462928a9-6ea5-4ea8-89a9-9d6cc5e92317" status: 404 len: 246 microversion: 1.1 [pid: 8|app: 0|req: 224/449] 10.0.0.75 () {34 vars in 815 bytes} [Fri Apr 17 11:47:12 2026] DELETE /resource_providers/462928a9-6ea5-4ea8-89a9-9d6cc5e92317 => generated 246 bytes in 11 msecs (HTTP/1.1 404) 6 headers in 231 bytes (1 switches on core 0)
2026-04-17 11:47:12.828 7 INFO placement.requestlog [None req-eea956db-f799-48f1-8355-9d3234f81c51 2efcd0e0c9764e18a456a2e1e07eb411 554f6db5d095431b8eb21a2cd215b260 - - a86600488e304b0abb84e5dd00f83c86 a86600488e304b0abb84e5dd00f83c86] 10.0.0.75 "DELETE /resource_providers/462928a9-6ea5-4ea8-89a9-9d6cc5e92317" status: 404 len: 246 microversion: 1.1 [pid: 7|app: 0|req: 226/450] 10.0.0.75 () {34 vars in 815 bytes} [Fri Apr 17 11:47:12 2026] DELETE /resource_providers/462928a9-6ea5-4ea8-89a9-9d6cc5e92317 => generated 246 bytes in 9 msecs (HTTP/1.1 404) 6 headers in 231 bytes (1 switches on core 0)
2026-04-17 11:47:14.660 7 INFO placement.requestlog [None req-6bf37ebb-eddd-457a-abbf-468a8409d427 - - - - - -] 10.0.0.230 "GET /" status: 200 len: 136 microversion: 1.0
2026-04-17 11:47:14.660 8 INFO placement.requestlog [None req-bab559be-a5cf-43c8-a23a-ce827b91e7fc - - - - - -] 10.0.0.230 "GET /" status: 200 len: 136 microversion: 1.0
2026-04-17 11:47:16.201 7 INFO placement.requestlog [req-8c30ba06-83a0-497d-9e94-59c26252ff81 req-df9b0a4b-ed94-4c76-b8c1-ddee25f1f4c8 ea760857e91d49b78a814670d027c4bb 554f6db5d095431b8eb21a2cd215b260 - - a86600488e304b0abb84e5dd00f83c86 a86600488e304b0abb84e5dd00f83c86] 10.0.0.35 "GET /allocation_candidates?limit=1000&resources=DISK_GB%3A1%2CMEMORY_MB%3A512%2CVCPU%3A1&root_required=%21COMPUTE_STATUS_DISABLED" status: 200 len: 2784 microversion: 1.36 [pid: 7|app: 0|req: 228/453] 10.0.0.35 () {34 vars in 1011 bytes} [Fri Apr 17 11:47:16 2026] GET /allocation_candidates?limit=1000&resources=DISK_GB%3A1%2CMEMORY_MB%3A512%2CVCPU%3A1&root_required=%21COMPUTE_STATUS_DISABLED => generated 2784 bytes in 57 msecs (HTTP/1.1 200) 8 headers in 297 bytes (1 switches on core 0)
2026-04-17 11:47:16.231 8 INFO placement.requestlog [req-8c30ba06-83a0-497d-9e94-59c26252ff81 req-1fbcbfd6-fe3b-4281-98e6-a45a838aafe2 ea760857e91d49b78a814670d027c4bb 554f6db5d095431b8eb21a2cd215b260 - - a86600488e304b0abb84e5dd00f83c86 a86600488e304b0abb84e5dd00f83c86] 10.0.0.35 "GET /allocations/c5ac5c7d-a232-4c25-b608-bc4fbfa6b256" status: 200 len: 19 microversion: 1.28 [pid: 8|app: 0|req: 226/454] 10.0.0.35 () {34 vars in 860 bytes} [Fri Apr 17 11:47:16 2026] GET /allocations/c5ac5c7d-a232-4c25-b608-bc4fbfa6b256 => generated 19 bytes in 11 msecs (HTTP/1.1 200) 8 headers in 295 bytes (1 switches on core 0)
2026-04-17 11:47:16.304 7 INFO placement.requestlog [req-8c30ba06-83a0-497d-9e94-59c26252ff81 req-7186174a-15cf-4802-9498-74ae9436f686 ea760857e91d49b78a814670d027c4bb 554f6db5d095431b8eb21a2cd215b260 - - a86600488e304b0abb84e5dd00f83c86 a86600488e304b0abb84e5dd00f83c86] 10.0.0.35 "PUT /allocations/c5ac5c7d-a232-4c25-b608-bc4fbfa6b256" status: 204 len: 0 microversion: 1.36 [pid: 7|app: 0|req: 229/455] 10.0.0.35 () {38 vars in 913 bytes} [Fri Apr 17 11:47:16 2026] PUT /allocations/c5ac5c7d-a232-4c25-b608-bc4fbfa6b256 => generated 0 bytes in 67 msecs (HTTP/1.1 204) 5 headers in 199 bytes (1 switches on core 0)
2026-04-17 11:47:17.904 8 INFO placement.requestlog [req-8c30ba06-83a0-497d-9e94-59c26252ff81 req-860875b9-25d4-413e-8d21-820661111a00 ea760857e91d49b78a814670d027c4bb 554f6db5d095431b8eb21a2cd215b260 - - a86600488e304b0abb84e5dd00f83c86 a86600488e304b0abb84e5dd00f83c86] 199.204.45.25 "GET /allocations/c5ac5c7d-a232-4c25-b608-bc4fbfa6b256" status: 200 len: 257 microversion: 1.28 [pid: 8|app: 0|req: 227/456] 199.204.45.25 () {34 vars in 862 bytes} [Fri Apr 17 11:47:17 2026] GET /allocations/c5ac5c7d-a232-4c25-b608-bc4fbfa6b256 => generated 257 bytes in 15 msecs (HTTP/1.1 200) 8 headers in 296 bytes (1 switches on core 0)
2026-04-17 11:47:18.945 7 INFO placement.requestlog [req-8c30ba06-83a0-497d-9e94-59c26252ff81 req-a8ded23c-c6ad-464d-9cd9-67590da31825 ea760857e91d49b78a814670d027c4bb 554f6db5d095431b8eb21a2cd215b260 - - a86600488e304b0abb84e5dd00f83c86 a86600488e304b0abb84e5dd00f83c86] 199.204.45.25 "GET /resource_providers/c8036779-2574-418b-80a8-af6f2a73dbb0/allocations" status: 200 len: 352 microversion: 1.0 [pid: 7|app: 0|req: 230/457] 199.204.45.25 () {32 vars in 856 bytes} [Fri Apr 17 11:47:18 2026] GET /resource_providers/c8036779-2574-418b-80a8-af6f2a73dbb0/allocations => generated 352 bytes in 18 msecs (HTTP/1.1 200) 6 headers in 224 bytes (1 switches on core 0)
2026-04-17 11:47:18.965 8 INFO placement.requestlog [req-8c30ba06-83a0-497d-9e94-59c26252ff81 req-e86a97bf-ddaf-4f2c-b7d3-7856603d9d9c ea760857e91d49b78a814670d027c4bb 554f6db5d095431b8eb21a2cd215b260 - - a86600488e304b0abb84e5dd00f83c86 a86600488e304b0abb84e5dd00f83c86] 199.204.45.25 "GET /allocations/c5ac5c7d-a232-4c25-b608-bc4fbfa6b256" status: 200 len: 257 microversion: 1.28 [pid: 8|app: 0|req: 228/458] 199.204.45.25 () {34 vars in 862 bytes} [Fri Apr 17 11:47:18 2026] GET /allocations/c5ac5c7d-a232-4c25-b608-bc4fbfa6b256 => generated 257 bytes in 14 msecs (HTTP/1.1 200) 8 headers in 296 bytes (1 switches on core 0)
2026-04-17 11:47:18.984 7 INFO placement.requestlog [req-8c30ba06-83a0-497d-9e94-59c26252ff81 req-6d633cc9-748c-400c-82e3-97d95d30c493 ea760857e91d49b78a814670d027c4bb 554f6db5d095431b8eb21a2cd215b260 - - a86600488e304b0abb84e5dd00f83c86 a86600488e304b0abb84e5dd00f83c86] 199.204.45.25 "GET /allocations/ec3639e5-d493-41c8-9d39-8584915cf67c" status: 200 len: 257 microversion: 1.28 [pid: 7|app: 0|req: 231/459] 199.204.45.25 () {34 vars in 862 bytes} [Fri Apr 17 11:47:18 2026] GET /allocations/ec3639e5-d493-41c8-9d39-8584915cf67c => generated 257 bytes in 14 msecs (HTTP/1.1 200) 8 headers in 296 bytes (1 switches on core 0)
2026-04-17 11:47:19.004 8 INFO placement.requestlog [req-8c30ba06-83a0-497d-9e94-59c26252ff81 req-2bfa7210-bbca-4d0d-86fa-85249296bb9c ea760857e91d49b78a814670d027c4bb 554f6db5d095431b8eb21a2cd215b260 - - a86600488e304b0abb84e5dd00f83c86 a86600488e304b0abb84e5dd00f83c86] 199.204.45.25 "GET /allocations/6a47f036-103f-4648-b257-b2937a95afa2" status: 200 len: 257 microversion: 1.28 [pid: 8|app: 0|req: 229/460] 199.204.45.25 () {34 vars in 862 bytes} [Fri Apr 17 11:47:18 2026] GET /allocations/6a47f036-103f-4648-b257-b2937a95afa2 => generated 257 bytes in 14 msecs (HTTP/1.1 200) 8 headers in 296 bytes (1 switches on core 0)
2026-04-17 11:47:22.472 7 INFO placement.requestlog [req-c6c90222-4d0f-4f8d-863a-bbcac48d7899 req-8ac5918d-daeb-4eb9-ab79-990e3c0791cb ea760857e91d49b78a814670d027c4bb 554f6db5d095431b8eb21a2cd215b260 - - a86600488e304b0abb84e5dd00f83c86 a86600488e304b0abb84e5dd00f83c86] 199.204.45.25 "GET /resource_providers/c8036779-2574-418b-80a8-af6f2a73dbb0/allocations" status: 200 len: 352 microversion: 1.0 [pid: 7|app: 0|req: 232/461] 199.204.45.25 () {32 vars in 856 bytes} [Fri Apr 17 11:47:22 2026] GET /resource_providers/c8036779-2574-418b-80a8-af6f2a73dbb0/allocations => generated 352 bytes in 23 msecs (HTTP/1.1 200) 6 headers in 224 bytes (1 switches on core 0)
2026-04-17 11:47:22.497 8 INFO placement.requestlog [req-c6c90222-4d0f-4f8d-863a-bbcac48d7899 req-bd4ae33c-6d1b-47ec-a3d9-32ea7302b025 ea760857e91d49b78a814670d027c4bb 554f6db5d095431b8eb21a2cd215b260 - - a86600488e304b0abb84e5dd00f83c86 a86600488e304b0abb84e5dd00f83c86] 199.204.45.25 "GET /allocations/c5ac5c7d-a232-4c25-b608-bc4fbfa6b256" status: 200 len: 257 microversion: 1.28 [pid: 8|app: 0|req: 230/462] 199.204.45.25 () {34 vars in 862 bytes} [Fri Apr 17 11:47:22 2026] GET /allocations/c5ac5c7d-a232-4c25-b608-bc4fbfa6b256 => generated 257 bytes in 17 msecs (HTTP/1.1 200) 8 headers in 296 bytes (1 switches on core 0)
2026-04-17 11:47:22.515 7 INFO placement.requestlog [req-c6c90222-4d0f-4f8d-863a-bbcac48d7899 req-74a56c91-a615-44e5-8bec-77e0451e1176 ea760857e91d49b78a814670d027c4bb 554f6db5d095431b8eb21a2cd215b260 - - a86600488e304b0abb84e5dd00f83c86 a86600488e304b0abb84e5dd00f83c86] 199.204.45.25 "GET /allocations/ec3639e5-d493-41c8-9d39-8584915cf67c" status: 200 len: 257 microversion: 1.28 [pid: 7|app: 0|req: 233/463] 199.204.45.25 () {34 vars in 862 bytes} [Fri Apr 17 11:47:22 2026] GET /allocations/ec3639e5-d493-41c8-9d39-8584915cf67c => generated 257 bytes in 12 msecs (HTTP/1.1 200) 8 headers in 296 bytes (1 switches on core 0)
2026-04-17 11:47:22.532 8 INFO placement.requestlog [req-c6c90222-4d0f-4f8d-863a-bbcac48d7899 req-37a58e70-76cf-4e95-b580-4b88348928c7 ea760857e91d49b78a814670d027c4bb 554f6db5d095431b8eb21a2cd215b260 - - a86600488e304b0abb84e5dd00f83c86 a86600488e304b0abb84e5dd00f83c86] 199.204.45.25 "GET /allocations/6a47f036-103f-4648-b257-b2937a95afa2" status: 200 len: 257 microversion: 1.28 [pid: 8|app: 0|req: 231/464] 199.204.45.25 () {34 vars in 862 bytes} [Fri Apr 17 11:47:22 2026] GET /allocations/6a47f036-103f-4648-b257-b2937a95afa2 => generated 257 bytes in 13 msecs (HTTP/1.1 200) 8 headers in 296 bytes (1 switches on core 0)
2026-04-17 11:47:23.595 7 INFO placement.requestlog [req-c6c90222-4d0f-4f8d-863a-bbcac48d7899 req-8e4beb83-ea29-43a2-9885-ff6d20ab259f ea760857e91d49b78a814670d027c4bb 554f6db5d095431b8eb21a2cd215b260 - - a86600488e304b0abb84e5dd00f83c86 a86600488e304b0abb84e5dd00f83c86] 199.204.45.25 "DELETE /allocations/6a47f036-103f-4648-b257-b2937a95afa2" status: 204 len: 0 microversion: 1.0 [pid: 7|app: 0|req: 234/465] 199.204.45.25 () {34 vars in 840 bytes} [Fri Apr 17 11:47:23 2026] DELETE /allocations/6a47f036-103f-4648-b257-b2937a95afa2 => generated 0 bytes in 36 msecs (HTTP/1.1 204) 5 headers in 198 bytes (1 switches on core 0)
2026-04-17 11:47:24.661 7 INFO placement.requestlog [None req-e52c6e74-bdc1-4323-b512-bc0395bc799a - - - - - -] 10.0.0.230 "GET /" status: 200 len: 136 microversion: 1.0
2026-04-17 11:47:24.661 8 INFO placement.requestlog [None req-69cc1266-9353-42a7-8a11-bd6eb0b354e9 - - - - - -] 10.0.0.230 "GET /" status: 200 len: 136 microversion: 1.0
2026-04-17 11:47:27.344 8 INFO placement.requestlog [None req-24239100-71f0-488e-a61f-f3908b8ab09d 2efcd0e0c9764e18a456a2e1e07eb411 554f6db5d095431b8eb21a2cd215b260 - - a86600488e304b0abb84e5dd00f83c86 a86600488e304b0abb84e5dd00f83c86] 10.0.0.75 "GET /resource_providers/c65f44fa-b39b-45ed-8609-9c90087101c2/aggregates" status: 404 len: 235 microversion: 1.1 [pid: 8|app: 0|req: 233/468] 10.0.0.75 () {32 vars in 815 bytes} [Fri Apr 17 11:47:27 2026] GET /resource_providers/c65f44fa-b39b-45ed-8609-9c90087101c2/aggregates => generated 235 bytes in 8 msecs (HTTP/1.1 404) 5 headers in 202 bytes (1 switches on core 0)
2026-04-17 11:47:27.352 7 INFO placement.requestlog [None req-182ef8cb-471b-402f-abce-0919b73666cc 2efcd0e0c9764e18a456a2e1e07eb411 554f6db5d095431b8eb21a2cd215b260 - - a86600488e304b0abb84e5dd00f83c86 a86600488e304b0abb84e5dd00f83c86] 10.0.0.75 "GET /resource_providers/c65f44fa-b39b-45ed-8609-9c90087101c2/aggregates" status: 404 len: 235 microversion: 1.1 [pid: 7|app: 0|req: 236/469] 10.0.0.75 () {32 vars in 815 bytes} [Fri Apr 17 11:47:27 2026] GET /resource_providers/c65f44fa-b39b-45ed-8609-9c90087101c2/aggregates => generated 235 bytes in 14 msecs (HTTP/1.1 404) 5 headers in 202 bytes (1 switches on core 0)
2026-04-17 11:47:27.367 8 INFO placement.requestlog [None req-6b9cb393-4a6d-4721-8c17-616ce6b26b50 2efcd0e0c9764e18a456a2e1e07eb411 554f6db5d095431b8eb21a2cd215b260 - - a86600488e304b0abb84e5dd00f83c86 a86600488e304b0abb84e5dd00f83c86] 10.0.0.75 "DELETE /resource_providers/c65f44fa-b39b-45ed-8609-9c90087101c2" status: 404 len: 246 microversion: 1.1 [pid: 8|app: 0|req: 234/470] 10.0.0.75 () {34 vars in 815 bytes} [Fri Apr 17 11:47:27 2026] DELETE /resource_providers/c65f44fa-b39b-45ed-8609-9c90087101c2 => generated 246 bytes in 9 msecs (HTTP/1.1 404) 6 headers in 231 bytes (1 switches on core 0)
2026-04-17 11:47:27.371 7 INFO placement.requestlog [None req-02d890c1-8095-4695-87bd-eb2b75c6224d 2efcd0e0c9764e18a456a2e1e07eb411 554f6db5d095431b8eb21a2cd215b260 - - a86600488e304b0abb84e5dd00f83c86 a86600488e304b0abb84e5dd00f83c86] 10.0.0.75 "DELETE /resource_providers/c65f44fa-b39b-45ed-8609-9c90087101c2" status: 404 len: 246 microversion: 1.1 [pid: 7|app: 0|req: 237/471] 10.0.0.75 () {34 vars in 815 bytes} [Fri Apr 17 11:47:27 2026] DELETE /resource_providers/c65f44fa-b39b-45ed-8609-9c90087101c2 => generated 246 bytes in 10 msecs (HTTP/1.1 404) 6 headers in 231 bytes (1 switches on core 0)
2026-04-17 11:47:28.197 8 INFO placement.requestlog [None req-7a872e59-f004-4d71-a821-8ed841ad1693 2efcd0e0c9764e18a456a2e1e07eb411 554f6db5d095431b8eb21a2cd215b260 - - a86600488e304b0abb84e5dd00f83c86 a86600488e304b0abb84e5dd00f83c86] 10.0.0.75 "GET /resource_providers/d1d320f8-7d18-444b-af1e-429283e2d40e/aggregates" status: 404 len: 235 microversion: 1.1 [pid: 8|app: 0|req: 235/472] 10.0.0.75 () {32 vars in 815 bytes} [Fri Apr 17 11:47:28 2026] GET /resource_providers/d1d320f8-7d18-444b-af1e-429283e2d40e/aggregates => generated 235 bytes in 12 msecs (HTTP/1.1 404) 5 headers in 202 bytes (1 switches on core 0)
