2026-04-17 11:49:39.850 8 INFO neutron.services.segments.plugin [-] Segment 573b3a1c-1c64-4f4d-8b62-d8dd14402812 resource provider not found; error: Placement Client Error (4xx): {"errors": [{"status": 404, "title": "Not Found", "detail": "The resource could not be found.\n\n No resource provider with uuid 573b3a1c-1c64-4f4d-8b62-d8dd14402812 found for delete ", "request_id": "req-29285f04-3ef3-48b8-922b-fe5fe61061ea"}]} [pid: 8|app: 0|req: 876/1776] 10.0.0.124 () {32 vars in 726 bytes} [Fri Apr 17 11:49:39 2026] DELETE /v2.0/networks/2a068162-201e-4ce6-9258-2ce50cbdabd5 => generated 0 bytes in 365 msecs (HTTP/1.1 204) 3 headers in 131 bytes (1 switches on core 0) [pid: 7|app: 0|req: 901/1777] 10.0.0.124 () {34 vars in 664 bytes} [Fri Apr 17 11:49:39 2026] POST /v2.0/ports => generated 743 bytes in 388 msecs (HTTP/1.1 201) 4 headers in 162 bytes (1 switches on core 0) /var/lib/openstack/lib/python3.12/site-packages/pycadf/identifier.py:70: UserWarning: Invalid uuid: neutron. To ensure interoperability, identifiers should be a valid uuid. warnings.warn(('Invalid uuid: %s. To ensure interoperability, ' [pid: 8|app: 0|req: 877/1778] 10.0.0.124 () {32 vars in 734 bytes} [Fri Apr 17 11:49:39 2026] DELETE /v2.0/qos/policies/81e691a1-900d-4563-bd76-281a250ed42e => generated 0 bytes in 61 msecs (HTTP/1.1 204) 2 headers in 112 bytes (1 switches on core 0) [pid: 8|app: 0|req: 878/1779] 10.0.0.124 () {34 vars in 747 bytes} [Fri Apr 17 11:49:39 2026] PUT /v2.0/ports/b601a4a4-2638-400a-8706-eeb0b0c394b1/tags => generated 17 bytes in 59 msecs (HTTP/1.1 200) 4 headers in 156 bytes (1 switches on core 0) /var/lib/openstack/lib/python3.12/site-packages/pycadf/identifier.py:70: UserWarning: Invalid uuid: neutron. To ensure interoperability, identifiers should be a valid uuid. warnings.warn(('Invalid uuid: %s. To ensure interoperability, '
2026-04-17 11:49:40.005 7 INFO neutron_taas.services.taas.taas_plugin [None req-5a8b7589-06b6-4e9f-8536-170d1e1fe7fc f22e0218f2b64ab58a176a341f805390 9592165a51054b91a6526d0e7c14cef8 - - default default] TaaS: Handle Delete Port: 019e6671-2381-4468-87af-b32aabf441fb
2026-04-17 11:49:40.008 7 INFO neutron_taas.services.taas.tap_mirror_plugin [None req-5a8b7589-06b6-4e9f-8536-170d1e1fe7fc f22e0218f2b64ab58a176a341f805390 9592165a51054b91a6526d0e7c14cef8 - - default default] Tap Mirror: Handle Delete Port: 019e6671-2381-4468-87af-b32aabf441fb [pid: 8|app: 0|req: 879/1780] 10.0.0.124 () {32 vars in 734 bytes} [Fri Apr 17 11:49:39 2026] DELETE /v2.0/qos/policies/77b73d26-2d9d-457c-a219-7544086829a9 => generated 0 bytes in 47 msecs (HTTP/1.1 204) 2 headers in 112 bytes (1 switches on core 0) [pid: 8|app: 0|req: 880/1781] 10.0.0.124 () {34 vars in 747 bytes} [Fri Apr 17 11:49:40 2026] PUT /v2.0/ports/9f315fac-398a-4ebb-bc29-0e39f14fd68b/tags => generated 25 bytes in 74 msecs (HTTP/1.1 200) 4 headers in 156 bytes (1 switches on core 0) /var/lib/openstack/lib/python3.12/site-packages/pycadf/identifier.py:70: UserWarning: Invalid uuid: neutron. To ensure interoperability, identifiers should be a valid uuid. warnings.warn(('Invalid uuid: %s. To ensure interoperability, ' [pid: 8|app: 0|req: 881/1782] 10.0.0.124 () {34 vars in 747 bytes} [Fri Apr 17 11:49:40 2026] PUT /v2.0/ports/7398f362-680f-4b31-b9ec-1ebcf6e526a0/tags => generated 34 bytes in 73 msecs (HTTP/1.1 200) 4 headers in 156 bytes (1 switches on core 0) /var/lib/openstack/lib/python3.12/site-packages/pycadf/identifier.py:70: UserWarning: Invalid uuid: neutron. To ensure interoperability, identifiers should be a valid uuid. warnings.warn(('Invalid uuid: %s. To ensure interoperability, '
2026-04-17 11:49:40.222 7 INFO neutron.services.segments.plugin [-] Segment 9c017e3b-f574-4139-aca2-529e373aec81 resource provider aggregate not found
2026-04-17 11:49:40.232 7 INFO neutron.services.segments.plugin [-] Segment 9c017e3b-f574-4139-aca2-529e373aec81 resource provider aggregate not found
2026-04-17 11:49:40.243 7 INFO neutron.services.segments.plugin [-] Segment 9c017e3b-f574-4139-aca2-529e373aec81 resource provider not found; error: Placement Client Error (4xx): {"errors": [{"status": 404, "title": "Not Found", "detail": "The resource could not be found.\n\n No resource provider with uuid 9c017e3b-f574-4139-aca2-529e373aec81 found for delete ", "request_id": "req-10519d8e-0752-4019-a138-b846f8e5e217"}]}
2026-04-17 11:49:40.256 7 INFO neutron.services.segments.plugin [-] Segment 9c017e3b-f574-4139-aca2-529e373aec81 resource provider not found; error: Placement Client Error (4xx): {"errors": [{"status": 404, "title": "Not Found", "detail": "The resource could not be found.\n\n No resource provider with uuid 9c017e3b-f574-4139-aca2-529e373aec81 found for delete ", "request_id": "req-12dd611b-9e41-4a5e-b98a-1ce4793379db"}]} [pid: 8|app: 0|req: 882/1783] 10.0.0.124 () {34 vars in 747 bytes} [Fri Apr 17 11:49:40 2026] PUT /v2.0/ports/5ab2a4b9-dd55-4e03-b531-0e42eb1e2a89/tags => generated 19 bytes in 69 msecs (HTTP/1.1 200) 4 headers in 156 bytes (1 switches on core 0) /var/lib/openstack/lib/python3.12/site-packages/pycadf/identifier.py:70: UserWarning: Invalid uuid: neutron. To ensure interoperability, identifiers should be a valid uuid. warnings.warn(('Invalid uuid: %s. To ensure interoperability, ' [pid: 7|app: 0|req: 902/1784] 10.0.0.124 () {32 vars in 726 bytes} [Fri Apr 17 11:49:39 2026] DELETE /v2.0/networks/3dec8da7-4194-475b-b509-dc54247980c2 => generated 0 bytes in 378 msecs (HTTP/1.1 204) 3 headers in 131 bytes (1 switches on core 0)
2026-04-17 11:49:40.386 7 INFO neutron.db.segments_db [None req-fd0638cb-1140-47bd-8a17-62a636e45b8e f22e0218f2b64ab58a176a341f805390 9592165a51054b91a6526d0e7c14cef8 - - default default] Added segment 4a12a3a8-3fa2-4f0a-894b-357a3b91b0fb of type geneve for network 6fbf89b8-ef79-46ad-b1d4-777ce34d4602 [pid: 8|app: 0|req: 883/1785] 10.0.0.124 () {32 vars in 660 bytes} [Fri Apr 17 11:49:40 2026] GET /v2.0/ports?tags=red => generated 2253 bytes in 121 msecs (HTTP/1.1 200) 4 headers in 158 bytes (1 switches on core 0) [pid: 8|app: 0|req: 884/1786] 10.0.0.124 () {32 vars in 674 bytes} [Fri Apr 17 11:49:40 2026] GET /v2.0/ports?tags=red%2Cblue => generated 1513 bytes in 81 msecs (HTTP/1.1 200) 4 headers in 158 bytes (1 switches on core 0)
2026-04-17 11:49:40.488 7 INFO neutron.db.ovn_revision_numbers_db [None req-fd0638cb-1140-47bd-8a17-62a636e45b8e f22e0218f2b64ab58a176a341f805390 9592165a51054b91a6526d0e7c14cef8 - - default default] Successfully bumped revision number for resource 6fbf89b8-ef79-46ad-b1d4-777ce34d4602 (type: networks) to 1 [pid: 8|app: 0|req: 885/1787] 10.0.0.124 () {32 vars in 670 bytes} [Fri Apr 17 11:49:40 2026] GET /v2.0/ports?tags-any=blue => generated 1513 bytes in 69 msecs (HTTP/1.1 200) 4 headers in 158 bytes (1 switches on core 0) [pid: 8|app: 0|req: 886/1788] 10.0.0.124 () {32 vars in 682 bytes} [Fri Apr 17 11:49:40 2026] GET /v2.0/ports?tags-any=red%2Cblue => generated 2253 bytes in 81 msecs (HTTP/1.1 200) 4 headers in 158 bytes (1 switches on core 0)
2026-04-17 11:49:40.660 7 WARNING neutron.scheduler.dhcp_agent_scheduler [None req-fd0638cb-1140-47bd-8a17-62a636e45b8e f22e0218f2b64ab58a176a341f805390 9592165a51054b91a6526d0e7c14cef8 - - default default] No more DHCP agents
2026-04-17 11:49:40.661 7 WARNING neutron.api.rpc.agentnotifiers.dhcp_rpc_agent_api [None req-fd0638cb-1140-47bd-8a17-62a636e45b8e f22e0218f2b64ab58a176a341f805390 9592165a51054b91a6526d0e7c14cef8 - - default default] Unable to schedule network 6fbf89b8-ef79-46ad-b1d4-777ce34d4602: no agents available; will retry on subsequent port and subnet creation events.
2026-04-17 11:49:40.714 8 INFO neutron.plugins.ml2.drivers.ovn.mech_driver.mech_driver [None req-0238474e-6f18-4b3e-a76a-d70fbe28e49d - - - - - -] OVN reports status down for port: f1158f73-1303-4bca-83f2-05dda0e5b7af
2026-04-17 11:49:40.745 7 INFO neutron.db.ovn_revision_numbers_db [None req-fd0638cb-1140-47bd-8a17-62a636e45b8e f22e0218f2b64ab58a176a341f805390 9592165a51054b91a6526d0e7c14cef8 - - default default] Successfully bumped revision number for resource f1158f73-1303-4bca-83f2-05dda0e5b7af (type: ports) to 1 [pid: 7|app: 0|req: 903/1789] 10.0.0.124 () {34 vars in 670 bytes} [Fri Apr 17 11:49:40 2026] POST /v2.0/networks => generated 649 bytes in 481 msecs (HTTP/1.1 201) 4 headers in 162 bytes (1 switches on core 0) [pid: 8|app: 0|req: 887/1792] 10.0.0.124 () {32 vars in 668 bytes} [Fri Apr 17 11:49:40 2026] GET /v2.0/ports?not-tags=red => generated 5268 bytes in 259 msecs (HTTP/1.1 200) 4 headers in 158 bytes (1 switches on core 0)
2026-04-17 11:49:40.984 7 WARNING neutron.scheduler.dhcp_agent_scheduler [None req-95225c5c-215e-40c5-acaa-8089bb98f912 f22e0218f2b64ab58a176a341f805390 9592165a51054b91a6526d0e7c14cef8 - - default default] No more DHCP agents
2026-04-17 11:49:40.985 7 WARNING neutron.api.rpc.agentnotifiers.dhcp_rpc_agent_api [None req-95225c5c-215e-40c5-acaa-8089bb98f912 f22e0218f2b64ab58a176a341f805390 9592165a51054b91a6526d0e7c14cef8 - - default default] Unable to schedule network 6fbf89b8-ef79-46ad-b1d4-777ce34d4602: no agents available; will retry on subsequent port and subnet creation events.
2026-04-17 11:49:41.160 8 INFO neutron.db.ovn_revision_numbers_db [None req-9ab7f582-8b2f-4ec5-b325-0051f0b8d0e7 6ba50a6acb4d45dd823f595c82cb7b87 75a8d07cbd1a4829a9fbf0877051ce32 - - default default] Successfully bumped revision number for resource 976fda05-7cbb-4d67-b27c-8a527a166f47 (type: security_groups) to 1
2026-04-17 11:49:41.173 8 INFO neutron.db.ovn_revision_numbers_db [None req-9ab7f582-8b2f-4ec5-b325-0051f0b8d0e7 6ba50a6acb4d45dd823f595c82cb7b87 75a8d07cbd1a4829a9fbf0877051ce32 - - default default] Successfully bumped revision number for resource 93294eef-25bc-4dd5-ae47-5f4092f220ac (type: security_group_rules) to 0
2026-04-17 11:49:41.185 8 INFO neutron.db.ovn_revision_numbers_db [None req-9ab7f582-8b2f-4ec5-b325-0051f0b8d0e7 6ba50a6acb4d45dd823f595c82cb7b87 75a8d07cbd1a4829a9fbf0877051ce32 - - default default] Successfully bumped revision number for resource ec1a8e4f-f657-48d7-8ad8-6c0e401f09fc (type: security_group_rules) to 0
2026-04-17 11:49:41.196 8 INFO neutron.db.ovn_revision_numbers_db [None req-9ab7f582-8b2f-4ec5-b325-0051f0b8d0e7 6ba50a6acb4d45dd823f595c82cb7b87 75a8d07cbd1a4829a9fbf0877051ce32 - - default default] Successfully bumped revision number for resource f5d4a149-2e6d-4b9f-849c-ba747b9ca460 (type: security_group_rules) to 0
2026-04-17 11:49:41.206 8 INFO neutron.db.ovn_revision_numbers_db [None req-9ab7f582-8b2f-4ec5-b325-0051f0b8d0e7 6ba50a6acb4d45dd823f595c82cb7b87 75a8d07cbd1a4829a9fbf0877051ce32 - - default default] Successfully bumped revision number for resource fdb33402-705c-4ee9-a6d7-8ba87f125da6 (type: security_group_rules) to 0 [pid: 8|app: 0|req: 888/1793] 10.0.0.124 () {32 vars in 774 bytes} [Fri Apr 17 11:49:40 2026] GET /v2.0/security-groups?tenant_id=815fecf01c174efb8c85c7a019c335a8&name=default => generated 2925 bytes in 347 msecs (HTTP/1.1 200) 4 headers in 158 bytes (1 switches on core 0) [pid: 8|app: 0|req: 889/1794] 10.0.0.124 () {32 vars in 682 bytes} [Fri Apr 17 11:49:41 2026] GET /v2.0/ports?not-tags=red%2Cblue => generated 6008 bytes in 80 msecs (HTTP/1.1 200) 4 headers in 158 bytes (1 switches on core 0)
2026-04-17 11:49:41.430 7 INFO neutron.db.ovn_revision_numbers_db [None req-1997b708-09bf-4181-ac85-fa94a8bd6c7d - - - - - -] Successfully bumped revision number for resource f1158f73-1303-4bca-83f2-05dda0e5b7af (type: ports) to 2
2026-04-17 11:49:41.466 7 INFO neutron.db.ovn_revision_numbers_db [None req-1997b708-09bf-4181-ac85-fa94a8bd6c7d - - - - - -] Successfully bumped revision number for resource 58edbee4-61ec-4e7c-affe-82f7a6c4bff1 (type: subnets) to 0 [pid: 7|app: 0|req: 906/1795] 10.0.0.124 () {34 vars in 669 bytes} [Fri Apr 17 11:49:40 2026] POST /v2.0/subnets => generated 626 bytes in 698 msecs (HTTP/1.1 201) 4 headers in 162 bytes (1 switches on core 0) [pid: 8|app: 0|req: 890/1796] 10.0.0.124 () {32 vars in 740 bytes} [Fri Apr 17 11:49:41 2026] DELETE /v2.0/security-groups/976fda05-7cbb-4d67-b27c-8a527a166f47 => generated 0 bytes in 203 msecs (HTTP/1.1 204) 2 headers in 112 bytes (1 switches on core 0) [pid: 7|app: 0|req: 907/1797] 10.0.0.124 () {32 vars in 678 bytes} [Fri Apr 17 11:49:41 2026] GET /v2.0/ports?not-tags-any=blue => generated 6008 bytes in 149 msecs (HTTP/1.1 200) 4 headers in 158 bytes (1 switches on core 0)
2026-04-17 11:49:41.633 8 INFO neutron.db.ovn_revision_numbers_db [None req-d02e3dd6-1871-4326-aa66-14562665f177 f22e0218f2b64ab58a176a341f805390 9592165a51054b91a6526d0e7c14cef8 - - default default] Successfully bumped revision number for resource c1e53931-28b9-4cd3-ab3b-cd267c228a9f (type: routers) to 1 [pid: 8|app: 0|req: 891/1798] 10.0.0.124 () {34 vars in 669 bytes} [Fri Apr 17 11:49:41 2026] POST /v2.0/routers => generated 602 bytes in 119 msecs (HTTP/1.1 201) 4 headers in 162 bytes (1 switches on core 0)
2026-04-17 11:49:41.741 7 INFO neutron.db.ovn_revision_numbers_db [None req-7a0ca03d-daf9-4351-9114-eec7e7df4cab 6ba50a6acb4d45dd823f595c82cb7b87 75a8d07cbd1a4829a9fbf0877051ce32 - - default default] Successfully bumped revision number for resource c1c81bb6-409d-4871-a440-c0aba783b0f7 (type: security_groups) to 1 [pid: 8|app: 0|req: 892/1799] 10.0.0.124 () {32 vars in 690 bytes} [Fri Apr 17 11:49:41 2026] GET /v2.0/ports?not-tags-any=red%2Cblue => generated 5268 bytes in 95 msecs (HTTP/1.1 200) 4 headers in 158 bytes (1 switches on core 0)
2026-04-17 11:49:41.757 7 INFO neutron.db.ovn_revision_numbers_db [None req-7a0ca03d-daf9-4351-9114-eec7e7df4cab 6ba50a6acb4d45dd823f595c82cb7b87 75a8d07cbd1a4829a9fbf0877051ce32 - - default default] Successfully bumped revision number for resource 068cd593-4f11-4066-9735-9cd8e0ee576c (type: security_group_rules) to 0
2026-04-17 11:49:41.768 7 INFO neutron.db.ovn_revision_numbers_db [None req-7a0ca03d-daf9-4351-9114-eec7e7df4cab 6ba50a6acb4d45dd823f595c82cb7b87 75a8d07cbd1a4829a9fbf0877051ce32 - - default default] Successfully bumped revision number for resource 413d2d01-862a-4178-8a8f-662f20509d75 (type: security_group_rules) to 0
2026-04-17 11:49:41.777 7 WARNING neutron.plugins.ml2.drivers.ovn.mech_driver.ovsdb.ovn_client [None req-50e4c84c-ad58-4a1a-aa97-489e4f68d654 - - - - - -] No port found with ID d00f053e-1a74-4756-883f-73b7e7298f86: RuntimeError: No port found with ID d00f053e-1a74-4756-883f-73b7e7298f86
2026-04-17 11:49:41.792 7 INFO neutron.plugins.ml2.drivers.ovn.mech_driver.mech_driver [None req-50e4c84c-ad58-4a1a-aa97-489e4f68d654 - - - - - -] OVN reports status down for port: 00a7d7ed-e6c0-4b70-9282-ac040a167177
2026-04-17 11:49:41.796 7 INFO neutron.db.ovn_revision_numbers_db [None req-7a0ca03d-daf9-4351-9114-eec7e7df4cab 6ba50a6acb4d45dd823f595c82cb7b87 75a8d07cbd1a4829a9fbf0877051ce32 - - default default] Successfully bumped revision number for resource 55fbdc09-b2cd-4726-84ef-d5ffdb32a3a0 (type: security_group_rules) to 0
2026-04-17 11:49:41.819 7 INFO neutron.db.ovn_revision_numbers_db [None req-7a0ca03d-daf9-4351-9114-eec7e7df4cab 6ba50a6acb4d45dd823f595c82cb7b87 75a8d07cbd1a4829a9fbf0877051ce32 - - default default] Successfully bumped revision number for resource 991555c8-e4dc-4478-979b-d4e6da71f60f (type: security_group_rules) to 0 [pid: 7|app: 0|req: 908/1800] 10.0.0.124 () {32 vars in 774 bytes} [Fri Apr 17 11:49:41 2026] GET /v2.0/security-groups?tenant_id=be40524b68bd41a382791660494dd300&name=default => generated 2925 bytes in 255 msecs (HTTP/1.1 200) 4 headers in 158 bytes (1 switches on core 0)
2026-04-17 11:49:41.901 7 INFO neutron.plugins.ml2.drivers.ovn.mech_driver.mech_driver [None req-50e4c84c-ad58-4a1a-aa97-489e4f68d654 - - - - - -] OVN reports status down for port: 2501aa03-767b-4743-adcf-c2b2395acd13
2026-04-17 11:49:42.021 8 WARNING neutron.scheduler.dhcp_agent_scheduler [None req-02406d01-f19f-48ad-b46f-8e7d420e6817 f22e0218f2b64ab58a176a341f805390 9592165a51054b91a6526d0e7c14cef8 - - default default] No more DHCP agents
2026-04-17 11:49:42.022 8 WARNING neutron.api.rpc.agentnotifiers.dhcp_rpc_agent_api [None req-02406d01-f19f-48ad-b46f-8e7d420e6817 f22e0218f2b64ab58a176a341f805390 9592165a51054b91a6526d0e7c14cef8 - - default default] Unable to schedule network 6fbf89b8-ef79-46ad-b1d4-777ce34d4602: no agents available; will retry on subsequent port and subnet creation events.
2026-04-17 11:49:42.026 7 INFO neutron.plugins.ml2.drivers.ovn.mech_driver.mech_driver [None req-50e4c84c-ad58-4a1a-aa97-489e4f68d654 - - - - - -] OVN reports status down for port: 9f315fac-398a-4ebb-bc29-0e39f14fd68b
2026-04-17 11:49:42.085 7 INFO neutron_taas.services.taas.taas_plugin [None req-00715d79-361d-406a-bcf2-c3a5eb8942d8 6a9d2997969c4f8ab9f85c023d947b40 e2e5c5e1eba04a1b96e0b4a4160c8ad5 - - default default] TaaS: Handle Delete Port: b601a4a4-2638-400a-8706-eeb0b0c394b1
2026-04-17 11:49:42.090 7 INFO neutron_taas.services.taas.tap_mirror_plugin [None req-00715d79-361d-406a-bcf2-c3a5eb8942d8 6a9d2997969c4f8ab9f85c023d947b40 e2e5c5e1eba04a1b96e0b4a4160c8ad5 - - default default] Tap Mirror: Handle Delete Port: b601a4a4-2638-400a-8706-eeb0b0c394b1
2026-04-17 11:49:42.176 8 INFO neutron.db.ovn_revision_numbers_db [None req-02406d01-f19f-48ad-b46f-8e7d420e6817 f22e0218f2b64ab58a176a341f805390 9592165a51054b91a6526d0e7c14cef8 - - default default] Successfully bumped revision number for resource 92273f0f-c99d-4f16-bdf5-d3cdbb0234f9 (type: ports) to 1
2026-04-17 11:49:42.201 7 INFO neutron.plugins.ml2.drivers.ovn.mech_driver.mech_driver [None req-50e4c84c-ad58-4a1a-aa97-489e4f68d654 - - - - - -] OVN reports status down for port: 8b912a8d-c6b5-41ac-a489-a014f6af373f [pid: 8|app: 0|req: 893/1801] 10.0.0.124 () {34 vars in 665 bytes} [Fri Apr 17 11:49:41 2026] POST /v2.0/ports => generated 947 bytes in 502 msecs (HTTP/1.1 201) 4 headers in 162 bytes (1 switches on core 0) /var/lib/openstack/lib/python3.12/site-packages/pycadf/identifier.py:70: UserWarning: Invalid uuid: neutron. To ensure interoperability, identifiers should be a valid uuid. warnings.warn(('Invalid uuid: %s. To ensure interoperability, '
2026-04-17 11:49:42.294 7 INFO neutron.plugins.ml2.drivers.ovn.mech_driver.mech_driver [None req-50e4c84c-ad58-4a1a-aa97-489e4f68d654 - - - - - -] OVN reports status down for port: b0a2aa61-4921-4613-8c9b-89cc04988e39 [pid: 7|app: 0|req: 909/1802] 10.0.0.124 () {32 vars in 720 bytes} [Fri Apr 17 11:49:41 2026] DELETE /v2.0/ports/b601a4a4-2638-400a-8706-eeb0b0c394b1 => generated 0 bytes in 431 msecs (HTTP/1.1 204) 3 headers in 131 bytes (1 switches on core 0)
2026-04-17 11:49:42.433 7 INFO neutron.plugins.ml2.drivers.ovn.mech_driver.mech_driver [None req-50e4c84c-ad58-4a1a-aa97-489e4f68d654 - - - - - -] OVN reports status down for port: 92273f0f-c99d-4f16-bdf5-d3cdbb0234f9 [pid: 8|app: 0|req: 894/1803] 10.0.0.124 () {32 vars in 740 bytes} [Fri Apr 17 11:49:42 2026] DELETE /v2.0/security-groups/c1c81bb6-409d-4871-a440-c0aba783b0f7 => generated 0 bytes in 227 msecs (HTTP/1.1 204) 2 headers in 112 bytes (1 switches on core 0)
2026-04-17 11:49:42.564 8 INFO neutron_taas.services.taas.taas_plugin [None req-414ebda0-0fec-4052-979a-11cad77dc7d9 6a9d2997969c4f8ab9f85c023d947b40 e2e5c5e1eba04a1b96e0b4a4160c8ad5 - - default default] TaaS: Handle Delete Port: 9f315fac-398a-4ebb-bc29-0e39f14fd68b
2026-04-17 11:49:42.566 8 INFO neutron_taas.services.taas.tap_mirror_plugin [None req-414ebda0-0fec-4052-979a-11cad77dc7d9 6a9d2997969c4f8ab9f85c023d947b40 e2e5c5e1eba04a1b96e0b4a4160c8ad5 - - default default] Tap Mirror: Handle Delete Port: 9f315fac-398a-4ebb-bc29-0e39f14fd68b [pid: 8|app: 0|req: 895/1804] 10.0.0.124 () {32 vars in 720 bytes} [Fri Apr 17 11:49:42 2026] DELETE /v2.0/ports/9f315fac-398a-4ebb-bc29-0e39f14fd68b => generated 0 bytes in 179 msecs (HTTP/1.1 204) 3 headers in 131 bytes (1 switches on core 0)
2026-04-17 11:49:42.789 8 INFO neutron.db.ovn_revision_numbers_db [None req-b9cba353-43cc-4121-8caf-87d1552db3c9 6ba50a6acb4d45dd823f595c82cb7b87 75a8d07cbd1a4829a9fbf0877051ce32 - - default default] Successfully bumped revision number for resource 0ff9349b-c8b5-4002-bf49-4a131bfb30cf (type: security_groups) to 1
2026-04-17 11:49:42.803 8 INFO neutron.db.ovn_revision_numbers_db [None req-b9cba353-43cc-4121-8caf-87d1552db3c9 6ba50a6acb4d45dd823f595c82cb7b87 75a8d07cbd1a4829a9fbf0877051ce32 - - default default] Successfully bumped revision number for resource 63c6e737-2187-4a7b-82f5-e1cb35294d63 (type: security_group_rules) to 0
2026-04-17 11:49:42.815 8 INFO neutron.db.ovn_revision_numbers_db [None req-b9cba353-43cc-4121-8caf-87d1552db3c9 6ba50a6acb4d45dd823f595c82cb7b87 75a8d07cbd1a4829a9fbf0877051ce32 - - default default] Successfully bumped revision number for resource 79e3e1c7-8a47-4164-bd82-f45679aa87ed (type: security_group_rules) to 0
2026-04-17 11:49:42.826 8 INFO neutron.db.ovn_revision_numbers_db [None req-b9cba353-43cc-4121-8caf-87d1552db3c9 6ba50a6acb4d45dd823f595c82cb7b87 75a8d07cbd1a4829a9fbf0877051ce32 - - default default] Successfully bumped revision number for resource ae9f1d6f-1439-4645-8f30-b85fd2af148e (type: security_group_rules) to 0
2026-04-17 11:49:42.837 8 INFO neutron.db.ovn_revision_numbers_db [None req-b9cba353-43cc-4121-8caf-87d1552db3c9 6ba50a6acb4d45dd823f595c82cb7b87 75a8d07cbd1a4829a9fbf0877051ce32 - - default default] Successfully bumped revision number for resource d21d0cce-4732-4e90-b95a-8afe4807a6b4 (type: security_group_rules) to 0 [pid: 8|app: 0|req: 896/1805] 10.0.0.124 () {32 vars in 774 bytes} [Fri Apr 17 11:49:42 2026] GET /v2.0/security-groups?tenant_id=b9d0257a19e24187a9f296e3086f213c&name=default => generated 2925 bytes in 222 msecs (HTTP/1.1 200) 4 headers in 158 bytes (1 switches on core 0)
2026-04-17 11:49:42.942 7 INFO neutron.plugins.ml2.drivers.ovn.mech_driver.mech_driver [None req-50e4c84c-ad58-4a1a-aa97-489e4f68d654 - - - - - -] OVN reports status up for port: 92273f0f-c99d-4f16-bdf5-d3cdbb0234f9
2026-04-17 11:49:42.972 7 INFO neutron.plugins.ml2.plugin [None req-50e4c84c-ad58-4a1a-aa97-489e4f68d654 - - - - - -] Attempt 1 to provision port 92273f0f-c99d-4f16-bdf5-d3cdbb0234f9
2026-04-17 11:49:42.996 7 INFO neutron.db.ovn_revision_numbers_db [None req-4aea0d81-193d-4da4-b8a7-794516f597ac f22e0218f2b64ab58a176a341f805390 9592165a51054b91a6526d0e7c14cef8 - - default default] Successfully bumped revision number for resource 92273f0f-c99d-4f16-bdf5-d3cdbb0234f9 (type: ports) to 2
2026-04-17 11:49:43.005 8 INFO neutron_taas.services.taas.taas_plugin [None req-65c1b785-0c48-4bb2-9e0e-f22bfde19542 6a9d2997969c4f8ab9f85c023d947b40 e2e5c5e1eba04a1b96e0b4a4160c8ad5 - - default default] TaaS: Handle Delete Port: 7398f362-680f-4b31-b9ec-1ebcf6e526a0
2026-04-17 11:49:43.008 8 INFO neutron_taas.services.taas.tap_mirror_plugin [None req-65c1b785-0c48-4bb2-9e0e-f22bfde19542 6a9d2997969c4f8ab9f85c023d947b40 e2e5c5e1eba04a1b96e0b4a4160c8ad5 - - default default] Tap Mirror: Handle Delete Port: 7398f362-680f-4b31-b9ec-1ebcf6e526a0 [pid: 8|app: 0|req: 897/1806] 10.0.0.124 () {32 vars in 720 bytes} [Fri Apr 17 11:49:42 2026] DELETE /v2.0/ports/7398f362-680f-4b31-b9ec-1ebcf6e526a0 => generated 0 bytes in 245 msecs (HTTP/1.1 204) 3 headers in 131 bytes (1 switches on core 0) [pid: 8|app: 0|req: 898/1807] 10.0.0.124 () {32 vars in 740 bytes} [Fri Apr 17 11:49:43 2026] DELETE /v2.0/security-groups/0ff9349b-c8b5-4002-bf49-4a131bfb30cf => generated 0 bytes in 225 msecs (HTTP/1.1 204) 2 headers in 112 bytes (1 switches on core 0)
2026-04-17 11:49:43.461 8 INFO neutron_taas.services.taas.taas_plugin [None req-38445e7b-8e06-469b-b137-c22505d26a50 6a9d2997969c4f8ab9f85c023d947b40 e2e5c5e1eba04a1b96e0b4a4160c8ad5 - - default default] TaaS: Handle Delete Port: 5ab2a4b9-dd55-4e03-b531-0e42eb1e2a89
2026-04-17 11:49:43.463 8 INFO neutron_taas.services.taas.tap_mirror_plugin [None req-38445e7b-8e06-469b-b137-c22505d26a50 6a9d2997969c4f8ab9f85c023d947b40 e2e5c5e1eba04a1b96e0b4a4160c8ad5 - - default default] Tap Mirror: Handle Delete Port: 5ab2a4b9-dd55-4e03-b531-0e42eb1e2a89 [pid: 8|app: 0|req: 899/1808] 10.0.0.124 () {32 vars in 720 bytes} [Fri Apr 17 11:49:43 2026] DELETE /v2.0/ports/5ab2a4b9-dd55-4e03-b531-0e42eb1e2a89 => generated 0 bytes in 213 msecs (HTTP/1.1 204) 3 headers in 131 bytes (1 switches on core 0)
2026-04-17 11:49:43.661 7 INFO neutron.db.ovn_revision_numbers_db [None req-50e4c84c-ad58-4a1a-aa97-489e4f68d654 - - - - - -] Successfully bumped revision number for resource 92273f0f-c99d-4f16-bdf5-d3cdbb0234f9 (type: ports) to 3
2026-04-17 11:49:43.718 8 INFO neutron_taas.services.taas.taas_plugin [None req-ed033093-e684-44d4-b9bb-39e1724f66ca 6a9d2997969c4f8ab9f85c023d947b40 e2e5c5e1eba04a1b96e0b4a4160c8ad5 - - default default] TaaS: Handle Delete Port: b0a2aa61-4921-4613-8c9b-89cc04988e39
2026-04-17 11:49:43.721 8 INFO neutron_taas.services.taas.tap_mirror_plugin [None req-ed033093-e684-44d4-b9bb-39e1724f66ca 6a9d2997969c4f8ab9f85c023d947b40 e2e5c5e1eba04a1b96e0b4a4160c8ad5 - - default default] Tap Mirror: Handle Delete Port: b0a2aa61-4921-4613-8c9b-89cc04988e39 [pid: 8|app: 0|req: 900/1809] 10.0.0.124 () {32 vars in 720 bytes} [Fri Apr 17 11:49:43 2026] DELETE /v2.0/ports/b0a2aa61-4921-4613-8c9b-89cc04988e39 => generated 0 bytes in 276 msecs (HTTP/1.1 204) 3 headers in 131 bytes (1 switches on core 0)
2026-04-17 11:49:43.964 8 INFO neutron_taas.services.taas.taas_plugin [None req-3a1c9c36-5c62-49dd-839f-75c6415bea87 6a9d2997969c4f8ab9f85c023d947b40 e2e5c5e1eba04a1b96e0b4a4160c8ad5 - - default default] TaaS: Handle Delete Port: 00a7d7ed-e6c0-4b70-9282-ac040a167177
2026-04-17 11:49:43.966 8 INFO neutron_taas.services.taas.tap_mirror_plugin [None req-3a1c9c36-5c62-49dd-839f-75c6415bea87 6a9d2997969c4f8ab9f85c023d947b40 e2e5c5e1eba04a1b96e0b4a4160c8ad5 - - default default] Tap Mirror: Handle Delete Port: 00a7d7ed-e6c0-4b70-9282-ac040a167177
2026-04-17 11:49:44.140 8 INFO neutron.services.segments.plugin [-] Segment 8401b256-15fa-4eca-94e5-2152b34d1064 resource provider aggregate not found
2026-04-17 11:49:44.144 7 WARNING neutron.scheduler.dhcp_agent_scheduler [None req-4aea0d81-193d-4da4-b8a7-794516f597ac f22e0218f2b64ab58a176a341f805390 9592165a51054b91a6526d0e7c14cef8 - - default default] No more DHCP agents
2026-04-17 11:49:44.146 8 INFO neutron.services.segments.plugin [-] Segment 8401b256-15fa-4eca-94e5-2152b34d1064 resource provider aggregate not found
2026-04-17 11:49:44.146 7 WARNING neutron.api.rpc.agentnotifiers.dhcp_rpc_agent_api [None req-4aea0d81-193d-4da4-b8a7-794516f597ac f22e0218f2b64ab58a176a341f805390 9592165a51054b91a6526d0e7c14cef8 - - default default] Unable to schedule network 6fbf89b8-ef79-46ad-b1d4-777ce34d4602: no agents available; will retry on subsequent port and subnet creation events.
2026-04-17 11:49:44.161 8 INFO neutron.services.segments.plugin [-] Segment 8401b256-15fa-4eca-94e5-2152b34d1064 resource provider not found; error: Placement Client Error (4xx): {"errors": [{"status": 404, "title": "Not Found", "detail": "The resource could not be found.\n\n No resource provider with uuid 8401b256-15fa-4eca-94e5-2152b34d1064 found for delete ", "request_id": "req-08a76286-d358-4d54-ab3f-def41bb76cd7"}]}
2026-04-17 11:49:44.168 8 INFO neutron.services.segments.plugin [-] Segment 8401b256-15fa-4eca-94e5-2152b34d1064 resource provider not found; error: Placement Client Error (4xx): {"errors": [{"status": 404, "title": "Not Found", "detail": "The resource could not be found.\n\n No resource provider with uuid 8401b256-15fa-4eca-94e5-2152b34d1064 found for delete ", "request_id": "req-91b76e24-8833-45fd-bc5f-1e4497201da8"}]} [pid: 8|app: 0|req: 901/1810] 10.0.0.124 () {32 vars in 726 bytes} [Fri Apr 17 11:49:43 2026] DELETE /v2.0/networks/69de37fc-4c5f-4b51-81bc-d633b17744fa => generated 0 bytes in 340 msecs (HTTP/1.1 204) 3 headers in 131 bytes (1 switches on core 0)
2026-04-17 11:49:44.315 8 INFO neutron_taas.services.taas.taas_plugin [None req-bcfb3f13-9051-470f-a94d-15d4d5b1876a 6a9d2997969c4f8ab9f85c023d947b40 e2e5c5e1eba04a1b96e0b4a4160c8ad5 - - default default] TaaS: Handle Delete Port: 2501aa03-767b-4743-adcf-c2b2395acd13
2026-04-17 11:49:44.318 8 INFO neutron_taas.services.taas.tap_mirror_plugin [None req-bcfb3f13-9051-470f-a94d-15d4d5b1876a 6a9d2997969c4f8ab9f85c023d947b40 e2e5c5e1eba04a1b96e0b4a4160c8ad5 - - default default] Tap Mirror: Handle Delete Port: 2501aa03-767b-4743-adcf-c2b2395acd13
2026-04-17 11:49:44.418 7 INFO neutron.db.ovn_revision_numbers_db [None req-4aea0d81-193d-4da4-b8a7-794516f597ac f22e0218f2b64ab58a176a341f805390 9592165a51054b91a6526d0e7c14cef8 - - default default] Successfully bumped revision number for resource 92273f0f-c99d-4f16-bdf5-d3cdbb0234f9 (type: router_ports) to 3 [pid: 7|app: 0|req: 910/1811] 10.0.0.124 () {34 vars in 783 bytes} [Fri Apr 17 11:49:42 2026] PUT /v2.0/routers/c1e53931-28b9-4cd3-ab3b-cd267c228a9f/add_router_interface => generated 309 bytes in 2112 msecs (HTTP/1.1 200) 4 headers in 157 bytes (1 switches on core 0) /var/lib/openstack/lib/python3.12/site-packages/pycadf/identifier.py:70: UserWarning: Invalid uuid: neutron. To ensure interoperability, identifiers should be a valid uuid. warnings.warn(('Invalid uuid: %s. To ensure interoperability, ' [pid: 7|app: 0|req: 911/1812] 10.0.0.124 () {32 vars in 717 bytes} [Fri Apr 17 11:49:44 2026] GET /v2.0/ports/92273f0f-c99d-4f16-bdf5-d3cdbb0234f9 => generated 1009 bytes in 71 msecs (HTTP/1.1 200) 4 headers in 158 bytes (1 switches on core 0) [pid: 8|app: 0|req: 902/1813] 10.0.0.124 () {32 vars in 726 bytes} [Fri Apr 17 11:49:44 2026] DELETE /v2.0/networks/de59e752-15c8-4237-bb7c-acf101363517 => generated 0 bytes in 386 msecs (HTTP/1.1 204) 3 headers in 131 bytes (1 switches on core 0)
2026-04-17 11:49:44.720 8 INFO neutron_taas.services.taas.taas_plugin [None req-777ee18d-6f20-4271-90c5-34341005a8c6 6a9d2997969c4f8ab9f85c023d947b40 e2e5c5e1eba04a1b96e0b4a4160c8ad5 - - default default] TaaS: Handle Delete Port: 8b912a8d-c6b5-41ac-a489-a014f6af373f
2026-04-17 11:49:44.723 8 INFO neutron_taas.services.taas.tap_mirror_plugin [None req-777ee18d-6f20-4271-90c5-34341005a8c6 6a9d2997969c4f8ab9f85c023d947b40 e2e5c5e1eba04a1b96e0b4a4160c8ad5 - - default default] Tap Mirror: Handle Delete Port: 8b912a8d-c6b5-41ac-a489-a014f6af373f
2026-04-17 11:49:44.869 7 INFO neutron_taas.services.taas.taas_plugin [None req-d50c6e67-0f6e-434a-a0e1-a3d1179773a3 f22e0218f2b64ab58a176a341f805390 9592165a51054b91a6526d0e7c14cef8 - - default default] TaaS: Handle Delete Port: 92273f0f-c99d-4f16-bdf5-d3cdbb0234f9
2026-04-17 11:49:44.877 7 INFO neutron_taas.services.taas.tap_mirror_plugin [None req-d50c6e67-0f6e-434a-a0e1-a3d1179773a3 f22e0218f2b64ab58a176a341f805390 9592165a51054b91a6526d0e7c14cef8 - - default default] Tap Mirror: Handle Delete Port: 92273f0f-c99d-4f16-bdf5-d3cdbb0234f9 [pid: 8|app: 0|req: 903/1814] 10.0.0.124 () {32 vars in 726 bytes} [Fri Apr 17 11:49:44 2026] DELETE /v2.0/networks/8cce8815-06e6-483f-98d9-70f434e9da3f => generated 0 bytes in 399 msecs (HTTP/1.1 204) 3 headers in 131 bytes (1 switches on core 0)
2026-04-17 11:49:45.160 8 INFO neutron_taas.services.taas.taas_plugin [None req-b8bcad7c-cbd3-4dc2-91a2-b4af1fa16f5d 6a9d2997969c4f8ab9f85c023d947b40 e2e5c5e1eba04a1b96e0b4a4160c8ad5 - - default default] TaaS: Handle Delete Port: 43dc319c-38db-42f2-8246-7bf4e0891890
2026-04-17 11:49:45.163 8 INFO neutron_taas.services.taas.tap_mirror_plugin [None req-b8bcad7c-cbd3-4dc2-91a2-b4af1fa16f5d 6a9d2997969c4f8ab9f85c023d947b40 e2e5c5e1eba04a1b96e0b4a4160c8ad5 - - default default] Tap Mirror: Handle Delete Port: 43dc319c-38db-42f2-8246-7bf4e0891890 [pid: 7|app: 0|req: 912/1815] 10.0.0.124 () {34 vars in 789 bytes} [Fri Apr 17 11:49:44 2026] PUT /v2.0/routers/c1e53931-28b9-4cd3-ab3b-cd267c228a9f/remove_router_interface => generated 309 bytes in 767 msecs (HTTP/1.1 200) 4 headers in 157 bytes (1 switches on core 0) /var/lib/openstack/lib/python3.12/site-packages/pycadf/identifier.py:70: UserWarning: Invalid uuid: neutron. To ensure interoperability, identifiers should be a valid uuid. warnings.warn(('Invalid uuid: %s. To ensure interoperability, '
2026-04-17 11:49:45.342 7 INFO neutron.api.v2.resource [None req-18ddd1a6-348f-4830-acf8-603ffb3e59e9 f22e0218f2b64ab58a176a341f805390 9592165a51054b91a6526d0e7c14cef8 - - default default] remove_router_interface failed (client error): The resource could not be found. [pid: 7|app: 0|req: 913/1816] 10.0.0.124 () {34 vars in 789 bytes} [Fri Apr 17 11:49:45 2026] PUT /v2.0/routers/c1e53931-28b9-4cd3-ab3b-cd267c228a9f/remove_router_interface => generated 197 bytes in 58 msecs (HTTP/1.1 404) 4 headers in 164 bytes (1 switches on core 0) [pid: 7|app: 0|req: 914/1817] 10.0.0.124 () {32 vars in 736 bytes} [Fri Apr 17 11:49:45 2026] GET /v2.0/ports?device_id=c1e53931-28b9-4cd3-ab3b-cd267c228a9f => generated 12 bytes in 23 msecs (HTTP/1.1 200) 4 headers in 156 bytes (1 switches on core 0) [pid: 8|app: 0|req: 904/1818] 10.0.0.124 () {32 vars in 726 bytes} [Fri Apr 17 11:49:44 2026] DELETE /v2.0/networks/bef82018-a137-4713-bd4a-77e68017ea7a => generated 0 bytes in 393 msecs (HTTP/1.1 204) 3 headers in 131 bytes (1 switches on core 0)
2026-04-17 11:49:45.490 8 INFO neutron_taas.services.taas.taas_plugin [None req-b7c3eee7-2374-49c4-a73f-a840626ce821 6a9d2997969c4f8ab9f85c023d947b40 e2e5c5e1eba04a1b96e0b4a4160c8ad5 - - default default] TaaS: Handle Delete Port: ee1a92f9-f84b-4bff-b136-d1eafb596f8b
2026-04-17 11:49:45.493 8 INFO neutron_taas.services.taas.tap_mirror_plugin [None req-b7c3eee7-2374-49c4-a73f-a840626ce821 6a9d2997969c4f8ab9f85c023d947b40 e2e5c5e1eba04a1b96e0b4a4160c8ad5 - - default default] Tap Mirror: Handle Delete Port: ee1a92f9-f84b-4bff-b136-d1eafb596f8b [pid: 7|app: 0|req: 915/1819] 10.0.0.124 () {32 vars in 724 bytes} [Fri Apr 17 11:49:45 2026] DELETE /v2.0/routers/c1e53931-28b9-4cd3-ab3b-cd267c228a9f => generated 0 bytes in 210 msecs (HTTP/1.1 204) 2 headers in 112 bytes (1 switches on core 0) [pid: 8|app: 0|req: 905/1820] 10.0.0.124 () {32 vars in 726 bytes} [Fri Apr 17 11:49:45 2026] DELETE /v2.0/networks/26608932-798b-4ddc-8d6a-fc6efd7ad339 => generated 0 bytes in 302 msecs (HTTP/1.1 204) 3 headers in 131 bytes (1 switches on core 0) [pid: 7|app: 0|req: 916/1821] 10.0.0.124 () {32 vars in 724 bytes} [Fri Apr 17 11:49:45 2026] DELETE /v2.0/subnets/58edbee4-61ec-4e7c-affe-82f7a6c4bff1 => generated 0 bytes in 166 msecs (HTTP/1.1 204) 3 headers in 131 bytes (1 switches on core 0)
2026-04-17 11:49:45.883 8 INFO neutron_taas.services.taas.taas_plugin [None req-a0d93639-cd37-4888-af7d-788cb4f70107 f22e0218f2b64ab58a176a341f805390 9592165a51054b91a6526d0e7c14cef8 - - default default] TaaS: Handle Delete Port: f1158f73-1303-4bca-83f2-05dda0e5b7af
2026-04-17 11:49:45.886 8 INFO neutron_taas.services.taas.tap_mirror_plugin [None req-a0d93639-cd37-4888-af7d-788cb4f70107 f22e0218f2b64ab58a176a341f805390 9592165a51054b91a6526d0e7c14cef8 - - default default] Tap Mirror: Handle Delete Port: f1158f73-1303-4bca-83f2-05dda0e5b7af [pid: 8|app: 0|req: 906/1822] 10.0.0.124 () {32 vars in 726 bytes} [Fri Apr 17 11:49:45 2026] DELETE /v2.0/networks/6fbf89b8-ef79-46ad-b1d4-777ce34d4602 => generated 0 bytes in 295 msecs (HTTP/1.1 204) 3 headers in 131 bytes (1 switches on core 0)
2026-04-17 11:49:46.162 7 INFO neutron.db.segments_db [None req-1a04b6d1-4eab-4b10-9bd2-bce5b06eeff8 f22e0218f2b64ab58a176a341f805390 9592165a51054b91a6526d0e7c14cef8 - - default default] Added segment 18261656-97c6-422c-9f9d-130826638c4a of type geneve for network c94a0a7a-1f69-46ca-baa1-1eaf802e92c2
2026-04-17 11:49:46.177 8 INFO neutron.services.segments.plugin [-] Segment e7313396-2ab7-45a2-8dde-ea992a167995 resource provider aggregate not found
2026-04-17 11:49:46.185 8 INFO neutron.services.segments.plugin [-] Segment e7313396-2ab7-45a2-8dde-ea992a167995 resource provider aggregate not found
2026-04-17 11:49:46.190 8 INFO neutron.services.segments.plugin [-] Segment e7313396-2ab7-45a2-8dde-ea992a167995 resource provider not found; error: Placement Client Error (4xx): {"errors": [{"status": 404, "title": "Not Found", "detail": "The resource could not be found.\n\n No resource provider with uuid e7313396-2ab7-45a2-8dde-ea992a167995 found for delete ", "request_id": "req-c1f4c76d-18cf-4d7b-bb07-56f95da6c932"}]}
2026-04-17 11:49:46.198 8 INFO neutron.services.segments.plugin [-] Segment e7313396-2ab7-45a2-8dde-ea992a167995 resource provider not found; error: Placement Client Error (4xx): {"errors": [{"status": 404, "title": "Not Found", "detail": "The resource could not be found.\n\n No resource provider with uuid e7313396-2ab7-45a2-8dde-ea992a167995 found for delete ", "request_id": "req-dbaec02d-0984-4cf1-a20b-d13d4ffdb400"}]}
2026-04-17 11:49:46.204 8 INFO neutron.services.segments.plugin [-] Segment b8118761-6580-4007-9feb-6297e37ead60 resource provider aggregate not found
2026-04-17 11:49:46.211 8 INFO neutron.services.segments.plugin [-] Segment b8118761-6580-4007-9feb-6297e37ead60 resource provider aggregate not found
2026-04-17 11:49:46.219 8 INFO neutron.services.segments.plugin [-] Segment b8118761-6580-4007-9feb-6297e37ead60 resource provider not found; error: Placement Client Error (4xx): {"errors": [{"status": 404, "title": "Not Found", "detail": "The resource could not be found.\n\n No resource provider with uuid b8118761-6580-4007-9feb-6297e37ead60 found for delete ", "request_id": "req-32c98040-9968-4b9a-bc15-cf52eb558818"}]}
2026-04-17 11:49:46.228 8 INFO neutron.services.segments.plugin [-] Segment b8118761-6580-4007-9feb-6297e37ead60 resource provider not found; error: Placement Client Error (4xx): {"errors": [{"status": 404, "title": "Not Found", "detail": "The resource could not be found.\n\n No resource provider with uuid b8118761-6580-4007-9feb-6297e37ead60 found for delete ", "request_id": "req-6a00b1af-cdd0-4746-a1a6-6ef129453306"}]}
2026-04-17 11:49:46.235 8 INFO neutron.services.segments.plugin [-] Segment 1c0963f2-c668-48c1-87eb-2e6aeae1dd6b resource provider aggregate not found
2026-04-17 11:49:46.248 8 INFO neutron.services.segments.plugin [-] Segment 1c0963f2-c668-48c1-87eb-2e6aeae1dd6b resource provider aggregate not found
2026-04-17 11:49:46.252 8 INFO neutron.services.segments.plugin [-] Segment 1c0963f2-c668-48c1-87eb-2e6aeae1dd6b resource provider not found; error: Placement Client Error (4xx): {"errors": [{"status": 404, "title": "Not Found", "detail": "The resource could not be found.\n\n No resource provider with uuid 1c0963f2-c668-48c1-87eb-2e6aeae1dd6b found for delete ", "request_id": "req-3a56b356-84ec-407d-962c-da099c18ea32"}]}
2026-04-17 11:49:46.266 8 INFO neutron.services.segments.plugin [-] Segment 1c0963f2-c668-48c1-87eb-2e6aeae1dd6b resource provider not found; error: Placement Client Error (4xx): {"errors": [{"status": 404, "title": "Not Found", "detail": "The resource could not be found.\n\n No resource provider with uuid 1c0963f2-c668-48c1-87eb-2e6aeae1dd6b found for delete ", "request_id": "req-2c39b077-842c-4278-997a-65cbfcc176b0"}]}
2026-04-17 11:49:46.267 7 INFO neutron.db.ovn_revision_numbers_db [None req-1a04b6d1-4eab-4b10-9bd2-bce5b06eeff8 f22e0218f2b64ab58a176a341f805390 9592165a51054b91a6526d0e7c14cef8 - - default default] Successfully bumped revision number for resource c94a0a7a-1f69-46ca-baa1-1eaf802e92c2 (type: networks) to 1
2026-04-17 11:49:46.270 8 INFO neutron.services.segments.plugin [-] Segment e82152bb-0010-46c2-b18f-991dd4939493 resource provider aggregate not found
2026-04-17 11:49:46.282 8 INFO neutron.services.segments.plugin [-] Segment e82152bb-0010-46c2-b18f-991dd4939493 resource provider aggregate not found
2026-04-17 11:49:46.291 8 INFO neutron.services.segments.plugin [-] Segment e82152bb-0010-46c2-b18f-991dd4939493 resource provider not found; error: Placement Client Error (4xx): {"errors": [{"status": 404, "title": "Not Found", "detail": "The resource could not be found.\n\n No resource provider with uuid e82152bb-0010-46c2-b18f-991dd4939493 found for delete ", "request_id": "req-5e2b55f7-3f9e-4c99-9d58-f35ec72ffe55"}]}
2026-04-17 11:49:46.299 8 INFO neutron.services.segments.plugin [-] Segment e82152bb-0010-46c2-b18f-991dd4939493 resource provider not found; error: Placement Client Error (4xx): {"errors": [{"status": 404, "title": "Not Found", "detail": "The resource could not be found.\n\n No resource provider with uuid e82152bb-0010-46c2-b18f-991dd4939493 found for delete ", "request_id": "req-efeed769-8e6e-44fc-a067-4c0f27b199d0"}]}
2026-04-17 11:49:46.309 8 INFO neutron.services.segments.plugin [-] Segment 4a12a3a8-3fa2-4f0a-894b-357a3b91b0fb resource provider aggregate not found
2026-04-17 11:49:46.318 8 INFO neutron.services.segments.plugin [-] Segment 4a12a3a8-3fa2-4f0a-894b-357a3b91b0fb resource provider aggregate not found
2026-04-17 11:49:46.326 8 INFO neutron.services.segments.plugin [-] Segment 4a12a3a8-3fa2-4f0a-894b-357a3b91b0fb resource provider not found; error: Placement Client Error (4xx): {"errors": [{"status": 404, "title": "Not Found", "detail": "The resource could not be found.\n\n No resource provider with uuid 4a12a3a8-3fa2-4f0a-894b-357a3b91b0fb found for delete ", "request_id": "req-ca8414ef-26df-43e1-bcc1-a8b17af80c33"}]}
2026-04-17 11:49:46.332 8 INFO neutron.services.segments.plugin [-] Segment 4a12a3a8-3fa2-4f0a-894b-357a3b91b0fb resource provider not found; error: Placement Client Error (4xx): {"errors": [{"status": 404, "title": "Not Found", "detail": "The resource could not be found.\n\n No resource provider with uuid 4a12a3a8-3fa2-4f0a-894b-357a3b91b0fb found for delete ", "request_id": "req-69d7fbc9-2e4b-4e61-92aa-cbcc20da776f"}]}
2026-04-17 11:49:46.448 7 WARNING neutron.scheduler.dhcp_agent_scheduler [None req-1a04b6d1-4eab-4b10-9bd2-bce5b06eeff8 f22e0218f2b64ab58a176a341f805390 9592165a51054b91a6526d0e7c14cef8 - - default default] No more DHCP agents
2026-04-17 11:49:46.449 7 WARNING neutron.api.rpc.agentnotifiers.dhcp_rpc_agent_api [None req-1a04b6d1-4eab-4b10-9bd2-bce5b06eeff8 f22e0218f2b64ab58a176a341f805390 9592165a51054b91a6526d0e7c14cef8 - - default default] Unable to schedule network c94a0a7a-1f69-46ca-baa1-1eaf802e92c2: no agents available; will retry on subsequent port and subnet creation events.
2026-04-17 11:49:46.543 7 INFO neutron.db.ovn_revision_numbers_db [None req-1a04b6d1-4eab-4b10-9bd2-bce5b06eeff8 f22e0218f2b64ab58a176a341f805390 9592165a51054b91a6526d0e7c14cef8 - - default default] Successfully bumped revision number for resource 75d81ff0-1ec0-44da-8b82-db8d374f323d (type: ports) to 1 [pid: 7|app: 0|req: 917/1823] 10.0.0.124 () {34 vars in 670 bytes} [Fri Apr 17 11:49:46 2026] POST /v2.0/networks => generated 649 bytes in 490 msecs (HTTP/1.1 201) 4 headers in 162 bytes (1 switches on core 0)
2026-04-17 11:49:46.744 7 WARNING neutron.scheduler.dhcp_agent_scheduler [None req-fb1c4d88-3c79-46ee-9f40-dacb4ff533da f22e0218f2b64ab58a176a341f805390 9592165a51054b91a6526d0e7c14cef8 - - default default] No more DHCP agents
2026-04-17 11:49:46.745 7 WARNING neutron.api.rpc.agentnotifiers.dhcp_rpc_agent_api [None req-fb1c4d88-3c79-46ee-9f40-dacb4ff533da f22e0218f2b64ab58a176a341f805390 9592165a51054b91a6526d0e7c14cef8 - - default default] Unable to schedule network c94a0a7a-1f69-46ca-baa1-1eaf802e92c2: no agents available; will retry on subsequent port and subnet creation events.
2026-04-17 11:49:46.860 8 INFO neutron.db.ovn_revision_numbers_db [None req-2d489ce0-2a43-4e5c-8abc-bdc2a9eb128d 6ba50a6acb4d45dd823f595c82cb7b87 75a8d07cbd1a4829a9fbf0877051ce32 - - default default] Successfully bumped revision number for resource 681c7fd7-3479-45cc-b9e2-6fa2fb730d13 (type: security_groups) to 1
2026-04-17 11:49:46.877 8 INFO neutron.db.ovn_revision_numbers_db [None req-2d489ce0-2a43-4e5c-8abc-bdc2a9eb128d 6ba50a6acb4d45dd823f595c82cb7b87 75a8d07cbd1a4829a9fbf0877051ce32 - - default default] Successfully bumped revision number for resource 178f1ef5-389e-416d-bf6f-70f9e2d45e2f (type: security_group_rules) to 0
2026-04-17 11:49:46.886 8 INFO neutron.db.ovn_revision_numbers_db [None req-2d489ce0-2a43-4e5c-8abc-bdc2a9eb128d 6ba50a6acb4d45dd823f595c82cb7b87 75a8d07cbd1a4829a9fbf0877051ce32 - - default default] Successfully bumped revision number for resource b2fb0967-b9ea-4b87-a57b-8a818e8429f6 (type: security_group_rules) to 0
2026-04-17 11:49:46.897 8 INFO neutron.db.ovn_revision_numbers_db [None req-2d489ce0-2a43-4e5c-8abc-bdc2a9eb128d 6ba50a6acb4d45dd823f595c82cb7b87 75a8d07cbd1a4829a9fbf0877051ce32 - - default default] Successfully bumped revision number for resource ce58a6b7-4b19-46b8-bf74-8cef172c102a (type: security_group_rules) to 0
2026-04-17 11:49:46.907 8 INFO neutron.db.ovn_revision_numbers_db [None req-2d489ce0-2a43-4e5c-8abc-bdc2a9eb128d 6ba50a6acb4d45dd823f595c82cb7b87 75a8d07cbd1a4829a9fbf0877051ce32 - - default default] Successfully bumped revision number for resource f5eec197-02b7-45ea-a074-e9f670b19241 (type: security_group_rules) to 0 [pid: 8|app: 0|req: 907/1824] 10.0.0.124 () {32 vars in 774 bytes} [Fri Apr 17 11:49:46 2026] GET /v2.0/security-groups?tenant_id=8b2bd4b5b1644956a80f18fbb0482295&name=default => generated 2925 bytes in 430 msecs (HTTP/1.1 200) 4 headers in 158 bytes (1 switches on core 0)
2026-04-17 11:49:47.183 7 INFO neutron.db.ovn_revision_numbers_db [None req-5907572b-6b4c-423a-942c-87c244be0541 - - - - - -] Successfully bumped revision number for resource 75d81ff0-1ec0-44da-8b82-db8d374f323d (type: ports) to 2
2026-04-17 11:49:47.222 8 INFO neutron.db.ovn_revision_numbers_db [None req-a1436a1d-8591-4514-b5f4-b934fc3fc663 6ba50a6acb4d45dd823f595c82cb7b87 75a8d07cbd1a4829a9fbf0877051ce32 - - default default] Successfully bumped revision number for resource ffe62300-89b7-4fad-ab27-117af939c898 (type: security_groups) to 1
2026-04-17 11:49:47.231 7 INFO neutron.db.ovn_revision_numbers_db [None req-5907572b-6b4c-423a-942c-87c244be0541 - - - - - -] Successfully bumped revision number for resource 28f6843b-385d-4dbd-89f4-f08b14d15a79 (type: subnets) to 0
2026-04-17 11:49:47.235 8 INFO neutron.db.ovn_revision_numbers_db [None req-a1436a1d-8591-4514-b5f4-b934fc3fc663 6ba50a6acb4d45dd823f595c82cb7b87 75a8d07cbd1a4829a9fbf0877051ce32 - - default default] Successfully bumped revision number for resource 3dc4489b-488e-4918-b3e8-8494d4b617ad (type: security_group_rules) to 0
2026-04-17 11:49:47.248 8 INFO neutron.db.ovn_revision_numbers_db [None req-a1436a1d-8591-4514-b5f4-b934fc3fc663 6ba50a6acb4d45dd823f595c82cb7b87 75a8d07cbd1a4829a9fbf0877051ce32 - - default default] Successfully bumped revision number for resource 89c4bffc-2b75-4487-9ec2-1c62af750850 (type: security_group_rules) to 0 [pid: 7|app: 0|req: 918/1825] 10.0.0.124 () {34 vars in 669 bytes} [Fri Apr 17 11:49:46 2026] POST /v2.0/subnets => generated 626 bytes in 680 msecs (HTTP/1.1 201) 4 headers in 162 bytes (1 switches on core 0)
2026-04-17 11:49:47.263 8 INFO neutron.db.ovn_revision_numbers_db [None req-a1436a1d-8591-4514-b5f4-b934fc3fc663 6ba50a6acb4d45dd823f595c82cb7b87 75a8d07cbd1a4829a9fbf0877051ce32 - - default default] Successfully bumped revision number for resource a189bfb5-59f3-4a2d-b5e7-6163e29ce0dc (type: security_group_rules) to 0
2026-04-17 11:49:47.276 8 INFO neutron.db.ovn_revision_numbers_db [None req-a1436a1d-8591-4514-b5f4-b934fc3fc663 6ba50a6acb4d45dd823f595c82cb7b87 75a8d07cbd1a4829a9fbf0877051ce32 - - default default] Successfully bumped revision number for resource f71230a3-d4f0-4f0e-bf61-38f1e27329ba (type: security_group_rules) to 0 [pid: 8|app: 0|req: 908/1826] 10.0.0.124 () {32 vars in 774 bytes} [Fri Apr 17 11:49:46 2026] GET /v2.0/security-groups?tenant_id=9c18510e0dbb4928b65d4896d88cd3c7&name=default => generated 2925 bytes in 373 msecs (HTTP/1.1 200) 4 headers in 158 bytes (1 switches on core 0)
2026-04-17 11:49:47.424 8 INFO neutron.db.ovn_revision_numbers_db [None req-7d7d70f4-8640-41f6-a820-d3708fd146ef f22e0218f2b64ab58a176a341f805390 9592165a51054b91a6526d0e7c14cef8 - - default default] Successfully bumped revision number for resource 2451c539-46ed-4341-8eab-8df11f5648e5 (type: routers) to 1 [pid: 8|app: 0|req: 909/1827] 10.0.0.124 () {34 vars in 669 bytes} [Fri Apr 17 11:49:47 2026] POST /v2.0/routers => generated 602 bytes in 126 msecs (HTTP/1.1 201) 4 headers in 162 bytes (1 switches on core 0) [pid: 7|app: 0|req: 919/1828] 10.0.0.124 () {32 vars in 740 bytes} [Fri Apr 17 11:49:47 2026] DELETE /v2.0/security-groups/681c7fd7-3479-45cc-b9e2-6fa2fb730d13 => generated 0 bytes in 280 msecs (HTTP/1.1 204) 2 headers in 112 bytes (1 switches on core 0) [pid: 8|app: 0|req: 910/1829] 10.0.0.124 () {32 vars in 740 bytes} [Fri Apr 17 11:49:47 2026] DELETE /v2.0/security-groups/ffe62300-89b7-4fad-ab27-117af939c898 => generated 0 bytes in 248 msecs (HTTP/1.1 204) 2 headers in 112 bytes (1 switches on core 0)
2026-04-17 11:49:48.004 7 WARNING neutron.scheduler.dhcp_agent_scheduler [None req-24e04a24-2ce1-491a-8354-498dc5dddd0e f22e0218f2b64ab58a176a341f805390 9592165a51054b91a6526d0e7c14cef8 - - default default] No more DHCP agents
2026-04-17 11:49:48.005 7 WARNING neutron.api.rpc.agentnotifiers.dhcp_rpc_agent_api [None req-24e04a24-2ce1-491a-8354-498dc5dddd0e f22e0218f2b64ab58a176a341f805390 9592165a51054b91a6526d0e7c14cef8 - - default default] Unable to schedule network c94a0a7a-1f69-46ca-baa1-1eaf802e92c2: no agents available; will retry on subsequent port and subnet creation events.
2026-04-17 11:49:48.185 8 INFO neutron.db.ovn_revision_numbers_db [None req-d923bc10-7668-4be5-8ed7-01e41b94fab2 a640cc0c2e82428791e3e1b145e31c7b de8a5fc596cb4b4d87c5421b6a15e34c - - default default] Successfully bumped revision number for resource 78f287d8-2172-401c-9a30-dc13ddc8bb6c (type: security_groups) to 1
2026-04-17 11:49:48.195 7 INFO neutron.db.ovn_revision_numbers_db [None req-24e04a24-2ce1-491a-8354-498dc5dddd0e f22e0218f2b64ab58a176a341f805390 9592165a51054b91a6526d0e7c14cef8 - - default default] Successfully bumped revision number for resource 8627da20-4bb6-4360-93d3-319edcf2cfab (type: ports) to 1
