2026-04-17 11:48:18.885 8 INFO neutron_taas.services.taas.tap_mirror_plugin [None req-73c0fc89-e258-4e63-88ca-e61dfc586487 54789791b057460bba31e46f5eaee7b2 c588692e4a534dc0b2a66f9e6d184b6b - - default default] Tap Mirror: Handle Delete Port: 6fce45c3-74e4-449c-ba0f-e06e0031046f
2026-04-17 11:48:18.959 7 INFO neutron.db.segments_db [None req-bb86d853-aa5b-44d7-b390-6ba9eaf76506 6ba50a6acb4d45dd823f595c82cb7b87 75a8d07cbd1a4829a9fbf0877051ce32 - - default default] Added segment 8fa3190c-1295-4f01-b1bd-710b9e5564fe of type geneve for network 709ffd43-817a-4a9e-83b4-9544db19ad2e [pid: 8|app: 0|req: 597/1241] 10.0.0.124 () {32 vars in 720 bytes} [Fri Apr 17 11:48:18 2026] DELETE /v2.0/ports/6fce45c3-74e4-449c-ba0f-e06e0031046f => generated 0 bytes in 352 msecs (HTTP/1.1 204) 3 headers in 131 bytes (1 switches on core 0)
2026-04-17 11:48:19.082 7 INFO neutron.db.ovn_revision_numbers_db [None req-bb86d853-aa5b-44d7-b390-6ba9eaf76506 6ba50a6acb4d45dd823f595c82cb7b87 75a8d07cbd1a4829a9fbf0877051ce32 - - default default] Successfully bumped revision number for resource 709ffd43-817a-4a9e-83b4-9544db19ad2e (type: networks) to 1
2026-04-17 11:48:19.262 7 WARNING neutron.scheduler.dhcp_agent_scheduler [None req-bb86d853-aa5b-44d7-b390-6ba9eaf76506 6ba50a6acb4d45dd823f595c82cb7b87 75a8d07cbd1a4829a9fbf0877051ce32 - - default default] No more DHCP agents
2026-04-17 11:48:19.263 7 WARNING neutron.api.rpc.agentnotifiers.dhcp_rpc_agent_api [None req-bb86d853-aa5b-44d7-b390-6ba9eaf76506 6ba50a6acb4d45dd823f595c82cb7b87 75a8d07cbd1a4829a9fbf0877051ce32 - - default default] Unable to schedule network 709ffd43-817a-4a9e-83b4-9544db19ad2e: no agents available; will retry on subsequent port and subnet creation events. [pid: 8|app: 0|req: 598/1242] 10.0.0.124 () {32 vars in 724 bytes} [Fri Apr 17 11:48:19 2026] DELETE /v2.0/subnets/7b84d707-0127-4f24-9dd9-fbe804d8b2b9 => generated 0 bytes in 199 msecs (HTTP/1.1 204) 3 headers in 131 bytes (1 switches on core 0)
2026-04-17 11:48:19.304 7 INFO neutron.plugins.ml2.drivers.ovn.mech_driver.mech_driver [None req-1a2a2d3b-59a6-41a4-9dee-1152ffad61bb - - - - - -] OVN reports status down for port: 435b54d5-0306-40fc-be39-1cfa58e9b301 [pid: 8|app: 0|req: 599/1243] 10.0.0.124 () {32 vars in 643 bytes} [Fri Apr 17 11:48:19 2026] GET /v2.0/ports => generated 1533 bytes in 85 msecs (HTTP/1.1 200) 4 headers in 158 bytes (1 switches on core 0)
2026-04-17 11:48:19.386 7 INFO neutron.db.ovn_revision_numbers_db [None req-bb86d853-aa5b-44d7-b390-6ba9eaf76506 6ba50a6acb4d45dd823f595c82cb7b87 75a8d07cbd1a4829a9fbf0877051ce32 - - default default] Successfully bumped revision number for resource 435b54d5-0306-40fc-be39-1cfa58e9b301 (type: ports) to 1 [pid: 7|app: 0|req: 645/1244] 10.0.0.124 () {34 vars in 671 bytes} [Fri Apr 17 11:48:18 2026] POST /v2.0/networks => generated 762 bytes in 1046 msecs (HTTP/1.1 201) 4 headers in 162 bytes (1 switches on core 0)
2026-04-17 11:48:19.448 7 INFO neutron.pecan_wsgi.hooks.translation [None req-86063496-0817-4226-b446-f8644ab1bf22 54789791b057460bba31e46f5eaee7b2 c588692e4a534dc0b2a66f9e6d184b6b - - default default] GET failed (client error): The resource could not be found. [pid: 7|app: 0|req: 646/1245] 10.0.0.124 () {32 vars in 717 bytes} [Fri Apr 17 11:48:19 2026] GET /v2.0/ports/6fce45c3-74e4-449c-ba0f-e06e0031046f => generated 132 bytes in 21 msecs (HTTP/1.1 404) 4 headers in 164 bytes (1 switches on core 0)
2026-04-17 11:48:19.464 8 INFO neutron_taas.services.taas.taas_plugin [None req-15334ef9-17c2-431e-970b-9ed5856363f4 6ba50a6acb4d45dd823f595c82cb7b87 75a8d07cbd1a4829a9fbf0877051ce32 - - default default] TaaS: Handle Delete Port: a44226fc-464c-40f7-8589-83b0245db082
2026-04-17 11:48:19.467 8 INFO neutron_taas.services.taas.tap_mirror_plugin [None req-15334ef9-17c2-431e-970b-9ed5856363f4 6ba50a6acb4d45dd823f595c82cb7b87 75a8d07cbd1a4829a9fbf0877051ce32 - - default default] Tap Mirror: Handle Delete Port: a44226fc-464c-40f7-8589-83b0245db082
2026-04-17 11:48:19.645 7 WARNING neutron.scheduler.dhcp_agent_scheduler [None req-45e56dff-052f-4acf-b9bb-2d7a0a21da32 6ba50a6acb4d45dd823f595c82cb7b87 75a8d07cbd1a4829a9fbf0877051ce32 - - default default] No more DHCP agents
2026-04-17 11:48:19.647 7 WARNING neutron.api.rpc.agentnotifiers.dhcp_rpc_agent_api [None req-45e56dff-052f-4acf-b9bb-2d7a0a21da32 6ba50a6acb4d45dd823f595c82cb7b87 75a8d07cbd1a4829a9fbf0877051ce32 - - default default] Unable to schedule network 709ffd43-817a-4a9e-83b4-9544db19ad2e: no agents available; will retry on subsequent port and subnet creation events.
2026-04-17 11:48:19.692 8 INFO neutron.services.segments.plugin [-] Segment d22cdaa7-64f2-4453-82a0-cc3d387e3452 resource provider aggregate not found
2026-04-17 11:48:19.697 8 INFO neutron.services.segments.plugin [-] Segment d22cdaa7-64f2-4453-82a0-cc3d387e3452 resource provider aggregate not found
2026-04-17 11:48:19.717 8 INFO neutron.services.segments.plugin [-] Segment d22cdaa7-64f2-4453-82a0-cc3d387e3452 resource provider not found; error: Placement Client Error (4xx): {"errors": [{"status": 404, "title": "Not Found", "detail": "The resource could not be found.\n\n No resource provider with uuid d22cdaa7-64f2-4453-82a0-cc3d387e3452 found for delete ", "request_id": "req-6b05a502-0e45-426a-988d-10bf61177173"}]}
2026-04-17 11:48:19.718 8 INFO neutron.services.segments.plugin [-] Segment d22cdaa7-64f2-4453-82a0-cc3d387e3452 resource provider not found; error: Placement Client Error (4xx): {"errors": [{"status": 404, "title": "Not Found", "detail": "The resource could not be found.\n\n No resource provider with uuid d22cdaa7-64f2-4453-82a0-cc3d387e3452 found for delete ", "request_id": "req-7c450660-7f3d-4bb3-aecd-b2e2bcadc577"}]} [pid: 8|app: 0|req: 600/1246] 10.0.0.124 () {32 vars in 726 bytes} [Fri Apr 17 11:48:19 2026] DELETE /v2.0/networks/36fb8d2a-b127-434f-9fe2-5f1eadd60df4 => generated 0 bytes in 459 msecs (HTTP/1.1 204) 3 headers in 131 bytes (1 switches on core 0) [pid: 8|app: 0|req: 601/1247] 10.0.0.124 () {32 vars in 643 bytes} [Fri Apr 17 11:48:19 2026] GET /v2.0/ports => generated 1533 bytes in 39 msecs (HTTP/1.1 200) 4 headers in 158 bytes (1 switches on core 0) [pid: 8|app: 0|req: 602/1248] 10.0.0.124 () {32 vars in 717 bytes} [Fri Apr 17 11:48:19 2026] GET /v2.0/ports/406edc45-c8ac-400c-80ee-81c81e2d825a => generated 774 bytes in 36 msecs (HTTP/1.1 200) 4 headers in 157 bytes (1 switches on core 0)
2026-04-17 11:48:19.915 8 INFO neutron.pecan_wsgi.hooks.translation [None req-69eb23e8-3068-4c62-aed1-8d8f34863345 54789791b057460bba31e46f5eaee7b2 c588692e4a534dc0b2a66f9e6d184b6b - - default default] DELETE failed (client error): The resource could not be found. [pid: 8|app: 0|req: 603/1249] 10.0.0.124 () {32 vars in 720 bytes} [Fri Apr 17 11:48:19 2026] DELETE /v2.0/ports/ee389425-dbce-4ff2-befd-3e6ffe146d57 => generated 132 bytes in 17 msecs (HTTP/1.1 404) 4 headers in 164 bytes (1 switches on core 0)
2026-04-17 11:48:19.932 8 INFO neutron.pecan_wsgi.hooks.translation [None req-b020fa18-4f02-49cc-b678-369363180800 54789791b057460bba31e46f5eaee7b2 c588692e4a534dc0b2a66f9e6d184b6b - - default default] DELETE failed (client error): The resource could not be found. [pid: 8|app: 0|req: 604/1250] 10.0.0.124 () {32 vars in 724 bytes} [Fri Apr 17 11:48:19 2026] DELETE /v2.0/subnets/55b4ccb2-2353-4545-9905-35829fa9e2d8 => generated 136 bytes in 13 msecs (HTTP/1.1 404) 4 headers in 164 bytes (1 switches on core 0)
2026-04-17 11:48:19.948 8 INFO neutron.pecan_wsgi.hooks.translation [None req-9c27b5b3-1df1-4d64-bce7-f6f9c4a416b9 54789791b057460bba31e46f5eaee7b2 c588692e4a534dc0b2a66f9e6d184b6b - - default default] DELETE failed (client error): The resource could not be found. [pid: 8|app: 0|req: 605/1251] 10.0.0.124 () {32 vars in 724 bytes} [Fri Apr 17 11:48:19 2026] DELETE /v2.0/subnets/38edd8d0-dc0f-4035-aa54-768425c626bb => generated 136 bytes in 13 msecs (HTTP/1.1 404) 4 headers in 164 bytes (1 switches on core 0)
2026-04-17 11:48:20.060 8 INFO neutron_taas.services.taas.taas_plugin [None req-211d942d-47a5-4fae-bc73-775b89ab98dd 54789791b057460bba31e46f5eaee7b2 c588692e4a534dc0b2a66f9e6d184b6b - - default default] TaaS: Handle Delete Port: 406edc45-c8ac-400c-80ee-81c81e2d825a
2026-04-17 11:48:20.062 8 INFO neutron_taas.services.taas.tap_mirror_plugin [None req-211d942d-47a5-4fae-bc73-775b89ab98dd 54789791b057460bba31e46f5eaee7b2 c588692e4a534dc0b2a66f9e6d184b6b - - default default] Tap Mirror: Handle Delete Port: 406edc45-c8ac-400c-80ee-81c81e2d825a
2026-04-17 11:48:20.187 7 INFO neutron.db.ovn_revision_numbers_db [None req-6141be6c-4b64-4432-a06d-4de7d807715e - - - - - -] Successfully bumped revision number for resource 435b54d5-0306-40fc-be39-1cfa58e9b301 (type: ports) to 2
2026-04-17 11:48:20.364 7 INFO neutron.db.ovn_revision_numbers_db [None req-6141be6c-4b64-4432-a06d-4de7d807715e - - - - - -] Successfully bumped revision number for resource 292d5ebf-0b08-44c5-a3a2-791e40c4da96 (type: subnets) to 0 [pid: 8|app: 0|req: 606/1252] 10.0.0.124 () {32 vars in 720 bytes} [Fri Apr 17 11:48:19 2026] DELETE /v2.0/ports/406edc45-c8ac-400c-80ee-81c81e2d825a => generated 0 bytes in 436 msecs (HTTP/1.1 204) 3 headers in 131 bytes (1 switches on core 0) [pid: 7|app: 0|req: 647/1253] 10.0.0.124 () {34 vars in 669 bytes} [Fri Apr 17 11:48:19 2026] POST /v2.0/subnets => generated 687 bytes in 956 msecs (HTTP/1.1 201) 4 headers in 162 bytes (1 switches on core 0) [pid: 8|app: 0|req: 607/1254] 10.0.0.124 () {32 vars in 774 bytes} [Fri Apr 17 11:48:20 2026] GET /v2.0/security-groups?tenant_id=fde5881f9342475b9d7d7ccf14da2ead&name=default => generated 2925 bytes in 25 msecs (HTTP/1.1 200) 4 headers in 158 bytes (1 switches on core 0)
2026-04-17 11:48:20.541 7 INFO neutron_taas.services.taas.taas_plugin [None req-5bd2c21a-5dd8-447f-b8dd-4586707a49eb 54789791b057460bba31e46f5eaee7b2 c588692e4a534dc0b2a66f9e6d184b6b - - default default] TaaS: Handle Delete Port: 77d50c0a-2621-4f34-87b6-d5416adbe9ea
2026-04-17 11:48:20.544 7 INFO neutron_taas.services.taas.tap_mirror_plugin [None req-5bd2c21a-5dd8-447f-b8dd-4586707a49eb 54789791b057460bba31e46f5eaee7b2 c588692e4a534dc0b2a66f9e6d184b6b - - default default] Tap Mirror: Handle Delete Port: 77d50c0a-2621-4f34-87b6-d5416adbe9ea
2026-04-17 11:48:20.797 7 INFO neutron.services.segments.plugin [-] Segment f9795bb9-cf4b-4654-bd0c-d199b6b1d52d resource provider aggregate not found
2026-04-17 11:48:20.802 7 INFO neutron.services.segments.plugin [-] Segment f9795bb9-cf4b-4654-bd0c-d199b6b1d52d resource provider aggregate not found
2026-04-17 11:48:20.821 7 INFO neutron.services.segments.plugin [-] Segment f9795bb9-cf4b-4654-bd0c-d199b6b1d52d resource provider not found; error: Placement Client Error (4xx): {"errors": [{"status": 404, "title": "Not Found", "detail": "The resource could not be found.\n\n No resource provider with uuid f9795bb9-cf4b-4654-bd0c-d199b6b1d52d found for delete ", "request_id": "req-9ed8da3f-c9f1-43c5-b32e-c7174acb7ab6"}]}
2026-04-17 11:48:20.824 7 INFO neutron.services.segments.plugin [-] Segment f9795bb9-cf4b-4654-bd0c-d199b6b1d52d resource provider not found; error: Placement Client Error (4xx): {"errors": [{"status": 404, "title": "Not Found", "detail": "The resource could not be found.\n\n No resource provider with uuid f9795bb9-cf4b-4654-bd0c-d199b6b1d52d found for delete ", "request_id": "req-b755261f-3f2b-4893-8421-db107f441cc1"}]} [pid: 7|app: 0|req: 648/1255] 10.0.0.124 () {32 vars in 726 bytes} [Fri Apr 17 11:48:20 2026] DELETE /v2.0/networks/3feca393-a018-4a09-9e9b-5b72b0794038 => generated 0 bytes in 537 msecs (HTTP/1.1 204) 3 headers in 131 bytes (1 switches on core 0)
2026-04-17 11:48:20.988 8 WARNING neutron.scheduler.dhcp_agent_scheduler [None req-5eee1523-1b16-4bd3-8ef5-8b240f1a8431 6ba50a6acb4d45dd823f595c82cb7b87 75a8d07cbd1a4829a9fbf0877051ce32 - - default default] No more DHCP agents
2026-04-17 11:48:20.989 8 WARNING neutron.api.rpc.agentnotifiers.dhcp_rpc_agent_api [None req-5eee1523-1b16-4bd3-8ef5-8b240f1a8431 6ba50a6acb4d45dd823f595c82cb7b87 75a8d07cbd1a4829a9fbf0877051ce32 - - default default] Unable to schedule network 4dd453ed-9c78-4112-b6a8-40d91eaf84ab: no agents available; will retry on subsequent port and subnet creation events.
2026-04-17 11:48:21.130 7 INFO neutron.plugins.ml2.drivers.ovn.mech_driver.mech_driver [None req-1a2a2d3b-59a6-41a4-9dee-1152ffad61bb - - - - - -] OVN reports status down for port: 14863bad-e7cf-4742-bc44-713165da1a9d
2026-04-17 11:48:21.361 8 INFO neutron.db.ovn_revision_numbers_db [None req-5eee1523-1b16-4bd3-8ef5-8b240f1a8431 6ba50a6acb4d45dd823f595c82cb7b87 75a8d07cbd1a4829a9fbf0877051ce32 - - default default] Successfully bumped revision number for resource 14863bad-e7cf-4742-bc44-713165da1a9d (type: ports) to 1 [pid: 7|app: 0|req: 649/1256] 10.0.0.124 () {32 vars in 740 bytes} [Fri Apr 17 11:48:20 2026] DELETE /v2.0/security-groups/95a97f31-1fef-464a-bf26-4195e5f582c9 => generated 0 bytes in 648 msecs (HTTP/1.1 204) 2 headers in 112 bytes (1 switches on core 0) [pid: 7|app: 0|req: 650/1257] 10.0.0.124 () {32 vars in 774 bytes} [Fri Apr 17 11:48:21 2026] GET /v2.0/security-groups?tenant_id=c588692e4a534dc0b2a66f9e6d184b6b&name=default => generated 2925 bytes in 162 msecs (HTTP/1.1 200) 4 headers in 158 bytes (1 switches on core 0)
2026-04-17 11:48:22.103 8 INFO neutron.plugins.ml2.drivers.ovn.mech_driver.ovsdb.commands [None req-163403e3-81ad-4f4c-ab4a-bedd3ca3875a - - - - - -] Schedule LRP lrp-14863bad-e7cf-4742-bc44-713165da1a9d on gateway 77cd4341-62f1-414f-9fb2-41294f4e86ad with priority 1
2026-04-17 11:48:22.146 7 INFO neutron.plugins.ml2.drivers.ovn.mech_driver.mech_driver [None req-1a2a2d3b-59a6-41a4-9dee-1152ffad61bb - - - - - -] OVN reports status up for port: 14863bad-e7cf-4742-bc44-713165da1a9d
2026-04-17 11:48:22.213 7 INFO neutron.plugins.ml2.drivers.ovn.mech_driver.ovsdb.ovsdb_monitor [None req-15154614-a0a8-4cc7-9c95-005d08fc362e - - - - - -] Router 67500db2-5c33-4439-aca9-eabe436f3720 is bound to host instance
2026-04-17 11:48:22.236 8 INFO neutron.db.ovn_revision_numbers_db [None req-5eee1523-1b16-4bd3-8ef5-8b240f1a8431 6ba50a6acb4d45dd823f595c82cb7b87 75a8d07cbd1a4829a9fbf0877051ce32 - - default default] Successfully bumped revision number for resource 14863bad-e7cf-4742-bc44-713165da1a9d (type: router_ports) to 1
2026-04-17 11:48:22.238 7 INFO neutron.plugins.ml2.plugin [None req-1a2a2d3b-59a6-41a4-9dee-1152ffad61bb - - - - - -] Attempt 1 to provision port 14863bad-e7cf-4742-bc44-713165da1a9d
2026-04-17 11:48:22.433 8 INFO neutron.db.ovn_revision_numbers_db [None req-5eee1523-1b16-4bd3-8ef5-8b240f1a8431 6ba50a6acb4d45dd823f595c82cb7b87 75a8d07cbd1a4829a9fbf0877051ce32 - - default default] Successfully bumped revision number for resource 67500db2-5c33-4439-aca9-eabe436f3720 (type: routers) to 2 [pid: 8|app: 0|req: 608/1258] 10.0.0.124 () {34 vars in 669 bytes} [Fri Apr 17 11:48:20 2026] POST /v2.0/routers => generated 965 bytes in 2063 msecs (HTTP/1.1 201) 4 headers in 162 bytes (1 switches on core 0) [pid: 7|app: 0|req: 651/1259] 10.0.0.124 () {32 vars in 740 bytes} [Fri Apr 17 11:48:22 2026] DELETE /v2.0/security-groups/d720c810-6bc6-4eaf-801b-5c66e82ffbed => generated 0 bytes in 527 msecs (HTTP/1.1 204) 2 headers in 112 bytes (1 switches on core 0)
2026-04-17 11:48:22.992 8 WARNING neutron.scheduler.dhcp_agent_scheduler [None req-60ac486d-0928-43a6-9914-6c5084848473 6ba50a6acb4d45dd823f595c82cb7b87 75a8d07cbd1a4829a9fbf0877051ce32 - - default default] No more DHCP agents
2026-04-17 11:48:22.994 8 WARNING neutron.api.rpc.agentnotifiers.dhcp_rpc_agent_api [None req-60ac486d-0928-43a6-9914-6c5084848473 6ba50a6acb4d45dd823f595c82cb7b87 75a8d07cbd1a4829a9fbf0877051ce32 - - default default] Unable to schedule network 709ffd43-817a-4a9e-83b4-9544db19ad2e: no agents available; will retry on subsequent port and subnet creation events.
2026-04-17 11:48:23.091 7 INFO neutron.db.ovn_revision_numbers_db [None req-61763cd8-0e5e-42fc-a21d-cfafd471909d - - - - - -] Successfully bumped revision number for resource 14863bad-e7cf-4742-bc44-713165da1a9d (type: ports) to 4
2026-04-17 11:48:23.163 8 INFO neutron.db.ovn_revision_numbers_db [None req-60ac486d-0928-43a6-9914-6c5084848473 6ba50a6acb4d45dd823f595c82cb7b87 75a8d07cbd1a4829a9fbf0877051ce32 - - default default] Successfully bumped revision number for resource 7893f5e0-0fad-4907-859a-fdf3d6fa5880 (type: ports) to 1
2026-04-17 11:48:23.342 7 INFO neutron.db.ovn_revision_numbers_db [None req-d5cc4641-96cc-4cbd-9675-cd736f9e019c 6ba50a6acb4d45dd823f595c82cb7b87 75a8d07cbd1a4829a9fbf0877051ce32 - - default default] Successfully bumped revision number for resource c1aa0562-8cdb-4b40-9563-ad91cf57e8b6 (type: security_groups) to 1
2026-04-17 11:48:23.362 7 INFO neutron.db.ovn_revision_numbers_db [None req-d5cc4641-96cc-4cbd-9675-cd736f9e019c 6ba50a6acb4d45dd823f595c82cb7b87 75a8d07cbd1a4829a9fbf0877051ce32 - - default default] Successfully bumped revision number for resource 2f766756-3463-4839-983d-1060702e08a7 (type: security_group_rules) to 0
2026-04-17 11:48:23.381 7 INFO neutron.db.ovn_revision_numbers_db [None req-d5cc4641-96cc-4cbd-9675-cd736f9e019c 6ba50a6acb4d45dd823f595c82cb7b87 75a8d07cbd1a4829a9fbf0877051ce32 - - default default] Successfully bumped revision number for resource 39df8d99-21f9-43b1-b8b7-e5b1aa68b26d (type: security_group_rules) to 0
2026-04-17 11:48:23.407 7 INFO neutron.db.ovn_revision_numbers_db [None req-d5cc4641-96cc-4cbd-9675-cd736f9e019c 6ba50a6acb4d45dd823f595c82cb7b87 75a8d07cbd1a4829a9fbf0877051ce32 - - default default] Successfully bumped revision number for resource 8b200dc9-860c-4231-b300-3b87c47e18b9 (type: security_group_rules) to 0
2026-04-17 11:48:23.422 7 INFO neutron.db.ovn_revision_numbers_db [None req-d5cc4641-96cc-4cbd-9675-cd736f9e019c 6ba50a6acb4d45dd823f595c82cb7b87 75a8d07cbd1a4829a9fbf0877051ce32 - - default default] Successfully bumped revision number for resource f59575b1-01fd-41f4-a65a-02e69112794e (type: security_group_rules) to 0 [pid: 7|app: 0|req: 652/1260] 10.0.0.124 () {32 vars in 774 bytes} [Fri Apr 17 11:48:22 2026] GET /v2.0/security-groups?tenant_id=406f84af69584b5db279897fddc9ba63&name=default => generated 2925 bytes in 482 msecs (HTTP/1.1 200) 4 headers in 158 bytes (1 switches on core 0)
2026-04-17 11:48:23.680 7 INFO neutron.db.ovn_revision_numbers_db [None req-61763cd8-0e5e-42fc-a21d-cfafd471909d - - - - - -] Successfully bumped revision number for resource 14863bad-e7cf-4742-bc44-713165da1a9d (type: ports) to 5 [pid: 7|app: 0|req: 653/1261] 10.0.0.124 () {32 vars in 740 bytes} [Fri Apr 17 11:48:23 2026] DELETE /v2.0/security-groups/c1aa0562-8cdb-4b40-9563-ad91cf57e8b6 => generated 0 bytes in 409 msecs (HTTP/1.1 204) 2 headers in 112 bytes (1 switches on core 0)
2026-04-17 11:48:23.922 8 WARNING neutron.scheduler.dhcp_agent_scheduler [None req-60ac486d-0928-43a6-9914-6c5084848473 6ba50a6acb4d45dd823f595c82cb7b87 75a8d07cbd1a4829a9fbf0877051ce32 - - default default] No more DHCP agents
2026-04-17 11:48:23.924 8 WARNING neutron.api.rpc.agentnotifiers.dhcp_rpc_agent_api [None req-60ac486d-0928-43a6-9914-6c5084848473 6ba50a6acb4d45dd823f595c82cb7b87 75a8d07cbd1a4829a9fbf0877051ce32 - - default default] Unable to schedule network 709ffd43-817a-4a9e-83b4-9544db19ad2e: no agents available; will retry on subsequent port and subnet creation events.
2026-04-17 11:48:24.156 7 INFO neutron.db.ovn_revision_numbers_db [None req-462270d6-0270-488d-a7a8-d78d1c3e5790 6ba50a6acb4d45dd823f595c82cb7b87 75a8d07cbd1a4829a9fbf0877051ce32 - - default default] Successfully bumped revision number for resource dd376d6f-7869-4899-a110-e96c4ac6f7c9 (type: security_groups) to 1
2026-04-17 11:48:24.170 7 INFO neutron.db.ovn_revision_numbers_db [None req-462270d6-0270-488d-a7a8-d78d1c3e5790 6ba50a6acb4d45dd823f595c82cb7b87 75a8d07cbd1a4829a9fbf0877051ce32 - - default default] Successfully bumped revision number for resource 2df645e1-0e5e-4bb3-b7c8-a2daba7c3968 (type: security_group_rules) to 0
2026-04-17 11:48:24.180 7 INFO neutron.db.ovn_revision_numbers_db [None req-462270d6-0270-488d-a7a8-d78d1c3e5790 6ba50a6acb4d45dd823f595c82cb7b87 75a8d07cbd1a4829a9fbf0877051ce32 - - default default] Successfully bumped revision number for resource 4f0880ac-b567-49fe-8407-b3d31816c903 (type: security_group_rules) to 0
2026-04-17 11:48:24.191 7 INFO neutron.db.ovn_revision_numbers_db [None req-462270d6-0270-488d-a7a8-d78d1c3e5790 6ba50a6acb4d45dd823f595c82cb7b87 75a8d07cbd1a4829a9fbf0877051ce32 - - default default] Successfully bumped revision number for resource 6f066ff2-9673-40ca-9a94-7348f477ee63 (type: security_group_rules) to 0
2026-04-17 11:48:24.203 7 INFO neutron.db.ovn_revision_numbers_db [None req-462270d6-0270-488d-a7a8-d78d1c3e5790 6ba50a6acb4d45dd823f595c82cb7b87 75a8d07cbd1a4829a9fbf0877051ce32 - - default default] Successfully bumped revision number for resource ad292445-dbf2-4b18-8f7e-05700d33358c (type: security_group_rules) to 0 [pid: 7|app: 0|req: 654/1262] 10.0.0.124 () {32 vars in 774 bytes} [Fri Apr 17 11:48:24 2026] GET /v2.0/security-groups?tenant_id=8b5b82865b03475197d4de7c75f44fd7&name=default => generated 2925 bytes in 221 msecs (HTTP/1.1 200) 4 headers in 158 bytes (1 switches on core 0)
2026-04-17 11:48:24.501 8 INFO neutron.db.ovn_revision_numbers_db [None req-60ac486d-0928-43a6-9914-6c5084848473 6ba50a6acb4d45dd823f595c82cb7b87 75a8d07cbd1a4829a9fbf0877051ce32 - - default default] Successfully bumped revision number for resource 7893f5e0-0fad-4907-859a-fdf3d6fa5880 (type: router_ports) to 1 [pid: 8|app: 0|req: 609/1263] 10.0.0.124 () {34 vars in 783 bytes} [Fri Apr 17 11:48:22 2026] PUT /v2.0/routers/67500db2-5c33-4439-aca9-eabe436f3720/add_router_interface => generated 309 bytes in 2019 msecs (HTTP/1.1 200) 4 headers in 157 bytes (1 switches on core 0) [pid: 7|app: 0|req: 655/1264] 10.0.0.124 () {32 vars in 740 bytes} [Fri Apr 17 11:48:24 2026] DELETE /v2.0/security-groups/dd376d6f-7869-4899-a110-e96c4ac6f7c9 => generated 0 bytes in 323 msecs (HTTP/1.1 204) 2 headers in 112 bytes (1 switches on core 0)
2026-04-17 11:48:24.804 8 INFO neutron.db.ovn_revision_numbers_db [None req-3db390ba-88ad-4292-81d2-d4247528a315 2b2455e2f48b444084eabf6da34f015e 1d91ee57e8a340d39927482b68cd7ca7 - - default default] Successfully bumped revision number for resource c155155c-94a8-4498-a308-6f4153188d7c (type: security_groups) to 1
2026-04-17 11:48:24.818 8 INFO neutron.db.ovn_revision_numbers_db [None req-3db390ba-88ad-4292-81d2-d4247528a315 2b2455e2f48b444084eabf6da34f015e 1d91ee57e8a340d39927482b68cd7ca7 - - default default] Successfully bumped revision number for resource 48b5ccfb-5130-44ef-854e-c8edf47b7474 (type: security_group_rules) to 0
2026-04-17 11:48:24.832 8 INFO neutron.db.ovn_revision_numbers_db [None req-3db390ba-88ad-4292-81d2-d4247528a315 2b2455e2f48b444084eabf6da34f015e 1d91ee57e8a340d39927482b68cd7ca7 - - default default] Successfully bumped revision number for resource 6100d5d8-618d-4916-b585-beec75548560 (type: security_group_rules) to 0
2026-04-17 11:48:24.845 8 INFO neutron.db.ovn_revision_numbers_db [None req-3db390ba-88ad-4292-81d2-d4247528a315 2b2455e2f48b444084eabf6da34f015e 1d91ee57e8a340d39927482b68cd7ca7 - - default default] Successfully bumped revision number for resource cbe2fe6e-806b-4ecd-905f-09fc0a3fba31 (type: security_group_rules) to 0
2026-04-17 11:48:24.858 8 INFO neutron.db.ovn_revision_numbers_db [None req-3db390ba-88ad-4292-81d2-d4247528a315 2b2455e2f48b444084eabf6da34f015e 1d91ee57e8a340d39927482b68cd7ca7 - - default default] Successfully bumped revision number for resource ec7dd1db-c732-4638-b455-9f69a0c39de8 (type: security_group_rules) to 0
2026-04-17 11:48:24.915 7 INFO neutron.plugins.ml2.drivers.ovn.mech_driver.mech_driver [None req-1a2a2d3b-59a6-41a4-9dee-1152ffad61bb - - - - - -] OVN reports status down for port: 7893f5e0-0fad-4907-859a-fdf3d6fa5880
2026-04-17 11:48:24.985 8 INFO neutron.db.ovn_revision_numbers_db [None req-3db390ba-88ad-4292-81d2-d4247528a315 2b2455e2f48b444084eabf6da34f015e 1d91ee57e8a340d39927482b68cd7ca7 - - default default] Successfully bumped revision number for resource 55925ab8-53e9-451f-9506-21d0b4c0e0da (type: security_groups) to 1
2026-04-17 11:48:24.989 7 WARNING neutron.plugins.ml2.drivers.ovn.mech_driver.ovsdb.ovn_client [None req-1a2a2d3b-59a6-41a4-9dee-1152ffad61bb - - - - - -] Logical_Switch_Port %s host information not removed, the port state is up
2026-04-17 11:48:24.990 7 INFO neutron.plugins.ml2.drivers.ovn.mech_driver.mech_driver [None req-1a2a2d3b-59a6-41a4-9dee-1152ffad61bb - - - - - -] OVN reports status up for port: 7893f5e0-0fad-4907-859a-fdf3d6fa5880
2026-04-17 11:48:25.000 8 INFO neutron.db.ovn_revision_numbers_db [None req-3db390ba-88ad-4292-81d2-d4247528a315 2b2455e2f48b444084eabf6da34f015e 1d91ee57e8a340d39927482b68cd7ca7 - - default default] Successfully bumped revision number for resource 4b042708-34fc-44e0-9987-991cfc40c049 (type: security_group_rules) to 0
2026-04-17 11:48:25.002 7 INFO neutron.plugins.ml2.plugin [None req-1a2a2d3b-59a6-41a4-9dee-1152ffad61bb - - - - - -] Attempt 1 to provision port 7893f5e0-0fad-4907-859a-fdf3d6fa5880
2026-04-17 11:48:25.011 8 INFO neutron.db.ovn_revision_numbers_db [None req-3db390ba-88ad-4292-81d2-d4247528a315 2b2455e2f48b444084eabf6da34f015e 1d91ee57e8a340d39927482b68cd7ca7 - - default default] Successfully bumped revision number for resource e27b8e38-6818-42c1-baaa-142145a94e70 (type: security_group_rules) to 0 [pid: 8|app: 0|req: 610/1265] 10.0.0.124 () {34 vars in 684 bytes} [Fri Apr 17 11:48:24 2026] POST /v2.0/security-groups => generated 1625 bytes in 553 msecs (HTTP/1.1 201) 4 headers in 163 bytes (1 switches on core 0) [pid: 7|app: 0|req: 656/1266] 10.0.0.124 () {32 vars in 663 bytes} [Fri Apr 17 11:48:25 2026] GET /v2.0/security-groups => generated 4530 bytes in 74 msecs (HTTP/1.1 200) 4 headers in 158 bytes (1 switches on core 0)
2026-04-17 11:48:25.220 8 INFO neutron.db.ovn_revision_numbers_db [None req-f18ed451-07fb-4ca5-b32b-1ae4b7f4a693 2b2455e2f48b444084eabf6da34f015e 1d91ee57e8a340d39927482b68cd7ca7 - - default default] Successfully bumped revision number for resource 55925ab8-53e9-451f-9506-21d0b4c0e0da (type: security_groups) to 2 [pid: 8|app: 0|req: 611/1267] 10.0.0.124 () {34 vars in 758 bytes} [Fri Apr 17 11:48:25 2026] PUT /v2.0/security-groups/55925ab8-53e9-451f-9506-21d0b4c0e0da => generated 1664 bytes in 99 msecs (HTTP/1.1 200) 4 headers in 158 bytes (1 switches on core 0) [pid: 7|app: 0|req: 657/1268] 10.0.0.124 () {32 vars in 737 bytes} [Fri Apr 17 11:48:25 2026] GET /v2.0/security-groups/55925ab8-53e9-451f-9506-21d0b4c0e0da => generated 1664 bytes in 31 msecs (HTTP/1.1 200) 4 headers in 158 bytes (1 switches on core 0) [pid: 8|app: 0|req: 612/1269] 10.0.0.124 () {32 vars in 740 bytes} [Fri Apr 17 11:48:25 2026] DELETE /v2.0/security-groups/55925ab8-53e9-451f-9506-21d0b4c0e0da => generated 0 bytes in 119 msecs (HTTP/1.1 204) 2 headers in 112 bytes (1 switches on core 0) [pid: 7|app: 0|req: 658/1270] 10.0.0.124 () {32 vars in 663 bytes} [Fri Apr 17 11:48:25 2026] GET /v2.0/security-groups => generated 2925 bytes in 88 msecs (HTTP/1.1 200) 4 headers in 158 bytes (1 switches on core 0)
2026-04-17 11:48:25.509 8 INFO neutron.api.v2.resource [None req-9e8a5888-c5f7-4bc2-9664-7cf148aa550c 2b2455e2f48b444084eabf6da34f015e 1d91ee57e8a340d39927482b68cd7ca7 - - default default] delete failed (client error): The resource could not be found. [pid: 8|app: 0|req: 613/1271] 10.0.0.124 () {32 vars in 740 bytes} [Fri Apr 17 11:48:25 2026] DELETE /v2.0/security-groups/55925ab8-53e9-451f-9506-21d0b4c0e0da => generated 146 bytes in 12 msecs (HTTP/1.1 404) 4 headers in 164 bytes (1 switches on core 0)
2026-04-17 11:48:25.605 7 INFO neutron.db.ovn_revision_numbers_db [None req-1a2a2d3b-59a6-41a4-9dee-1152ffad61bb - - - - - -] Successfully bumped revision number for resource 7893f5e0-0fad-4907-859a-fdf3d6fa5880 (type: ports) to 2
2026-04-17 11:48:25.714 7 INFO neutron.db.ovn_revision_numbers_db [None req-f402c11a-7b52-49bc-b9df-f09bfc0172cf 2b2455e2f48b444084eabf6da34f015e 1d91ee57e8a340d39927482b68cd7ca7 - - default default] Successfully bumped revision number for resource 60855115-e4be-4e7c-bc8a-71628c5eb6eb (type: security_groups) to 1
2026-04-17 11:48:25.739 7 INFO neutron.db.ovn_revision_numbers_db [None req-f402c11a-7b52-49bc-b9df-f09bfc0172cf 2b2455e2f48b444084eabf6da34f015e 1d91ee57e8a340d39927482b68cd7ca7 - - default default] Successfully bumped revision number for resource 2b83ee49-85b9-488a-930f-1432d06132e0 (type: security_group_rules) to 0
2026-04-17 11:48:25.758 7 INFO neutron.db.ovn_revision_numbers_db [None req-f402c11a-7b52-49bc-b9df-f09bfc0172cf 2b2455e2f48b444084eabf6da34f015e 1d91ee57e8a340d39927482b68cd7ca7 - - default default] Successfully bumped revision number for resource 90244f68-0cdf-4b00-a910-e19cee927730 (type: security_group_rules) to 0 [pid: 7|app: 0|req: 659/1272] 10.0.0.124 () {34 vars in 684 bytes} [Fri Apr 17 11:48:25 2026] POST /v2.0/security-groups => generated 1625 bytes in 284 msecs (HTTP/1.1 201) 4 headers in 163 bytes (1 switches on core 0)
2026-04-17 11:48:25.881 8 INFO neutron.db.ovn_revision_numbers_db [None req-5627d3d7-8b3a-4bc7-96d6-6e311fc13cba 6ba50a6acb4d45dd823f595c82cb7b87 75a8d07cbd1a4829a9fbf0877051ce32 - - default default] Successfully bumped revision number for resource 05b5d22f-6717-4fa8-8a93-12ff9436a408 (type: security_groups) to 1
2026-04-17 11:48:25.895 8 INFO neutron.db.ovn_revision_numbers_db [None req-5627d3d7-8b3a-4bc7-96d6-6e311fc13cba 6ba50a6acb4d45dd823f595c82cb7b87 75a8d07cbd1a4829a9fbf0877051ce32 - - default default] Successfully bumped revision number for resource 44f79642-ff76-4afc-a56f-35c7718c8caf (type: security_group_rules) to 0
2026-04-17 11:48:25.906 8 INFO neutron.db.ovn_revision_numbers_db [None req-5627d3d7-8b3a-4bc7-96d6-6e311fc13cba 6ba50a6acb4d45dd823f595c82cb7b87 75a8d07cbd1a4829a9fbf0877051ce32 - - default default] Successfully bumped revision number for resource ab9a84a0-7459-41bd-9174-ff44dcfafa01 (type: security_group_rules) to 0
2026-04-17 11:48:25.922 8 INFO neutron.db.ovn_revision_numbers_db [None req-5627d3d7-8b3a-4bc7-96d6-6e311fc13cba 6ba50a6acb4d45dd823f595c82cb7b87 75a8d07cbd1a4829a9fbf0877051ce32 - - default default] Successfully bumped revision number for resource b6159eb6-d1fc-494d-b603-c10b7463a61e (type: security_group_rules) to 0
2026-04-17 11:48:25.945 8 INFO neutron.db.ovn_revision_numbers_db [None req-5627d3d7-8b3a-4bc7-96d6-6e311fc13cba 6ba50a6acb4d45dd823f595c82cb7b87 75a8d07cbd1a4829a9fbf0877051ce32 - - default default] Successfully bumped revision number for resource d4178c7d-1fe3-439c-b4a3-314543361646 (type: security_group_rules) to 0
2026-04-17 11:48:25.946 7 INFO neutron.db.ovn_revision_numbers_db [None req-baadbe6f-9eb7-4fa3-bb8c-49e99e0b7fd0 2b2455e2f48b444084eabf6da34f015e 1d91ee57e8a340d39927482b68cd7ca7 - - default default] Successfully bumped revision number for resource 76ef4ef6-f418-4042-b410-e4751212c02f (type: security_group_rules) to 0 [pid: 7|app: 0|req: 662/1275] 10.0.0.124 () {34 vars in 695 bytes} [Fri Apr 17 11:48:25 2026] POST /v2.0/security-group-rules => generated 601 bytes in 175 msecs (HTTP/1.1 201) 4 headers in 162 bytes (1 switches on core 0) [pid: 7|app: 0|req: 663/1276] 10.0.0.124 () {32 vars in 747 bytes} [Fri Apr 17 11:48:25 2026] GET /v2.0/security-group-rules/76ef4ef6-f418-4042-b410-e4751212c02f => generated 601 bytes in 16 msecs (HTTP/1.1 200) 4 headers in 157 bytes (1 switches on core 0)
2026-04-17 11:48:26.021 8 INFO neutron.db.segments_db [None req-5627d3d7-8b3a-4bc7-96d6-6e311fc13cba 6ba50a6acb4d45dd823f595c82cb7b87 75a8d07cbd1a4829a9fbf0877051ce32 - - default default] Added segment 4b9c107e-6950-42b7-8718-da617431794b of type geneve for network 89e93d01-ea9a-4b15-8358-aa24baf59979 [pid: 7|app: 0|req: 664/1277] 10.0.0.124 () {32 vars in 673 bytes} [Fri Apr 17 11:48:26 2026] GET /v2.0/security-group-rules => generated 4138 bytes in 57 msecs (HTTP/1.1 200) 4 headers in 158 bytes (1 switches on core 0)
2026-04-17 11:48:26.132 8 INFO neutron.db.ovn_revision_numbers_db [None req-5627d3d7-8b3a-4bc7-96d6-6e311fc13cba 6ba50a6acb4d45dd823f595c82cb7b87 75a8d07cbd1a4829a9fbf0877051ce32 - - default default] Successfully bumped revision number for resource 89e93d01-ea9a-4b15-8358-aa24baf59979 (type: networks) to 1 [pid: 7|app: 0|req: 665/1278] 10.0.0.124 () {32 vars in 750 bytes} [Fri Apr 17 11:48:26 2026] DELETE /v2.0/security-group-rules/76ef4ef6-f418-4042-b410-e4751212c02f => generated 0 bytes in 112 msecs (HTTP/1.1 204) 2 headers in 112 bytes (1 switches on core 0) [pid: 7|app: 0|req: 666/1279] 10.0.0.124 () {32 vars in 673 bytes} [Fri Apr 17 11:48:26 2026] GET /v2.0/security-group-rules => generated 3560 bytes in 55 msecs (HTTP/1.1 200) 4 headers in 158 bytes (1 switches on core 0)
2026-04-17 11:48:26.292 8 WARNING neutron.scheduler.dhcp_agent_scheduler [None req-5627d3d7-8b3a-4bc7-96d6-6e311fc13cba 6ba50a6acb4d45dd823f595c82cb7b87 75a8d07cbd1a4829a9fbf0877051ce32 - - default default] No more DHCP agents
2026-04-17 11:48:26.293 8 WARNING neutron.api.rpc.agentnotifiers.dhcp_rpc_agent_api [None req-5627d3d7-8b3a-4bc7-96d6-6e311fc13cba 6ba50a6acb4d45dd823f595c82cb7b87 75a8d07cbd1a4829a9fbf0877051ce32 - - default default] Unable to schedule network 89e93d01-ea9a-4b15-8358-aa24baf59979: no agents available; will retry on subsequent port and subnet creation events.
2026-04-17 11:48:26.367 8 INFO neutron.db.ovn_revision_numbers_db [None req-5627d3d7-8b3a-4bc7-96d6-6e311fc13cba 6ba50a6acb4d45dd823f595c82cb7b87 75a8d07cbd1a4829a9fbf0877051ce32 - - default default] Successfully bumped revision number for resource 018f852d-7e24-463b-b3a1-0129c143226d (type: ports) to 1
2026-04-17 11:48:26.383 7 INFO neutron.db.ovn_revision_numbers_db [None req-62f28c62-6c9b-4039-895b-aab83a238beb 2b2455e2f48b444084eabf6da34f015e 1d91ee57e8a340d39927482b68cd7ca7 - - default default] Successfully bumped revision number for resource 3b6698f5-0ddc-418f-afb6-49f829f128ff (type: security_group_rules) to 0 [pid: 8|app: 0|req: 614/1280] 10.0.0.124 () {34 vars in 671 bytes} [Fri Apr 17 11:48:25 2026] POST /v2.0/networks => generated 761 bytes in 706 msecs (HTTP/1.1 201) 4 headers in 162 bytes (1 switches on core 0) [pid: 7|app: 0|req: 667/1281] 10.0.0.124 () {34 vars in 695 bytes} [Fri Apr 17 11:48:26 2026] POST /v2.0/security-group-rules => generated 601 bytes in 166 msecs (HTTP/1.1 201) 4 headers in 162 bytes (1 switches on core 0) [pid: 7|app: 0|req: 668/1282] 10.0.0.124 () {32 vars in 747 bytes} [Fri Apr 17 11:48:26 2026] GET /v2.0/security-group-rules/3b6698f5-0ddc-418f-afb6-49f829f128ff => generated 601 bytes in 15 msecs (HTTP/1.1 200) 4 headers in 157 bytes (1 switches on core 0) [pid: 7|app: 0|req: 669/1283] 10.0.0.124 () {32 vars in 673 bytes} [Fri Apr 17 11:48:26 2026] GET /v2.0/security-group-rules => generated 4138 bytes in 57 msecs (HTTP/1.1 200) 4 headers in 158 bytes (1 switches on core 0)
2026-04-17 11:48:26.544 8 WARNING neutron.scheduler.dhcp_agent_scheduler [None req-00b1124a-3293-401d-8b07-d50ba6a1dade 6ba50a6acb4d45dd823f595c82cb7b87 75a8d07cbd1a4829a9fbf0877051ce32 - - default default] No more DHCP agents
2026-04-17 11:48:26.546 8 WARNING neutron.api.rpc.agentnotifiers.dhcp_rpc_agent_api [None req-00b1124a-3293-401d-8b07-d50ba6a1dade 6ba50a6acb4d45dd823f595c82cb7b87 75a8d07cbd1a4829a9fbf0877051ce32 - - default default] Unable to schedule network 89e93d01-ea9a-4b15-8358-aa24baf59979: no agents available; will retry on subsequent port and subnet creation events. [pid: 7|app: 0|req: 670/1284] 10.0.0.124 () {32 vars in 750 bytes} [Fri Apr 17 11:48:26 2026] DELETE /v2.0/security-group-rules/3b6698f5-0ddc-418f-afb6-49f829f128ff => generated 0 bytes in 102 msecs (HTTP/1.1 204) 2 headers in 112 bytes (1 switches on core 0) [pid: 7|app: 0|req: 671/1285] 10.0.0.124 () {32 vars in 673 bytes} [Fri Apr 17 11:48:26 2026] GET /v2.0/security-group-rules => generated 3560 bytes in 46 msecs (HTTP/1.1 200) 4 headers in 158 bytes (1 switches on core 0)
2026-04-17 11:48:26.710 7 INFO neutron.db.securitygroups_db [None req-51fe8287-acef-4e12-8dc9-bba0cdc9881b 2b2455e2f48b444084eabf6da34f015e 1d91ee57e8a340d39927482b68cd7ca7 - - default default] Project 1d91ee57e8a340d39927482b68cd7ca7 added a security group rule with legacy IPv6 ICMP protocol name icmp, ipv6-icmp should be used instead. It was automatically converted.
2026-04-17 11:48:26.781 7 INFO neutron.db.ovn_revision_numbers_db [None req-51fe8287-acef-4e12-8dc9-bba0cdc9881b 2b2455e2f48b444084eabf6da34f015e 1d91ee57e8a340d39927482b68cd7ca7 - - default default] Successfully bumped revision number for resource acfd2e13-475a-4317-adaf-588fe5389a7a (type: security_group_rules) to 0 [pid: 7|app: 0|req: 672/1286] 10.0.0.124 () {34 vars in 695 bytes} [Fri Apr 17 11:48:26 2026] POST /v2.0/security-group-rules => generated 607 bytes in 153 msecs (HTTP/1.1 201) 4 headers in 162 bytes (1 switches on core 0) [pid: 7|app: 0|req: 673/1287] 10.0.0.124 () {32 vars in 747 bytes} [Fri Apr 17 11:48:26 2026] GET /v2.0/security-group-rules/acfd2e13-475a-4317-adaf-588fe5389a7a => generated 607 bytes in 16 msecs (HTTP/1.1 200) 4 headers in 157 bytes (1 switches on core 0) [pid: 7|app: 0|req: 674/1288] 10.0.0.124 () {32 vars in 673 bytes} [Fri Apr 17 11:48:26 2026] GET /v2.0/security-group-rules => generated 4144 bytes in 63 msecs (HTTP/1.1 200) 4 headers in 158 bytes (1 switches on core 0) [pid: 7|app: 0|req: 675/1289] 10.0.0.124 () {32 vars in 750 bytes} [Fri Apr 17 11:48:26 2026] DELETE /v2.0/security-group-rules/acfd2e13-475a-4317-adaf-588fe5389a7a => generated 0 bytes in 105 msecs (HTTP/1.1 204) 2 headers in 112 bytes (1 switches on core 0)
2026-04-17 11:48:27.071 8 INFO neutron.db.ovn_revision_numbers_db [None req-72caf10b-d419-4176-8ca3-3a66f92e2caf - - - - - -] Successfully bumped revision number for resource 018f852d-7e24-463b-b3a1-0129c143226d (type: ports) to 2 [pid: 7|app: 0|req: 676/1290] 10.0.0.124 () {32 vars in 673 bytes} [Fri Apr 17 11:48:27 2026] GET /v2.0/security-group-rules => generated 3560 bytes in 58 msecs (HTTP/1.1 200) 4 headers in 158 bytes (1 switches on core 0)
2026-04-17 11:48:27.097 8 INFO neutron.db.ovn_revision_numbers_db [None req-72caf10b-d419-4176-8ca3-3a66f92e2caf - - - - - -] Successfully bumped revision number for resource 9f060318-b7c3-46d8-a475-23b986d7de31 (type: subnets) to 0 [pid: 8|app: 0|req: 615/1291] 10.0.0.124 () {34 vars in 669 bytes} [Fri Apr 17 11:48:26 2026] POST /v2.0/subnets => generated 686 bytes in 713 msecs (HTTP/1.1 201) 4 headers in 162 bytes (1 switches on core 0) [pid: 7|app: 0|req: 677/1292] 10.0.0.124 () {32 vars in 740 bytes} [Fri Apr 17 11:48:27 2026] DELETE /v2.0/security-groups/60855115-e4be-4e7c-bc8a-71628c5eb6eb => generated 0 bytes in 115 msecs (HTTP/1.1 204) 2 headers in 112 bytes (1 switches on core 0) [pid: 7|app: 0|req: 678/1293] 10.0.0.124 () {32 vars in 663 bytes} [Fri Apr 17 11:48:27 2026] GET /v2.0/security-groups => generated 2925 bytes in 28 msecs (HTTP/1.1 200) 4 headers in 158 bytes (1 switches on core 0) [pid: 7|app: 0|req: 679/1294] 10.0.0.124 () {32 vars in 663 bytes} [Fri Apr 17 11:48:27 2026] GET /v2.0/security-groups => generated 2925 bytes in 36 msecs (HTTP/1.1 200) 4 headers in 158 bytes (1 switches on core 0)
2026-04-17 11:48:27.505 8 WARNING neutron.scheduler.dhcp_agent_scheduler [None req-2a5214fa-01cb-4f49-8764-9ea20677d23c 6ba50a6acb4d45dd823f595c82cb7b87 75a8d07cbd1a4829a9fbf0877051ce32 - - default default] No more DHCP agents
2026-04-17 11:48:27.506 8 WARNING neutron.api.rpc.agentnotifiers.dhcp_rpc_agent_api [None req-2a5214fa-01cb-4f49-8764-9ea20677d23c 6ba50a6acb4d45dd823f595c82cb7b87 75a8d07cbd1a4829a9fbf0877051ce32 - - default default] Unable to schedule network 4dd453ed-9c78-4112-b6a8-40d91eaf84ab: no agents available; will retry on subsequent port and subnet creation events.
2026-04-17 11:48:27.649 8 INFO neutron.db.ovn_revision_numbers_db [None req-2a5214fa-01cb-4f49-8764-9ea20677d23c 6ba50a6acb4d45dd823f595c82cb7b87 75a8d07cbd1a4829a9fbf0877051ce32 - - default default] Successfully bumped revision number for resource d8ccc6e1-d575-4aab-b750-b0fcffc645b3 (type: ports) to 1 [pid: 7|app: 0|req: 680/1295] 10.0.0.124 () {32 vars in 774 bytes} [Fri Apr 17 11:48:27 2026] GET /v2.0/security-groups?tenant_id=1d91ee57e8a340d39927482b68cd7ca7&name=default => generated 2925 bytes in 167 msecs (HTTP/1.1 200) 4 headers in 158 bytes (1 switches on core 0) [pid: 7|app: 0|req: 681/1296] 10.0.0.124 () {32 vars in 740 bytes} [Fri Apr 17 11:48:27 2026] DELETE /v2.0/security-groups/c155155c-94a8-4498-a308-6f4153188d7c => generated 0 bytes in 225 msecs (HTTP/1.1 204) 2 headers in 112 bytes (1 switches on core 0)
2026-04-17 11:48:28.296 8 INFO neutron.plugins.ml2.drivers.ovn.mech_driver.ovsdb.commands [None req-163403e3-81ad-4f4c-ab4a-bedd3ca3875a - - - - - -] Schedule LRP lrp-d8ccc6e1-d575-4aab-b750-b0fcffc645b3 on gateway 77cd4341-62f1-414f-9fb2-41294f4e86ad with priority 1
2026-04-17 11:48:28.347 7 INFO neutron.plugins.ml2.drivers.ovn.mech_driver.ovsdb.ovsdb_monitor [None req-61763cd8-0e5e-42fc-a21d-cfafd471909d - - - - - -] Router b44e6b91-7117-4e92-88f4-da26a20eef79 is bound to host instance
2026-04-17 11:48:28.361 8 INFO neutron.db.ovn_revision_numbers_db [None req-2a5214fa-01cb-4f49-8764-9ea20677d23c 6ba50a6acb4d45dd823f595c82cb7b87 75a8d07cbd1a4829a9fbf0877051ce32 - - default default] Successfully bumped revision number for resource d8ccc6e1-d575-4aab-b750-b0fcffc645b3 (type: router_ports) to 1
2026-04-17 11:48:28.435 8 INFO neutron.db.ovn_revision_numbers_db [None req-2a5214fa-01cb-4f49-8764-9ea20677d23c 6ba50a6acb4d45dd823f595c82cb7b87 75a8d07cbd1a4829a9fbf0877051ce32 - - default default] Successfully bumped revision number for resource b44e6b91-7117-4e92-88f4-da26a20eef79 (type: routers) to 2 [pid: 8|app: 0|req: 616/1297] 10.0.0.124 () {34 vars in 669 bytes} [Fri Apr 17 11:48:27 2026] POST /v2.0/routers => generated 964 bytes in 1339 msecs (HTTP/1.1 201) 4 headers in 162 bytes (1 switches on core 0)
2026-04-17 11:48:29.014 8 INFO neutron.db.ovn_revision_numbers_db [None req-1373722f-4e7d-4b47-81b2-b66bbb3ac7e1 6ba50a6acb4d45dd823f595c82cb7b87 75a8d07cbd1a4829a9fbf0877051ce32 - - default default] Successfully bumped revision number for resource f4343f7b-7e39-499e-97cb-7d41d491f9e3 (type: security_groups) to 1
2026-04-17 11:48:29.034 8 INFO neutron.db.ovn_revision_numbers_db [None req-1373722f-4e7d-4b47-81b2-b66bbb3ac7e1 6ba50a6acb4d45dd823f595c82cb7b87 75a8d07cbd1a4829a9fbf0877051ce32 - - default default] Successfully bumped revision number for resource 17ff53c5-af3c-4c26-85fa-e5d04be73d78 (type: security_group_rules) to 0
2026-04-17 11:48:29.047 8 INFO neutron.db.ovn_revision_numbers_db [None req-1373722f-4e7d-4b47-81b2-b66bbb3ac7e1 6ba50a6acb4d45dd823f595c82cb7b87 75a8d07cbd1a4829a9fbf0877051ce32 - - default default] Successfully bumped revision number for resource 75e99fa2-1e17-40a0-9d4f-569378eea2db (type: security_group_rules) to 0
2026-04-17 11:48:29.062 8 INFO neutron.db.ovn_revision_numbers_db [None req-1373722f-4e7d-4b47-81b2-b66bbb3ac7e1 6ba50a6acb4d45dd823f595c82cb7b87 75a8d07cbd1a4829a9fbf0877051ce32 - - default default] Successfully bumped revision number for resource c2b12ac1-c79e-4f21-b602-df8fff15211f (type: security_group_rules) to 0
2026-04-17 11:48:29.080 8 INFO neutron.db.ovn_revision_numbers_db [None req-1373722f-4e7d-4b47-81b2-b66bbb3ac7e1 6ba50a6acb4d45dd823f595c82cb7b87 75a8d07cbd1a4829a9fbf0877051ce32 - - default default] Successfully bumped revision number for resource fd94cf3a-6f63-40f1-a74d-70a7c960fb80 (type: security_group_rules) to 0 [pid: 8|app: 0|req: 617/1298] 10.0.0.124 () {32 vars in 774 bytes} [Fri Apr 17 11:48:28 2026] GET /v2.0/security-groups?tenant_id=f41526349b6145a595a6d4981555ce0c&name=default => generated 2925 bytes in 385 msecs (HTTP/1.1 200) 4 headers in 158 bytes (1 switches on core 0) [pid: 8|app: 0|req: 618/1299] 10.0.0.124 () {32 vars in 740 bytes} [Fri Apr 17 11:48:29 2026] DELETE /v2.0/security-groups/f4343f7b-7e39-499e-97cb-7d41d491f9e3 => generated 0 bytes in 269 msecs (HTTP/1.1 204) 2 headers in 112 bytes (1 switches on core 0)
2026-04-17 11:48:29.405 7 WARNING neutron.scheduler.dhcp_agent_scheduler [None req-a40e74b9-7e88-44c1-a850-eb9fb82045f8 6ba50a6acb4d45dd823f595c82cb7b87 75a8d07cbd1a4829a9fbf0877051ce32 - - default default] No more DHCP agents
2026-04-17 11:48:29.407 7 WARNING neutron.api.rpc.agentnotifiers.dhcp_rpc_agent_api [None req-a40e74b9-7e88-44c1-a850-eb9fb82045f8 6ba50a6acb4d45dd823f595c82cb7b87 75a8d07cbd1a4829a9fbf0877051ce32 - - default default] Unable to schedule network 89e93d01-ea9a-4b15-8358-aa24baf59979: no agents available; will retry on subsequent port and subnet creation events.
2026-04-17 11:48:29.698 8 INFO neutron.db.ovn_revision_numbers_db [None req-a9309b47-5f6e-4060-abb2-08ceb7555c35 6ba50a6acb4d45dd823f595c82cb7b87 75a8d07cbd1a4829a9fbf0877051ce32 - - default default] Successfully bumped revision number for resource 548a3a0e-b3bf-41d6-9e69-8895b527fcf0 (type: security_groups) to 1
2026-04-17 11:48:29.712 8 INFO neutron.db.ovn_revision_numbers_db [None req-a9309b47-5f6e-4060-abb2-08ceb7555c35 6ba50a6acb4d45dd823f595c82cb7b87 75a8d07cbd1a4829a9fbf0877051ce32 - - default default] Successfully bumped revision number for resource ae7274d4-d7b2-442d-bced-7af06d721dc9 (type: security_group_rules) to 0
2026-04-17 11:48:29.722 8 INFO neutron.db.ovn_revision_numbers_db [None req-a9309b47-5f6e-4060-abb2-08ceb7555c35 6ba50a6acb4d45dd823f595c82cb7b87 75a8d07cbd1a4829a9fbf0877051ce32 - - default default] Successfully bumped revision number for resource e6596477-01bd-4c55-88de-5a952d4af6bf (type: security_group_rules) to 0
2026-04-17 11:48:29.734 8 INFO neutron.db.ovn_revision_numbers_db [None req-a9309b47-5f6e-4060-abb2-08ceb7555c35 6ba50a6acb4d45dd823f595c82cb7b87 75a8d07cbd1a4829a9fbf0877051ce32 - - default default] Successfully bumped revision number for resource f612b89f-bda3-4d74-bcd7-5534e27c213b (type: security_group_rules) to 0
2026-04-17 11:48:29.738 7 INFO neutron.db.ovn_revision_numbers_db [None req-a40e74b9-7e88-44c1-a850-eb9fb82045f8 6ba50a6acb4d45dd823f595c82cb7b87 75a8d07cbd1a4829a9fbf0877051ce32 - - default default] Successfully bumped revision number for resource 693ac1a5-4e6e-4a71-8c96-767aa413f87a (type: ports) to 1
2026-04-17 11:48:29.754 8 INFO neutron.db.ovn_revision_numbers_db [None req-a9309b47-5f6e-4060-abb2-08ceb7555c35 6ba50a6acb4d45dd823f595c82cb7b87 75a8d07cbd1a4829a9fbf0877051ce32 - - default default] Successfully bumped revision number for resource fb06686d-3700-4d86-b998-292b18af5b02 (type: security_group_rules) to 0 [pid: 8|app: 0|req: 619/1300] 10.0.0.124 () {32 vars in 774 bytes} [Fri Apr 17 11:48:29 2026] GET /v2.0/security-groups?tenant_id=b8b29f358d5145f99db9b5dc1a9f6df4&name=default => generated 2925 bytes in 382 msecs (HTTP/1.1 200) 4 headers in 158 bytes (1 switches on core 0)
2026-04-17 11:48:29.903 8 INFO neutron.db.ovn_revision_numbers_db [None req-23aaa102-d7a8-4a21-9083-b2ff09477b44 6ba50a6acb4d45dd823f595c82cb7b87 75a8d07cbd1a4829a9fbf0877051ce32 - - default default] Successfully bumped revision number for resource 5b80af1b-4d73-419e-af95-81211c0732fb (type: security_groups) to 1
2026-04-17 11:48:29.916 8 INFO neutron.db.ovn_revision_numbers_db [None req-23aaa102-d7a8-4a21-9083-b2ff09477b44 6ba50a6acb4d45dd823f595c82cb7b87 75a8d07cbd1a4829a9fbf0877051ce32 - - default default] Successfully bumped revision number for resource 6b74c215-54cf-4669-9921-f50ce8c4d00b (type: security_group_rules) to 0
2026-04-17 11:48:29.927 8 INFO neutron.db.ovn_revision_numbers_db [None req-23aaa102-d7a8-4a21-9083-b2ff09477b44 6ba50a6acb4d45dd823f595c82cb7b87 75a8d07cbd1a4829a9fbf0877051ce32 - - default default] Successfully bumped revision number for resource 72a33b37-0c19-4418-9de9-9c4d8641c2f9 (type: security_group_rules) to 0
2026-04-17 11:48:29.939 8 INFO neutron.db.ovn_revision_numbers_db [None req-23aaa102-d7a8-4a21-9083-b2ff09477b44 6ba50a6acb4d45dd823f595c82cb7b87 75a8d07cbd1a4829a9fbf0877051ce32 - - default default] Successfully bumped revision number for resource 79820ecc-b51d-40a4-ab78-732655afdc6b (type: security_group_rules) to 0
2026-04-17 11:48:29.949 8 INFO neutron.db.ovn_revision_numbers_db [None req-23aaa102-d7a8-4a21-9083-b2ff09477b44 6ba50a6acb4d45dd823f595c82cb7b87 75a8d07cbd1a4829a9fbf0877051ce32 - - default default] Successfully bumped revision number for resource f72b6a69-e7a3-4208-9083-02cadc48a3b3 (type: security_group_rules) to 0 [pid: 8|app: 0|req: 620/1301] 10.0.0.124 () {32 vars in 774 bytes} [Fri Apr 17 11:48:29 2026] GET /v2.0/security-groups?tenant_id=1b32d964153541139b8a69d6d14bd3d7&name=default => generated 2925 bytes in 202 msecs (HTTP/1.1 200) 4 headers in 158 bytes (1 switches on core 0)
2026-04-17 11:48:30.165 7 INFO neutron.db.ovn_revision_numbers_db [None req-e69c7ea4-e2aa-4762-92ef-17154152ec08 - - - - - -] Successfully bumped revision number for resource d8ccc6e1-d575-4aab-b750-b0fcffc645b3 (type: ports) to 4 [pid: 8|app: 0|req: 621/1302] 10.0.0.124 () {32 vars in 740 bytes} [Fri Apr 17 11:48:29 2026] DELETE /v2.0/security-groups/548a3a0e-b3bf-41d6-9e69-8895b527fcf0 => generated 0 bytes in 240 msecs (HTTP/1.1 204) 2 headers in 112 bytes (1 switches on core 0) [pid: 8|app: 0|req: 622/1303] 10.0.0.124 () {32 vars in 740 bytes} [Fri Apr 17 11:48:30 2026] DELETE /v2.0/security-groups/5b80af1b-4d73-419e-af95-81211c0732fb => generated 0 bytes in 235 msecs (HTTP/1.1 204) 2 headers in 112 bytes (1 switches on core 0)
2026-04-17 11:48:30.641 8 INFO neutron.db.ovn_revision_numbers_db [None req-e5b4c529-6927-41b9-8281-d9a1b35966c1 6ba50a6acb4d45dd823f595c82cb7b87 75a8d07cbd1a4829a9fbf0877051ce32 - - default default] Successfully bumped revision number for resource 7fd7c5f6-e1a4-495a-8eb1-867ae896840b (type: security_groups) to 1
