2026-04-17 11:49:11.827 7 INFO neutron_taas.services.taas.tap_mirror_plugin [None req-dabe6c6f-ed27-4f7f-9f40-b26424694a25 ebac804ce5394bb4af610eb7c3defba5 38e7185085d742e2b77e4f31e427af52 - - default default] Tap Mirror: Handle Delete Port: 9a908af4-499b-4b39-b89e-ef172f089083
2026-04-17 11:49:12.260 7 INFO neutron.services.segments.plugin [-] Segment db1bfff6-4feb-4003-9776-7d847a628982 resource provider aggregate not found
2026-04-17 11:49:12.263 7 INFO neutron.services.segments.plugin [-] Segment db1bfff6-4feb-4003-9776-7d847a628982 resource provider aggregate not found
2026-04-17 11:49:12.279 7 INFO neutron.services.segments.plugin [-] Segment db1bfff6-4feb-4003-9776-7d847a628982 resource provider not found; error: Placement Client Error (4xx): {"errors": [{"status": 404, "title": "Not Found", "detail": "The resource could not be found.\n\n No resource provider with uuid db1bfff6-4feb-4003-9776-7d847a628982 found for delete ", "request_id": "req-1d41fcb9-6335-4eb2-b2cd-e25d2ec27cdd"}]}
2026-04-17 11:49:12.281 7 INFO neutron.services.segments.plugin [-] Segment db1bfff6-4feb-4003-9776-7d847a628982 resource provider not found; error: Placement Client Error (4xx): {"errors": [{"status": 404, "title": "Not Found", "detail": "The resource could not be found.\n\n No resource provider with uuid db1bfff6-4feb-4003-9776-7d847a628982 found for delete ", "request_id": "req-6549de54-4c52-435d-b4c4-4550b0261951"}]} [pid: 8|app: 0|req: 782/1609] 10.0.0.124 () {32 vars in 726 bytes} [Fri Apr 17 11:49:11 2026] DELETE /v2.0/networks/82b4310d-e418-4baa-a7d7-288c857e7024 => generated 0 bytes in 679 msecs (HTTP/1.1 204) 3 headers in 131 bytes (1 switches on core 0) [pid: 7|app: 0|req: 828/1610] 10.0.0.124 () {32 vars in 726 bytes} [Fri Apr 17 11:49:11 2026] DELETE /v2.0/networks/53acaff7-2dfb-46be-a150-e1fa74be8a48 => generated 0 bytes in 688 msecs (HTTP/1.1 204) 3 headers in 131 bytes (1 switches on core 0) [pid: 8|app: 0|req: 783/1611] 10.0.0.154 () {34 vars in 990 bytes} [Fri Apr 17 11:49:12 2026] GET /v2.0/ports?device_id=c1ff0530-f073-4bc1-9a03-ca7e9d9dc855 => generated 1010 bytes in 90 msecs (HTTP/1.1 200) 4 headers in 158 bytes (1 switches on core 0) [pid: 8|app: 0|req: 784/1612] 10.0.0.154 () {34 vars in 1120 bytes} [Fri Apr 17 11:49:12 2026] GET /v2.0/security-groups?id=b98a662c-88eb-437c-b59e-7d94d5c7a564&id=34c827e3-d3f1-4643-84b5-54275e3f7edc&fields=id&fields=name => generated 206 bytes in 34 msecs (HTTP/1.1 200) 4 headers in 157 bytes (1 switches on core 0)
2026-04-17 11:49:12.530 7 INFO neutron.db.segments_db [None req-70325950-c106-4ae8-9aa9-4092c7ade979 ebac804ce5394bb4af610eb7c3defba5 38e7185085d742e2b77e4f31e427af52 - - default default] Added segment 54269e09-a5b7-481e-a937-1192b6f7bbad of type geneve for network 01b57313-ad33-4211-9b31-bd54e8fa6c0f
2026-04-17 11:49:12.609 8 INFO neutron.services.segments.plugin [-] Segment 5c3aa72c-fea8-4f29-93b8-cfef29cdad57 resource provider aggregate not found
2026-04-17 11:49:12.610 8 INFO neutron.services.segments.plugin [-] Segment 5c3aa72c-fea8-4f29-93b8-cfef29cdad57 resource provider aggregate not found
2026-04-17 11:49:12.627 8 INFO neutron.services.segments.plugin [-] Segment 5c3aa72c-fea8-4f29-93b8-cfef29cdad57 resource provider not found; error: Placement Client Error (4xx): {"errors": [{"status": 404, "title": "Not Found", "detail": "The resource could not be found.\n\n No resource provider with uuid 5c3aa72c-fea8-4f29-93b8-cfef29cdad57 found for delete ", "request_id": "req-65492ed0-a785-4c4a-a45a-98ba9ac3ae91"}]}
2026-04-17 11:49:12.631 8 INFO neutron.services.segments.plugin [-] Segment 5c3aa72c-fea8-4f29-93b8-cfef29cdad57 resource provider not found; error: Placement Client Error (4xx): {"errors": [{"status": 404, "title": "Not Found", "detail": "The resource could not be found.\n\n No resource provider with uuid 5c3aa72c-fea8-4f29-93b8-cfef29cdad57 found for delete ", "request_id": "req-0646d155-a9a2-4b6e-bbaf-3532a269b073"}]}
2026-04-17 11:49:12.641 8 INFO neutron.services.segments.plugin [-] Segment 3018ae58-7310-4c29-8e29-ee72b8d811ee resource provider aggregate not found
2026-04-17 11:49:12.650 8 INFO neutron.services.segments.plugin [-] Segment 3018ae58-7310-4c29-8e29-ee72b8d811ee resource provider aggregate not found
2026-04-17 11:49:12.658 8 INFO neutron.services.segments.plugin [-] Segment 3018ae58-7310-4c29-8e29-ee72b8d811ee resource provider not found; error: Placement Client Error (4xx): {"errors": [{"status": 404, "title": "Not Found", "detail": "The resource could not be found.\n\n No resource provider with uuid 3018ae58-7310-4c29-8e29-ee72b8d811ee found for delete ", "request_id": "req-103ed4cb-c39f-4e81-a600-acd556160bc9"}]}
2026-04-17 11:49:12.680 8 INFO neutron.services.segments.plugin [-] Segment 3018ae58-7310-4c29-8e29-ee72b8d811ee resource provider not found; error: Placement Client Error (4xx): {"errors": [{"status": 404, "title": "Not Found", "detail": "The resource could not be found.\n\n No resource provider with uuid 3018ae58-7310-4c29-8e29-ee72b8d811ee found for delete ", "request_id": "req-87e6d478-5623-41ab-9c7d-d54628c098cc"}]}
2026-04-17 11:49:12.693 8 INFO neutron.services.segments.plugin [-] Segment 2ef78b1a-6893-4d4b-80e1-250c97d7140c resource provider aggregate not found
2026-04-17 11:49:12.702 8 INFO neutron.services.segments.plugin [-] Segment 2ef78b1a-6893-4d4b-80e1-250c97d7140c resource provider aggregate not found
2026-04-17 11:49:12.706 8 INFO neutron.services.segments.plugin [-] Segment 2ef78b1a-6893-4d4b-80e1-250c97d7140c resource provider not found; error: Placement Client Error (4xx): {"errors": [{"status": 404, "title": "Not Found", "detail": "The resource could not be found.\n\n No resource provider with uuid 2ef78b1a-6893-4d4b-80e1-250c97d7140c found for delete ", "request_id": "req-0834b293-2187-4c78-9f65-d26ae04dd89f"}]}
2026-04-17 11:49:12.715 8 INFO neutron.services.segments.plugin [-] Segment 2ef78b1a-6893-4d4b-80e1-250c97d7140c resource provider not found; error: Placement Client Error (4xx): {"errors": [{"status": 404, "title": "Not Found", "detail": "The resource could not be found.\n\n No resource provider with uuid 2ef78b1a-6893-4d4b-80e1-250c97d7140c found for delete ", "request_id": "req-076cdba7-c081-4d94-8f99-e5e989fbbec3"}]}
2026-04-17 11:49:12.778 7 INFO neutron.db.ovn_revision_numbers_db [None req-70325950-c106-4ae8-9aa9-4092c7ade979 ebac804ce5394bb4af610eb7c3defba5 38e7185085d742e2b77e4f31e427af52 - - default default] Successfully bumped revision number for resource 01b57313-ad33-4211-9b31-bd54e8fa6c0f (type: networks) to 1
2026-04-17 11:49:12.980 7 WARNING neutron.scheduler.dhcp_agent_scheduler [None req-70325950-c106-4ae8-9aa9-4092c7ade979 ebac804ce5394bb4af610eb7c3defba5 38e7185085d742e2b77e4f31e427af52 - - default default] No more DHCP agents
2026-04-17 11:49:12.982 7 WARNING neutron.api.rpc.agentnotifiers.dhcp_rpc_agent_api [None req-70325950-c106-4ae8-9aa9-4092c7ade979 ebac804ce5394bb4af610eb7c3defba5 38e7185085d742e2b77e4f31e427af52 - - default default] Unable to schedule network 01b57313-ad33-4211-9b31-bd54e8fa6c0f: no agents available; will retry on subsequent port and subnet creation events.
2026-04-17 11:49:13.048 7 INFO neutron.plugins.ml2.drivers.ovn.mech_driver.mech_driver [None req-9c71bdfe-21eb-4a82-8d02-19a38b88e1a7 - - - - - -] OVN reports status down for port: 8f5ec147-d48b-40d4-8a93-219fc5d54959 [pid: 8|app: 0|req: 785/1613] 10.0.0.124 () {32 vars in 774 bytes} [Fri Apr 17 11:49:12 2026] GET /v2.0/security-groups?tenant_id=cfcccbe6ebab496391da7c6903d7170d&name=default => generated 2925 bytes in 192 msecs (HTTP/1.1 200) 4 headers in 158 bytes (1 switches on core 0)
2026-04-17 11:49:13.180 7 INFO neutron.db.ovn_revision_numbers_db [None req-70325950-c106-4ae8-9aa9-4092c7ade979 ebac804ce5394bb4af610eb7c3defba5 38e7185085d742e2b77e4f31e427af52 - - default default] Successfully bumped revision number for resource 8f5ec147-d48b-40d4-8a93-219fc5d54959 (type: ports) to 1 [pid: 7|app: 0|req: 829/1614] 10.0.0.124 () {34 vars in 670 bytes} [Fri Apr 17 11:49:12 2026] POST /v2.0/networks => generated 655 bytes in 867 msecs (HTTP/1.1 201) 4 headers in 162 bytes (1 switches on core 0)
2026-04-17 11:49:13.283 8 INFO neutron.plugins.ml2.drivers.ovn.mech_driver.mech_driver [None req-ea477b78-55d3-40f3-b346-dff125ec322c - - - - - -] OVN reports status down for port: 00842510-0a8c-4c0c-b3ab-274bccee7f37
2026-04-17 11:49:13.460 8 INFO neutron.notifiers.nova [-] Nova event matching ['req-40f936ec-1abf-4d88-96f2-b322f82817c9'] response: {'server_uuid': 'c1ff0530-f073-4bc1-9a03-ca7e9d9dc855', 'name': 'network-vif-unplugged', 'status': 'completed', 'tag': '00842510-0a8c-4c0c-b3ab-274bccee7f37', 'code': 200} [pid: 8|app: 0|req: 786/1615] 10.0.0.124 () {32 vars in 740 bytes} [Fri Apr 17 11:49:13 2026] DELETE /v2.0/security-groups/4f3c832e-dfe5-4256-ad2c-18e5894ebe22 => generated 0 bytes in 427 msecs (HTTP/1.1 204) 2 headers in 112 bytes (1 switches on core 0)
2026-04-17 11:49:13.543 7 WARNING neutron.scheduler.dhcp_agent_scheduler [None req-fff57a39-556e-40d9-952e-e0b588960a24 ebac804ce5394bb4af610eb7c3defba5 38e7185085d742e2b77e4f31e427af52 - - default default] No more DHCP agents
2026-04-17 11:49:13.546 7 WARNING neutron.api.rpc.agentnotifiers.dhcp_rpc_agent_api [None req-fff57a39-556e-40d9-952e-e0b588960a24 ebac804ce5394bb4af610eb7c3defba5 38e7185085d742e2b77e4f31e427af52 - - default default] Unable to schedule network 01b57313-ad33-4211-9b31-bd54e8fa6c0f: no agents available; will retry on subsequent port and subnet creation events.
2026-04-17 11:49:13.593 7 INFO neutron.db.ovn_revision_numbers_db [None req-fff57a39-556e-40d9-952e-e0b588960a24 ebac804ce5394bb4af610eb7c3defba5 38e7185085d742e2b77e4f31e427af52 - - default default] Successfully bumped revision number for resource a61da46b-331d-4288-adf8-7b0bedb44232 (type: subnets) to 0 [pid: 7|app: 0|req: 830/1616] 10.0.0.124 () {34 vars in 669 bytes} [Fri Apr 17 11:49:13 2026] POST /v2.0/subnets => generated 646 bytes in 404 msecs (HTTP/1.1 201) 4 headers in 162 bytes (1 switches on core 0) [pid: 8|app: 0|req: 787/1617] 10.0.0.154 () {34 vars in 990 bytes} [Fri Apr 17 11:49:13 2026] GET /v2.0/ports?device_id=c1ff0530-f073-4bc1-9a03-ca7e9d9dc855 => generated 1008 bytes in 100 msecs (HTTP/1.1 200) 4 headers in 158 bytes (1 switches on core 0)
2026-04-17 11:49:13.718 8 INFO neutron.db.ovn_revision_numbers_db [None req-ea477b78-55d3-40f3-b346-dff125ec322c - - - - - -] Successfully bumped revision number for resource 00842510-0a8c-4c0c-b3ab-274bccee7f37 (type: ports) to 6 [pid: 7|app: 0|req: 831/1618] 10.0.0.154 () {34 vars in 1120 bytes} [Fri Apr 17 11:49:13 2026] GET /v2.0/security-groups?id=b98a662c-88eb-437c-b59e-7d94d5c7a564&id=34c827e3-d3f1-4643-84b5-54275e3f7edc&fields=id&fields=name => generated 206 bytes in 35 msecs (HTTP/1.1 200) 4 headers in 157 bytes (1 switches on core 0)
2026-04-17 11:49:14.165 8 WARNING neutron.scheduler.dhcp_agent_scheduler [None req-310bc9b7-3abb-4453-8fd5-e09e2aa4711c ebac804ce5394bb4af610eb7c3defba5 38e7185085d742e2b77e4f31e427af52 - - default default] No more DHCP agents
2026-04-17 11:49:14.166 8 WARNING neutron.api.rpc.agentnotifiers.dhcp_rpc_agent_api [None req-310bc9b7-3abb-4453-8fd5-e09e2aa4711c ebac804ce5394bb4af610eb7c3defba5 38e7185085d742e2b77e4f31e427af52 - - default default] Unable to schedule network 01b57313-ad33-4211-9b31-bd54e8fa6c0f: no agents available; will retry on subsequent port and subnet creation events.
2026-04-17 11:49:14.290 8 INFO neutron.plugins.ml2.drivers.ovn.mech_driver.mech_driver [None req-0238474e-6f18-4b3e-a76a-d70fbe28e49d - - - - - -] OVN reports status down for port: a12a9217-12c6-4985-a4b6-c597816c1143
2026-04-17 11:49:14.377 8 INFO neutron.db.ovn_revision_numbers_db [None req-310bc9b7-3abb-4453-8fd5-e09e2aa4711c ebac804ce5394bb4af610eb7c3defba5 38e7185085d742e2b77e4f31e427af52 - - default default] Successfully bumped revision number for resource a12a9217-12c6-4985-a4b6-c597816c1143 (type: ports) to 1 [pid: 8|app: 0|req: 788/1619] 10.0.0.124 () {34 vars in 665 bytes} [Fri Apr 17 11:49:13 2026] POST /v2.0/ports => generated 928 bytes in 802 msecs (HTTP/1.1 201) 4 headers in 162 bytes (1 switches on core 0) /var/lib/openstack/lib/python3.12/site-packages/pycadf/identifier.py:70: UserWarning: Invalid uuid: neutron. To ensure interoperability, identifiers should be a valid uuid. warnings.warn(('Invalid uuid: %s. To ensure interoperability, '
2026-04-17 11:49:14.549 7 INFO neutron.db.ovn_revision_numbers_db [None req-ca3b5e67-27b6-4121-b8d2-42e21f538edf 5ea4ad4e3c464aa09c12c8850d6daf99 9721c7dcafd1495da2bca7c94ca1f130 - - default default] Successfully bumped revision number for resource 74919431-c7c7-4428-84b3-72da99fbaabd (type: security_groups) to 1 [pid: 8|app: 0|req: 789/1620] 199.204.45.25 () {34 vars in 993 bytes} [Fri Apr 17 11:49:14 2026] GET /v2.0/ports?device_id=c1ff0530-f073-4bc1-9a03-ca7e9d9dc855 => generated 1008 bytes in 65 msecs (HTTP/1.1 200) 4 headers in 158 bytes (1 switches on core 0)
2026-04-17 11:49:14.566 7 INFO neutron.db.ovn_revision_numbers_db [None req-ca3b5e67-27b6-4121-b8d2-42e21f538edf 5ea4ad4e3c464aa09c12c8850d6daf99 9721c7dcafd1495da2bca7c94ca1f130 - - default default] Successfully bumped revision number for resource 4403e6dc-4dde-4956-b034-aefb00b42f71 (type: security_group_rules) to 0
2026-04-17 11:49:14.616 7 INFO neutron.db.ovn_revision_numbers_db [None req-ca3b5e67-27b6-4121-b8d2-42e21f538edf 5ea4ad4e3c464aa09c12c8850d6daf99 9721c7dcafd1495da2bca7c94ca1f130 - - default default] Successfully bumped revision number for resource 5fd99509-bb71-449a-9261-483f297e4384 (type: security_group_rules) to 0
2026-04-17 11:49:14.643 7 INFO neutron.db.ovn_revision_numbers_db [None req-ca3b5e67-27b6-4121-b8d2-42e21f538edf 5ea4ad4e3c464aa09c12c8850d6daf99 9721c7dcafd1495da2bca7c94ca1f130 - - default default] Successfully bumped revision number for resource 8b6c093a-251d-41e0-95a7-823d6d1e0590 (type: security_group_rules) to 0
2026-04-17 11:49:14.670 7 INFO neutron.db.ovn_revision_numbers_db [None req-ca3b5e67-27b6-4121-b8d2-42e21f538edf 5ea4ad4e3c464aa09c12c8850d6daf99 9721c7dcafd1495da2bca7c94ca1f130 - - default default] Successfully bumped revision number for resource c32465c2-8fd4-48d0-8dc4-5d3427d64ebd (type: security_group_rules) to 0
2026-04-17 11:49:14.700 8 INFO neutron_taas.services.taas.taas_plugin [None req-900f68e9-e6ca-4132-ac95-2d87710d167f ebac804ce5394bb4af610eb7c3defba5 38e7185085d742e2b77e4f31e427af52 - - default default] TaaS: Handle Delete Port: a12a9217-12c6-4985-a4b6-c597816c1143
2026-04-17 11:49:14.702 8 INFO neutron_taas.services.taas.tap_mirror_plugin [None req-900f68e9-e6ca-4132-ac95-2d87710d167f ebac804ce5394bb4af610eb7c3defba5 38e7185085d742e2b77e4f31e427af52 - - default default] Tap Mirror: Handle Delete Port: a12a9217-12c6-4985-a4b6-c597816c1143
2026-04-17 11:49:14.785 7 INFO neutron.db.segments_db [None req-ca3b5e67-27b6-4121-b8d2-42e21f538edf 5ea4ad4e3c464aa09c12c8850d6daf99 9721c7dcafd1495da2bca7c94ca1f130 - - default default] Added segment 9560cacb-351a-474e-983d-e168607b15b2 of type geneve for network 214e65c5-1ba1-4346-a64c-c767bb619a21 [pid: 8|app: 0|req: 790/1621] 10.0.0.124 () {32 vars in 720 bytes} [Fri Apr 17 11:49:14 2026] DELETE /v2.0/ports/a12a9217-12c6-4985-a4b6-c597816c1143 => generated 0 bytes in 361 msecs (HTTP/1.1 204) 3 headers in 131 bytes (1 switches on core 0)
2026-04-17 11:49:14.984 7 INFO neutron.db.ovn_revision_numbers_db [None req-ca3b5e67-27b6-4121-b8d2-42e21f538edf 5ea4ad4e3c464aa09c12c8850d6daf99 9721c7dcafd1495da2bca7c94ca1f130 - - default default] Successfully bumped revision number for resource 214e65c5-1ba1-4346-a64c-c767bb619a21 (type: networks) to 1
2026-04-17 11:49:15.079 8 INFO neutron_taas.services.taas.taas_plugin [req-f4e5a469-6b2c-4c20-98ad-9315fe56d001 req-d57d11ea-441b-45eb-a596-febd73d7c3b6 f1ca66c416e54f988cf43179b381092c ffd1e7c89bbb496aa0b56fdf8c7f3db8 - - default default] TaaS: Handle Delete Port: 00842510-0a8c-4c0c-b3ab-274bccee7f37
2026-04-17 11:49:15.081 8 INFO neutron_taas.services.taas.tap_mirror_plugin [req-f4e5a469-6b2c-4c20-98ad-9315fe56d001 req-d57d11ea-441b-45eb-a596-febd73d7c3b6 f1ca66c416e54f988cf43179b381092c ffd1e7c89bbb496aa0b56fdf8c7f3db8 - - default default] Tap Mirror: Handle Delete Port: 00842510-0a8c-4c0c-b3ab-274bccee7f37
2026-04-17 11:49:15.261 7 WARNING neutron.scheduler.dhcp_agent_scheduler [None req-ca3b5e67-27b6-4121-b8d2-42e21f538edf 5ea4ad4e3c464aa09c12c8850d6daf99 9721c7dcafd1495da2bca7c94ca1f130 - - default default] No more DHCP agents
2026-04-17 11:49:15.262 7 WARNING neutron.api.rpc.agentnotifiers.dhcp_rpc_agent_api [None req-ca3b5e67-27b6-4121-b8d2-42e21f538edf 5ea4ad4e3c464aa09c12c8850d6daf99 9721c7dcafd1495da2bca7c94ca1f130 - - default default] Unable to schedule network 214e65c5-1ba1-4346-a64c-c767bb619a21: no agents available; will retry on subsequent port and subnet creation events.
2026-04-17 11:49:15.276 8 INFO neutron.db.l3_db [req-f4e5a469-6b2c-4c20-98ad-9315fe56d001 req-d57d11ea-441b-45eb-a596-febd73d7c3b6 f1ca66c416e54f988cf43179b381092c ffd1e7c89bbb496aa0b56fdf8c7f3db8 - - default default] Floating IP 64e0459a-f3fb-467f-a37c-fe9136df920a disassociated. External IP: 10.96.250.201, port: 00842510-0a8c-4c0c-b3ab-274bccee7f37.
2026-04-17 11:49:15.316 7 INFO neutron.plugins.ml2.drivers.ovn.mech_driver.mech_driver [None req-9c71bdfe-21eb-4a82-8d02-19a38b88e1a7 - - - - - -] OVN reports status down for port: 9b01a1af-2cfa-4e37-8a32-48333459d9f7
2026-04-17 11:49:15.405 7 INFO neutron.db.ovn_revision_numbers_db [None req-ca3b5e67-27b6-4121-b8d2-42e21f538edf 5ea4ad4e3c464aa09c12c8850d6daf99 9721c7dcafd1495da2bca7c94ca1f130 - - default default] Successfully bumped revision number for resource 9b01a1af-2cfa-4e37-8a32-48333459d9f7 (type: ports) to 1 [pid: 8|app: 0|req: 791/1622] 199.204.45.25 () {36 vars in 996 bytes} [Fri Apr 17 11:49:14 2026] DELETE /v2.0/ports/00842510-0a8c-4c0c-b3ab-274bccee7f37 => generated 0 bytes in 540 msecs (HTTP/1.1 204) 3 headers in 131 bytes (1 switches on core 0) [pid: 8|app: 0|req: 792/1623] 10.0.0.154 () {34 vars in 990 bytes} [Fri Apr 17 11:49:15 2026] GET /v2.0/ports?device_id=c1ff0530-f073-4bc1-9a03-ca7e9d9dc855 => generated 12 bytes in 26 msecs (HTTP/1.1 200) 4 headers in 156 bytes (1 switches on core 0) [pid: 7|app: 0|req: 832/1624] 10.0.0.124 () {34 vars in 670 bytes} [Fri Apr 17 11:49:14 2026] POST /v2.0/networks => generated 650 bytes in 1276 msecs (HTTP/1.1 201) 4 headers in 162 bytes (1 switches on core 0)
2026-04-17 11:49:15.510 8 INFO neutron.pecan_wsgi.hooks.translation [None req-493dd26f-0ee5-45d0-a214-c6c017e9a977 ebac804ce5394bb4af610eb7c3defba5 38e7185085d742e2b77e4f31e427af52 - - default default] GET failed (client error): The resource could not be found. [pid: 8|app: 0|req: 793/1625] 10.0.0.124 () {32 vars in 717 bytes} [Fri Apr 17 11:49:15 2026] GET /v2.0/ports/a12a9217-12c6-4985-a4b6-c597816c1143 => generated 132 bytes in 20 msecs (HTTP/1.1 404) 4 headers in 164 bytes (1 switches on core 0)
2026-04-17 11:49:15.514 8 INFO neutron.notifiers.nova [-] Nova event matching ['req-2412eb9c-1374-4c02-897a-995331ca2fe1'] response: {'server_uuid': 'c1ff0530-f073-4bc1-9a03-ca7e9d9dc855', 'name': 'network-vif-unplugged', 'status': 'completed', 'tag': '00842510-0a8c-4c0c-b3ab-274bccee7f37', 'code': 200}
2026-04-17 11:49:15.517 8 INFO neutron.notifiers.nova [-] Nova event matching ['req-2412eb9c-1374-4c02-897a-995331ca2fe1'] response: {'server_uuid': 'c1ff0530-f073-4bc1-9a03-ca7e9d9dc855', 'name': 'network-vif-deleted', 'tag': '00842510-0a8c-4c0c-b3ab-274bccee7f37', 'status': 'completed', 'code': 200}
2026-04-17 11:49:15.614 8 INFO neutron.db.segments_db [None req-9e26657e-185e-4c0b-bb43-0181354e1ca8 5ea4ad4e3c464aa09c12c8850d6daf99 9721c7dcafd1495da2bca7c94ca1f130 - - default default] Added segment 967f29cf-73d2-49ee-96d5-4f075fbacd3e of type geneve for network ca14ac26-2cb7-4dc3-8165-b82697849023 /var/lib/openstack/lib/python3.12/site-packages/pycadf/identifier.py:70: UserWarning: Invalid uuid: neutron. To ensure interoperability, identifiers should be a valid uuid. warnings.warn(('Invalid uuid: %s. To ensure interoperability, '
2026-04-17 11:49:15.763 8 INFO neutron.db.ovn_revision_numbers_db [None req-9e26657e-185e-4c0b-bb43-0181354e1ca8 5ea4ad4e3c464aa09c12c8850d6daf99 9721c7dcafd1495da2bca7c94ca1f130 - - default default] Successfully bumped revision number for resource ca14ac26-2cb7-4dc3-8165-b82697849023 (type: networks) to 1
2026-04-17 11:49:15.846 7 INFO neutron.db.ovn_revision_numbers_db [None req-a3690e83-e10e-4109-a9a2-2231e16c1e0e 88940db9949b415ab446cda851191793 21dfa02f4d2c44b0972a7c5bfac1e9f6 - - default default] Successfully bumped revision number for resource 5324ae4f-b12b-49e9-9c28-a9c3cf81f132 (type: security_groups) to 1
2026-04-17 11:49:15.867 7 INFO neutron.db.ovn_revision_numbers_db [None req-a3690e83-e10e-4109-a9a2-2231e16c1e0e 88940db9949b415ab446cda851191793 21dfa02f4d2c44b0972a7c5bfac1e9f6 - - default default] Successfully bumped revision number for resource 32d93c36-44a0-4944-ac22-12ddb05d4e19 (type: security_group_rules) to 0
2026-04-17 11:49:15.886 7 INFO neutron.db.ovn_revision_numbers_db [None req-a3690e83-e10e-4109-a9a2-2231e16c1e0e 88940db9949b415ab446cda851191793 21dfa02f4d2c44b0972a7c5bfac1e9f6 - - default default] Successfully bumped revision number for resource a90711ff-f9a0-48c4-8275-206f0d35b25c (type: security_group_rules) to 0
2026-04-17 11:49:15.907 7 INFO neutron.db.ovn_revision_numbers_db [None req-a3690e83-e10e-4109-a9a2-2231e16c1e0e 88940db9949b415ab446cda851191793 21dfa02f4d2c44b0972a7c5bfac1e9f6 - - default default] Successfully bumped revision number for resource c7a395ed-c495-4a62-8540-650706cfa3c8 (type: security_group_rules) to 0
2026-04-17 11:49:15.923 7 INFO neutron.db.ovn_revision_numbers_db [None req-a3690e83-e10e-4109-a9a2-2231e16c1e0e 88940db9949b415ab446cda851191793 21dfa02f4d2c44b0972a7c5bfac1e9f6 - - default default] Successfully bumped revision number for resource c80d5b8b-c269-4bcd-aa81-0ef030fcf477 (type: security_group_rules) to 0
2026-04-17 11:49:15.949 8 WARNING neutron.scheduler.dhcp_agent_scheduler [None req-9e26657e-185e-4c0b-bb43-0181354e1ca8 5ea4ad4e3c464aa09c12c8850d6daf99 9721c7dcafd1495da2bca7c94ca1f130 - - default default] No more DHCP agents
2026-04-17 11:49:15.952 8 WARNING neutron.api.rpc.agentnotifiers.dhcp_rpc_agent_api [None req-9e26657e-185e-4c0b-bb43-0181354e1ca8 5ea4ad4e3c464aa09c12c8850d6daf99 9721c7dcafd1495da2bca7c94ca1f130 - - default default] Unable to schedule network ca14ac26-2cb7-4dc3-8165-b82697849023: no agents available; will retry on subsequent port and subnet creation events.
2026-04-17 11:49:15.995 7 INFO neutron.plugins.ml2.drivers.ovn.mech_driver.mech_driver [None req-9c71bdfe-21eb-4a82-8d02-19a38b88e1a7 - - - - - -] OVN reports status down for port: d898e2ef-559e-487d-bdd2-ad26b5d804a6
2026-04-17 11:49:16.048 8 INFO neutron.db.ovn_revision_numbers_db [None req-9e26657e-185e-4c0b-bb43-0181354e1ca8 5ea4ad4e3c464aa09c12c8850d6daf99 9721c7dcafd1495da2bca7c94ca1f130 - - default default] Successfully bumped revision number for resource d898e2ef-559e-487d-bdd2-ad26b5d804a6 (type: ports) to 1
2026-04-17 11:49:16.056 7 INFO neutron.db.segments_db [None req-a3690e83-e10e-4109-a9a2-2231e16c1e0e 88940db9949b415ab446cda851191793 21dfa02f4d2c44b0972a7c5bfac1e9f6 - - default default] Added segment de56fc59-9f8e-4c2e-a654-9bdb2c83b079 of type geneve for network 2e67f9ae-9fd1-4be2-88b5-9bef06b9217b [pid: 8|app: 0|req: 794/1626] 10.0.0.124 () {34 vars in 670 bytes} [Fri Apr 17 11:49:15 2026] POST /v2.0/networks => generated 650 bytes in 573 msecs (HTTP/1.1 201) 4 headers in 162 bytes (1 switches on core 0)
2026-04-17 11:49:16.164 7 INFO neutron.db.segments_db [None req-a3690e83-e10e-4109-a9a2-2231e16c1e0e 88940db9949b415ab446cda851191793 21dfa02f4d2c44b0972a7c5bfac1e9f6 - - default default] Added segment 821b04e2-8596-4311-8afe-e47f3a2e045b of type geneve for network 447cf9e7-2d79-4dd8-85c0-a87622673a95 [pid: 8|app: 0|req: 795/1627] 10.0.0.124 () {32 vars in 724 bytes} [Fri Apr 17 11:49:16 2026] DELETE /v2.0/subnets/a61da46b-331d-4288-adf8-7b0bedb44232 => generated 0 bytes in 164 msecs (HTTP/1.1 204) 3 headers in 131 bytes (1 switches on core 0)
2026-04-17 11:49:16.273 7 INFO neutron.db.ovn_revision_numbers_db [None req-a3690e83-e10e-4109-a9a2-2231e16c1e0e 88940db9949b415ab446cda851191793 21dfa02f4d2c44b0972a7c5bfac1e9f6 - - default default] Successfully bumped revision number for resource 2e67f9ae-9fd1-4be2-88b5-9bef06b9217b (type: networks) to 1
2026-04-17 11:49:16.347 8 INFO neutron.db.segments_db [None req-e75b1f5b-4372-4624-80b0-79cecf28a98d 5ea4ad4e3c464aa09c12c8850d6daf99 9721c7dcafd1495da2bca7c94ca1f130 - - default default] Added segment 441676d5-7f2d-4661-8b0f-7aa37eefb306 of type geneve for network ee067f1b-791c-4baa-9139-d7b30612ea46
2026-04-17 11:49:16.468 7 WARNING neutron.scheduler.dhcp_agent_scheduler [None req-a3690e83-e10e-4109-a9a2-2231e16c1e0e 88940db9949b415ab446cda851191793 21dfa02f4d2c44b0972a7c5bfac1e9f6 - - default default] No more DHCP agents
2026-04-17 11:49:16.470 7 WARNING neutron.api.rpc.agentnotifiers.dhcp_rpc_agent_api [None req-a3690e83-e10e-4109-a9a2-2231e16c1e0e 88940db9949b415ab446cda851191793 21dfa02f4d2c44b0972a7c5bfac1e9f6 - - default default] Unable to schedule network 2e67f9ae-9fd1-4be2-88b5-9bef06b9217b: no agents available; will retry on subsequent port and subnet creation events.
2026-04-17 11:49:16.479 8 INFO neutron.db.ovn_revision_numbers_db [None req-e75b1f5b-4372-4624-80b0-79cecf28a98d 5ea4ad4e3c464aa09c12c8850d6daf99 9721c7dcafd1495da2bca7c94ca1f130 - - default default] Successfully bumped revision number for resource ee067f1b-791c-4baa-9139-d7b30612ea46 (type: networks) to 1
2026-04-17 11:49:16.511 7 INFO neutron.plugins.ml2.drivers.ovn.mech_driver.mech_driver [None req-9c71bdfe-21eb-4a82-8d02-19a38b88e1a7 - - - - - -] OVN reports status down for port: 3c16d2b1-c891-405f-80e5-903ecb9091fa
2026-04-17 11:49:16.581 7 INFO neutron.db.ovn_revision_numbers_db [None req-a3690e83-e10e-4109-a9a2-2231e16c1e0e 88940db9949b415ab446cda851191793 21dfa02f4d2c44b0972a7c5bfac1e9f6 - - default default] Successfully bumped revision number for resource 3c16d2b1-c891-405f-80e5-903ecb9091fa (type: ports) to 1
2026-04-17 11:49:16.647 8 WARNING neutron.scheduler.dhcp_agent_scheduler [None req-e75b1f5b-4372-4624-80b0-79cecf28a98d 5ea4ad4e3c464aa09c12c8850d6daf99 9721c7dcafd1495da2bca7c94ca1f130 - - default default] No more DHCP agents
2026-04-17 11:49:16.648 8 WARNING neutron.api.rpc.agentnotifiers.dhcp_rpc_agent_api [None req-e75b1f5b-4372-4624-80b0-79cecf28a98d 5ea4ad4e3c464aa09c12c8850d6daf99 9721c7dcafd1495da2bca7c94ca1f130 - - default default] Unable to schedule network ee067f1b-791c-4baa-9139-d7b30612ea46: no agents available; will retry on subsequent port and subnet creation events.
2026-04-17 11:49:16.680 7 INFO neutron.db.ovn_revision_numbers_db [None req-a3690e83-e10e-4109-a9a2-2231e16c1e0e 88940db9949b415ab446cda851191793 21dfa02f4d2c44b0972a7c5bfac1e9f6 - - default default] Successfully bumped revision number for resource 447cf9e7-2d79-4dd8-85c0-a87622673a95 (type: networks) to 1
2026-04-17 11:49:16.703 7 INFO neutron.plugins.ml2.drivers.ovn.mech_driver.mech_driver [None req-9c71bdfe-21eb-4a82-8d02-19a38b88e1a7 - - - - - -] OVN reports status down for port: 08def061-6aab-4ad4-a77b-6f39a490c6e0
2026-04-17 11:49:16.739 8 INFO neutron.db.ovn_revision_numbers_db [None req-e75b1f5b-4372-4624-80b0-79cecf28a98d 5ea4ad4e3c464aa09c12c8850d6daf99 9721c7dcafd1495da2bca7c94ca1f130 - - default default] Successfully bumped revision number for resource 08def061-6aab-4ad4-a77b-6f39a490c6e0 (type: ports) to 1 [pid: 8|app: 0|req: 796/1628] 10.0.0.124 () {34 vars in 670 bytes} [Fri Apr 17 11:49:16 2026] POST /v2.0/networks => generated 650 bytes in 518 msecs (HTTP/1.1 201) 4 headers in 162 bytes (1 switches on core 0)
2026-04-17 11:49:16.886 8 INFO neutron_taas.services.taas.taas_plugin [None req-ffded49f-3d39-40e5-9a37-7d7d4edb22b5 ebac804ce5394bb4af610eb7c3defba5 38e7185085d742e2b77e4f31e427af52 - - default default] TaaS: Handle Delete Port: 8f5ec147-d48b-40d4-8a93-219fc5d54959
2026-04-17 11:49:16.889 8 INFO neutron_taas.services.taas.tap_mirror_plugin [None req-ffded49f-3d39-40e5-9a37-7d7d4edb22b5 ebac804ce5394bb4af610eb7c3defba5 38e7185085d742e2b77e4f31e427af52 - - default default] Tap Mirror: Handle Delete Port: 8f5ec147-d48b-40d4-8a93-219fc5d54959
2026-04-17 11:49:16.906 7 WARNING neutron.scheduler.dhcp_agent_scheduler [None req-a3690e83-e10e-4109-a9a2-2231e16c1e0e 88940db9949b415ab446cda851191793 21dfa02f4d2c44b0972a7c5bfac1e9f6 - - default default] No more DHCP agents
2026-04-17 11:49:16.908 7 WARNING neutron.api.rpc.agentnotifiers.dhcp_rpc_agent_api [None req-a3690e83-e10e-4109-a9a2-2231e16c1e0e 88940db9949b415ab446cda851191793 21dfa02f4d2c44b0972a7c5bfac1e9f6 - - default default] Unable to schedule network 447cf9e7-2d79-4dd8-85c0-a87622673a95: no agents available; will retry on subsequent port and subnet creation events.
2026-04-17 11:49:16.977 7 INFO neutron.db.ovn_revision_numbers_db [None req-a3690e83-e10e-4109-a9a2-2231e16c1e0e 88940db9949b415ab446cda851191793 21dfa02f4d2c44b0972a7c5bfac1e9f6 - - default default] Successfully bumped revision number for resource a0814b0f-64e6-43c1-b405-d7c489bb0fb0 (type: ports) to 1
2026-04-17 11:49:16.981 8 INFO neutron.plugins.ml2.drivers.ovn.mech_driver.mech_driver [None req-0238474e-6f18-4b3e-a76a-d70fbe28e49d - - - - - -] OVN reports status down for port: a0814b0f-64e6-43c1-b405-d7c489bb0fb0 [pid: 7|app: 0|req: 833/1629] 10.0.0.124 () {34 vars in 670 bytes} [Fri Apr 17 11:49:15 2026] POST /v2.0/networks => generated 1283 bytes in 1502 msecs (HTTP/1.1 201) 4 headers in 163 bytes (1 switches on core 0) [pid: 7|app: 0|req: 834/1630] 10.0.0.154 () {34 vars in 990 bytes} [Fri Apr 17 11:49:17 2026] GET /v2.0/ports?device_id=c1ff0530-f073-4bc1-9a03-ca7e9d9dc855 => generated 12 bytes in 32 msecs (HTTP/1.1 200) 4 headers in 156 bytes (1 switches on core 0)
2026-04-17 11:49:17.122 7 INFO neutron.db.segments_db [None req-915335a6-febb-4087-a4d7-cd0cbd5c9411 5ea4ad4e3c464aa09c12c8850d6daf99 9721c7dcafd1495da2bca7c94ca1f130 - - default default] Added segment bbab658c-efc0-4802-9e88-c381ea3a3038 of type geneve for network ed8b29b4-665c-4fb9-9288-6891b1530182
2026-04-17 11:49:17.135 8 INFO neutron.services.segments.plugin [-] Segment 54269e09-a5b7-481e-a937-1192b6f7bbad resource provider aggregate not found
2026-04-17 11:49:17.141 8 INFO neutron.services.segments.plugin [-] Segment 54269e09-a5b7-481e-a937-1192b6f7bbad resource provider aggregate not found
2026-04-17 11:49:17.158 8 INFO neutron.services.segments.plugin [-] Segment 54269e09-a5b7-481e-a937-1192b6f7bbad resource provider not found; error: Placement Client Error (4xx): {"errors": [{"status": 404, "title": "Not Found", "detail": "The resource could not be found.\n\n No resource provider with uuid 54269e09-a5b7-481e-a937-1192b6f7bbad found for delete ", "request_id": "req-92303b10-7c2f-4f63-9b90-738222a25273"}]}
2026-04-17 11:49:17.164 8 INFO neutron.services.segments.plugin [-] Segment 54269e09-a5b7-481e-a937-1192b6f7bbad resource provider not found; error: Placement Client Error (4xx): {"errors": [{"status": 404, "title": "Not Found", "detail": "The resource could not be found.\n\n No resource provider with uuid 54269e09-a5b7-481e-a937-1192b6f7bbad found for delete ", "request_id": "req-6a5e2b5b-4d92-4ad4-a70e-35dc092ff9ac"}]} [pid: 8|app: 0|req: 797/1631] 10.0.0.124 () {32 vars in 726 bytes} [Fri Apr 17 11:49:16 2026] DELETE /v2.0/networks/01b57313-ad33-4211-9b31-bd54e8fa6c0f => generated 0 bytes in 423 msecs (HTTP/1.1 204) 3 headers in 131 bytes (1 switches on core 0)
2026-04-17 11:49:17.233 7 INFO neutron.db.ovn_revision_numbers_db [None req-915335a6-febb-4087-a4d7-cd0cbd5c9411 5ea4ad4e3c464aa09c12c8850d6daf99 9721c7dcafd1495da2bca7c94ca1f130 - - default default] Successfully bumped revision number for resource ed8b29b4-665c-4fb9-9288-6891b1530182 (type: networks) to 1 [pid: 8|app: 0|req: 798/1632] 10.0.0.124 () {32 vars in 649 bytes} [Fri Apr 17 11:49:17 2026] GET /v2.0/networks => generated 1970 bytes in 57 msecs (HTTP/1.1 200) 4 headers in 158 bytes (1 switches on core 0)
2026-04-17 11:49:17.419 7 WARNING neutron.scheduler.dhcp_agent_scheduler [None req-915335a6-febb-4087-a4d7-cd0cbd5c9411 5ea4ad4e3c464aa09c12c8850d6daf99 9721c7dcafd1495da2bca7c94ca1f130 - - default default] No more DHCP agents
2026-04-17 11:49:17.421 7 WARNING neutron.api.rpc.agentnotifiers.dhcp_rpc_agent_api [None req-915335a6-febb-4087-a4d7-cd0cbd5c9411 5ea4ad4e3c464aa09c12c8850d6daf99 9721c7dcafd1495da2bca7c94ca1f130 - - default default] Unable to schedule network ed8b29b4-665c-4fb9-9288-6891b1530182: no agents available; will retry on subsequent port and subnet creation events.
2026-04-17 11:49:17.453 8 WARNING neutron.scheduler.dhcp_agent_scheduler [None req-92d0a9c2-79ae-4421-926a-f54d63d7ac98 ebac804ce5394bb4af610eb7c3defba5 38e7185085d742e2b77e4f31e427af52 - - default default] No more DHCP agents
2026-04-17 11:49:17.454 8 WARNING neutron.api.rpc.agentnotifiers.dhcp_rpc_agent_api [None req-92d0a9c2-79ae-4421-926a-f54d63d7ac98 ebac804ce5394bb4af610eb7c3defba5 38e7185085d742e2b77e4f31e427af52 - - default default] Unable to schedule network 98768e23-63bd-4790-b512-7bf822686cd1: no agents available; will retry on subsequent port and subnet creation events.
2026-04-17 11:49:17.465 7 INFO neutron.plugins.ml2.drivers.ovn.mech_driver.mech_driver [None req-9c71bdfe-21eb-4a82-8d02-19a38b88e1a7 - - - - - -] OVN reports status down for port: d54e6c2c-ba5f-4f7b-b8ac-1c2cd1c3628f
2026-04-17 11:49:17.562 8 INFO neutron.db.ovn_revision_numbers_db [None req-92d0a9c2-79ae-4421-926a-f54d63d7ac98 ebac804ce5394bb4af610eb7c3defba5 38e7185085d742e2b77e4f31e427af52 - - default default] Successfully bumped revision number for resource 116a64a5-81f7-4274-822c-f90a7be91574 (type: ports) to 1
2026-04-17 11:49:17.562 7 INFO neutron.db.ovn_revision_numbers_db [None req-915335a6-febb-4087-a4d7-cd0cbd5c9411 5ea4ad4e3c464aa09c12c8850d6daf99 9721c7dcafd1495da2bca7c94ca1f130 - - default default] Successfully bumped revision number for resource d54e6c2c-ba5f-4f7b-b8ac-1c2cd1c3628f (type: ports) to 1 [pid: 8|app: 0|req: 799/1633] 10.0.0.124 () {34 vars in 665 bytes} [Fri Apr 17 11:49:17 2026] POST /v2.0/ports => generated 779 bytes in 365 msecs (HTTP/1.1 201) 4 headers in 162 bytes (1 switches on core 0)
2026-04-17 11:49:17.616 7 INFO neutron.plugins.ml2.drivers.ovn.mech_driver.mech_driver [None req-9c71bdfe-21eb-4a82-8d02-19a38b88e1a7 - - - - - -] OVN reports status down for port: 116a64a5-81f7-4274-822c-f90a7be91574 /var/lib/openstack/lib/python3.12/site-packages/pycadf/identifier.py:70: UserWarning: Invalid uuid: neutron. To ensure interoperability, identifiers should be a valid uuid. warnings.warn(('Invalid uuid: %s. To ensure interoperability, ' [pid: 7|app: 0|req: 835/1634] 10.0.0.124 () {34 vars in 670 bytes} [Fri Apr 17 11:49:17 2026] POST /v2.0/networks => generated 649 bytes in 592 msecs (HTTP/1.1 201) 4 headers in 162 bytes (1 switches on core 0)
2026-04-17 11:49:17.710 8 INFO neutron_taas.services.taas.taas_plugin [None req-ab2ce075-9524-4d51-9c22-702cb1f7c90a 88940db9949b415ab446cda851191793 21dfa02f4d2c44b0972a7c5bfac1e9f6 - - default default] TaaS: Handle Delete Port: 3c16d2b1-c891-405f-80e5-903ecb9091fa
2026-04-17 11:49:17.712 8 INFO neutron_taas.services.taas.tap_mirror_plugin [None req-ab2ce075-9524-4d51-9c22-702cb1f7c90a 88940db9949b415ab446cda851191793 21dfa02f4d2c44b0972a7c5bfac1e9f6 - - default default] Tap Mirror: Handle Delete Port: 3c16d2b1-c891-405f-80e5-903ecb9091fa
2026-04-17 11:49:17.885 7 INFO neutron.plugins.ml2.drivers.ovn.mech_driver.mech_driver [None req-9c71bdfe-21eb-4a82-8d02-19a38b88e1a7 - - - - - -] OVN reports status down for port: 116a64a5-81f7-4274-822c-f90a7be91574 [pid: 8|app: 0|req: 800/1635] 10.0.0.124 () {32 vars in 726 bytes} [Fri Apr 17 11:49:17 2026] DELETE /v2.0/networks/2e67f9ae-9fd1-4be2-88b5-9bef06b9217b => generated 0 bytes in 303 msecs (HTTP/1.1 204) 3 headers in 131 bytes (1 switches on core 0)
2026-04-17 11:49:17.945 7 INFO neutron.db.ovn_revision_numbers_db [None req-68930158-b246-485f-a381-cd341636b1ae ebac804ce5394bb4af610eb7c3defba5 38e7185085d742e2b77e4f31e427af52 - - default default] Successfully bumped revision number for resource 116a64a5-81f7-4274-822c-f90a7be91574 (type: ports) to 2
2026-04-17 11:49:18.008 8 INFO neutron.db.segments_db [None req-91379e74-8cea-4058-8f27-a62274dc180b 5ea4ad4e3c464aa09c12c8850d6daf99 9721c7dcafd1495da2bca7c94ca1f130 - - default default] Added segment bbf1b2c8-77fd-4cb7-92d5-5256df038559 of type geneve for network 99662c1f-b5dc-43ea-a9c6-8b6acbf42ef3 [pid: 7|app: 0|req: 836/1636] 10.0.0.124 () {34 vars in 737 bytes} [Fri Apr 17 11:49:17 2026] PUT /v2.0/ports/116a64a5-81f7-4274-822c-f90a7be91574 => generated 752 bytes in 381 msecs (HTTP/1.1 200) 4 headers in 157 bytes (1 switches on core 0) /var/lib/openstack/lib/python3.12/site-packages/pycadf/identifier.py:70: UserWarning: Invalid uuid: neutron. To ensure interoperability, identifiers should be a valid uuid. warnings.warn(('Invalid uuid: %s. To ensure interoperability, '
2026-04-17 11:49:18.112 8 INFO neutron.db.ovn_revision_numbers_db [None req-91379e74-8cea-4058-8f27-a62274dc180b 5ea4ad4e3c464aa09c12c8850d6daf99 9721c7dcafd1495da2bca7c94ca1f130 - - default default] Successfully bumped revision number for resource 99662c1f-b5dc-43ea-a9c6-8b6acbf42ef3 (type: networks) to 1
2026-04-17 11:49:18.130 7 INFO neutron_taas.services.taas.taas_plugin [None req-1e009827-a911-4746-9052-b6b77ef6c0b8 88940db9949b415ab446cda851191793 21dfa02f4d2c44b0972a7c5bfac1e9f6 - - default default] TaaS: Handle Delete Port: a0814b0f-64e6-43c1-b405-d7c489bb0fb0
2026-04-17 11:49:18.133 7 INFO neutron_taas.services.taas.tap_mirror_plugin [None req-1e009827-a911-4746-9052-b6b77ef6c0b8 88940db9949b415ab446cda851191793 21dfa02f4d2c44b0972a7c5bfac1e9f6 - - default default] Tap Mirror: Handle Delete Port: a0814b0f-64e6-43c1-b405-d7c489bb0fb0
2026-04-17 11:49:18.285 8 WARNING neutron.scheduler.dhcp_agent_scheduler [None req-91379e74-8cea-4058-8f27-a62274dc180b 5ea4ad4e3c464aa09c12c8850d6daf99 9721c7dcafd1495da2bca7c94ca1f130 - - default default] No more DHCP agents
2026-04-17 11:49:18.286 8 WARNING neutron.api.rpc.agentnotifiers.dhcp_rpc_agent_api [None req-91379e74-8cea-4058-8f27-a62274dc180b 5ea4ad4e3c464aa09c12c8850d6daf99 9721c7dcafd1495da2bca7c94ca1f130 - - default default] Unable to schedule network 99662c1f-b5dc-43ea-a9c6-8b6acbf42ef3: no agents available; will retry on subsequent port and subnet creation events.
2026-04-17 11:49:18.311 7 INFO neutron.services.segments.plugin [-] Segment 821b04e2-8596-4311-8afe-e47f3a2e045b resource provider aggregate not found
2026-04-17 11:49:18.317 7 INFO neutron.services.segments.plugin [-] Segment 821b04e2-8596-4311-8afe-e47f3a2e045b resource provider aggregate not found
2026-04-17 11:49:18.350 7 INFO neutron.services.segments.plugin [-] Segment 821b04e2-8596-4311-8afe-e47f3a2e045b resource provider not found; error: Placement Client Error (4xx): {"errors": [{"status": 404, "title": "Not Found", "detail": "The resource could not be found.\n\n No resource provider with uuid 821b04e2-8596-4311-8afe-e47f3a2e045b found for delete ", "request_id": "req-2e43b727-da14-4b22-9f65-fb5c3508f821"}]}
2026-04-17 11:49:18.352 8 INFO neutron.plugins.ml2.drivers.ovn.mech_driver.mech_driver [None req-0238474e-6f18-4b3e-a76a-d70fbe28e49d - - - - - -] OVN reports status down for port: 0bf07279-b576-4940-9bd3-bd003175f558
2026-04-17 11:49:18.355 7 INFO neutron.services.segments.plugin [-] Segment 821b04e2-8596-4311-8afe-e47f3a2e045b resource provider not found; error: Placement Client Error (4xx): {"errors": [{"status": 404, "title": "Not Found", "detail": "The resource could not be found.\n\n No resource provider with uuid 821b04e2-8596-4311-8afe-e47f3a2e045b found for delete ", "request_id": "req-984a385f-2a5d-46ca-abfd-8599f6b43e21"}]} [pid: 7|app: 0|req: 837/1637] 10.0.0.124 () {32 vars in 726 bytes} [Fri Apr 17 11:49:18 2026] DELETE /v2.0/networks/447cf9e7-2d79-4dd8-85c0-a87622673a95 => generated 0 bytes in 363 msecs (HTTP/1.1 204) 3 headers in 131 bytes (1 switches on core 0)
2026-04-17 11:49:18.410 8 INFO neutron.db.ovn_revision_numbers_db [None req-91379e74-8cea-4058-8f27-a62274dc180b 5ea4ad4e3c464aa09c12c8850d6daf99 9721c7dcafd1495da2bca7c94ca1f130 - - default default] Successfully bumped revision number for resource 0bf07279-b576-4940-9bd3-bd003175f558 (type: ports) to 1 [pid: 8|app: 0|req: 801/1638] 10.0.0.124 () {34 vars in 670 bytes} [Fri Apr 17 11:49:17 2026] POST /v2.0/networks => generated 650 bytes in 539 msecs (HTTP/1.1 201) 4 headers in 162 bytes (1 switches on core 0) [pid: 8|app: 0|req: 802/1639] 10.0.0.154 () {34 vars in 990 bytes} [Fri Apr 17 11:49:18 2026] GET /v2.0/ports?device_id=c1ff0530-f073-4bc1-9a03-ca7e9d9dc855 => generated 12 bytes in 22 msecs (HTTP/1.1 200) 4 headers in 156 bytes (1 switches on core 0)
2026-04-17 11:49:18.487 7 INFO neutron_taas.services.taas.taas_plugin [None req-a8cd44d4-fcec-45eb-9f52-b815cc297147 ebac804ce5394bb4af610eb7c3defba5 38e7185085d742e2b77e4f31e427af52 - - default default] TaaS: Handle Delete Port: 116a64a5-81f7-4274-822c-f90a7be91574
2026-04-17 11:49:18.491 7 INFO neutron_taas.services.taas.tap_mirror_plugin [None req-a8cd44d4-fcec-45eb-9f52-b815cc297147 ebac804ce5394bb4af610eb7c3defba5 38e7185085d742e2b77e4f31e427af52 - - default default] Tap Mirror: Handle Delete Port: 116a64a5-81f7-4274-822c-f90a7be91574 [pid: 8|app: 0|req: 803/1640] 10.0.0.124 () {32 vars in 649 bytes} [Fri Apr 17 11:49:18 2026] GET /v2.0/networks => generated 689 bytes in 44 msecs (HTTP/1.1 200) 4 headers in 157 bytes (1 switches on core 0) [pid: 8|app: 0|req: 804/1641] 10.0.0.124 () {34 vars in 753 bytes} [Fri Apr 17 11:49:18 2026] PUT /v2.0/networks/214e65c5-1ba1-4346-a64c-c767bb619a21/tags => generated 17 bytes in 69 msecs (HTTP/1.1 200) 4 headers in 156 bytes (1 switches on core 0) [pid: 7|app: 0|req: 838/1642] 10.0.0.124 () {32 vars in 720 bytes} [Fri Apr 17 11:49:18 2026] DELETE /v2.0/ports/116a64a5-81f7-4274-822c-f90a7be91574 => generated 0 bytes in 223 msecs (HTTP/1.1 204) 3 headers in 131 bytes (1 switches on core 0) [pid: 7|app: 0|req: 839/1643] 10.0.0.124 () {34 vars in 753 bytes} [Fri Apr 17 11:49:18 2026] PUT /v2.0/networks/ca14ac26-2cb7-4dc3-8165-b82697849023/tags => generated 25 bytes in 66 msecs (HTTP/1.1 200) 4 headers in 156 bytes (1 switches on core 0)
2026-04-17 11:49:18.681 8 INFO neutron.db.segments_db [None req-a37b6dd6-56d9-4d3e-9d23-01bb790c4238 88940db9949b415ab446cda851191793 21dfa02f4d2c44b0972a7c5bfac1e9f6 - - default default] Added segment 634ad291-22f2-4e93-a87d-8759881152af of type geneve for network e98f8e4c-24d3-4dba-a5b4-9fced028fa2e [pid: 7|app: 0|req: 840/1644] 10.0.0.124 () {32 vars in 643 bytes} [Fri Apr 17 11:49:18 2026] GET /v2.0/ports => generated 1537 bytes in 40 msecs (HTTP/1.1 200) 4 headers in 158 bytes (1 switches on core 0) [pid: 7|app: 0|req: 841/1645] 10.0.0.124 () {34 vars in 753 bytes} [Fri Apr 17 11:49:18 2026] PUT /v2.0/networks/ee067f1b-791c-4baa-9139-d7b30612ea46/tags => generated 34 bytes in 53 msecs (HTTP/1.1 200) 4 headers in 156 bytes (1 switches on core 0)
2026-04-17 11:49:18.777 7 INFO neutron.pecan_wsgi.hooks.translation [None req-18884843-10a0-462a-81ae-c3121a7d1063 ebac804ce5394bb4af610eb7c3defba5 38e7185085d742e2b77e4f31e427af52 - - default default] GET failed (client error): The resource could not be found. [pid: 7|app: 0|req: 842/1646] 10.0.0.124 () {32 vars in 717 bytes} [Fri Apr 17 11:49:18 2026] GET /v2.0/ports/116a64a5-81f7-4274-822c-f90a7be91574 => generated 132 bytes in 18 msecs (HTTP/1.1 404) 4 headers in 164 bytes (1 switches on core 0)
2026-04-17 11:49:18.797 8 INFO neutron.db.ovn_revision_numbers_db [None req-a37b6dd6-56d9-4d3e-9d23-01bb790c4238 88940db9949b415ab446cda851191793 21dfa02f4d2c44b0972a7c5bfac1e9f6 - - default default] Successfully bumped revision number for resource e98f8e4c-24d3-4dba-a5b4-9fced028fa2e (type: networks) to 1 [pid: 7|app: 0|req: 843/1647] 10.0.0.124 () {34 vars in 753 bytes} [Fri Apr 17 11:49:18 2026] PUT /v2.0/networks/ed8b29b4-665c-4fb9-9288-6891b1530182/tags => generated 19 bytes in 52 msecs (HTTP/1.1 200) 4 headers in 156 bytes (1 switches on core 0) [pid: 7|app: 0|req: 844/1648] 10.0.0.124 () {32 vars in 643 bytes} [Fri Apr 17 11:49:18 2026] GET /v2.0/ports => generated 1537 bytes in 39 msecs (HTTP/1.1 200) 4 headers in 158 bytes (1 switches on core 0) [pid: 7|app: 0|req: 845/1649] 10.0.0.124 () {32 vars in 666 bytes} [Fri Apr 17 11:49:18 2026] GET /v2.0/networks?tags=red => generated 1986 bytes in 53 msecs (HTTP/1.1 200) 4 headers in 158 bytes (1 switches on core 0) [pid: 7|app: 0|req: 846/1650] 10.0.0.124 () {32 vars in 717 bytes} [Fri Apr 17 11:49:18 2026] GET /v2.0/ports/40626699-8006-4c21-af7d-dd2327d78e8d => generated 778 bytes in 27 msecs (HTTP/1.1 200) 4 headers in 157 bytes (1 switches on core 0)
2026-04-17 11:49:18.955 8 WARNING neutron.scheduler.dhcp_agent_scheduler [None req-a37b6dd6-56d9-4d3e-9d23-01bb790c4238 88940db9949b415ab446cda851191793 21dfa02f4d2c44b0972a7c5bfac1e9f6 - - default default] No more DHCP agents
2026-04-17 11:49:18.957 8 WARNING neutron.api.rpc.agentnotifiers.dhcp_rpc_agent_api [None req-a37b6dd6-56d9-4d3e-9d23-01bb790c4238 88940db9949b415ab446cda851191793 21dfa02f4d2c44b0972a7c5bfac1e9f6 - - default default] Unable to schedule network e98f8e4c-24d3-4dba-a5b4-9fced028fa2e: no agents available; will retry on subsequent port and subnet creation events.
2026-04-17 11:49:19.000 7 INFO neutron.plugins.ml2.drivers.ovn.mech_driver.mech_driver [None req-9c71bdfe-21eb-4a82-8d02-19a38b88e1a7 - - - - - -] OVN reports status down for port: 0020d1bb-f6e6-4a01-abc3-ec8a1e690add [pid: 7|app: 0|req: 847/1651] 10.0.0.124 () {32 vars in 680 bytes} [Fri Apr 17 11:49:18 2026] GET /v2.0/networks?tags=red%2Cblue => generated 1336 bytes in 69 msecs (HTTP/1.1 200) 4 headers in 158 bytes (1 switches on core 0)
2026-04-17 11:49:19.039 8 INFO neutron.db.ovn_revision_numbers_db [None req-a37b6dd6-56d9-4d3e-9d23-01bb790c4238 88940db9949b415ab446cda851191793 21dfa02f4d2c44b0972a7c5bfac1e9f6 - - default default] Successfully bumped revision number for resource 0020d1bb-f6e6-4a01-abc3-ec8a1e690add (type: ports) to 1
2026-04-17 11:49:19.045 7 INFO neutron.pecan_wsgi.hooks.translation [None req-e4cc6816-b5e0-45ab-b040-90983305bdf4 ebac804ce5394bb4af610eb7c3defba5 38e7185085d742e2b77e4f31e427af52 - - default default] DELETE failed (client error): The resource could not be found. [pid: 7|app: 0|req: 848/1652] 10.0.0.124 () {32 vars in 720 bytes} [Fri Apr 17 11:49:19 2026] DELETE /v2.0/ports/a12a9217-12c6-4985-a4b6-c597816c1143 => generated 132 bytes in 25 msecs (HTTP/1.1 404) 4 headers in 164 bytes (1 switches on core 0) [pid: 8|app: 0|req: 805/1653] 10.0.0.124 () {34 vars in 670 bytes} [Fri Apr 17 11:49:18 2026] POST /v2.0/networks => generated 669 bytes in 465 msecs (HTTP/1.1 201) 4 headers in 162 bytes (1 switches on core 0)
2026-04-17 11:49:19.072 8 INFO neutron.pecan_wsgi.hooks.translation [None req-a2f1bb37-7301-461f-b796-34930e4a8f56 ebac804ce5394bb4af610eb7c3defba5 38e7185085d742e2b77e4f31e427af52 - - default default] DELETE failed (client error): The resource could not be found. [pid: 8|app: 0|req: 806/1654] 10.0.0.124 () {32 vars in 724 bytes} [Fri Apr 17 11:49:19 2026] DELETE /v2.0/subnets/a61da46b-331d-4288-adf8-7b0bedb44232 => generated 136 bytes in 15 msecs (HTTP/1.1 404) 4 headers in 164 bytes (1 switches on core 0) [pid: 7|app: 0|req: 849/1655] 10.0.0.124 () {32 vars in 676 bytes} [Fri Apr 17 11:49:19 2026] GET /v2.0/networks?tags-any=blue => generated 1336 bytes in 67 msecs (HTTP/1.1 200) 4 headers in 158 bytes (1 switches on core 0)
2026-04-17 11:49:19.129 7 INFO neutron.pecan_wsgi.hooks.translation [None req-32b5bbfb-fe92-4007-bbc5-a4616157374b ebac804ce5394bb4af610eb7c3defba5 38e7185085d742e2b77e4f31e427af52 - - default default] DELETE failed (client error): The resource could not be found. [pid: 7|app: 0|req: 850/1656] 10.0.0.124 () {32 vars in 724 bytes} [Fri Apr 17 11:49:19 2026] DELETE /v2.0/subnets/094bc6a8-63df-4fd2-9270-f56d1d3737dd => generated 136 bytes in 15 msecs (HTTP/1.1 404) 4 headers in 164 bytes (1 switches on core 0)
2026-04-17 11:49:19.158 8 INFO neutron.db.segments_db [None req-c86e10a0-4e13-4e43-8b99-2ddcad228dcb 88940db9949b415ab446cda851191793 21dfa02f4d2c44b0972a7c5bfac1e9f6 - - default default] Added segment 2b0b8207-394e-4082-82bb-6cc7e9d7166c of type geneve for network 732e9182-9a7b-46ec-9480-5c5fec43a0f8 [pid: 7|app: 0|req: 851/1657] 10.0.0.124 () {32 vars in 688 bytes} [Fri Apr 17 11:49:19 2026] GET /v2.0/networks?tags-any=red%2Cblue => generated 1986 bytes in 44 msecs (HTTP/1.1 200) 4 headers in 158 bytes (1 switches on core 0)
2026-04-17 11:49:19.180 8 INFO neutron.services.segments.plugin [-] Segment de56fc59-9f8e-4c2e-a654-9bdb2c83b079 resource provider aggregate not found
2026-04-17 11:49:19.196 8 INFO neutron.services.segments.plugin [-] Segment de56fc59-9f8e-4c2e-a654-9bdb2c83b079 resource provider aggregate not found
2026-04-17 11:49:19.200 8 INFO neutron.services.segments.plugin [-] Segment de56fc59-9f8e-4c2e-a654-9bdb2c83b079 resource provider not found; error: Placement Client Error (4xx): {"errors": [{"status": 404, "title": "Not Found", "detail": "The resource could not be found.\n\n No resource provider with uuid de56fc59-9f8e-4c2e-a654-9bdb2c83b079 found for delete ", "request_id": "req-cb78e37f-74ea-4843-9c3c-d8b79b26aa34"}]}
2026-04-17 11:49:19.222 8 INFO neutron.services.segments.plugin [-] Segment de56fc59-9f8e-4c2e-a654-9bdb2c83b079 resource provider not found; error: Placement Client Error (4xx): {"errors": [{"status": 404, "title": "Not Found", "detail": "The resource could not be found.\n\n No resource provider with uuid de56fc59-9f8e-4c2e-a654-9bdb2c83b079 found for delete ", "request_id": "req-ab21e56e-b289-48b9-b467-b7bfafc60312"}]}
