Mar 23 05:37:53.673481 np0000160282 systemd[1]: Starting devstack@n-api-meta.service - Devstack devstack@n-api-meta.service...
Mar 23 05:37:53.680487 np0000160282 devstack@n-api-meta.service[107120]: [uWSGI] getting INI configuration from /etc/nova/nova-metadata-uwsgi.ini
Mar 23 05:37:53.681199 np0000160282 devstack@n-api-meta.service[107120]: open("./http_plugin.so"): No such file or directory [core/utils.c line 3709]
Mar 23 05:37:53.681199 np0000160282 devstack@n-api-meta.service[107120]: !!! UNABLE to load uWSGI plugin: ./http_plugin.so: cannot open shared object file: No such file or directory !!!
Mar 23 05:37:53.681199 np0000160282 devstack@n-api-meta.service[107120]: open("./python3_plugin.so"): No such file or directory [core/utils.c line 3709]
Mar 23 05:37:53.681199 np0000160282 devstack@n-api-meta.service[107120]: !!! UNABLE to load uWSGI plugin: ./python3_plugin.so: cannot open shared object file: No such file or directory !!!
Mar 23 05:37:53.681199 np0000160282 devstack@n-api-meta.service[107120]: *** Starting uWSGI 2.0.31 (64bit) on [Mon Mar 23 05:37:53 2026] ***
Mar 23 05:37:53.681199 np0000160282 devstack@n-api-meta.service[107120]: compiled with version: 13.3.0 on 23 March 2026 05:28:01
Mar 23 05:37:53.681199 np0000160282 devstack@n-api-meta.service[107120]: os: Linux-6.8.0-106-generic #106-Ubuntu SMP PREEMPT_DYNAMIC Fri Mar 6 07:58:08 UTC 2026
Mar 23 05:37:53.681199 np0000160282 devstack@n-api-meta.service[107120]: nodename: np0000160282
Mar 23 05:37:53.681199 np0000160282 devstack@n-api-meta.service[107120]: machine: x86_64
Mar 23 05:37:53.681199 np0000160282 devstack@n-api-meta.service[107120]: clock source: unix
Mar 23 05:37:53.681199 np0000160282 devstack@n-api-meta.service[107120]: pcre jit disabled
Mar 23 05:37:53.681199 np0000160282 devstack@n-api-meta.service[107120]: detected number of CPU cores: 16
Mar 23 05:37:53.681199 np0000160282 devstack@n-api-meta.service[107120]: current working directory: /
Mar 23 05:37:53.681199 np0000160282 devstack@n-api-meta.service[107120]: detected binary path: /opt/stack/data/venv/bin/uwsgi
Mar 23 05:37:53.681199 np0000160282 devstack@n-api-meta.service[107120]: your processes number limit is 256917
Mar 23 05:37:53.681199 np0000160282 devstack@n-api-meta.service[107120]: your memory page size is 4096 bytes
Mar 23 05:37:53.681199 np0000160282 devstack@n-api-meta.service[107120]: detected max file descriptor number: 2048
Mar 23 05:37:53.681199 np0000160282 devstack@n-api-meta.service[107120]: lock engine: pthread robust mutexes
Mar 23 05:37:53.681199 np0000160282 devstack@n-api-meta.service[107120]: thunder lock: enabled
Mar 23 05:37:53.681199 np0000160282 devstack@n-api-meta.service[107120]: uWSGI http bound on 0.0.0.0:8775 fd 5
Mar 23 05:37:53.681774 np0000160282 devstack@n-api-meta.service[107120]: uwsgi socket 0 bound to TCP address 127.0.0.1:44441 (port auto-assigned) fd 4
Mar 23 05:37:53.681774 np0000160282 devstack@n-api-meta.service[107120]: Python version: 3.12.3 (main, Mar 3 2026, 12:15:18) [GCC 13.3.0]
Mar 23 05:37:53.681774 np0000160282 devstack@n-api-meta.service[107120]: PEP 405 virtualenv detected: /opt/stack/data/venv
Mar 23 05:37:53.681774 np0000160282 devstack@n-api-meta.service[107120]: Set PythonHome to /opt/stack/data/venv
Mar 23 05:37:53.720021 np0000160282 devstack@n-api-meta.service[107120]: Python main interpreter initialized at 0x793c07aa3668
Mar 23 05:37:53.720021 np0000160282 devstack@n-api-meta.service[107120]: python threads support enabled
Mar 23 05:37:53.720021 np0000160282 devstack@n-api-meta.service[107120]: your server socket listen backlog is limited to 100 connections
Mar 23 05:37:53.720021 np0000160282 devstack@n-api-meta.service[107120]: your mercy for graceful operations on workers is 80 seconds
Mar 23 05:37:53.720501 np0000160282 devstack@n-api-meta.service[107120]: mapped 671795 bytes (656 KB) for 4 cores
Mar 23 05:37:53.720671 np0000160282 devstack@n-api-meta.service[107120]: *** Operational MODE: preforking ***
Mar 23 05:37:53.720855 np0000160282 devstack@n-api-meta.service[107120]: *** uWSGI is running in multiple interpreter mode ***
Mar 23 05:37:53.720855 np0000160282 devstack@n-api-meta.service[107120]: spawned uWSGI master process (pid: 107120)
Mar 23 05:37:53.721056 np0000160282 systemd[1]: Started devstack@n-api-meta.service - Devstack devstack@n-api-meta.service.
Mar 23 05:37:53.721465 np0000160282 devstack@n-api-meta.service[107120]: spawned uWSGI worker 1 (pid: 107121, cores: 1)
Mar 23 05:37:53.721904 np0000160282 devstack@n-api-meta.service[107120]: spawned uWSGI worker 2 (pid: 107122, cores: 1)
Mar 23 05:37:53.722303 np0000160282 devstack@n-api-meta.service[107120]: spawned uWSGI worker 3 (pid: 107123, cores: 1)
Mar 23 05:37:53.722808 np0000160282 devstack@n-api-meta.service[107120]: spawned uWSGI worker 4 (pid: 107124, cores: 1)
Mar 23 05:37:53.723260 np0000160282 devstack@n-api-meta.service[107120]: spawned uWSGI http 1 (pid: 107125)
Mar 23 05:37:53.723260 np0000160282 devstack@n-api-meta.service[107120]: running "unix_signal:15 gracefully_kill_them_all" (master-start)...
Mar 23 05:37:54.064909 np0000160282 devstack@n-api-meta.service[107123]: Service is starting with native threading. This is currently experimental. Do not use it in production without first testing it in pre-production.
Mar 23 05:37:54.083239 np0000160282 devstack@n-api-meta.service[107124]: Service is starting with native threading. This is currently experimental. Do not use it in production without first testing it in pre-production.
Mar 23 05:37:54.088554 np0000160282 devstack@n-api-meta.service[107122]: Service is starting with native threading. This is currently experimental. Do not use it in production without first testing it in pre-production.
Mar 23 05:37:54.126529 np0000160282 devstack@n-api-meta.service[107121]: Service is starting with native threading. This is currently experimental. Do not use it in production without first testing it in pre-production.
Mar 23 05:37:55.466714 np0000160282 devstack@n-api-meta.service[107123]: INFO dbcounter [None req-bf9b6c77-85df-4ad9-b70a-0faf12c8db5e None None] Registered counter for database nova_api
Mar 23 05:37:55.480038 np0000160282 devstack@n-api-meta.service[107123]: DEBUG oslo_db.sqlalchemy.engines [None req-bf9b6c77-85df-4ad9-b70a-0faf12c8db5e None None] MySQL server mode set to STRICT_TRANS_TABLES,STRICT_ALL_TABLES,NO_ZERO_IN_DATE,NO_ZERO_DATE,ERROR_FOR_DIVISION_BY_ZERO,TRADITIONAL,NO_ENGINE_SUBSTITUTION {{(pid=107123) _check_effective_sql_mode /opt/stack/data/venv/lib/python3.12/site-packages/oslo_db/sqlalchemy/engines.py:325}}
Mar 23 05:37:55.513874 np0000160282 devstack@n-api-meta.service[107123]: DEBUG dbcounter [-] [107123] Writer thread running {{(pid=107123) stat_writer /opt/stack/data/venv/lib/python3.12/site-packages/dbcounter.py:102}}
Mar 23 05:37:55.516043 np0000160282 devstack@n-api-meta.service[107123]: DEBUG nova.context [None req-bf9b6c77-85df-4ad9-b70a-0faf12c8db5e None None] Found 2 cells: 00000000-0000-0000-0000-000000000000(cell0),d063480b-4f7d-472a-9591-f12b062eb639(cell1) {{(pid=107123) load_cells /opt/stack/nova/nova/context.py:509}}
Mar 23 05:37:55.516255 np0000160282 devstack@n-api-meta.service[107123]: INFO nova.utils [None req-bf9b6c77-85df-4ad9-b70a-0faf12c8db5e None None] The cell worker thread pool MainProcess.cell_worker is initialized
Mar 23 05:37:55.517938 np0000160282 devstack@n-api-meta.service[107123]: DEBUG oslo_concurrency.lockutils [None req-bf9b6c77-85df-4ad9-b70a-0faf12c8db5e None None] Acquiring lock "00000000-0000-0000-0000-000000000000" by "nova.context.set_target_cell..get_or_set_cached_cell_and_set_connections" {{(pid=107123) inner /opt/stack/data/venv/lib/python3.12/site-packages/oslo_concurrency/lockutils.py:506}}
Mar 23 05:37:55.518096 np0000160282 devstack@n-api-meta.service[107123]: DEBUG oslo_concurrency.lockutils [None req-bf9b6c77-85df-4ad9-b70a-0faf12c8db5e None None] Lock "00000000-0000-0000-0000-000000000000" acquired by "nova.context.set_target_cell..get_or_set_cached_cell_and_set_connections" :: waited 0.000s {{(pid=107123) inner /opt/stack/data/venv/lib/python3.12/site-packages/oslo_concurrency/lockutils.py:519}}
Mar 23 05:37:55.518440 np0000160282 devstack@n-api-meta.service[107123]: DEBUG oslo_concurrency.lockutils [None req-bf9b6c77-85df-4ad9-b70a-0faf12c8db5e None None] Lock "00000000-0000-0000-0000-000000000000" "released" by "nova.context.set_target_cell..get_or_set_cached_cell_and_set_connections" :: held 0.000s {{(pid=107123) inner /opt/stack/data/venv/lib/python3.12/site-packages/oslo_concurrency/lockutils.py:538}}
Mar 23 05:37:55.519275 np0000160282 devstack@n-api-meta.service[107123]: DEBUG oslo_concurrency.lockutils [None req-bf9b6c77-85df-4ad9-b70a-0faf12c8db5e None None] Acquiring lock "d063480b-4f7d-472a-9591-f12b062eb639" by "nova.context.set_target_cell..get_or_set_cached_cell_and_set_connections" {{(pid=107123) inner /opt/stack/data/venv/lib/python3.12/site-packages/oslo_concurrency/lockutils.py:506}}
Mar 23 05:37:55.519419 np0000160282 devstack@n-api-meta.service[107123]: DEBUG oslo_concurrency.lockutils [None req-bf9b6c77-85df-4ad9-b70a-0faf12c8db5e None None] Lock "d063480b-4f7d-472a-9591-f12b062eb639" acquired by "nova.context.set_target_cell..get_or_set_cached_cell_and_set_connections" :: waited 0.000s {{(pid=107123) inner /opt/stack/data/venv/lib/python3.12/site-packages/oslo_concurrency/lockutils.py:519}}
Mar 23 05:37:55.520214 np0000160282 devstack@n-api-meta.service[107123]: DEBUG oslo_concurrency.lockutils [None req-bf9b6c77-85df-4ad9-b70a-0faf12c8db5e None None] Lock "d063480b-4f7d-472a-9591-f12b062eb639" "released" by "nova.context.set_target_cell..get_or_set_cached_cell_and_set_connections" :: held 0.001s {{(pid=107123) inner /opt/stack/data/venv/lib/python3.12/site-packages/oslo_concurrency/lockutils.py:538}}
Mar 23 05:37:55.523078 np0000160282 devstack@n-api-meta.service[107123]: INFO dbcounter [None req-bf9b6c77-85df-4ad9-b70a-0faf12c8db5e None None] Registered counter for database nova_cell0
Mar 23 05:37:55.527674 np0000160282 devstack@n-api-meta.service[107123]: INFO dbcounter [None req-bf9b6c77-85df-4ad9-b70a-0faf12c8db5e None None] Registered counter for database nova_cell1
Mar 23 05:37:55.531987 np0000160282 devstack@n-api-meta.service[107121]: INFO dbcounter [None req-dcee4192-4d58-4bff-8a18-b3877e77574b None None] Registered counter for database nova_api
Mar 23 05:37:55.539028 np0000160282 devstack@n-api-meta.service[107123]: DEBUG oslo_db.sqlalchemy.engines [None req-bf9b6c77-85df-4ad9-b70a-0faf12c8db5e None None] MySQL server mode set to STRICT_TRANS_TABLES,STRICT_ALL_TABLES,NO_ZERO_IN_DATE,NO_ZERO_DATE,ERROR_FOR_DIVISION_BY_ZERO,TRADITIONAL,NO_ENGINE_SUBSTITUTION {{(pid=107123) _check_effective_sql_mode /opt/stack/data/venv/lib/python3.12/site-packages/oslo_db/sqlalchemy/engines.py:325}}
Mar 23 05:37:55.545260 np0000160282 devstack@n-api-meta.service[107123]: DEBUG oslo_db.sqlalchemy.engines [None req-bf9b6c77-85df-4ad9-b70a-0faf12c8db5e None None] MySQL server mode set to STRICT_TRANS_TABLES,STRICT_ALL_TABLES,NO_ZERO_IN_DATE,NO_ZERO_DATE,ERROR_FOR_DIVISION_BY_ZERO,TRADITIONAL,NO_ENGINE_SUBSTITUTION {{(pid=107123) _check_effective_sql_mode /opt/stack/data/venv/lib/python3.12/site-packages/oslo_db/sqlalchemy/engines.py:325}}
Mar 23 05:37:55.548175 np0000160282 devstack@n-api-meta.service[107121]: DEBUG oslo_db.sqlalchemy.engines [None req-dcee4192-4d58-4bff-8a18-b3877e77574b None None] MySQL server mode set to STRICT_TRANS_TABLES,STRICT_ALL_TABLES,NO_ZERO_IN_DATE,NO_ZERO_DATE,ERROR_FOR_DIVISION_BY_ZERO,TRADITIONAL,NO_ENGINE_SUBSTITUTION {{(pid=107121) _check_effective_sql_mode /opt/stack/data/venv/lib/python3.12/site-packages/oslo_db/sqlalchemy/engines.py:325}}
Mar 23 05:37:55.549143 np0000160282 devstack@n-api-meta.service[107122]: INFO dbcounter [None req-018302bd-f207-4f00-9eef-346b501dc902 None None] Registered counter for database nova_api
Mar 23 05:37:55.563242 np0000160282 devstack@n-api-meta.service[107122]: DEBUG oslo_db.sqlalchemy.engines [None req-018302bd-f207-4f00-9eef-346b501dc902 None None] MySQL server mode set to STRICT_TRANS_TABLES,STRICT_ALL_TABLES,NO_ZERO_IN_DATE,NO_ZERO_DATE,ERROR_FOR_DIVISION_BY_ZERO,TRADITIONAL,NO_ENGINE_SUBSTITUTION {{(pid=107122) _check_effective_sql_mode /opt/stack/data/venv/lib/python3.12/site-packages/oslo_db/sqlalchemy/engines.py:325}}
Mar 23 05:37:55.571909 np0000160282 devstack@n-api-meta.service[107124]: INFO dbcounter [None req-5491a9e7-d206-4765-a123-7dcbac84c262 None None] Registered counter for database nova_api
Mar 23 05:37:55.577389 np0000160282 devstack@n-api-meta.service[107121]: DEBUG dbcounter [-] [107121] Writer thread running {{(pid=107121) stat_writer /opt/stack/data/venv/lib/python3.12/site-packages/dbcounter.py:102}}
Mar 23 05:37:55.579514 np0000160282 devstack@n-api-meta.service[107121]: DEBUG nova.context [None req-dcee4192-4d58-4bff-8a18-b3877e77574b None None] Found 2 cells: 00000000-0000-0000-0000-000000000000(cell0),d063480b-4f7d-472a-9591-f12b062eb639(cell1) {{(pid=107121) load_cells /opt/stack/nova/nova/context.py:509}}
Mar 23 05:37:55.579719 np0000160282 devstack@n-api-meta.service[107121]: INFO nova.utils [None req-dcee4192-4d58-4bff-8a18-b3877e77574b None None] The cell worker thread pool MainProcess.cell_worker is initialized
Mar 23 05:37:55.581374 np0000160282 devstack@n-api-meta.service[107121]: DEBUG oslo_concurrency.lockutils [None req-dcee4192-4d58-4bff-8a18-b3877e77574b None None] Acquiring lock "00000000-0000-0000-0000-000000000000" by "nova.context.set_target_cell..get_or_set_cached_cell_and_set_connections" {{(pid=107121) inner /opt/stack/data/venv/lib/python3.12/site-packages/oslo_concurrency/lockutils.py:506}}
Mar 23 05:37:55.581517 np0000160282 devstack@n-api-meta.service[107121]: DEBUG oslo_concurrency.lockutils [None req-dcee4192-4d58-4bff-8a18-b3877e77574b None None] Lock "00000000-0000-0000-0000-000000000000" acquired by "nova.context.set_target_cell..get_or_set_cached_cell_and_set_connections" :: waited 0.000s {{(pid=107121) inner /opt/stack/data/venv/lib/python3.12/site-packages/oslo_concurrency/lockutils.py:519}}
Mar 23 05:37:55.581901 np0000160282 devstack@n-api-meta.service[107121]: DEBUG oslo_concurrency.lockutils [None req-dcee4192-4d58-4bff-8a18-b3877e77574b None None] Lock "00000000-0000-0000-0000-000000000000" "released" by "nova.context.set_target_cell..get_or_set_cached_cell_and_set_connections" :: held 0.000s {{(pid=107121) inner /opt/stack/data/venv/lib/python3.12/site-packages/oslo_concurrency/lockutils.py:538}}
Mar 23 05:37:55.582536 np0000160282 devstack@n-api-meta.service[107121]: DEBUG oslo_concurrency.lockutils [None req-dcee4192-4d58-4bff-8a18-b3877e77574b None None] Acquiring lock "d063480b-4f7d-472a-9591-f12b062eb639" by "nova.context.set_target_cell..get_or_set_cached_cell_and_set_connections" {{(pid=107121) inner /opt/stack/data/venv/lib/python3.12/site-packages/oslo_concurrency/lockutils.py:506}}
Mar 23 05:37:55.582678 np0000160282 devstack@n-api-meta.service[107121]: DEBUG oslo_concurrency.lockutils [None req-dcee4192-4d58-4bff-8a18-b3877e77574b None None] Lock "d063480b-4f7d-472a-9591-f12b062eb639" acquired by "nova.context.set_target_cell..get_or_set_cached_cell_and_set_connections" :: waited 0.000s {{(pid=107121) inner /opt/stack/data/venv/lib/python3.12/site-packages/oslo_concurrency/lockutils.py:519}}
Mar 23 05:37:55.583449 np0000160282 devstack@n-api-meta.service[107121]: DEBUG oslo_concurrency.lockutils [None req-dcee4192-4d58-4bff-8a18-b3877e77574b None None] Lock "d063480b-4f7d-472a-9591-f12b062eb639" "released" by "nova.context.set_target_cell..get_or_set_cached_cell_and_set_connections" :: held 0.001s {{(pid=107121) inner /opt/stack/data/venv/lib/python3.12/site-packages/oslo_concurrency/lockutils.py:538}}
Mar 23 05:37:55.585425 np0000160282 devstack@n-api-meta.service[107121]: INFO dbcounter [None req-dcee4192-4d58-4bff-8a18-b3877e77574b None None] Registered counter for database nova_cell0
Mar 23 05:37:55.590070 np0000160282 devstack@n-api-meta.service[107124]: DEBUG oslo_db.sqlalchemy.engines [None req-5491a9e7-d206-4765-a123-7dcbac84c262 None None] MySQL server mode set to STRICT_TRANS_TABLES,STRICT_ALL_TABLES,NO_ZERO_IN_DATE,NO_ZERO_DATE,ERROR_FOR_DIVISION_BY_ZERO,TRADITIONAL,NO_ENGINE_SUBSTITUTION {{(pid=107124) _check_effective_sql_mode /opt/stack/data/venv/lib/python3.12/site-packages/oslo_db/sqlalchemy/engines.py:325}}
Mar 23 05:37:55.590157 np0000160282 devstack@n-api-meta.service[107121]: INFO dbcounter [None req-dcee4192-4d58-4bff-8a18-b3877e77574b None None] Registered counter for database nova_cell1
Mar 23 05:37:55.596394 np0000160282 devstack@n-api-meta.service[107122]: DEBUG dbcounter [-] [107122] Writer thread running {{(pid=107122) stat_writer /opt/stack/data/venv/lib/python3.12/site-packages/dbcounter.py:102}}
Mar 23 05:37:55.597730 np0000160282 devstack@n-api-meta.service[107121]: DEBUG oslo_db.sqlalchemy.engines [None req-dcee4192-4d58-4bff-8a18-b3877e77574b None None] MySQL server mode set to STRICT_TRANS_TABLES,STRICT_ALL_TABLES,NO_ZERO_IN_DATE,NO_ZERO_DATE,ERROR_FOR_DIVISION_BY_ZERO,TRADITIONAL,NO_ENGINE_SUBSTITUTION {{(pid=107121) _check_effective_sql_mode /opt/stack/data/venv/lib/python3.12/site-packages/oslo_db/sqlalchemy/engines.py:325}}
Mar 23 05:37:55.598750 np0000160282 devstack@n-api-meta.service[107122]: DEBUG nova.context [None req-018302bd-f207-4f00-9eef-346b501dc902 None None] Found 2 cells: 00000000-0000-0000-0000-000000000000(cell0),d063480b-4f7d-472a-9591-f12b062eb639(cell1) {{(pid=107122) load_cells /opt/stack/nova/nova/context.py:509}}
Mar 23 05:37:55.598991 np0000160282 devstack@n-api-meta.service[107122]: INFO nova.utils [None req-018302bd-f207-4f00-9eef-346b501dc902 None None] The cell worker thread pool MainProcess.cell_worker is initialized
Mar 23 05:37:55.600754 np0000160282 devstack@n-api-meta.service[107122]: DEBUG oslo_concurrency.lockutils [None req-018302bd-f207-4f00-9eef-346b501dc902 None None] Acquiring lock "00000000-0000-0000-0000-000000000000" by "nova.context.set_target_cell..get_or_set_cached_cell_and_set_connections" {{(pid=107122) inner /opt/stack/data/venv/lib/python3.12/site-packages/oslo_concurrency/lockutils.py:506}}
Mar 23 05:37:55.600934 np0000160282 devstack@n-api-meta.service[107122]: DEBUG oslo_concurrency.lockutils [None req-018302bd-f207-4f00-9eef-346b501dc902 None None] Lock "00000000-0000-0000-0000-000000000000" acquired by "nova.context.set_target_cell..get_or_set_cached_cell_and_set_connections" :: waited 0.000s {{(pid=107122) inner /opt/stack/data/venv/lib/python3.12/site-packages/oslo_concurrency/lockutils.py:519}}
Mar 23 05:37:55.601281 np0000160282 devstack@n-api-meta.service[107122]: DEBUG oslo_concurrency.lockutils [None req-018302bd-f207-4f00-9eef-346b501dc902 None None] Lock "00000000-0000-0000-0000-000000000000" "released" by "nova.context.set_target_cell..get_or_set_cached_cell_and_set_connections" :: held 0.000s {{(pid=107122) inner /opt/stack/data/venv/lib/python3.12/site-packages/oslo_concurrency/lockutils.py:538}}
Mar 23 05:37:55.602111 np0000160282 devstack@n-api-meta.service[107122]: DEBUG oslo_concurrency.lockutils [None req-018302bd-f207-4f00-9eef-346b501dc902 None None] Acquiring lock "d063480b-4f7d-472a-9591-f12b062eb639" by "nova.context.set_target_cell..get_or_set_cached_cell_and_set_connections" {{(pid=107122) inner /opt/stack/data/venv/lib/python3.12/site-packages/oslo_concurrency/lockutils.py:506}}
Mar 23 05:37:55.602247 np0000160282 devstack@n-api-meta.service[107122]: DEBUG oslo_concurrency.lockutils [None req-018302bd-f207-4f00-9eef-346b501dc902 None None] Lock "d063480b-4f7d-472a-9591-f12b062eb639" acquired by "nova.context.set_target_cell..get_or_set_cached_cell_and_set_connections" :: waited 0.000s {{(pid=107122) inner /opt/stack/data/venv/lib/python3.12/site-packages/oslo_concurrency/lockutils.py:519}}
Mar 23 05:37:55.603107 np0000160282 devstack@n-api-meta.service[107122]: DEBUG oslo_concurrency.lockutils [None req-018302bd-f207-4f00-9eef-346b501dc902 None None] Lock "d063480b-4f7d-472a-9591-f12b062eb639" "released" by "nova.context.set_target_cell..get_or_set_cached_cell_and_set_connections" :: held 0.001s {{(pid=107122) inner /opt/stack/data/venv/lib/python3.12/site-packages/oslo_concurrency/lockutils.py:538}}
Mar 23 05:37:55.605876 np0000160282 devstack@n-api-meta.service[107122]: INFO dbcounter [None req-018302bd-f207-4f00-9eef-346b501dc902 None None] Registered counter for database nova_cell0
Mar 23 05:37:55.608793 np0000160282 devstack@n-api-meta.service[107121]: DEBUG oslo_db.sqlalchemy.engines [None req-dcee4192-4d58-4bff-8a18-b3877e77574b None None] MySQL server mode set to STRICT_TRANS_TABLES,STRICT_ALL_TABLES,NO_ZERO_IN_DATE,NO_ZERO_DATE,ERROR_FOR_DIVISION_BY_ZERO,TRADITIONAL,NO_ENGINE_SUBSTITUTION {{(pid=107121) _check_effective_sql_mode /opt/stack/data/venv/lib/python3.12/site-packages/oslo_db/sqlalchemy/engines.py:325}}
Mar 23 05:37:55.610866 np0000160282 devstack@n-api-meta.service[107122]: INFO dbcounter [None req-018302bd-f207-4f00-9eef-346b501dc902 None None] Registered counter for database nova_cell1
Mar 23 05:37:55.617919 np0000160282 devstack@n-api-meta.service[107122]: DEBUG oslo_db.sqlalchemy.engines [None req-018302bd-f207-4f00-9eef-346b501dc902 None None] MySQL server mode set to STRICT_TRANS_TABLES,STRICT_ALL_TABLES,NO_ZERO_IN_DATE,NO_ZERO_DATE,ERROR_FOR_DIVISION_BY_ZERO,TRADITIONAL,NO_ENGINE_SUBSTITUTION {{(pid=107122) _check_effective_sql_mode /opt/stack/data/venv/lib/python3.12/site-packages/oslo_db/sqlalchemy/engines.py:325}}
Mar 23 05:37:55.627303 np0000160282 devstack@n-api-meta.service[107124]: DEBUG dbcounter [-] [107124] Writer thread running {{(pid=107124) stat_writer /opt/stack/data/venv/lib/python3.12/site-packages/dbcounter.py:102}}
Mar 23 05:37:55.630184 np0000160282 devstack@n-api-meta.service[107124]: DEBUG nova.context [None req-5491a9e7-d206-4765-a123-7dcbac84c262 None None] Found 2 cells: 00000000-0000-0000-0000-000000000000(cell0),d063480b-4f7d-472a-9591-f12b062eb639(cell1) {{(pid=107124) load_cells /opt/stack/nova/nova/context.py:509}}
Mar 23 05:37:55.630184 np0000160282 devstack@n-api-meta.service[107124]: INFO nova.utils [None req-5491a9e7-d206-4765-a123-7dcbac84c262 None None] The cell worker thread pool MainProcess.cell_worker is initialized
Mar 23 05:37:55.631659 np0000160282 devstack@n-api-meta.service[107124]: DEBUG oslo_concurrency.lockutils [None req-5491a9e7-d206-4765-a123-7dcbac84c262 None None] Acquiring lock "00000000-0000-0000-0000-000000000000" by "nova.context.set_target_cell..get_or_set_cached_cell_and_set_connections" {{(pid=107124) inner /opt/stack/data/venv/lib/python3.12/site-packages/oslo_concurrency/lockutils.py:506}}
Mar 23 05:37:55.631820 np0000160282 devstack@n-api-meta.service[107124]: DEBUG oslo_concurrency.lockutils [None req-5491a9e7-d206-4765-a123-7dcbac84c262 None None] Lock "00000000-0000-0000-0000-000000000000" acquired by "nova.context.set_target_cell..get_or_set_cached_cell_and_set_connections" :: waited 0.000s {{(pid=107124) inner /opt/stack/data/venv/lib/python3.12/site-packages/oslo_concurrency/lockutils.py:519}}
Mar 23 05:37:55.632207 np0000160282 devstack@n-api-meta.service[107124]: DEBUG oslo_concurrency.lockutils [None req-5491a9e7-d206-4765-a123-7dcbac84c262 None None] Lock "00000000-0000-0000-0000-000000000000" "released" by "nova.context.set_target_cell..get_or_set_cached_cell_and_set_connections" :: held 0.000s {{(pid=107124) inner /opt/stack/data/venv/lib/python3.12/site-packages/oslo_concurrency/lockutils.py:538}}
Mar 23 05:37:55.632911 np0000160282 devstack@n-api-meta.service[107124]: DEBUG oslo_concurrency.lockutils [None req-5491a9e7-d206-4765-a123-7dcbac84c262 None None] Acquiring lock "d063480b-4f7d-472a-9591-f12b062eb639" by "nova.context.set_target_cell..get_or_set_cached_cell_and_set_connections" {{(pid=107124) inner /opt/stack/data/venv/lib/python3.12/site-packages/oslo_concurrency/lockutils.py:506}}
Mar 23 05:37:55.633059 np0000160282 devstack@n-api-meta.service[107124]: DEBUG oslo_concurrency.lockutils [None req-5491a9e7-d206-4765-a123-7dcbac84c262 None None] Lock "d063480b-4f7d-472a-9591-f12b062eb639" acquired by "nova.context.set_target_cell..get_or_set_cached_cell_and_set_connections" :: waited 0.000s {{(pid=107124) inner /opt/stack/data/venv/lib/python3.12/site-packages/oslo_concurrency/lockutils.py:519}}
Mar 23 05:37:55.634204 np0000160282 devstack@n-api-meta.service[107124]: DEBUG oslo_concurrency.lockutils [None req-5491a9e7-d206-4765-a123-7dcbac84c262 None None] Lock "d063480b-4f7d-472a-9591-f12b062eb639" "released" by "nova.context.set_target_cell..get_or_set_cached_cell_and_set_connections" :: held 0.001s {{(pid=107124) inner /opt/stack/data/venv/lib/python3.12/site-packages/oslo_concurrency/lockutils.py:538}}
Mar 23 05:37:55.636462 np0000160282 devstack@n-api-meta.service[107124]: INFO dbcounter [None req-5491a9e7-d206-4765-a123-7dcbac84c262 None None] Registered counter for database nova_cell0
Mar 23 05:37:55.637384 np0000160282 devstack@n-api-meta.service[107122]: DEBUG oslo_db.sqlalchemy.engines [None req-018302bd-f207-4f00-9eef-346b501dc902 None None] MySQL server mode set to STRICT_TRANS_TABLES,STRICT_ALL_TABLES,NO_ZERO_IN_DATE,NO_ZERO_DATE,ERROR_FOR_DIVISION_BY_ZERO,TRADITIONAL,NO_ENGINE_SUBSTITUTION {{(pid=107122) _check_effective_sql_mode /opt/stack/data/venv/lib/python3.12/site-packages/oslo_db/sqlalchemy/engines.py:325}}
Mar 23 05:37:55.641010 np0000160282 devstack@n-api-meta.service[107124]: INFO dbcounter [None req-5491a9e7-d206-4765-a123-7dcbac84c262 None None] Registered counter for database nova_cell1
Mar 23 05:37:55.643325 np0000160282 devstack@n-api-meta.service[107123]: DEBUG dbcounter [-] [107123] Writer thread running {{(pid=107123) stat_writer /opt/stack/data/venv/lib/python3.12/site-packages/dbcounter.py:102}}
Mar 23 05:37:55.644043 np0000160282 devstack@n-api-meta.service[107123]: DEBUG dbcounter [-] [107123] Writer thread running {{(pid=107123) stat_writer /opt/stack/data/venv/lib/python3.12/site-packages/dbcounter.py:102}}
Mar 23 05:37:55.647516 np0000160282 devstack@n-api-meta.service[107123]: INFO dbcounter [None req-bf9b6c77-85df-4ad9-b70a-0faf12c8db5e None None] Registered counter for database nova_cell0
Mar 23 05:37:55.648687 np0000160282 devstack@n-api-meta.service[107124]: DEBUG oslo_db.sqlalchemy.engines [None req-5491a9e7-d206-4765-a123-7dcbac84c262 None None] MySQL server mode set to STRICT_TRANS_TABLES,STRICT_ALL_TABLES,NO_ZERO_IN_DATE,NO_ZERO_DATE,ERROR_FOR_DIVISION_BY_ZERO,TRADITIONAL,NO_ENGINE_SUBSTITUTION {{(pid=107124) _check_effective_sql_mode /opt/stack/data/venv/lib/python3.12/site-packages/oslo_db/sqlalchemy/engines.py:325}}
Mar 23 05:37:55.653727 np0000160282 devstack@n-api-meta.service[107124]: DEBUG oslo_db.sqlalchemy.engines [None req-5491a9e7-d206-4765-a123-7dcbac84c262 None None] MySQL server mode set to STRICT_TRANS_TABLES,STRICT_ALL_TABLES,NO_ZERO_IN_DATE,NO_ZERO_DATE,ERROR_FOR_DIVISION_BY_ZERO,TRADITIONAL,NO_ENGINE_SUBSTITUTION {{(pid=107124) _check_effective_sql_mode /opt/stack/data/venv/lib/python3.12/site-packages/oslo_db/sqlalchemy/engines.py:325}}
Mar 23 05:37:55.655247 np0000160282 devstack@n-api-meta.service[107123]: DEBUG oslo_db.sqlalchemy.engines [None req-bf9b6c77-85df-4ad9-b70a-0faf12c8db5e None None] MySQL server mode set to STRICT_TRANS_TABLES,STRICT_ALL_TABLES,NO_ZERO_IN_DATE,NO_ZERO_DATE,ERROR_FOR_DIVISION_BY_ZERO,TRADITIONAL,NO_ENGINE_SUBSTITUTION {{(pid=107123) _check_effective_sql_mode /opt/stack/data/venv/lib/python3.12/site-packages/oslo_db/sqlalchemy/engines.py:325}}
Mar 23 05:37:55.661056 np0000160282 devstack@n-api-meta.service[107123]: DEBUG dbcounter [-] [107123] Writer thread running {{(pid=107123) stat_writer /opt/stack/data/venv/lib/python3.12/site-packages/dbcounter.py:102}}
Mar 23 05:37:55.702593 np0000160282 devstack@n-api-meta.service[107123]: WARNING nova.api.metadata.handler [None req-bf9b6c77-85df-4ad9-b70a-0faf12c8db5e None None] metadata_proxy_shared_secret is not configured, the metadata information returned by the proxy cannot be trusted
Mar 23 05:37:55.704649 np0000160282 devstack@n-api-meta.service[107123]: DEBUG nova.api.openstack.wsgi_app [None req-bf9b6c77-85df-4ad9-b70a-0faf12c8db5e None None] ******************************************************************************** {{(pid=107123) log_opt_values /opt/stack/data/venv/lib/python3.12/site-packages/oslo_config/cfg.py:2979}}
Mar 23 05:37:55.704764 np0000160282 devstack@n-api-meta.service[107123]: DEBUG nova.api.openstack.wsgi_app [None req-bf9b6c77-85df-4ad9-b70a-0faf12c8db5e None None] Configuration options gathered from: {{(pid=107123) log_opt_values /opt/stack/data/venv/lib/python3.12/site-packages/oslo_config/cfg.py:2980}}
Mar 23 05:37:55.704871 np0000160282 devstack@n-api-meta.service[107123]: DEBUG nova.api.openstack.wsgi_app [None req-bf9b6c77-85df-4ad9-b70a-0faf12c8db5e None None] command line args: [] {{(pid=107123) log_opt_values /opt/stack/data/venv/lib/python3.12/site-packages/oslo_config/cfg.py:2981}}
Mar 23 05:37:55.705038 np0000160282 devstack@n-api-meta.service[107123]: DEBUG nova.api.openstack.wsgi_app [None req-bf9b6c77-85df-4ad9-b70a-0faf12c8db5e None None] config files: ['/etc/nova/api-paste.ini', '/etc/nova/nova.conf'] {{(pid=107123) log_opt_values /opt/stack/data/venv/lib/python3.12/site-packages/oslo_config/cfg.py:2982}}
Mar 23 05:37:55.705143 np0000160282 devstack@n-api-meta.service[107123]: DEBUG nova.api.openstack.wsgi_app [None req-bf9b6c77-85df-4ad9-b70a-0faf12c8db5e None None] ================================================================================ {{(pid=107123) log_opt_values /opt/stack/data/venv/lib/python3.12/site-packages/oslo_config/cfg.py:2987}}
Mar 23 05:37:55.705305 np0000160282 devstack@n-api-meta.service[107123]: DEBUG nova.api.openstack.wsgi_app [None req-bf9b6c77-85df-4ad9-b70a-0faf12c8db5e None None] allow_resize_to_same_host = True {{(pid=107123) log_opt_values /opt/stack/data/venv/lib/python3.12/site-packages/oslo_config/cfg.py:2995}}
Mar 23 05:37:55.705435 np0000160282 devstack@n-api-meta.service[107123]: DEBUG nova.api.openstack.wsgi_app [None req-bf9b6c77-85df-4ad9-b70a-0faf12c8db5e None None] arq_binding_timeout = 300 {{(pid=107123) log_opt_values /opt/stack/data/venv/lib/python3.12/site-packages/oslo_config/cfg.py:2995}}
Mar 23 05:37:55.705625 np0000160282 devstack@n-api-meta.service[107123]: DEBUG nova.api.openstack.wsgi_app [None req-bf9b6c77-85df-4ad9-b70a-0faf12c8db5e None None] block_device_allocate_retries = 60 {{(pid=107123) log_opt_values /opt/stack/data/venv/lib/python3.12/site-packages/oslo_config/cfg.py:2995}}
Mar 23 05:37:55.705739 np0000160282 devstack@n-api-meta.service[107123]: DEBUG nova.api.openstack.wsgi_app [None req-bf9b6c77-85df-4ad9-b70a-0faf12c8db5e None None] block_device_allocate_retries_interval = 3 {{(pid=107123) log_opt_values /opt/stack/data/venv/lib/python3.12/site-packages/oslo_config/cfg.py:2995}}
Mar 23 05:37:55.705925 np0000160282 devstack@n-api-meta.service[107123]: DEBUG nova.api.openstack.wsgi_app [None req-bf9b6c77-85df-4ad9-b70a-0faf12c8db5e None None] cell_worker_thread_pool_size = 5 {{(pid=107123) log_opt_values /opt/stack/data/venv/lib/python3.12/site-packages/oslo_config/cfg.py:2995}}
Mar 23 05:37:55.706066 np0000160282 devstack@n-api-meta.service[107123]: DEBUG nova.api.openstack.wsgi_app [None req-bf9b6c77-85df-4ad9-b70a-0faf12c8db5e None None] cert = self.pem {{(pid=107123) log_opt_values /opt/stack/data/venv/lib/python3.12/site-packages/oslo_config/cfg.py:2995}}
Mar 23 05:37:55.706196 np0000160282 devstack@n-api-meta.service[107123]: DEBUG nova.api.openstack.wsgi_app [None req-bf9b6c77-85df-4ad9-b70a-0faf12c8db5e None None] compute_driver = libvirt.LibvirtDriver {{(pid=107123) log_opt_values /opt/stack/data/venv/lib/python3.12/site-packages/oslo_config/cfg.py:2995}}
Mar 23 05:37:55.706328 np0000160282 devstack@n-api-meta.service[107123]: DEBUG nova.api.openstack.wsgi_app [None req-bf9b6c77-85df-4ad9-b70a-0faf12c8db5e None None] compute_monitors = [] {{(pid=107123) log_opt_values /opt/stack/data/venv/lib/python3.12/site-packages/oslo_config/cfg.py:2995}}
Mar 23 05:37:55.706462 np0000160282 devstack@n-api-meta.service[107123]: DEBUG nova.api.openstack.wsgi_app [None req-bf9b6c77-85df-4ad9-b70a-0faf12c8db5e None None] config_dir = [] {{(pid=107123) log_opt_values /opt/stack/data/venv/lib/python3.12/site-packages/oslo_config/cfg.py:2995}}
Mar 23 05:37:55.706619 np0000160282 devstack@n-api-meta.service[107123]: DEBUG nova.api.openstack.wsgi_app [None req-bf9b6c77-85df-4ad9-b70a-0faf12c8db5e None None] config_drive_format = iso9660 {{(pid=107123) log_opt_values /opt/stack/data/venv/lib/python3.12/site-packages/oslo_config/cfg.py:2995}}
Mar 23 05:37:55.706684 np0000160282 devstack@n-api-meta.service[107121]: DEBUG dbcounter [-] [107121] Writer thread running {{(pid=107121) stat_writer /opt/stack/data/venv/lib/python3.12/site-packages/dbcounter.py:102}}
Mar 23 05:37:55.706775 np0000160282 devstack@n-api-meta.service[107123]: DEBUG nova.api.openstack.wsgi_app [None req-bf9b6c77-85df-4ad9-b70a-0faf12c8db5e None None] config_file = ['/etc/nova/api-paste.ini', '/etc/nova/nova.conf'] {{(pid=107123) log_opt_values /opt/stack/data/venv/lib/python3.12/site-packages/oslo_config/cfg.py:2995}}
Mar 23 05:37:55.707048 np0000160282 devstack@n-api-meta.service[107123]: DEBUG nova.api.openstack.wsgi_app [None req-bf9b6c77-85df-4ad9-b70a-0faf12c8db5e None None] config_source = [] {{(pid=107123) log_opt_values /opt/stack/data/venv/lib/python3.12/site-packages/oslo_config/cfg.py:2995}}
Mar 23 05:37:55.707305 np0000160282 devstack@n-api-meta.service[107123]: DEBUG nova.api.openstack.wsgi_app [None req-bf9b6c77-85df-4ad9-b70a-0faf12c8db5e None None] console_host = np0000160282 {{(pid=107123) log_opt_values /opt/stack/data/venv/lib/python3.12/site-packages/oslo_config/cfg.py:2995}}
Mar 23 05:37:55.707361 np0000160282 devstack@n-api-meta.service[107121]: DEBUG dbcounter [-] [107121] Writer thread running {{(pid=107121) stat_writer /opt/stack/data/venv/lib/python3.12/site-packages/dbcounter.py:102}}
Mar 23 05:37:55.707574 np0000160282 devstack@n-api-meta.service[107123]: DEBUG nova.api.openstack.wsgi_app [None req-bf9b6c77-85df-4ad9-b70a-0faf12c8db5e None None] control_exchange = nova {{(pid=107123) log_opt_values /opt/stack/data/venv/lib/python3.12/site-packages/oslo_config/cfg.py:2995}}
Mar 23 05:37:55.707826 np0000160282 devstack@n-api-meta.service[107123]: DEBUG nova.api.openstack.wsgi_app [None req-bf9b6c77-85df-4ad9-b70a-0faf12c8db5e None None] cpu_allocation_ratio = None {{(pid=107123) log_opt_values /opt/stack/data/venv/lib/python3.12/site-packages/oslo_config/cfg.py:2995}}
Mar 23 05:37:55.708075 np0000160282 devstack@n-api-meta.service[107123]: DEBUG nova.api.openstack.wsgi_app [None req-bf9b6c77-85df-4ad9-b70a-0faf12c8db5e None None] daemon = False {{(pid=107123) log_opt_values /opt/stack/data/venv/lib/python3.12/site-packages/oslo_config/cfg.py:2995}}
Mar 23 05:37:55.708268 np0000160282 devstack@n-api-meta.service[107123]: DEBUG nova.api.openstack.wsgi_app [None req-bf9b6c77-85df-4ad9-b70a-0faf12c8db5e None None] debug = True {{(pid=107123) log_opt_values /opt/stack/data/venv/lib/python3.12/site-packages/oslo_config/cfg.py:2995}}
Mar 23 05:37:55.708450 np0000160282 devstack@n-api-meta.service[107123]: DEBUG nova.api.openstack.wsgi_app [None req-bf9b6c77-85df-4ad9-b70a-0faf12c8db5e None None] default_access_ip_network_name = None {{(pid=107123) log_opt_values /opt/stack/data/venv/lib/python3.12/site-packages/oslo_config/cfg.py:2995}}
Mar 23 05:37:55.708643 np0000160282 devstack@n-api-meta.service[107123]: DEBUG nova.api.openstack.wsgi_app [None req-bf9b6c77-85df-4ad9-b70a-0faf12c8db5e None None] default_availability_zone = nova {{(pid=107123) log_opt_values /opt/stack/data/venv/lib/python3.12/site-packages/oslo_config/cfg.py:2995}}
Mar 23 05:37:55.708831 np0000160282 devstack@n-api-meta.service[107123]: DEBUG nova.api.openstack.wsgi_app [None req-bf9b6c77-85df-4ad9-b70a-0faf12c8db5e None None] default_ephemeral_format = ext4 {{(pid=107123) log_opt_values /opt/stack/data/venv/lib/python3.12/site-packages/oslo_config/cfg.py:2995}}
Mar 23 05:37:55.709042 np0000160282 devstack@n-api-meta.service[107123]: DEBUG nova.api.openstack.wsgi_app [None req-bf9b6c77-85df-4ad9-b70a-0faf12c8db5e None None] default_green_pool_size = 1000 {{(pid=107123) log_opt_values /opt/stack/data/venv/lib/python3.12/site-packages/oslo_config/cfg.py:2995}}
Mar 23 05:37:55.709337 np0000160282 devstack@n-api-meta.service[107123]: DEBUG nova.api.openstack.wsgi_app [None req-bf9b6c77-85df-4ad9-b70a-0faf12c8db5e None None] default_log_levels = ['amqp=WARN', 'boto=WARN', 'sqlalchemy=WARN', 'suds=INFO', 'oslo.messaging=INFO', 'oslo_messaging=INFO', 'iso8601=WARN', 'requests.packages.urllib3.connectionpool=WARN', 'urllib3.connectionpool=WARN', 'websocket=WARN', 'requests.packages.urllib3.util.retry=WARN', 'urllib3.util.retry=WARN', 'keystonemiddleware=WARN', 'routes.middleware=WARN', 'stevedore=WARN', 'taskflow=WARN', 'keystoneauth=WARN', 'oslo.cache=INFO', 'oslo_policy=INFO', 'dogpile.core.dogpile=INFO', 'glanceclient=WARN', 'oslo.privsep.daemon=INFO'] {{(pid=107123) log_opt_values /opt/stack/data/venv/lib/python3.12/site-packages/oslo_config/cfg.py:2995}}
Mar 23 05:37:55.709520 np0000160282 devstack@n-api-meta.service[107123]: DEBUG nova.api.openstack.wsgi_app [None req-bf9b6c77-85df-4ad9-b70a-0faf12c8db5e None None] default_schedule_zone = None {{(pid=107123) log_opt_values /opt/stack/data/venv/lib/python3.12/site-packages/oslo_config/cfg.py:2995}}
Mar 23 05:37:55.709724 np0000160282 devstack@n-api-meta.service[107123]: DEBUG nova.api.openstack.wsgi_app [None req-bf9b6c77-85df-4ad9-b70a-0faf12c8db5e None None] default_thread_pool_size = 10 {{(pid=107123) log_opt_values /opt/stack/data/venv/lib/python3.12/site-packages/oslo_config/cfg.py:2995}}
Mar 23 05:37:55.709929 np0000160282 devstack@n-api-meta.service[107123]: DEBUG nova.api.openstack.wsgi_app [None req-bf9b6c77-85df-4ad9-b70a-0faf12c8db5e None None] disk_allocation_ratio = None {{(pid=107123) log_opt_values /opt/stack/data/venv/lib/python3.12/site-packages/oslo_config/cfg.py:2995}}
Mar 23 05:37:55.710125 np0000160282 devstack@n-api-meta.service[107123]: DEBUG nova.api.openstack.wsgi_app [None req-bf9b6c77-85df-4ad9-b70a-0faf12c8db5e None None] enable_new_services = True {{(pid=107123) log_opt_values /opt/stack/data/venv/lib/python3.12/site-packages/oslo_config/cfg.py:2995}}
Mar 23 05:37:55.710306 np0000160282 devstack@n-api-meta.service[107123]: DEBUG nova.api.openstack.wsgi_app [None req-bf9b6c77-85df-4ad9-b70a-0faf12c8db5e None None] flat_injected = False {{(pid=107123) log_opt_values /opt/stack/data/venv/lib/python3.12/site-packages/oslo_config/cfg.py:2995}}
Mar 23 05:37:55.710487 np0000160282 devstack@n-api-meta.service[107123]: DEBUG nova.api.openstack.wsgi_app [None req-bf9b6c77-85df-4ad9-b70a-0faf12c8db5e None None] force_config_drive = False {{(pid=107123) log_opt_values /opt/stack/data/venv/lib/python3.12/site-packages/oslo_config/cfg.py:2995}}
Mar 23 05:37:55.710673 np0000160282 devstack@n-api-meta.service[107123]: DEBUG nova.api.openstack.wsgi_app [None req-bf9b6c77-85df-4ad9-b70a-0faf12c8db5e None None] force_raw_images = True {{(pid=107123) log_opt_values /opt/stack/data/venv/lib/python3.12/site-packages/oslo_config/cfg.py:2995}}
Mar 23 05:37:55.710875 np0000160282 devstack@n-api-meta.service[107123]: DEBUG nova.api.openstack.wsgi_app [None req-bf9b6c77-85df-4ad9-b70a-0faf12c8db5e None None] graceful_shutdown_timeout = 5 {{(pid=107123) log_opt_values /opt/stack/data/venv/lib/python3.12/site-packages/oslo_config/cfg.py:2995}}
Mar 23 05:37:55.711116 np0000160282 devstack@n-api-meta.service[107123]: DEBUG nova.api.openstack.wsgi_app [None req-bf9b6c77-85df-4ad9-b70a-0faf12c8db5e None None] heal_instance_info_cache_interval = -1 {{(pid=107123) log_opt_values /opt/stack/data/venv/lib/python3.12/site-packages/oslo_config/cfg.py:2995}}
Mar 23 05:37:55.711379 np0000160282 devstack@n-api-meta.service[107123]: DEBUG nova.api.openstack.wsgi_app [None req-bf9b6c77-85df-4ad9-b70a-0faf12c8db5e None None] host = np0000160282 {{(pid=107123) log_opt_values /opt/stack/data/venv/lib/python3.12/site-packages/oslo_config/cfg.py:2995}}
Mar 23 05:37:55.711569 np0000160282 devstack@n-api-meta.service[107123]: DEBUG nova.api.openstack.wsgi_app [None req-bf9b6c77-85df-4ad9-b70a-0faf12c8db5e None None] initial_cpu_allocation_ratio = 4.0 {{(pid=107123) log_opt_values /opt/stack/data/venv/lib/python3.12/site-packages/oslo_config/cfg.py:2995}}
Mar 23 05:37:55.711753 np0000160282 devstack@n-api-meta.service[107123]: DEBUG nova.api.openstack.wsgi_app [None req-bf9b6c77-85df-4ad9-b70a-0faf12c8db5e None None] initial_disk_allocation_ratio = 1.0 {{(pid=107123) log_opt_values /opt/stack/data/venv/lib/python3.12/site-packages/oslo_config/cfg.py:2995}}
Mar 23 05:37:55.711961 np0000160282 devstack@n-api-meta.service[107123]: DEBUG nova.api.openstack.wsgi_app [None req-bf9b6c77-85df-4ad9-b70a-0faf12c8db5e None None] initial_ram_allocation_ratio = 1.0 {{(pid=107123) log_opt_values /opt/stack/data/venv/lib/python3.12/site-packages/oslo_config/cfg.py:2995}}
Mar 23 05:37:55.712204 np0000160282 devstack@n-api-meta.service[107123]: DEBUG nova.api.openstack.wsgi_app [None req-bf9b6c77-85df-4ad9-b70a-0faf12c8db5e None None] injected_network_template = /opt/stack/nova/nova/virt/interfaces.template {{(pid=107123) log_opt_values /opt/stack/data/venv/lib/python3.12/site-packages/oslo_config/cfg.py:2995}}
Mar 23 05:37:55.712394 np0000160282 devstack@n-api-meta.service[107123]: DEBUG nova.api.openstack.wsgi_app [None req-bf9b6c77-85df-4ad9-b70a-0faf12c8db5e None None] instance_build_timeout = 0 {{(pid=107123) log_opt_values /opt/stack/data/venv/lib/python3.12/site-packages/oslo_config/cfg.py:2995}}
Mar 23 05:37:55.712585 np0000160282 devstack@n-api-meta.service[107123]: DEBUG nova.api.openstack.wsgi_app [None req-bf9b6c77-85df-4ad9-b70a-0faf12c8db5e None None] instance_delete_interval = 300 {{(pid=107123) log_opt_values /opt/stack/data/venv/lib/python3.12/site-packages/oslo_config/cfg.py:2995}}
Mar 23 05:37:55.712778 np0000160282 devstack@n-api-meta.service[107123]: DEBUG nova.api.openstack.wsgi_app [None req-bf9b6c77-85df-4ad9-b70a-0faf12c8db5e None None] instance_format = [instance: %(uuid)s] {{(pid=107123) log_opt_values /opt/stack/data/venv/lib/python3.12/site-packages/oslo_config/cfg.py:2995}}
Mar 23 05:37:55.713063 np0000160282 devstack@n-api-meta.service[107123]: DEBUG nova.api.openstack.wsgi_app [None req-bf9b6c77-85df-4ad9-b70a-0faf12c8db5e None None] instance_name_template = instance-%08x {{(pid=107123) log_opt_values /opt/stack/data/venv/lib/python3.12/site-packages/oslo_config/cfg.py:2995}}
Mar 23 05:37:55.713256 np0000160282 devstack@n-api-meta.service[107123]: DEBUG nova.api.openstack.wsgi_app [None req-bf9b6c77-85df-4ad9-b70a-0faf12c8db5e None None] instance_usage_audit = False {{(pid=107123) log_opt_values /opt/stack/data/venv/lib/python3.12/site-packages/oslo_config/cfg.py:2995}}
Mar 23 05:37:55.713431 np0000160282 devstack@n-api-meta.service[107121]: INFO dbcounter [None req-dcee4192-4d58-4bff-8a18-b3877e77574b None None] Registered counter for database nova_cell0
Mar 23 05:37:55.713479 np0000160282 devstack@n-api-meta.service[107123]: DEBUG nova.api.openstack.wsgi_app [None req-bf9b6c77-85df-4ad9-b70a-0faf12c8db5e None None] instance_usage_audit_period = month {{(pid=107123) log_opt_values /opt/stack/data/venv/lib/python3.12/site-packages/oslo_config/cfg.py:2995}}
Mar 23 05:37:55.713753 np0000160282 devstack@n-api-meta.service[107123]: DEBUG nova.api.openstack.wsgi_app [None req-bf9b6c77-85df-4ad9-b70a-0faf12c8db5e None None] instance_uuid_format = [instance: %(uuid)s] {{(pid=107123) log_opt_values /opt/stack/data/venv/lib/python3.12/site-packages/oslo_config/cfg.py:2995}}
Mar 23 05:37:55.714026 np0000160282 devstack@n-api-meta.service[107123]: DEBUG nova.api.openstack.wsgi_app [None req-bf9b6c77-85df-4ad9-b70a-0faf12c8db5e None None] instances_path = /opt/stack/data/nova/instances {{(pid=107123) log_opt_values /opt/stack/data/venv/lib/python3.12/site-packages/oslo_config/cfg.py:2995}}
Mar 23 05:37:55.714233 np0000160282 devstack@n-api-meta.service[107123]: DEBUG nova.api.openstack.wsgi_app [None req-bf9b6c77-85df-4ad9-b70a-0faf12c8db5e None None] internal_service_availability_zone = internal {{(pid=107123) log_opt_values /opt/stack/data/venv/lib/python3.12/site-packages/oslo_config/cfg.py:2995}}
Mar 23 05:37:55.714415 np0000160282 devstack@n-api-meta.service[107123]: DEBUG nova.api.openstack.wsgi_app [None req-bf9b6c77-85df-4ad9-b70a-0faf12c8db5e None None] key = None {{(pid=107123) log_opt_values /opt/stack/data/venv/lib/python3.12/site-packages/oslo_config/cfg.py:2995}}
Mar 23 05:37:55.714744 np0000160282 devstack@n-api-meta.service[107123]: DEBUG nova.api.openstack.wsgi_app [None req-bf9b6c77-85df-4ad9-b70a-0faf12c8db5e None None] live_migration_retry_count = 30 {{(pid=107123) log_opt_values /opt/stack/data/venv/lib/python3.12/site-packages/oslo_config/cfg.py:2995}}
Mar 23 05:37:55.714744 np0000160282 devstack@n-api-meta.service[107123]: DEBUG nova.api.openstack.wsgi_app [None req-bf9b6c77-85df-4ad9-b70a-0faf12c8db5e None None] log_color = False {{(pid=107123) log_opt_values /opt/stack/data/venv/lib/python3.12/site-packages/oslo_config/cfg.py:2995}}
Mar 23 05:37:55.714832 np0000160282 devstack@n-api-meta.service[107123]: DEBUG nova.api.openstack.wsgi_app [None req-bf9b6c77-85df-4ad9-b70a-0faf12c8db5e None None] log_config_append = None {{(pid=107123) log_opt_values /opt/stack/data/venv/lib/python3.12/site-packages/oslo_config/cfg.py:2995}}
Mar 23 05:37:55.714993 np0000160282 devstack@n-api-meta.service[107123]: DEBUG nova.api.openstack.wsgi_app [None req-bf9b6c77-85df-4ad9-b70a-0faf12c8db5e None None] log_date_format = %Y-%m-%d %H:%M:%S {{(pid=107123) log_opt_values /opt/stack/data/venv/lib/python3.12/site-packages/oslo_config/cfg.py:2995}}
Mar 23 05:37:55.715852 np0000160282 devstack@n-api-meta.service[107123]: DEBUG nova.api.openstack.wsgi_app [None req-bf9b6c77-85df-4ad9-b70a-0faf12c8db5e None None] log_dir = None {{(pid=107123) log_opt_values /opt/stack/data/venv/lib/python3.12/site-packages/oslo_config/cfg.py:2995}}
Mar 23 05:37:55.715852 np0000160282 devstack@n-api-meta.service[107123]: DEBUG nova.api.openstack.wsgi_app [None req-bf9b6c77-85df-4ad9-b70a-0faf12c8db5e None None] log_file = None {{(pid=107123) log_opt_values /opt/stack/data/venv/lib/python3.12/site-packages/oslo_config/cfg.py:2995}}
Mar 23 05:37:55.715852 np0000160282 devstack@n-api-meta.service[107123]: DEBUG nova.api.openstack.wsgi_app [None req-bf9b6c77-85df-4ad9-b70a-0faf12c8db5e None None] log_options = True {{(pid=107123) log_opt_values /opt/stack/data/venv/lib/python3.12/site-packages/oslo_config/cfg.py:2995}}
Mar 23 05:37:55.715852 np0000160282 devstack@n-api-meta.service[107123]: DEBUG nova.api.openstack.wsgi_app [None req-bf9b6c77-85df-4ad9-b70a-0faf12c8db5e None None] log_rotate_interval = 1 {{(pid=107123) log_opt_values /opt/stack/data/venv/lib/python3.12/site-packages/oslo_config/cfg.py:2995}}
Mar 23 05:37:55.715852 np0000160282 devstack@n-api-meta.service[107123]: DEBUG nova.api.openstack.wsgi_app [None req-bf9b6c77-85df-4ad9-b70a-0faf12c8db5e None None] log_rotate_interval_type = days {{(pid=107123) log_opt_values /opt/stack/data/venv/lib/python3.12/site-packages/oslo_config/cfg.py:2995}}
Mar 23 05:37:55.715852 np0000160282 devstack@n-api-meta.service[107123]: DEBUG nova.api.openstack.wsgi_app [None req-bf9b6c77-85df-4ad9-b70a-0faf12c8db5e None None] log_rotation_type = none {{(pid=107123) log_opt_values /opt/stack/data/venv/lib/python3.12/site-packages/oslo_config/cfg.py:2995}}
Mar 23 05:37:55.716089 np0000160282 devstack@n-api-meta.service[107123]: DEBUG nova.api.openstack.wsgi_app [None req-bf9b6c77-85df-4ad9-b70a-0faf12c8db5e None None] logging_context_format_string = %(color)s%(levelname)s %(name)s [%(global_request_id)s %(request_id)s %(project_name)s %(user_name)s%(color)s] %(instance)s%(color)s%(message)s {{(pid=107123) log_opt_values /opt/stack/data/venv/lib/python3.12/site-packages/oslo_config/cfg.py:2995}}
Mar 23 05:37:55.716089 np0000160282 devstack@n-api-meta.service[107123]: DEBUG nova.api.openstack.wsgi_app [None req-bf9b6c77-85df-4ad9-b70a-0faf12c8db5e None None] logging_debug_format_suffix = {{(pid=%(process)d) %(funcName)s %(pathname)s:%(lineno)d}} {{(pid=107123) log_opt_values /opt/stack/data/venv/lib/python3.12/site-packages/oslo_config/cfg.py:2995}}
Mar 23 05:37:55.716167 np0000160282 devstack@n-api-meta.service[107123]: DEBUG nova.api.openstack.wsgi_app [None req-bf9b6c77-85df-4ad9-b70a-0faf12c8db5e None None] logging_default_format_string = %(color)s%(levelname)s %(name)s [-%(color)s] %(instance)s%(color)s%(message)s {{(pid=107123) log_opt_values /opt/stack/data/venv/lib/python3.12/site-packages/oslo_config/cfg.py:2995}}
Mar 23 05:37:55.716258 np0000160282 devstack@n-api-meta.service[107123]: DEBUG nova.api.openstack.wsgi_app [None req-bf9b6c77-85df-4ad9-b70a-0faf12c8db5e None None] logging_exception_prefix = ERROR %(name)s %(instance)s {{(pid=107123) log_opt_values /opt/stack/data/venv/lib/python3.12/site-packages/oslo_config/cfg.py:2995}}
Mar 23 05:37:55.716356 np0000160282 devstack@n-api-meta.service[107123]: DEBUG nova.api.openstack.wsgi_app [None req-bf9b6c77-85df-4ad9-b70a-0faf12c8db5e None None] logging_user_identity_format = %(user)s %(project)s %(domain)s %(system_scope)s %(user_domain)s %(project_domain)s {{(pid=107123) log_opt_values /opt/stack/data/venv/lib/python3.12/site-packages/oslo_config/cfg.py:2995}}
Mar 23 05:37:55.716482 np0000160282 devstack@n-api-meta.service[107123]: DEBUG nova.api.openstack.wsgi_app [None req-bf9b6c77-85df-4ad9-b70a-0faf12c8db5e None None] long_rpc_timeout = 1800 {{(pid=107123) log_opt_values /opt/stack/data/venv/lib/python3.12/site-packages/oslo_config/cfg.py:2995}}
