Jun 26 05:54:13.385197 np0000183136 devstack@neutron-api.service[103210]: DEBUG oslo_concurrency.processutils [None req-8edd1b69-7798-464d-b5f8-6b5fc80bed10 None None] Running cmd (subprocess): ovsdb-client transact ssl:199.204.45.222:6641 --timeout 180 -p /opt/stack/data/CA/int-ca/private/devstack-cert.key -c /opt/stack/data/CA/int-ca/devstack-cert.crt -C /opt/stack/data/CA/int-ca/ca-chain.pem ["OVN_Northbound", {"op": "wait", "timeout": 0, "table": "Port_Group", "where": [["name", "==", "pvlan_pg_drop"]], "until": "==", "rows": []}, {"op": "insert", "table": "ACL", "row": {"action": "drop", "direction": "to-lport", "match": "outport == @pvlan_pg_drop && ip", "priority": 1010}, "uuid-name": "pvlandroptoport"}, {"op": "insert", "table": "ACL", "row": {"action": "drop", "direction": "from-lport", "match": "inport == @pvlan_pg_drop && ip", "priority": 1010}, "uuid-name": "pvlandropfromport"}, {"op": "insert", "table": "Port_Group", "row": {"name": "pvlan_pg_drop", "acls": ["set", [["named-uuid", "pvlandroptoport"], ["named-uuid", "pvlandropfromport"]]]}}] {{(pid=103210) execute /opt/stack/data/venv/lib/python3.12/site-packages/oslo_concurrency/processutils.py:440}}
Jun 26 05:54:13.389479 np0000183136 devstack@neutron-api.service[103211]: DEBUG oslo_concurrency.processutils [None req-fa101507-b8a1-4fb9-958a-6aad8ba23c5c None None] CMD "ovsdb-client transact ssl:199.204.45.222:6641 --timeout 180 -p /opt/stack/data/CA/int-ca/private/devstack-cert.key -c /opt/stack/data/CA/int-ca/devstack-cert.crt -C /opt/stack/data/CA/int-ca/ca-chain.pem ["OVN_Northbound", {"op": "wait", "timeout": 0, "table": "Port_Group", "where": [["name", "==", "pvlan_pg_drop"]], "until": "==", "rows": []}, {"op": "insert", "table": "ACL", "row": {"action": "drop", "direction": "to-lport", "match": "outport == @pvlan_pg_drop && ip", "priority": 1010}, "uuid-name": "pvlandroptoport"}, {"op": "insert", "table": "ACL", "row": {"action": "drop", "direction": "from-lport", "match": "inport == @pvlan_pg_drop && ip", "priority": 1010}, "uuid-name": "pvlandropfromport"}, {"op": "insert", "table": "Port_Group", "row": {"name": "pvlan_pg_drop", "acls": ["set", [["named-uuid", "pvlandroptoport"], ["named-uuid", "pvlandropfromport"]]]}}]" returned: 0 in 0.043s {{(pid=103211) execute /opt/stack/data/venv/lib/python3.12/site-packages/oslo_concurrency/processutils.py:468}}
Jun 26 05:54:13.393272 np0000183136 devstack@neutron-api.service[103211]: WSGI app 0 (mountpoint='') ready in 7 seconds on interpreter 0x7d9f02aa3668 pid: 103211 (default app)
Jun 26 05:54:13.422010 np0000183136 devstack@neutron-api.service[103210]: DEBUG oslo_concurrency.processutils [None req-8edd1b69-7798-464d-b5f8-6b5fc80bed10 None None] CMD "ovsdb-client transact ssl:199.204.45.222:6641 --timeout 180 -p /opt/stack/data/CA/int-ca/private/devstack-cert.key -c /opt/stack/data/CA/int-ca/devstack-cert.crt -C /opt/stack/data/CA/int-ca/ca-chain.pem ["OVN_Northbound", {"op": "wait", "timeout": 0, "table": "Port_Group", "where": [["name", "==", "pvlan_pg_drop"]], "until": "==", "rows": []}, {"op": "insert", "table": "ACL", "row": {"action": "drop", "direction": "to-lport", "match": "outport == @pvlan_pg_drop && ip", "priority": 1010}, "uuid-name": "pvlandroptoport"}, {"op": "insert", "table": "ACL", "row": {"action": "drop", "direction": "from-lport", "match": "inport == @pvlan_pg_drop && ip", "priority": 1010}, "uuid-name": "pvlandropfromport"}, {"op": "insert", "table": "Port_Group", "row": {"name": "pvlan_pg_drop", "acls": ["set", [["named-uuid", "pvlandroptoport"], ["named-uuid", "pvlandropfromport"]]]}}]" returned: 0 in 0.036s {{(pid=103210) execute /opt/stack/data/venv/lib/python3.12/site-packages/oslo_concurrency/processutils.py:468}}
Jun 26 05:54:13.424501 np0000183136 devstack@neutron-api.service[103210]: WSGI app 0 (mountpoint='') ready in 7 seconds on interpreter 0x7d9f02aa3668 pid: 103210 (default app)
Jun 26 05:54:15.309688 np0000183136 devstack@neutron-api.service[103212]: DEBUG neutron.common.ovn.hash_ring_manager [-] Allow caching, nodes 4>=4 {{(pid=103212) _wait_startup_before_caching /opt/stack/neutron/neutron/common/ovn/hash_ring_manager.py:71}}
Jun 26 05:54:15.309688 np0000183136 devstack@neutron-api.service[103212]: DEBUG neutron.plugins.ml2.drivers.ovn.mech_driver.ovsdb.ovsdb_monitor [-] Hash Ring: Node 30fbb910631d57c0b2d1247ab6d55930 (host: np0000183136) handling event "update" for row 09c1e35c-8a35-464f-8733-fa09c767d635 (table: Connection) {{(pid=103212) notify /opt/stack/neutron/neutron/plugins/ml2/drivers/ovn/mech_driver/ovsdb/ovsdb_monitor.py:1015}}
Jun 26 05:54:17.800649 np0000183136 devstack@neutron-api.service[103212]: DEBUG neutron.plugins.ml2.drivers.ovn.mech_driver.ovsdb.ovsdb_monitor [-] Hash Ring: Node 30fbb910631d57c0b2d1247ab6d55930 (host: np0000183136) handling event "update" for row 09c1e35c-8a35-464f-8733-fa09c767d635 (table: Connection) {{(pid=103212) notify /opt/stack/neutron/neutron/plugins/ml2/drivers/ovn/mech_driver/ovsdb/ovsdb_monitor.py:1015}}
Jun 26 05:54:20.175835 np0000183136 devstack@neutron-api.service[103212]: DEBUG neutron.api.wsgi [None req-b41f1eb9-54b7-4c20-b557-144cc83b1d07 admin admin] Missing Content-Type {{(pid=103212) get_content_type /opt/stack/neutron/neutron/api/wsgi.py:80}}
Jun 26 05:54:20.176583 np0000183136 devstack@neutron-api.service[103212]: DEBUG neutron.api.wsgi [None req-b41f1eb9-54b7-4c20-b557-144cc83b1d07 admin admin] https://199.204.45.222/networking/v2.0/extensions returned with HTTP 200 {{(pid=103212) __call__ /opt/stack/neutron/neutron/api/wsgi.py:540}}
Jun 26 05:54:20.176583 np0000183136 devstack@neutron-api.service[103212]: [pid: 103212|app: 0|req: 2/2] 199.204.45.222 () {64 vars in 1323 bytes} [Fri Jun 26 05:54:19 2026] GET /networking/v2.0/extensions => generated 16171 bytes in 439 msecs (HTTP/1.1 200) 4 headers in 159 bytes (1 switches on core 0)
Jun 26 05:54:20.601439 np0000183136 devstack@neutron-api.service[103213]: DEBUG neutron.api.v2.base [None req-9381fe60-3fec-47f0-b1fc-8f0ee369a3d4 admin admin] Request body: {'subnetpool': {'name': 'shared-default-subnetpool-v4', 'default_prefixlen': 26, 'is_default': True, 'prefixes': ['10.1.0.0/20'], 'shared': True}} {{(pid=103213) prepare_request_body /opt/stack/neutron/neutron/api/v2/base.py:727}}
Jun 26 05:54:20.811120 np0000183136 devstack@neutron-api.service[103213]: DEBUG neutron.policy [None req-9381fe60-3fec-47f0-b1fc-8f0ee369a3d4 admin admin] Loaded default policies from ['neutron'] under neutron.policies entry points {{(pid=103213) register_rules /opt/stack/neutron/neutron/policy.py:65}}
Jun 26 05:54:20.965819 np0000183136 devstack@neutron-api.service[103213]: DEBUG neutron_lib.callbacks.manager [None req-9381fe60-3fec-47f0-b1fc-8f0ee369a3d4 admin admin] Publish callbacks ['neutron.objects.securitygroup.RbacNeutronDbObjectMixin.validate_rbac_policy_change-2899238346237', 'neutron.objects.address_group.RbacNeutronDbObjectMixin.validate_rbac_policy_change-2899238380767', 'neutron.objects.network.RbacNeutronDbObjectMixin.validate_rbac_policy_change-2899238366183', 'neutron.objects.qos.policy.RbacNeutronDbObjectMixin.validate_rbac_policy_change-2899238371050', 'neutron.objects.subnetpool.RbacNeutronDbObjectMixin.validate_rbac_policy_change-2899238407432', 'neutron.objects.address_scope.RbacNeutronDbObjectMixin.validate_rbac_policy_change-2899238371099', 'neutron.plugins.ml2.plugin.External_net_db_mixin._process_ext_policy_create-2842', 'neutron.plugins.ml2.plugin.NeutronDbPluginV2.validate_network_rbac_policy_change-29222'] for rbac-policy (None), before_create {{(pid=103213) _notify_loop /opt/stack/data/venv/lib/python3.12/site-packages/neutron_lib/callbacks/manager.py:184}}
Jun 26 05:54:21.032250 np0000183136 devstack@neutron-api.service[103213]: DEBUG neutron_lib.callbacks.manager [None req-9381fe60-3fec-47f0-b1fc-8f0ee369a3d4 admin admin] Publish callbacks [] for subnetpool (None), before_response {{(pid=103213) _notify_loop /opt/stack/data/venv/lib/python3.12/site-packages/neutron_lib/callbacks/manager.py:184}}
Jun 26 05:54:21.032969 np0000183136 devstack@neutron-api.service[103213]: [pid: 103213|app: 0|req: 1/3] 199.204.45.222 () {68 vars in 1367 bytes} [Fri Jun 26 05:54:20 2026] POST /networking/v2.0/subnetpools => generated 533 bytes in 544 msecs (HTTP/1.1 201) 4 headers in 162 bytes (1 switches on core 0)
Jun 26 05:54:21.368494 np0000183136 devstack@neutron-api.service[103211]: DEBUG neutron.api.v2.base [None req-4b924aa4-93b0-4ff9-8e5a-cbb0e63e04a6 admin admin] Request body: {'subnetpool': {'name': 'shared-default-subnetpool-v6', 'default_prefixlen': 64, 'is_default': True, 'prefixes': ['fd08:e4c8:15a0::/56'], 'shared': True}} {{(pid=103211) prepare_request_body /opt/stack/neutron/neutron/api/v2/base.py:727}}
Jun 26 05:54:21.547768 np0000183136 devstack@neutron-api.service[103211]: DEBUG neutron.policy [None req-4b924aa4-93b0-4ff9-8e5a-cbb0e63e04a6 admin admin] Loaded default policies from ['neutron'] under neutron.policies entry points {{(pid=103211) register_rules /opt/stack/neutron/neutron/policy.py:65}}
Jun 26 05:54:21.720237 np0000183136 devstack@neutron-api.service[103211]: DEBUG neutron_lib.callbacks.manager [None req-4b924aa4-93b0-4ff9-8e5a-cbb0e63e04a6 admin admin] Publish callbacks ['neutron.objects.securitygroup.RbacNeutronDbObjectMixin.validate_rbac_policy_change-2899238346237', 'neutron.objects.address_group.RbacNeutronDbObjectMixin.validate_rbac_policy_change-2899238380767', 'neutron.objects.network.RbacNeutronDbObjectMixin.validate_rbac_policy_change-2899238366183', 'neutron.objects.qos.policy.RbacNeutronDbObjectMixin.validate_rbac_policy_change-2899238371050', 'neutron.objects.subnetpool.RbacNeutronDbObjectMixin.validate_rbac_policy_change-2899238407432', 'neutron.objects.address_scope.RbacNeutronDbObjectMixin.validate_rbac_policy_change-2899238371099', 'neutron.plugins.ml2.plugin.External_net_db_mixin._process_ext_policy_create-409237', 'neutron.plugins.ml2.plugin.NeutronDbPluginV2.validate_network_rbac_policy_change-401143'] for rbac-policy (None), before_create {{(pid=103211) _notify_loop /opt/stack/data/venv/lib/python3.12/site-packages/neutron_lib/callbacks/manager.py:184}}
Jun 26 05:54:21.771763 np0000183136 devstack@neutron-api.service[103211]: DEBUG neutron_lib.callbacks.manager [None req-4b924aa4-93b0-4ff9-8e5a-cbb0e63e04a6 admin admin] Publish callbacks [] for subnetpool (None), before_response {{(pid=103211) _notify_loop /opt/stack/data/venv/lib/python3.12/site-packages/neutron_lib/callbacks/manager.py:184}}
Jun 26 05:54:21.772594 np0000183136 devstack@neutron-api.service[103211]: [pid: 103211|app: 0|req: 1/4] 199.204.45.222 () {68 vars in 1367 bytes} [Fri Jun 26 05:54:21 2026] POST /networking/v2.0/subnetpools => generated 543 bytes in 519 msecs (HTTP/1.1 201) 4 headers in 162 bytes (1 switches on core 0)
Jun 26 05:54:22.232127 np0000183136 devstack@neutron-api.service[103210]: DEBUG neutron.api.v2.base [None req-f2932d3e-ba39-42aa-bb69-50c27f588be5 admin admin] Request body: {'network': {'admin_state_up': True, 'name': 'private'}} {{(pid=103210) prepare_request_body /opt/stack/neutron/neutron/api/v2/base.py:727}}
Jun 26 05:54:22.269578 np0000183136 devstack@neutron-api.service[103210]: DEBUG neutron.pecan_wsgi.hooks.quota_enforcement [None req-f2932d3e-ba39-42aa-bb69-50c27f588be5 admin admin] Made reservation on behalf of 133f834b85e64e59b7f25756bb4b7f24 for: {'network': 1} {{(pid=103210) before /opt/stack/neutron/neutron/pecan_wsgi/hooks/quota_enforcement.py:66}}
Jun 26 05:54:22.448900 np0000183136 devstack@neutron-api.service[103210]: DEBUG neutron.policy [None req-f2932d3e-ba39-42aa-bb69-50c27f588be5 admin admin] Loaded default policies from ['neutron'] under neutron.policies entry points {{(pid=103210) register_rules /opt/stack/neutron/neutron/policy.py:65}}
Jun 26 05:54:22.553569 np0000183136 devstack@neutron-api.service[103210]: DEBUG neutron_lib.callbacks.manager [None req-f2932d3e-ba39-42aa-bb69-50c27f588be5 admin admin] Publish callbacks ['neutron.plugins.ml2.plugin.SecurityGroupDbMixin._ensure_default_security_group_handler-46752'] for network (None), before_create {{(pid=103210) _notify_loop /opt/stack/data/venv/lib/python3.12/site-packages/neutron_lib/callbacks/manager.py:184}}
Jun 26 05:54:22.575782 np0000183136 devstack@neutron-api.service[103210]: DEBUG neutron_lib.callbacks.manager [None req-f2932d3e-ba39-42aa-bb69-50c27f588be5 admin admin] Publish callbacks [] for security_group (None), before_create {{(pid=103210) _notify_loop /opt/stack/data/venv/lib/python3.12/site-packages/neutron_lib/callbacks/manager.py:184}}
Jun 26 05:54:22.684492 np0000183136 devstack@neutron-api.service[103210]: DEBUG neutron_lib.callbacks.manager [None req-f2932d3e-ba39-42aa-bb69-50c27f588be5 admin admin] Publish callbacks ['neutron.plugins.ml2.drivers.ovn.mech_driver.mech_driver.OVNMechanismDriver._create_security_group_precommit-834334'] for security_group (a56afc76-b344-4d3b-8945-fb2053eeb373), precommit_create {{(pid=103210) _notify_loop /opt/stack/data/venv/lib/python3.12/site-packages/neutron_lib/callbacks/manager.py:184}}
Jun 26 05:54:22.684638 np0000183136 devstack@neutron-api.service[103210]: DEBUG neutron.db.ovn_revision_numbers_db [None req-f2932d3e-ba39-42aa-bb69-50c27f588be5 admin admin] create_initial_revision uuid=a56afc76-b344-4d3b-8945-fb2053eeb373, type=security_groups, rev=-1 {{(pid=103210) create_initial_revision /opt/stack/neutron/neutron/db/ovn_revision_numbers_db.py:98}}
Jun 26 05:54:22.687107 np0000183136 devstack@neutron-api.service[103210]: DEBUG neutron.db.ovn_revision_numbers_db [None req-f2932d3e-ba39-42aa-bb69-50c27f588be5 admin admin] create_initial_revision uuid=08854dfd-1b8e-445a-9bac-561d30da7487, type=security_group_rules, rev=-1 {{(pid=103210) create_initial_revision /opt/stack/neutron/neutron/db/ovn_revision_numbers_db.py:98}}
Jun 26 05:54:22.688257 np0000183136 devstack@neutron-api.service[103210]: DEBUG neutron.db.ovn_revision_numbers_db [None req-f2932d3e-ba39-42aa-bb69-50c27f588be5 admin admin] create_initial_revision uuid=3a4c0482-9ac1-48ac-a98f-8e00f1ec5487, type=security_group_rules, rev=-1 {{(pid=103210) create_initial_revision /opt/stack/neutron/neutron/db/ovn_revision_numbers_db.py:98}}
Jun 26 05:54:22.689278 np0000183136 devstack@neutron-api.service[103210]: DEBUG neutron.db.ovn_revision_numbers_db [None req-f2932d3e-ba39-42aa-bb69-50c27f588be5 admin admin] create_initial_revision uuid=414f2fc8-69e6-40d6-b9ab-1f11993b6b92, type=security_group_rules, rev=-1 {{(pid=103210) create_initial_revision /opt/stack/neutron/neutron/db/ovn_revision_numbers_db.py:98}}
Jun 26 05:54:22.690274 np0000183136 devstack@neutron-api.service[103210]: DEBUG neutron.db.ovn_revision_numbers_db [None req-f2932d3e-ba39-42aa-bb69-50c27f588be5 admin admin] create_initial_revision uuid=c1b77179-27e2-422a-af2b-1729c64b7189, type=security_group_rules, rev=-1 {{(pid=103210) create_initial_revision /opt/stack/neutron/neutron/db/ovn_revision_numbers_db.py:98}}
Jun 26 05:54:22.697435 np0000183136 devstack@neutron-api.service[103210]: DEBUG neutron_lib.callbacks.manager [None req-f2932d3e-ba39-42aa-bb69-50c27f588be5 admin admin] Publish callbacks ['neutron.plugins.ml2.drivers.ovn.mech_driver.mech_driver.OVNMechanismDriver._create_security_group-834304', 'neutron.plugins.ml2.ovo_rpc._ObjectChangeHandler.handle_event-1478793'] for security_group (a56afc76-b344-4d3b-8945-fb2053eeb373), after_create {{(pid=103210) _notify_loop /opt/stack/data/venv/lib/python3.12/site-packages/neutron_lib/callbacks/manager.py:184}}
Jun 26 05:54:22.697624 np0000183136 devstack@neutron-api.service[103210]: INFO neutron.plugins.ml2.drivers.ovn.mech_driver.ovsdb.extensions.qos [None req-f2932d3e-ba39-42aa-bb69-50c27f588be5 admin admin] Starting OVNClientQosExtension
Jun 26 05:54:22.697820 np0000183136 devstack@neutron-api.service[103210]: INFO neutron.plugins.ml2.drivers.ovn.mech_driver.ovsdb.extensions.placement [None req-f2932d3e-ba39-42aa-bb69-50c27f588be5 admin admin] Starting OVNClientPlacementExtension
Jun 26 05:54:22.700157 np0000183136 devstack@neutron-api.service[103210]: DEBUG ovsdbapp.backend.ovs_idl.transaction [-] Running txn n=1 command(idx=0): PgAddCommand(_result=None, name=pg_a56afc76_b344_4d3b_8945_fb2053eeb373, may_exist=False, columns={'acls': [], 'external_ids': {'neutron:security_group_id': 'a56afc76-b344-4d3b-8945-fb2053eeb373'}}) {{(pid=103210) do_commit /opt/stack/data/venv/lib/python3.12/site-packages/ovsdbapp/backend/ovs_idl/transaction.py:89}}
Jun 26 05:54:22.703192 np0000183136 devstack@neutron-api.service[103210]: DEBUG ovsdbapp.backend.ovs_idl.transaction [-] Running txn n=1 command(idx=1): PgAclAddCommand(_result=None, entity=pg_a56afc76_b344_4d3b_8945_fb2053eeb373, direction=from-lport, priority=1002, match=inport == @pg_a56afc76_b344_4d3b_8945_fb2053eeb373 && ip6, action=allow-related, log=False, may_exist=True, severity=[], name=[], meter=[], external_ids={'neutron:security_group_rule_id': '08854dfd-1b8e-445a-9bac-561d30da7487'}) {{(pid=103210) do_commit /opt/stack/data/venv/lib/python3.12/site-packages/ovsdbapp/backend/ovs_idl/transaction.py:89}}
Jun 26 05:54:22.703925 np0000183136 devstack@neutron-api.service[103210]: DEBUG ovsdbapp.backend.ovs_idl.transaction [-] Running txn n=1 command(idx=2): PgAclAddCommand(_result=None, entity=pg_a56afc76_b344_4d3b_8945_fb2053eeb373, direction=from-lport, priority=1002, match=inport == @pg_a56afc76_b344_4d3b_8945_fb2053eeb373 && ip4, action=allow-related, log=False, may_exist=True, severity=[], name=[], meter=[], external_ids={'neutron:security_group_rule_id': '3a4c0482-9ac1-48ac-a98f-8e00f1ec5487'}) {{(pid=103210) do_commit /opt/stack/data/venv/lib/python3.12/site-packages/ovsdbapp/backend/ovs_idl/transaction.py:89}}
Jun 26 05:54:22.704621 np0000183136 devstack@neutron-api.service[103210]: DEBUG ovsdbapp.backend.ovs_idl.transaction [-] Running txn n=1 command(idx=3): PgAclAddCommand(_result=None, entity=pg_a56afc76_b344_4d3b_8945_fb2053eeb373, direction=to-lport, priority=1002, match=outport == @pg_a56afc76_b344_4d3b_8945_fb2053eeb373 && ip4 && ip4.src == $pg_a56afc76_b344_4d3b_8945_fb2053eeb373_ip4, action=allow-related, log=False, may_exist=True, severity=[], name=[], meter=[], external_ids={'neutron:security_group_rule_id': '414f2fc8-69e6-40d6-b9ab-1f11993b6b92'}) {{(pid=103210) do_commit /opt/stack/data/venv/lib/python3.12/site-packages/ovsdbapp/backend/ovs_idl/transaction.py:89}}
Jun 26 05:54:22.705070 np0000183136 devstack@neutron-api.service[103210]: DEBUG ovsdbapp.backend.ovs_idl.transaction [-] Running txn n=1 command(idx=4): PgAclAddCommand(_result=None, entity=pg_a56afc76_b344_4d3b_8945_fb2053eeb373, direction=to-lport, priority=1002, match=outport == @pg_a56afc76_b344_4d3b_8945_fb2053eeb373 && ip6 && ip6.src == $pg_a56afc76_b344_4d3b_8945_fb2053eeb373_ip6, action=allow-related, log=False, may_exist=True, severity=[], name=[], meter=[], external_ids={'neutron:security_group_rule_id': 'c1b77179-27e2-422a-af2b-1729c64b7189'}) {{(pid=103210) do_commit /opt/stack/data/venv/lib/python3.12/site-packages/ovsdbapp/backend/ovs_idl/transaction.py:89}}
Jun 26 05:54:22.714178 np0000183136 devstack@neutron-api.service[103210]: DEBUG neutron.plugins.ml2.drivers.ovn.mech_driver.ovsdb.ovsdb_monitor [-] Hash Ring: Node 4d0b7b445fb25e8aa634f41bf4b493eb (host: np0000183136) handling event "create" for row 85f0c3b9-a416-4295-a96d-514e5c973beb (table: ACL) {{(pid=103210) notify /opt/stack/neutron/neutron/plugins/ml2/drivers/ovn/mech_driver/ovsdb/ovsdb_monitor.py:1015}}
Jun 26 05:54:22.714178 np0000183136 devstack@neutron-api.service[103210]: DEBUG neutron.plugins.ml2.drivers.ovn.mech_driver.ovsdb.ovsdb_monitor [-] Hash Ring: Node 4d0b7b445fb25e8aa634f41bf4b493eb (host: np0000183136) handling event "create" for row ae189e07-da0e-491e-8cb7-6efcce36a047 (table: ACL) {{(pid=103210) notify /opt/stack/neutron/neutron/plugins/ml2/drivers/ovn/mech_driver/ovsdb/ovsdb_monitor.py:1015}}
Jun 26 05:54:22.717537 np0000183136 devstack@neutron-api.service[103213]: DEBUG neutron.plugins.ml2.drivers.ovn.mech_driver.ovsdb.ovsdb_monitor [-] Hash Ring: Node 6d38e4c22aac5470a24289f2fc183e85 (host: np0000183136) handling event "create" for row 20f32b76-6a9b-4f4a-9c51-f3db2884a42c (table: ACL) {{(pid=103213) notify /opt/stack/neutron/neutron/plugins/ml2/drivers/ovn/mech_driver/ovsdb/ovsdb_monitor.py:1015}}
Jun 26 05:54:22.718131 np0000183136 devstack@neutron-api.service[103212]: DEBUG neutron.plugins.ml2.drivers.ovn.mech_driver.ovsdb.ovsdb_monitor [-] Hash Ring: Node 30fbb910631d57c0b2d1247ab6d55930 (host: np0000183136) handling event "create" for row 20f32b76-6a9b-4f4a-9c51-f3db2884a42c (table: ACL) {{(pid=103212) notify /opt/stack/neutron/neutron/plugins/ml2/drivers/ovn/mech_driver/ovsdb/ovsdb_monitor.py:1015}}
Jun 26 05:54:22.718517 np0000183136 devstack@neutron-api.service[103213]: DEBUG neutron.plugins.ml2.drivers.ovn.mech_driver.ovsdb.ovsdb_monitor [-] Hash Ring: Node 6d38e4c22aac5470a24289f2fc183e85 (host: np0000183136) handling event "create" for row 383301bd-f3ce-4218-81c4-bf094b710d5d (table: Port_Group) {{(pid=103213) notify /opt/stack/neutron/neutron/plugins/ml2/drivers/ovn/mech_driver/ovsdb/ovsdb_monitor.py:1015}}
Jun 26 05:54:22.718964 np0000183136 devstack@neutron-api.service[103212]: DEBUG neutron.plugins.ml2.drivers.ovn.mech_driver.ovsdb.ovsdb_monitor [-] Hash Ring: Node 30fbb910631d57c0b2d1247ab6d55930 (host: np0000183136) handling event "create" for row 85f0c3b9-a416-4295-a96d-514e5c973beb (table: ACL) {{(pid=103212) notify /opt/stack/neutron/neutron/plugins/ml2/drivers/ovn/mech_driver/ovsdb/ovsdb_monitor.py:1015}}
Jun 26 05:54:22.718964 np0000183136 devstack@neutron-api.service[103212]: DEBUG neutron.plugins.ml2.drivers.ovn.mech_driver.ovsdb.ovsdb_monitor [-] Hash Ring: Node 30fbb910631d57c0b2d1247ab6d55930 (host: np0000183136) handling event "create" for row ae189e07-da0e-491e-8cb7-6efcce36a047 (table: ACL) {{(pid=103212) notify /opt/stack/neutron/neutron/plugins/ml2/drivers/ovn/mech_driver/ovsdb/ovsdb_monitor.py:1015}}
Jun 26 05:54:22.718964 np0000183136 devstack@neutron-api.service[103212]: DEBUG neutron.plugins.ml2.drivers.ovn.mech_driver.ovsdb.ovsdb_monitor [-] Hash Ring: Node 30fbb910631d57c0b2d1247ab6d55930 (host: np0000183136) handling event "create" for row e0df9747-6594-48b1-aa3d-7d519049b039 (table: ACL) {{(pid=103212) notify /opt/stack/neutron/neutron/plugins/ml2/drivers/ovn/mech_driver/ovsdb/ovsdb_monitor.py:1015}}
Jun 26 05:54:22.718964 np0000183136 devstack@neutron-api.service[103212]: DEBUG neutron.plugins.ml2.drivers.ovn.mech_driver.ovsdb.ovsdb_monitor [-] Hash Ring: Node 30fbb910631d57c0b2d1247ab6d55930 (host: np0000183136) handling event "create" for row 383301bd-f3ce-4218-81c4-bf094b710d5d (table: Port_Group) {{(pid=103212) notify /opt/stack/neutron/neutron/plugins/ml2/drivers/ovn/mech_driver/ovsdb/ovsdb_monitor.py:1015}}
Jun 26 05:54:22.751795 np0000183136 devstack@neutron-api.service[103210]: INFO neutron.db.ovn_revision_numbers_db [None req-f2932d3e-ba39-42aa-bb69-50c27f588be5 admin admin] Successfully bumped revision number for resource a56afc76-b344-4d3b-8945-fb2053eeb373 (type: security_groups) to 1
Jun 26 05:54:22.769065 np0000183136 devstack@neutron-api.service[103210]: INFO neutron.db.ovn_revision_numbers_db [None req-f2932d3e-ba39-42aa-bb69-50c27f588be5 admin admin] Successfully bumped revision number for resource 08854dfd-1b8e-445a-9bac-561d30da7487 (type: security_group_rules) to 0
Jun 26 05:54:22.782581 np0000183136 devstack@neutron-api.service[103210]: INFO neutron.db.ovn_revision_numbers_db [None req-f2932d3e-ba39-42aa-bb69-50c27f588be5 admin admin] Successfully bumped revision number for resource 3a4c0482-9ac1-48ac-a98f-8e00f1ec5487 (type: security_group_rules) to 0
Jun 26 05:54:22.796100 np0000183136 devstack@neutron-api.service[103210]: INFO neutron.db.ovn_revision_numbers_db [None req-f2932d3e-ba39-42aa-bb69-50c27f588be5 admin admin] Successfully bumped revision number for resource 414f2fc8-69e6-40d6-b9ab-1f11993b6b92 (type: security_group_rules) to 0
Jun 26 05:54:22.808172 np0000183136 devstack@neutron-api.service[103210]: INFO neutron.db.ovn_revision_numbers_db [None req-f2932d3e-ba39-42aa-bb69-50c27f588be5 admin admin] Successfully bumped revision number for resource c1b77179-27e2-422a-af2b-1729c64b7189 (type: security_group_rules) to 0
Jun 26 05:54:22.829309 np0000183136 devstack@neutron-api.service[103210]: DEBUG neutron.api.rpc.handlers.resources_rpc [None req-f2932d3e-ba39-42aa-bb69-50c27f588be5 admin admin] Pushing event updated for resources: {'SecurityGroup': ['ID=a56afc76-b344-4d3b-8945-fb2053eeb373,revision_number=1']} {{(pid=103210) push /opt/stack/neutron/neutron/api/rpc/handlers/resources_rpc.py:237}}
Jun 26 05:54:22.838868 np0000183136 devstack@neutron-api.service[103210]: DEBUG ovsdbapp.backend.ovs_idl.transaction [-] Running txn n=1 command(idx=0): CheckLivenessCommand(_result=None) {{(pid=103210) do_commit /opt/stack/data/venv/lib/python3.12/site-packages/ovsdbapp/backend/ovs_idl/transaction.py:89}}
Jun 26 05:54:22.843688 np0000183136 devstack@neutron-api.service[103212]: DEBUG neutron.plugins.ml2.drivers.ovn.mech_driver.ovsdb.ovsdb_monitor [-] Hash Ring: Node 30fbb910631d57c0b2d1247ab6d55930 (host: np0000183136) handling event "update" for row 36468133-7b1d-4bdf-a131-284aee2a2dcf (table: NB_Global) {{(pid=103212) notify /opt/stack/neutron/neutron/plugins/ml2/drivers/ovn/mech_driver/ovsdb/ovsdb_monitor.py:1015}}
Jun 26 05:54:22.846502 np0000183136 devstack@neutron-api.service[103210]: DEBUG neutron.api.rpc.callbacks.version_manager [None req-f2932d3e-ba39-42aa-bb69-50c27f588be5 admin admin] Tracked resource versions report:
Jun 26 05:54:22.846502 np0000183136 devstack@neutron-api.service[103210]: pushed versions:
Jun 26 05:54:22.846502 np0000183136 devstack@neutron-api.service[103210]: { 'AddressGroup': {'1.2'},
Jun 26 05:54:22.846502 np0000183136 devstack@neutron-api.service[103210]: 'Agent': {'1.1'},
Jun 26 05:54:22.846502 np0000183136 devstack@neutron-api.service[103210]: 'ConntrackHelper': {'1.0'},
Jun 26 05:54:22.846502 np0000183136 devstack@neutron-api.service[103210]: 'LocalIPAssociation': {'1.0'},
Jun 26 05:54:22.846502 np0000183136 devstack@neutron-api.service[103210]: 'Log': {'1.0'},
Jun 26 05:54:22.846502 np0000183136 devstack@neutron-api.service[103210]: 'NDPProxy': {'1.0'},
Jun 26 05:54:22.846502 np0000183136 devstack@neutron-api.service[103210]: 'Network': {'1.3'},
Jun 26 05:54:22.846502 np0000183136 devstack@neutron-api.service[103210]: 'Port': {'1.11'},
Jun 26 05:54:22.846502 np0000183136 devstack@neutron-api.service[103210]: 'PortForwarding': {'1.3'},
Jun 26 05:54:22.846502 np0000183136 devstack@neutron-api.service[103210]: 'QosPolicy': {'1.10'},
Jun 26 05:54:22.846502 np0000183136 devstack@neutron-api.service[103210]: 'SecurityGroup': {'1.6'},
Jun 26 05:54:22.846502 np0000183136 devstack@neutron-api.service[103210]: 'SecurityGroupRule': {'1.3'},
Jun 26 05:54:22.846502 np0000183136 devstack@neutron-api.service[103210]: 'SubPort': {'1.0'},
Jun 26 05:54:22.846502 np0000183136 devstack@neutron-api.service[103210]: 'Subnet': {'1.2'},
Jun 26 05:54:22.846502 np0000183136 devstack@neutron-api.service[103210]: 'Trunk': {'1.1'}}
Jun 26 05:54:22.846502 np0000183136 devstack@neutron-api.service[103210]: consumer versions:
Jun 26 05:54:22.846502 np0000183136 devstack@neutron-api.service[103210]: {}
Jun 26 05:54:22.846502 np0000183136 devstack@neutron-api.service[103210]: {{(pid=103210) report /opt/stack/neutron/neutron/api/rpc/callbacks/version_manager.py:183}}
Jun 26 05:54:22.848535 np0000183136 devstack@neutron-api.service[103212]: DEBUG neutron.plugins.ml2.drivers.ovn.mech_driver.ovsdb.ovsdb_monitor [-] ChassisAgentWriteEvent : Matched Chassis_Private, update, None None {{(pid=103212) matches /opt/stack/neutron/neutron/plugins/ml2/drivers/ovn/mech_driver/ovsdb/ovsdb_monitor.py:64}}
Jun 26 05:54:22.849331 np0000183136 devstack@neutron-api.service[103213]: DEBUG neutron.plugins.ml2.drivers.ovn.mech_driver.ovsdb.ovsdb_monitor [-] ChassisAgentWriteEvent : Matched Chassis_Private, update, None None {{(pid=103213) matches /opt/stack/neutron/neutron/plugins/ml2/drivers/ovn/mech_driver/ovsdb/ovsdb_monitor.py:64}}
Jun 26 05:54:22.852535 np0000183136 devstack@neutron-api.service[103213]: DEBUG neutron.plugins.ml2.drivers.ovn.mech_driver.ovsdb.ovsdb_monitor [-] Hash Ring: Node 6d38e4c22aac5470a24289f2fc183e85 (host: np0000183136) handling event "update" for row 36468133-7b1d-4bdf-a131-284aee2a2dcf (table: NB_Global) {{(pid=103213) notify /opt/stack/neutron/neutron/plugins/ml2/drivers/ovn/mech_driver/ovsdb/ovsdb_monitor.py:1015}}
Jun 26 05:54:22.852535 np0000183136 devstack@neutron-api.service[103213]: DEBUG neutron.plugins.ml2.drivers.ovn.mech_driver.ovsdb.ovsdb_monitor [-] Hash Ring: Node 6d38e4c22aac5470a24289f2fc183e85 (host: np0000183136) handling event "update" for row 36468133-7b1d-4bdf-a131-284aee2a2dcf (table: NB_Global) {{(pid=103213) notify /opt/stack/neutron/neutron/plugins/ml2/drivers/ovn/mech_driver/ovsdb/ovsdb_monitor.py:1015}}
Jun 26 05:54:22.852731 np0000183136 devstack@neutron-api.service[103212]: DEBUG neutron.plugins.ml2.drivers.ovn.mech_driver.ovsdb.ovsdb_monitor [-] Hash Ring: Node 30fbb910631d57c0b2d1247ab6d55930 (host: np0000183136) handling event "update" for row 36468133-7b1d-4bdf-a131-284aee2a2dcf (table: NB_Global) {{(pid=103212) notify /opt/stack/neutron/neutron/plugins/ml2/drivers/ovn/mech_driver/ovsdb/ovsdb_monitor.py:1015}}
Jun 26 05:54:22.852823 np0000183136 devstack@neutron-api.service[103211]: DEBUG neutron.plugins.ml2.drivers.ovn.mech_driver.ovsdb.ovsdb_monitor [-] ChassisAgentWriteEvent : Matched Chassis_Private, update, None None {{(pid=103211) matches /opt/stack/neutron/neutron/plugins/ml2/drivers/ovn/mech_driver/ovsdb/ovsdb_monitor.py:64}}
Jun 26 05:54:22.852823 np0000183136 devstack@neutron-api.service[103211]: DEBUG neutron.plugins.ml2.drivers.ovn.mech_driver.ovsdb.ovsdb_monitor [-] Hash Ring: Node 7074e7c416005877bfe918a614393845 (host: np0000183136) handling event "update" for row 4e130ba3-04f2-432d-ae7d-3711c42af4f9 (table: Chassis_Private) {{(pid=103211) notify /opt/stack/neutron/neutron/plugins/ml2/drivers/ovn/mech_driver/ovsdb/ovsdb_monitor.py:1015}}
Jun 26 05:54:22.853693 np0000183136 devstack@neutron-api.service[103213]: DEBUG neutron.plugins.ml2.drivers.ovn.mech_driver.ovsdb.ovsdb_monitor [-] Hash Ring: Node 6d38e4c22aac5470a24289f2fc183e85 (host: np0000183136) handling event "update" for row 36468133-7b1d-4bdf-a131-284aee2a2dcf (table: NB_Global) {{(pid=103213) notify /opt/stack/neutron/neutron/plugins/ml2/drivers/ovn/mech_driver/ovsdb/ovsdb_monitor.py:1015}}
Jun 26 05:54:22.854187 np0000183136 devstack@neutron-api.service[103212]: DEBUG neutron.plugins.ml2.drivers.ovn.mech_driver.ovsdb.ovsdb_monitor [-] Hash Ring: Node 30fbb910631d57c0b2d1247ab6d55930 (host: np0000183136) handling event "update" for row 36468133-7b1d-4bdf-a131-284aee2a2dcf (table: NB_Global) {{(pid=103212) notify /opt/stack/neutron/neutron/plugins/ml2/drivers/ovn/mech_driver/ovsdb/ovsdb_monitor.py:1015}}
Jun 26 05:54:22.854917 np0000183136 devstack@neutron-api.service[103213]: DEBUG neutron.plugins.ml2.drivers.ovn.mech_driver.ovsdb.ovsdb_monitor [-] Hash Ring: Node 6d38e4c22aac5470a24289f2fc183e85 (host: np0000183136) handling event "update" for row 36468133-7b1d-4bdf-a131-284aee2a2dcf (table: NB_Global) {{(pid=103213) notify /opt/stack/neutron/neutron/plugins/ml2/drivers/ovn/mech_driver/ovsdb/ovsdb_monitor.py:1015}}
Jun 26 05:54:22.857597 np0000183136 devstack@neutron-api.service[103212]: DEBUG neutron.plugins.ml2.drivers.ovn.mech_driver.ovsdb.ovsdb_monitor [-] Hash Ring: Node 30fbb910631d57c0b2d1247ab6d55930 (host: np0000183136) handling event "update" for row 36468133-7b1d-4bdf-a131-284aee2a2dcf (table: NB_Global) {{(pid=103212) notify /opt/stack/neutron/neutron/plugins/ml2/drivers/ovn/mech_driver/ovsdb/ovsdb_monitor.py:1015}}
Jun 26 05:54:22.859067 np0000183136 devstack@neutron-api.service[103212]: DEBUG neutron.common.ovn.hash_ring_manager [-] Allow caching, nodes 4>=4 {{(pid=103212) _wait_startup_before_caching /opt/stack/neutron/neutron/common/ovn/hash_ring_manager.py:71}}
Jun 26 05:54:22.859236 np0000183136 devstack@neutron-api.service[103212]: DEBUG neutron.plugins.ml2.drivers.ovn.mech_driver.ovsdb.ovsdb_monitor [-] Hash Ring: Node 30fbb910631d57c0b2d1247ab6d55930 (host: np0000183136) handling event "update" for row 4e130ba3-04f2-432d-ae7d-3711c42af4f9 (table: Chassis_Private) {{(pid=103212) notify /opt/stack/neutron/neutron/plugins/ml2/drivers/ovn/mech_driver/ovsdb/ovsdb_monitor.py:1015}}
Jun 26 05:54:22.859590 np0000183136 devstack@neutron-api.service[103210]: DEBUG neutron.plugins.ml2.drivers.ovn.mech_driver.ovsdb.ovsdb_monitor [-] ChassisAgentWriteEvent : Matched Chassis_Private, update, None None {{(pid=103210) matches /opt/stack/neutron/neutron/plugins/ml2/drivers/ovn/mech_driver/ovsdb/ovsdb_monitor.py:64}}
Jun 26 05:54:22.860340 np0000183136 devstack@neutron-api.service[103213]: DEBUG neutron.plugins.ml2.drivers.ovn.mech_driver.ovsdb.ovsdb_monitor [-] ChassisOVNAgentWriteEvent : Matched Chassis_Private, update, None None {{(pid=103213) matches /opt/stack/neutron/neutron/plugins/ml2/drivers/ovn/mech_driver/ovsdb/ovsdb_monitor.py:64}}
Jun 26 05:54:22.860681 np0000183136 devstack@neutron-api.service[103212]: DEBUG neutron.plugins.ml2.drivers.ovn.mech_driver.ovsdb.ovsdb_monitor [-] ChassisOVNAgentWriteEvent : Matched Chassis_Private, update, None None {{(pid=103212) matches /opt/stack/neutron/neutron/plugins/ml2/drivers/ovn/mech_driver/ovsdb/ovsdb_monitor.py:64}}
Jun 26 05:54:22.860681 np0000183136 devstack@neutron-api.service[103212]: DEBUG neutron.plugins.ml2.drivers.ovn.mech_driver.ovsdb.ovsdb_monitor [-] Hash Ring: Node 30fbb910631d57c0b2d1247ab6d55930 (host: np0000183136) handling event "update" for row 4e130ba3-04f2-432d-ae7d-3711c42af4f9 (table: Chassis_Private) {{(pid=103212) notify /opt/stack/neutron/neutron/plugins/ml2/drivers/ovn/mech_driver/ovsdb/ovsdb_monitor.py:1015}}
Jun 26 05:54:22.862741 np0000183136 devstack@neutron-api.service[103211]: DEBUG neutron.plugins.ml2.drivers.ovn.mech_driver.ovsdb.ovsdb_monitor [-] ChassisOVNAgentWriteEvent : Matched Chassis_Private, update, None None {{(pid=103211) matches /opt/stack/neutron/neutron/plugins/ml2/drivers/ovn/mech_driver/ovsdb/ovsdb_monitor.py:64}}
Jun 26 05:54:22.862853 np0000183136 devstack@neutron-api.service[103210]: DEBUG neutron.plugins.ml2.drivers.ovn.mech_driver.ovsdb.ovsdb_monitor [-] ChassisOVNAgentWriteEvent : Matched Chassis_Private, update, None None {{(pid=103210) matches /opt/stack/neutron/neutron/plugins/ml2/drivers/ovn/mech_driver/ovsdb/ovsdb_monitor.py:64}}
Jun 26 05:54:22.862953 np0000183136 devstack@neutron-api.service[103211]: DEBUG neutron.plugins.ml2.drivers.ovn.mech_driver.ovsdb.ovsdb_monitor [-] Hash Ring: Node 7074e7c416005877bfe918a614393845 (host: np0000183136) handling event "update" for row 4e130ba3-04f2-432d-ae7d-3711c42af4f9 (table: Chassis_Private) {{(pid=103211) notify /opt/stack/neutron/neutron/plugins/ml2/drivers/ovn/mech_driver/ovsdb/ovsdb_monitor.py:1015}}
Jun 26 05:54:22.922186 np0000183136 devstack@neutron-api.service[103210]: DEBUG neutron.plugins.ml2.drivers.helpers [None req-f2932d3e-ba39-42aa-bb69-50c27f588be5 admin admin] geneve segment allocate from pool success with {'geneve_vni': 18658} {{(pid=103210) allocate_partially_specified_segment /opt/stack/neutron/neutron/plugins/ml2/drivers/helpers.py:142}}
Jun 26 05:54:22.936495 np0000183136 devstack@neutron-api.service[103210]: DEBUG neutron_lib.callbacks.manager [None req-f2932d3e-ba39-42aa-bb69-50c27f588be5 admin admin] Publish callbacks ['neutron.services.segments.db._add_segment_host_mapping_for_segment-8632611416868', 'neutron.plugins.ml2.plugin.Ml2Plugin._handle_segment_change-299426'] for segment (c5252e1f-b796-4a60-b47a-3f83e84db2b3), precommit_create {{(pid=103210) _notify_loop /opt/stack/data/venv/lib/python3.12/site-packages/neutron_lib/callbacks/manager.py:184}}
Jun 26 05:54:22.936701 np0000183136 devstack@neutron-api.service[103210]: INFO neutron.db.segments_db [None req-f2932d3e-ba39-42aa-bb69-50c27f588be5 admin admin] Added segment c5252e1f-b796-4a60-b47a-3f83e84db2b3 of type geneve for network d1497cab-ca65-4eab-bc96-14e459381b00
Jun 26 05:54:22.991669 np0000183136 devstack@neutron-api.service[103210]: DEBUG neutron_lib.callbacks.manager [None req-f2932d3e-ba39-42aa-bb69-50c27f588be5 admin admin] Publish callbacks ['neutron.services.auto_allocate.db._ensure_external_network_default_value_callback-8632610218628'] for network (d1497cab-ca65-4eab-bc96-14e459381b00), precommit_create {{(pid=103210) _notify_loop /opt/stack/data/venv/lib/python3.12/site-packages/neutron_lib/callbacks/manager.py:184}}
Jun 26 05:54:23.009550 np0000183136 devstack@neutron-api.service[103210]: DEBUG neutron.plugins.ml2.drivers.ovn.mech_driver.mech_driver [None req-f2932d3e-ba39-42aa-bb69-50c27f588be5 admin admin] Validating network segment with type geneve, segmentation ID 18658, physical network None {{(pid=103210) _validate_network_segments /opt/stack/neutron/neutron/plugins/ml2/drivers/ovn/mech_driver/mech_driver.py:646}}
Jun 26 05:54:23.009701 np0000183136 devstack@neutron-api.service[103210]: DEBUG neutron.db.ovn_revision_numbers_db [None req-f2932d3e-ba39-42aa-bb69-50c27f588be5 admin admin] create_initial_revision uuid=d1497cab-ca65-4eab-bc96-14e459381b00, type=networks, rev=-1 {{(pid=103210) create_initial_revision /opt/stack/neutron/neutron/db/ovn_revision_numbers_db.py:98}}
Jun 26 05:54:23.031119 np0000183136 devstack@neutron-api.service[103210]: DEBUG neutron_lib.callbacks.manager [None req-f2932d3e-ba39-42aa-bb69-50c27f588be5 admin admin] Publish callbacks ['neutron.plugins.ml2.ovo_rpc._ObjectChangeHandler.handle_event-1479037'] for network (d1497cab-ca65-4eab-bc96-14e459381b00), after_create {{(pid=103210) _notify_loop /opt/stack/data/venv/lib/python3.12/site-packages/neutron_lib/callbacks/manager.py:184}}
Jun 26 05:54:23.082402 np0000183136 devstack@neutron-api.service[103210]: DEBUG neutron.api.rpc.handlers.resources_rpc [None req-f2932d3e-ba39-42aa-bb69-50c27f588be5 admin admin] Pushing event updated for resources: {'Network': ['ID=d1497cab-ca65-4eab-bc96-14e459381b00,revision_number=1']} {{(pid=103210) push /opt/stack/neutron/neutron/api/rpc/handlers/resources_rpc.py:237}}
Jun 26 05:54:23.091835 np0000183136 devstack@neutron-api.service[103210]: DEBUG ovsdbapp.backend.ovs_idl.transaction [-] Running txn n=1 command(idx=0): AddNetworkCommand(_result=None, network_uuid=d1497cab-ca65-4eab-bc96-14e459381b00, may_exist=True, columns={'external_ids': {'neutron:network_name': 'private', 'neutron:mtu': '1372', 'neutron:revision_number': '1', 'neutron:availability_zone_hints': '', 'neutron:provnet-network-type': 'geneve'}, 'other_config': {'mcast_snoop': 'false', 'mcast_flood_unregistered': 'false', 'vlan-passthru': 'false'}}) {{(pid=103210) do_commit /opt/stack/data/venv/lib/python3.12/site-packages/ovsdbapp/backend/ovs_idl/transaction.py:89}}
Jun 26 05:54:23.092775 np0000183136 devstack@neutron-api.service[103210]: DEBUG neutron.common.ovn.utils [-] OVS persist_uuid supported=True {{(pid=103210) ovs_persist_uuid_supported /opt/stack/neutron/neutron/common/ovn/utils.py:1544}}
Jun 26 05:54:23.097288 np0000183136 devstack@neutron-api.service[103212]: DEBUG neutron.plugins.ml2.drivers.ovn.mech_driver.ovsdb.ovsdb_monitor [-] Hash Ring: Node 30fbb910631d57c0b2d1247ab6d55930 (host: np0000183136) handling event "create" for row d1497cab-ca65-4eab-bc96-14e459381b00 (table: Logical_Switch) {{(pid=103212) notify /opt/stack/neutron/neutron/plugins/ml2/drivers/ovn/mech_driver/ovsdb/ovsdb_monitor.py:1015}}
Jun 26 05:54:23.102071 np0000183136 devstack@neutron-api.service[103211]: DEBUG neutron.plugins.ml2.drivers.ovn.mech_driver.ovsdb.ovsdb_monitor [-] Hash Ring: Node 7074e7c416005877bfe918a614393845 (host: np0000183136) handling event "create" for row d1497cab-ca65-4eab-bc96-14e459381b00 (table: Logical_Switch) {{(pid=103211) notify /opt/stack/neutron/neutron/plugins/ml2/drivers/ovn/mech_driver/ovsdb/ovsdb_monitor.py:1015}}
Jun 26 05:54:23.107051 np0000183136 devstack@neutron-api.service[103212]: DEBUG neutron.plugins.ml2.drivers.ovn.mech_driver.ovsdb.ovsdb_monitor [-] Hash Ring: Node 30fbb910631d57c0b2d1247ab6d55930 (host: np0000183136) handling event "create" for row 7de7b943-93a7-4d4d-ac95-90bee9dd3357 (table: Datapath_Binding) {{(pid=103212) notify /opt/stack/neutron/neutron/plugins/ml2/drivers/ovn/mech_driver/ovsdb/ovsdb_monitor.py:1015}}
Jun 26 05:54:23.107233 np0000183136 devstack@neutron-api.service[103213]: DEBUG neutron.plugins.ml2.drivers.ovn.mech_driver.ovsdb.ovsdb_monitor [-] Hash Ring: Node 6d38e4c22aac5470a24289f2fc183e85 (host: np0000183136) handling event "create" for row 7de7b943-93a7-4d4d-ac95-90bee9dd3357 (table: Datapath_Binding) {{(pid=103213) notify /opt/stack/neutron/neutron/plugins/ml2/drivers/ovn/mech_driver/ovsdb/ovsdb_monitor.py:1015}}
Jun 26 05:54:23.136598 np0000183136 devstack@neutron-api.service[103210]: INFO neutron.db.ovn_revision_numbers_db [None req-f2932d3e-ba39-42aa-bb69-50c27f588be5 admin admin] Successfully bumped revision number for resource d1497cab-ca65-4eab-bc96-14e459381b00 (type: networks) to 1
Jun 26 05:54:23.204566 np0000183136 devstack@neutron-api.service[103210]: DEBUG neutron_lib.callbacks.manager [None req-f2932d3e-ba39-42aa-bb69-50c27f588be5 admin admin] Publish callbacks ['neutron.plugins.ml2.plugin.SecurityGroupDbMixin._ensure_default_security_group_handler-46752'] for port (None), before_create {{(pid=103210) _notify_loop /opt/stack/data/venv/lib/python3.12/site-packages/neutron_lib/callbacks/manager.py:184}}
Jun 26 05:54:23.588346 np0000183136 devstack@neutron-api.service[103210]: DEBUG neutron_lib.callbacks.manager [None req-f2932d3e-ba39-42aa-bb69-50c27f588be5 admin admin] Publish callbacks ['neutron.plugins.ml2.drivers.ovn.mech_driver.mech_driver.OVNMechanismDriver._validate_allowed_address_pairs-834454'] for allowed_address_pair (d847e67b-c7f8-4eea-bc18-1ae5f1d49fd4), before_create {{(pid=103210) _notify_loop /opt/stack/data/venv/lib/python3.12/site-packages/neutron_lib/callbacks/manager.py:184}}
Jun 26 05:54:23.589139 np0000183136 devstack@neutron-api.service[103210]: DEBUG neutron_lib.callbacks.manager [None req-f2932d3e-ba39-42aa-bb69-50c27f588be5 admin admin] Publish callbacks [] for port (d847e67b-c7f8-4eea-bc18-1ae5f1d49fd4), precommit_create {{(pid=103210) _notify_loop /opt/stack/data/venv/lib/python3.12/site-packages/neutron_lib/callbacks/manager.py:184}}
Jun 26 05:54:23.589139 np0000183136 devstack@neutron-api.service[103210]: DEBUG neutron.plugins.ml2.drivers.ovn.mech_driver.mech_driver [None req-f2932d3e-ba39-42aa-bb69-50c27f588be5 admin admin] No provisioning block for port d847e67b-c7f8-4eea-bc18-1ae5f1d49fd4 since it does not have a host {{(pid=103210) _is_port_provisioning_required /opt/stack/neutron/neutron/plugins/ml2/drivers/ovn/mech_driver/mech_driver.py:899}}
Jun 26 05:54:23.589139 np0000183136 devstack@neutron-api.service[103210]: DEBUG neutron.db.ovn_revision_numbers_db [None req-f2932d3e-ba39-42aa-bb69-50c27f588be5 admin admin] create_initial_revision uuid=d847e67b-c7f8-4eea-bc18-1ae5f1d49fd4, type=ports, rev=-1 {{(pid=103210) create_initial_revision /opt/stack/neutron/neutron/db/ovn_revision_numbers_db.py:98}}
Jun 26 05:54:23.650974 np0000183136 devstack@neutron-api.service[103210]: DEBUG neutron_lib.callbacks.manager [None req-f2932d3e-ba39-42aa-bb69-50c27f588be5 admin admin] Publish callbacks ['neutron.plugins.ml2.ovo_rpc._ObjectChangeHandler.handle_event-1479025'] for port (d847e67b-c7f8-4eea-bc18-1ae5f1d49fd4), after_create {{(pid=103210) _notify_loop /opt/stack/data/venv/lib/python3.12/site-packages/neutron_lib/callbacks/manager.py:184}}
Jun 26 05:54:23.708595 np0000183136 devstack@neutron-api.service[103210]: DEBUG neutron.api.rpc.handlers.resources_rpc [None req-f2932d3e-ba39-42aa-bb69-50c27f588be5 admin admin] Pushing event updated for resources: {'Port': ['ID=d847e67b-c7f8-4eea-bc18-1ae5f1d49fd4,revision_number=1']} {{(pid=103210) push /opt/stack/neutron/neutron/api/rpc/handlers/resources_rpc.py:237}}
Jun 26 05:54:23.762653 np0000183136 devstack@neutron-api.service[103210]: DEBUG neutron.plugins.ml2.drivers.ovn.mech_driver.ovsdb.commands [None req-f2932d3e-ba39-42aa-bb69-50c27f588be5 admin admin] Converting tag [] to a tag_request {{(pid=103210) _tag_column_to_tag_request /opt/stack/neutron/neutron/plugins/ml2/drivers/ovn/mech_driver/ovsdb/commands.py:205}}
Jun 26 05:54:23.764179 np0000183136 devstack@neutron-api.service[103210]: DEBUG ovsdbapp.backend.ovs_idl.transaction [-] Running txn n=1 command(idx=0): AddLSwitchPortCommand(_result=None, lport=d847e67b-c7f8-4eea-bc18-1ae5f1d49fd4, lswitch=neutron-d1497cab-ca65-4eab-bc96-14e459381b00, may_exist=True, network_uuid=d1497cab-ca65-4eab-bc96-14e459381b00, columns={'addresses': ['fa:16:3e:e6:27:e6'], 'external_ids': {'neutron:port_name': '', 'neutron:device_id': 'ovnmeta-d1497cab-ca65-4eab-bc96-14e459381b00', 'neutron:project_id': '133f834b85e64e59b7f25756bb4b7f24', 'neutron:cidrs': '', 'neutron:device_owner': 'network:distributed', 'neutron:subnet_pool_addr_scope4': '', 'neutron:subnet_pool_addr_scope6': '', 'neutron:network_name': 'neutron-d1497cab-ca65-4eab-bc96-14e459381b00', 'neutron:security_group_ids': '', 'neutron:revision_number': '1', 'neutron:vnic_type': 'normal', 'neutron:port_capabilities': '', 'neutron:mtu': '1372'}, 'parent_name': [], 'enabled': True, 'options': {}, 'type': 'localport', 'port_security': [], 'dhcpv4_options': [], 'dhcpv6_options': [], 'tag_request': []}) {{(pid=103210) do_commit /opt/stack/data/venv/lib/python3.12/site-packages/ovsdbapp/backend/ovs_idl/transaction.py:89}}
Jun 26 05:54:23.765271 np0000183136 devstack@neutron-api.service[103210]: DEBUG ovsdbapp.backend.ovs_idl.transaction [-] Running txn n=1 command(idx=1): QoSDelCommand(_result=None, switch=neutron-d1497cab-ca65-4eab-bc96-14e459381b00, conditions=[('direction', '=', 'to-lport'), ('priority', '=', 2002), ('match', '=', 'outport == "d847e67b-c7f8-4eea-bc18-1ae5f1d49fd4"')], if_exists=True) {{(pid=103210) do_commit /opt/stack/data/venv/lib/python3.12/site-packages/ovsdbapp/backend/ovs_idl/transaction.py:89}}
Jun 26 05:54:23.765606 np0000183136 devstack@neutron-api.service[103210]: DEBUG ovsdbapp.backend.ovs_idl.transaction [-] Running txn n=1 command(idx=2): QoSDelCommand(_result=None, switch=neutron-d1497cab-ca65-4eab-bc96-14e459381b00, conditions=[('direction', '=', 'from-lport'), ('priority', '=', 2002), ('match', '=', 'inport == "d847e67b-c7f8-4eea-bc18-1ae5f1d49fd4"')], if_exists=True) {{(pid=103210) do_commit /opt/stack/data/venv/lib/python3.12/site-packages/ovsdbapp/backend/ovs_idl/transaction.py:89}}
Jun 26 05:54:23.769397 np0000183136 devstack@neutron-api.service[103210]: DEBUG neutron.plugins.ml2.drivers.ovn.mech_driver.ovsdb.ovsdb_monitor [-] Hash Ring: Node 4d0b7b445fb25e8aa634f41bf4b493eb (host: np0000183136) handling event "create" for row b39e2238-f0bb-4fdc-b332-eea6c06e3eb5 (table: Logical_Switch_Port) {{(pid=103210) notify /opt/stack/neutron/neutron/plugins/ml2/drivers/ovn/mech_driver/ovsdb/ovsdb_monitor.py:1015}}
Jun 26 05:54:23.771579 np0000183136 devstack@neutron-api.service[103212]: DEBUG neutron.plugins.ml2.drivers.ovn.mech_driver.ovsdb.ovsdb_monitor [-] Hash Ring: Node 30fbb910631d57c0b2d1247ab6d55930 (host: np0000183136) handling event "update" for row d1497cab-ca65-4eab-bc96-14e459381b00 (table: Logical_Switch) {{(pid=103212) notify /opt/stack/neutron/neutron/plugins/ml2/drivers/ovn/mech_driver/ovsdb/ovsdb_monitor.py:1015}}
Jun 26 05:54:23.771579 np0000183136 devstack@neutron-api.service[103212]: DEBUG neutron.plugins.ml2.drivers.ovn.mech_driver.ovsdb.ovsdb_monitor [-] Hash Ring: Node 30fbb910631d57c0b2d1247ab6d55930 (host: np0000183136) handling event "create" for row b39e2238-f0bb-4fdc-b332-eea6c06e3eb5 (table: Logical_Switch_Port) {{(pid=103212) notify /opt/stack/neutron/neutron/plugins/ml2/drivers/ovn/mech_driver/ovsdb/ovsdb_monitor.py:1015}}
Jun 26 05:54:23.773331 np0000183136 devstack@neutron-api.service[103211]: DEBUG neutron.plugins.ml2.drivers.ovn.mech_driver.ovsdb.ovsdb_monitor [-] Hash Ring: Node 7074e7c416005877bfe918a614393845 (host: np0000183136) handling event "update" for row d1497cab-ca65-4eab-bc96-14e459381b00 (table: Logical_Switch) {{(pid=103211) notify /opt/stack/neutron/neutron/plugins/ml2/drivers/ovn/mech_driver/ovsdb/ovsdb_monitor.py:1015}}
Jun 26 05:54:23.774663 np0000183136 devstack@neutron-api.service[103210]: DEBUG ovsdbapp.backend.ovs_idl.event [-] Matched CREATE: LogicalSwitchPortCreateEvent(events=('create',), table='Logical_Switch_Port', conditions=[], old_conditions=None), priority=20 to row=Logical_Switch_Port(uuid=b39e2238-f0bb-4fdc-b332-eea6c06e3eb5, addresses=['fa:16:3e:e6:27:e6'], dhcpv4_options=[], dhcpv6_options=[], dynamic_addresses=[], enabled=True, external_ids={'neutron:cidrs': '', 'neutron:device_id': 'ovnmeta-d1497cab-ca65-4eab-bc96-14e459381b00', 'neutron:device_owner': 'network:distributed', 'neutron:mtu': '1372', 'neutron:network_name': 'neutron-d1497cab-ca65-4eab-bc96-14e459381b00', 'neutron:port_capabilities': '', 'neutron:port_name': '', 'neutron:project_id': '133f834b85e64e59b7f25756bb4b7f24', 'neutron:revision_number': '1', 'neutron:security_group_ids': '', 'neutron:subnet_pool_addr_scope4': '', 'neutron:subnet_pool_addr_scope6': '', 'neutron:vnic_type': 'normal'}, ha_chassis_group=[], mirror_rules=[], name='d847e67b-c7f8-4eea-bc18-1ae5f1d49fd4', options={}, parent_name=[], port_security=[], tag=[], tag_request=[], type='localport', up=[]) old= {{(pid=103210) matches /opt/stack/data/venv/lib/python3.12/site-packages/ovsdbapp/backend/ovs_idl/event.py:55}}
