Apr 27 12:05:12.011745 np0000170473 nova-conductor[111937]: DEBUG cotyledon.oslo_config_glue [-] vmware.pbm_wsdl_location = None {{(pid=111937) log_opt_values /opt/stack/data/venv/lib/python3.12/site-packages/oslo_config/cfg.py:3006}}
Apr 27 12:05:12.011745 np0000170473 nova-conductor[111937]: DEBUG cotyledon.oslo_config_glue [-] vmware.serial_log_dir = /opt/vmware/vspc {{(pid=111937) log_opt_values /opt/stack/data/venv/lib/python3.12/site-packages/oslo_config/cfg.py:3006}}
Apr 27 12:05:12.011745 np0000170473 nova-conductor[111937]: DEBUG cotyledon.oslo_config_glue [-] vmware.serial_port_proxy_uri = None {{(pid=111937) log_opt_values /opt/stack/data/venv/lib/python3.12/site-packages/oslo_config/cfg.py:3006}}
Apr 27 12:05:12.011745 np0000170473 nova-conductor[111937]: DEBUG cotyledon.oslo_config_glue [-] vmware.serial_port_service_uri = None {{(pid=111937) log_opt_values /opt/stack/data/venv/lib/python3.12/site-packages/oslo_config/cfg.py:3006}}
Apr 27 12:05:12.011745 np0000170473 nova-conductor[111937]: DEBUG cotyledon.oslo_config_glue [-] vmware.task_poll_interval = 0.5 {{(pid=111937) log_opt_values /opt/stack/data/venv/lib/python3.12/site-packages/oslo_config/cfg.py:3006}}
Apr 27 12:05:12.011745 np0000170473 nova-conductor[111937]: DEBUG cotyledon.oslo_config_glue [-] vmware.use_linked_clone = True {{(pid=111937) log_opt_values /opt/stack/data/venv/lib/python3.12/site-packages/oslo_config/cfg.py:3006}}
Apr 27 12:05:12.011745 np0000170473 nova-conductor[111937]: DEBUG cotyledon.oslo_config_glue [-] vmware.vnc_keymap = en-us {{(pid=111937) log_opt_values /opt/stack/data/venv/lib/python3.12/site-packages/oslo_config/cfg.py:3006}}
Apr 27 12:05:12.011745 np0000170473 nova-conductor[111937]: DEBUG cotyledon.oslo_config_glue [-] vmware.vnc_port = 5900 {{(pid=111937) log_opt_values /opt/stack/data/venv/lib/python3.12/site-packages/oslo_config/cfg.py:3006}}
Apr 27 12:05:12.011745 np0000170473 nova-conductor[111937]: DEBUG cotyledon.oslo_config_glue [-] vmware.vnc_port_total = 10000 {{(pid=111937) log_opt_values /opt/stack/data/venv/lib/python3.12/site-packages/oslo_config/cfg.py:3006}}
Apr 27 12:05:12.012379 np0000170473 nova-conductor[111937]: DEBUG cotyledon.oslo_config_glue [-] vnc.auth_schemes = ['none'] {{(pid=111937) log_opt_values /opt/stack/data/venv/lib/python3.12/site-packages/oslo_config/cfg.py:3006}}
Apr 27 12:05:12.012379 np0000170473 nova-conductor[111937]: DEBUG cotyledon.oslo_config_glue [-] vnc.enabled = True {{(pid=111937) log_opt_values /opt/stack/data/venv/lib/python3.12/site-packages/oslo_config/cfg.py:3006}}
Apr 27 12:05:12.012379 np0000170473 nova-conductor[111937]: DEBUG cotyledon.oslo_config_glue [-] vnc.novncproxy_base_url = http://127.0.0.1:6080/vnc_auto.html {{(pid=111937) log_opt_values /opt/stack/data/venv/lib/python3.12/site-packages/oslo_config/cfg.py:3006}}
Apr 27 12:05:12.012379 np0000170473 nova-conductor[111937]: DEBUG cotyledon.oslo_config_glue [-] vnc.novncproxy_host = 0.0.0.0 {{(pid=111937) log_opt_values /opt/stack/data/venv/lib/python3.12/site-packages/oslo_config/cfg.py:3006}}
Apr 27 12:05:12.012379 np0000170473 nova-conductor[111937]: DEBUG cotyledon.oslo_config_glue [-] vnc.novncproxy_port = 6080 {{(pid=111937) log_opt_values /opt/stack/data/venv/lib/python3.12/site-packages/oslo_config/cfg.py:3006}}
Apr 27 12:05:12.012379 np0000170473 nova-conductor[111937]: DEBUG cotyledon.oslo_config_glue [-] vnc.server_listen = 127.0.0.1 {{(pid=111937) log_opt_values /opt/stack/data/venv/lib/python3.12/site-packages/oslo_config/cfg.py:3006}}
Apr 27 12:05:12.012379 np0000170473 nova-conductor[111937]: DEBUG cotyledon.oslo_config_glue [-] vnc.server_proxyclient_address = 127.0.0.1 {{(pid=111937) log_opt_values /opt/stack/data/venv/lib/python3.12/site-packages/oslo_config/cfg.py:3006}}
Apr 27 12:05:12.012379 np0000170473 nova-conductor[111937]: DEBUG cotyledon.oslo_config_glue [-] vnc.vencrypt_ca_certs = None {{(pid=111937) log_opt_values /opt/stack/data/venv/lib/python3.12/site-packages/oslo_config/cfg.py:3006}}
Apr 27 12:05:12.012379 np0000170473 nova-conductor[111937]: DEBUG cotyledon.oslo_config_glue [-] vnc.vencrypt_client_cert = None {{(pid=111937) log_opt_values /opt/stack/data/venv/lib/python3.12/site-packages/oslo_config/cfg.py:3006}}
Apr 27 12:05:12.012743 np0000170473 nova-conductor[111937]: DEBUG cotyledon.oslo_config_glue [-] vnc.vencrypt_client_key = None {{(pid=111937) log_opt_values /opt/stack/data/venv/lib/python3.12/site-packages/oslo_config/cfg.py:3006}}
Apr 27 12:05:12.012743 np0000170473 nova-conductor[111937]: DEBUG cotyledon.oslo_config_glue [-] workarounds.disable_compute_service_check_for_ffu = False {{(pid=111937) log_opt_values /opt/stack/data/venv/lib/python3.12/site-packages/oslo_config/cfg.py:3006}}
Apr 27 12:05:12.012743 np0000170473 nova-conductor[111937]: DEBUG cotyledon.oslo_config_glue [-] workarounds.disable_deep_image_inspection = False {{(pid=111937) log_opt_values /opt/stack/data/venv/lib/python3.12/site-packages/oslo_config/cfg.py:3006}}
Apr 27 12:05:12.012743 np0000170473 nova-conductor[111937]: DEBUG cotyledon.oslo_config_glue [-] workarounds.disable_fallback_pcpu_query = False {{(pid=111937) log_opt_values /opt/stack/data/venv/lib/python3.12/site-packages/oslo_config/cfg.py:3006}}
Apr 27 12:05:12.012743 np0000170473 nova-conductor[111937]: DEBUG cotyledon.oslo_config_glue [-] workarounds.disable_group_policy_check_upcall = False {{(pid=111937) log_opt_values /opt/stack/data/venv/lib/python3.12/site-packages/oslo_config/cfg.py:3006}}
Apr 27 12:05:12.012743 np0000170473 nova-conductor[111937]: DEBUG cotyledon.oslo_config_glue [-] workarounds.disable_libvirt_livesnapshot = False {{(pid=111937) log_opt_values /opt/stack/data/venv/lib/python3.12/site-packages/oslo_config/cfg.py:3006}}
Apr 27 12:05:12.012743 np0000170473 nova-conductor[111937]: DEBUG cotyledon.oslo_config_glue [-] workarounds.disable_rootwrap = False {{(pid=111937) log_opt_values /opt/stack/data/venv/lib/python3.12/site-packages/oslo_config/cfg.py:3006}}
Apr 27 12:05:12.012743 np0000170473 nova-conductor[111937]: DEBUG cotyledon.oslo_config_glue [-] workarounds.enable_numa_live_migration = False {{(pid=111937) log_opt_values /opt/stack/data/venv/lib/python3.12/site-packages/oslo_config/cfg.py:3006}}
Apr 27 12:05:12.012743 np0000170473 nova-conductor[111937]: DEBUG cotyledon.oslo_config_glue [-] workarounds.enable_qemu_monitor_announce_self = False {{(pid=111937) log_opt_values /opt/stack/data/venv/lib/python3.12/site-packages/oslo_config/cfg.py:3006}}
Apr 27 12:05:12.012977 np0000170473 nova-conductor[111937]: DEBUG cotyledon.oslo_config_glue [-] workarounds.ensure_libvirt_rbd_instance_dir_cleanup = False {{(pid=111937) log_opt_values /opt/stack/data/venv/lib/python3.12/site-packages/oslo_config/cfg.py:3006}}
Apr 27 12:05:12.012977 np0000170473 nova-conductor[111937]: DEBUG cotyledon.oslo_config_glue [-] workarounds.handle_virt_lifecycle_events = True {{(pid=111937) log_opt_values /opt/stack/data/venv/lib/python3.12/site-packages/oslo_config/cfg.py:3006}}
Apr 27 12:05:12.012977 np0000170473 nova-conductor[111937]: DEBUG cotyledon.oslo_config_glue [-] workarounds.libvirt_disable_apic = False {{(pid=111937) log_opt_values /opt/stack/data/venv/lib/python3.12/site-packages/oslo_config/cfg.py:3006}}
Apr 27 12:05:12.012977 np0000170473 nova-conductor[111937]: DEBUG cotyledon.oslo_config_glue [-] workarounds.never_download_image_if_on_rbd = False {{(pid=111937) log_opt_values /opt/stack/data/venv/lib/python3.12/site-packages/oslo_config/cfg.py:3006}}
Apr 27 12:05:12.012977 np0000170473 nova-conductor[111937]: DEBUG cotyledon.oslo_config_glue [-] workarounds.qemu_monitor_announce_self_count = 3 {{(pid=111937) log_opt_values /opt/stack/data/venv/lib/python3.12/site-packages/oslo_config/cfg.py:3006}}
Apr 27 12:05:12.012977 np0000170473 nova-conductor[111937]: DEBUG cotyledon.oslo_config_glue [-] workarounds.qemu_monitor_announce_self_interval = 1 {{(pid=111937) log_opt_values /opt/stack/data/venv/lib/python3.12/site-packages/oslo_config/cfg.py:3006}}
Apr 27 12:05:12.012977 np0000170473 nova-conductor[111937]: DEBUG cotyledon.oslo_config_glue [-] workarounds.reserve_disk_resource_for_image_cache = False {{(pid=111937) log_opt_values /opt/stack/data/venv/lib/python3.12/site-packages/oslo_config/cfg.py:3006}}
Apr 27 12:05:12.012977 np0000170473 nova-conductor[111937]: DEBUG cotyledon.oslo_config_glue [-] workarounds.skip_cpu_compare_at_startup = False {{(pid=111937) log_opt_values /opt/stack/data/venv/lib/python3.12/site-packages/oslo_config/cfg.py:3006}}
Apr 27 12:05:12.012977 np0000170473 nova-conductor[111937]: DEBUG cotyledon.oslo_config_glue [-] workarounds.skip_cpu_compare_on_dest = False {{(pid=111937) log_opt_values /opt/stack/data/venv/lib/python3.12/site-packages/oslo_config/cfg.py:3006}}
Apr 27 12:05:12.013263 np0000170473 nova-conductor[111937]: DEBUG cotyledon.oslo_config_glue [-] workarounds.skip_hypervisor_version_check_on_lm = False {{(pid=111937) log_opt_values /opt/stack/data/venv/lib/python3.12/site-packages/oslo_config/cfg.py:3006}}
Apr 27 12:05:12.013263 np0000170473 nova-conductor[111937]: DEBUG cotyledon.oslo_config_glue [-] workarounds.skip_reserve_in_use_ironic_nodes = False {{(pid=111937) log_opt_values /opt/stack/data/venv/lib/python3.12/site-packages/oslo_config/cfg.py:3006}}
Apr 27 12:05:12.013263 np0000170473 nova-conductor[111937]: DEBUG cotyledon.oslo_config_glue [-] workarounds.unified_limits_count_pcpu_as_vcpu = False {{(pid=111937) log_opt_values /opt/stack/data/venv/lib/python3.12/site-packages/oslo_config/cfg.py:3006}}
Apr 27 12:05:12.013263 np0000170473 nova-conductor[111937]: DEBUG cotyledon.oslo_config_glue [-] workarounds.wait_for_vif_plugged_event_during_hard_reboot = [] {{(pid=111937) log_opt_values /opt/stack/data/venv/lib/python3.12/site-packages/oslo_config/cfg.py:3006}}
Apr 27 12:05:12.013263 np0000170473 nova-conductor[111937]: DEBUG cotyledon.oslo_config_glue [-] wsgi.api_paste_config = /etc/nova/api-paste.ini {{(pid=111937) log_opt_values /opt/stack/data/venv/lib/python3.12/site-packages/oslo_config/cfg.py:3006}}
Apr 27 12:05:12.013263 np0000170473 nova-conductor[111937]: DEBUG cotyledon.oslo_config_glue [-] wsgi.secure_proxy_ssl_header = None {{(pid=111937) log_opt_values /opt/stack/data/venv/lib/python3.12/site-packages/oslo_config/cfg.py:3006}}
Apr 27 12:05:12.013263 np0000170473 nova-conductor[111937]: DEBUG cotyledon.oslo_config_glue [-] zvm.ca_file = None {{(pid=111937) log_opt_values /opt/stack/data/venv/lib/python3.12/site-packages/oslo_config/cfg.py:3006}}
Apr 27 12:05:12.013263 np0000170473 nova-conductor[111937]: DEBUG cotyledon.oslo_config_glue [-] zvm.cloud_connector_url = None {{(pid=111937) log_opt_values /opt/stack/data/venv/lib/python3.12/site-packages/oslo_config/cfg.py:3006}}
Apr 27 12:05:12.013263 np0000170473 nova-conductor[111937]: DEBUG cotyledon.oslo_config_glue [-] zvm.image_tmp_path = /opt/stack/data/nova/images {{(pid=111937) log_opt_values /opt/stack/data/venv/lib/python3.12/site-packages/oslo_config/cfg.py:3006}}
Apr 27 12:05:12.013631 np0000170473 nova-conductor[111937]: DEBUG cotyledon.oslo_config_glue [-] zvm.reachable_timeout = 300 {{(pid=111937) log_opt_values /opt/stack/data/venv/lib/python3.12/site-packages/oslo_config/cfg.py:3006}}
Apr 27 12:05:12.013631 np0000170473 nova-conductor[111937]: DEBUG cotyledon.oslo_config_glue [-] oslo_versionedobjects.fatal_exception_format_errors = False {{(pid=111937) log_opt_values /opt/stack/data/venv/lib/python3.12/site-packages/oslo_config/cfg.py:3006}}
Apr 27 12:05:12.013631 np0000170473 nova-conductor[111937]: DEBUG cotyledon.oslo_config_glue [-] oslo_middleware.http_basic_auth_user_file = /etc/htpasswd {{(pid=111937) log_opt_values /opt/stack/data/venv/lib/python3.12/site-packages/oslo_config/cfg.py:3006}}
Apr 27 12:05:12.013631 np0000170473 nova-conductor[111937]: DEBUG cotyledon.oslo_config_glue [-] profiler.connection_string = messaging:// {{(pid=111937) log_opt_values /opt/stack/data/venv/lib/python3.12/site-packages/oslo_config/cfg.py:3006}}
Apr 27 12:05:12.013631 np0000170473 nova-conductor[111937]: DEBUG cotyledon.oslo_config_glue [-] profiler.enabled = False {{(pid=111937) log_opt_values /opt/stack/data/venv/lib/python3.12/site-packages/oslo_config/cfg.py:3006}}
Apr 27 12:05:12.013631 np0000170473 nova-conductor[111937]: DEBUG cotyledon.oslo_config_glue [-] profiler.es_doc_type = notification {{(pid=111937) log_opt_values /opt/stack/data/venv/lib/python3.12/site-packages/oslo_config/cfg.py:3006}}
Apr 27 12:05:12.013631 np0000170473 nova-conductor[111937]: DEBUG cotyledon.oslo_config_glue [-] profiler.es_scroll_size = 10000 {{(pid=111937) log_opt_values /opt/stack/data/venv/lib/python3.12/site-packages/oslo_config/cfg.py:3006}}
Apr 27 12:05:12.013631 np0000170473 nova-conductor[111937]: DEBUG cotyledon.oslo_config_glue [-] profiler.es_scroll_time = 2m {{(pid=111937) log_opt_values /opt/stack/data/venv/lib/python3.12/site-packages/oslo_config/cfg.py:3006}}
Apr 27 12:05:12.013631 np0000170473 nova-conductor[111937]: DEBUG cotyledon.oslo_config_glue [-] profiler.filter_error_trace = False {{(pid=111937) log_opt_values /opt/stack/data/venv/lib/python3.12/site-packages/oslo_config/cfg.py:3006}}
Apr 27 12:05:12.013943 np0000170473 nova-conductor[111937]: DEBUG cotyledon.oslo_config_glue [-] profiler.hmac_keys = **** {{(pid=111937) log_opt_values /opt/stack/data/venv/lib/python3.12/site-packages/oslo_config/cfg.py:3006}}
Apr 27 12:05:12.013943 np0000170473 nova-conductor[111937]: DEBUG cotyledon.oslo_config_glue [-] profiler.sentinel_service_name = mymaster {{(pid=111937) log_opt_values /opt/stack/data/venv/lib/python3.12/site-packages/oslo_config/cfg.py:3006}}
Apr 27 12:05:12.013943 np0000170473 nova-conductor[111937]: DEBUG cotyledon.oslo_config_glue [-] profiler.socket_timeout = 0.1 {{(pid=111937) log_opt_values /opt/stack/data/venv/lib/python3.12/site-packages/oslo_config/cfg.py:3006}}
Apr 27 12:05:12.013943 np0000170473 nova-conductor[111937]: DEBUG cotyledon.oslo_config_glue [-] profiler.trace_requests = False {{(pid=111937) log_opt_values /opt/stack/data/venv/lib/python3.12/site-packages/oslo_config/cfg.py:3006}}
Apr 27 12:05:12.013943 np0000170473 nova-conductor[111937]: DEBUG cotyledon.oslo_config_glue [-] profiler.trace_sqlalchemy = False {{(pid=111937) log_opt_values /opt/stack/data/venv/lib/python3.12/site-packages/oslo_config/cfg.py:3006}}
Apr 27 12:05:12.013943 np0000170473 nova-conductor[111937]: DEBUG cotyledon.oslo_config_glue [-] profiler_jaeger.process_tags = {} {{(pid=111937) log_opt_values /opt/stack/data/venv/lib/python3.12/site-packages/oslo_config/cfg.py:3006}}
Apr 27 12:05:12.013943 np0000170473 nova-conductor[111937]: DEBUG cotyledon.oslo_config_glue [-] profiler_jaeger.service_name_prefix = None {{(pid=111937) log_opt_values /opt/stack/data/venv/lib/python3.12/site-packages/oslo_config/cfg.py:3006}}
Apr 27 12:05:12.013943 np0000170473 nova-conductor[111937]: DEBUG cotyledon.oslo_config_glue [-] profiler_otlp.service_name_prefix = None {{(pid=111937) log_opt_values /opt/stack/data/venv/lib/python3.12/site-packages/oslo_config/cfg.py:3006}}
Apr 27 12:05:12.013943 np0000170473 nova-conductor[111937]: DEBUG cotyledon.oslo_config_glue [-] oslo_messaging_rabbit.amqp_auto_delete = False {{(pid=111937) log_opt_values /opt/stack/data/venv/lib/python3.12/site-packages/oslo_config/cfg.py:3006}}
Apr 27 12:05:12.014225 np0000170473 nova-conductor[111912]: DEBUG nova.service [None req-9057d72d-dca6-48ec-86f9-19d5d97a2806 None None] Creating RPC server for service: nova-conductor on topic: conductor {{(pid=111912) start /opt/stack/nova/nova/service.py:195}}
Apr 27 12:05:12.014271 np0000170473 nova-conductor[111937]: DEBUG cotyledon.oslo_config_glue [-] oslo_messaging_rabbit.amqp_durable_queues = False {{(pid=111937) log_opt_values /opt/stack/data/venv/lib/python3.12/site-packages/oslo_config/cfg.py:3006}}
Apr 27 12:05:12.014271 np0000170473 nova-conductor[111937]: DEBUG cotyledon.oslo_config_glue [-] oslo_messaging_rabbit.conn_pool_min_size = 2 {{(pid=111937) log_opt_values /opt/stack/data/venv/lib/python3.12/site-packages/oslo_config/cfg.py:3006}}
Apr 27 12:05:12.014271 np0000170473 nova-conductor[111937]: DEBUG cotyledon.oslo_config_glue [-] oslo_messaging_rabbit.conn_pool_ttl = 1200 {{(pid=111937) log_opt_values /opt/stack/data/venv/lib/python3.12/site-packages/oslo_config/cfg.py:3006}}
Apr 27 12:05:12.014271 np0000170473 nova-conductor[111937]: DEBUG cotyledon.oslo_config_glue [-] oslo_messaging_rabbit.direct_mandatory_flag = True {{(pid=111937) log_opt_values /opt/stack/data/venv/lib/python3.12/site-packages/oslo_config/cfg.py:3006}}
Apr 27 12:05:12.014271 np0000170473 nova-conductor[111937]: DEBUG cotyledon.oslo_config_glue [-] oslo_messaging_rabbit.enable_cancel_on_failover = False {{(pid=111937) log_opt_values /opt/stack/data/venv/lib/python3.12/site-packages/oslo_config/cfg.py:3006}}
Apr 27 12:05:12.014430 np0000170473 nova-conductor[111927]: DEBUG nova.service [None req-bd92e02f-3eec-43b0-9e8a-314e3e508734 None None] Creating RPC server for service: nova-conductor on topic: conductor {{(pid=111927) start /opt/stack/nova/nova/service.py:195}}
Apr 27 12:05:12.014473 np0000170473 nova-conductor[111937]: DEBUG cotyledon.oslo_config_glue [-] oslo_messaging_rabbit.heartbeat_in_pthread = False {{(pid=111937) log_opt_values /opt/stack/data/venv/lib/python3.12/site-packages/oslo_config/cfg.py:3006}}
Apr 27 12:05:12.014473 np0000170473 nova-conductor[111937]: DEBUG cotyledon.oslo_config_glue [-] oslo_messaging_rabbit.heartbeat_rate = 3 {{(pid=111937) log_opt_values /opt/stack/data/venv/lib/python3.12/site-packages/oslo_config/cfg.py:3006}}
Apr 27 12:05:12.014473 np0000170473 nova-conductor[111937]: DEBUG cotyledon.oslo_config_glue [-] oslo_messaging_rabbit.heartbeat_timeout_threshold = 60 {{(pid=111937) log_opt_values /opt/stack/data/venv/lib/python3.12/site-packages/oslo_config/cfg.py:3006}}
Apr 27 12:05:12.014473 np0000170473 nova-conductor[111937]: DEBUG cotyledon.oslo_config_glue [-] oslo_messaging_rabbit.hostname = np0000170473 {{(pid=111937) log_opt_values /opt/stack/data/venv/lib/python3.12/site-packages/oslo_config/cfg.py:3006}}
Apr 27 12:05:12.014473 np0000170473 nova-conductor[111937]: DEBUG cotyledon.oslo_config_glue [-] oslo_messaging_rabbit.kombu_compression = None {{(pid=111937) log_opt_values /opt/stack/data/venv/lib/python3.12/site-packages/oslo_config/cfg.py:3006}}
Apr 27 12:05:12.014473 np0000170473 nova-conductor[111937]: DEBUG cotyledon.oslo_config_glue [-] oslo_messaging_rabbit.kombu_failover_strategy = round-robin {{(pid=111937) log_opt_values /opt/stack/data/venv/lib/python3.12/site-packages/oslo_config/cfg.py:3006}}
Apr 27 12:05:12.014473 np0000170473 nova-conductor[111937]: DEBUG cotyledon.oslo_config_glue [-] oslo_messaging_rabbit.kombu_missing_consumer_retry_timeout = 60 {{(pid=111937) log_opt_values /opt/stack/data/venv/lib/python3.12/site-packages/oslo_config/cfg.py:3006}}
Apr 27 12:05:12.014473 np0000170473 nova-conductor[111937]: DEBUG cotyledon.oslo_config_glue [-] oslo_messaging_rabbit.kombu_reconnect_delay = 1.0 {{(pid=111937) log_opt_values /opt/stack/data/venv/lib/python3.12/site-packages/oslo_config/cfg.py:3006}}
Apr 27 12:05:12.014764 np0000170473 nova-conductor[111937]: DEBUG cotyledon.oslo_config_glue [-] oslo_messaging_rabbit.kombu_reconnect_splay = 0.0 {{(pid=111937) log_opt_values /opt/stack/data/venv/lib/python3.12/site-packages/oslo_config/cfg.py:3006}}
Apr 27 12:05:12.014764 np0000170473 nova-conductor[111937]: DEBUG cotyledon.oslo_config_glue [-] oslo_messaging_rabbit.processname = nova-conductor {{(pid=111937) log_opt_values /opt/stack/data/venv/lib/python3.12/site-packages/oslo_config/cfg.py:3006}}
Apr 27 12:05:12.014764 np0000170473 nova-conductor[111937]: DEBUG cotyledon.oslo_config_glue [-] oslo_messaging_rabbit.rabbit_ha_queues = False {{(pid=111937) log_opt_values /opt/stack/data/venv/lib/python3.12/site-packages/oslo_config/cfg.py:3006}}
Apr 27 12:05:12.014764 np0000170473 nova-conductor[111937]: DEBUG cotyledon.oslo_config_glue [-] oslo_messaging_rabbit.rabbit_interval_max = 30 {{(pid=111937) log_opt_values /opt/stack/data/venv/lib/python3.12/site-packages/oslo_config/cfg.py:3006}}
Apr 27 12:05:12.014764 np0000170473 nova-conductor[111937]: DEBUG cotyledon.oslo_config_glue [-] oslo_messaging_rabbit.rabbit_login_method = AMQPLAIN {{(pid=111937) log_opt_values /opt/stack/data/venv/lib/python3.12/site-packages/oslo_config/cfg.py:3006}}
Apr 27 12:05:12.014764 np0000170473 nova-conductor[111937]: DEBUG cotyledon.oslo_config_glue [-] oslo_messaging_rabbit.rabbit_qos_prefetch_count = 0 {{(pid=111937) log_opt_values /opt/stack/data/venv/lib/python3.12/site-packages/oslo_config/cfg.py:3006}}
Apr 27 12:05:12.014764 np0000170473 nova-conductor[111937]: DEBUG cotyledon.oslo_config_glue [-] oslo_messaging_rabbit.rabbit_quorum_delivery_limit = 0 {{(pid=111937) log_opt_values /opt/stack/data/venv/lib/python3.12/site-packages/oslo_config/cfg.py:3006}}
Apr 27 12:05:12.014764 np0000170473 nova-conductor[111937]: DEBUG cotyledon.oslo_config_glue [-] oslo_messaging_rabbit.rabbit_quorum_max_memory_bytes = 0 {{(pid=111937) log_opt_values /opt/stack/data/venv/lib/python3.12/site-packages/oslo_config/cfg.py:3006}}
Apr 27 12:05:12.015068 np0000170473 nova-conductor[111937]: DEBUG cotyledon.oslo_config_glue [-] oslo_messaging_rabbit.rabbit_quorum_max_memory_length = 0 {{(pid=111937) log_opt_values /opt/stack/data/venv/lib/python3.12/site-packages/oslo_config/cfg.py:3006}}
Apr 27 12:05:12.015068 np0000170473 nova-conductor[111937]: DEBUG cotyledon.oslo_config_glue [-] oslo_messaging_rabbit.rabbit_quorum_queue = False {{(pid=111937) log_opt_values /opt/stack/data/venv/lib/python3.12/site-packages/oslo_config/cfg.py:3006}}
Apr 27 12:05:12.015068 np0000170473 nova-conductor[111937]: DEBUG cotyledon.oslo_config_glue [-] oslo_messaging_rabbit.rabbit_retry_backoff = 2 {{(pid=111937) log_opt_values /opt/stack/data/venv/lib/python3.12/site-packages/oslo_config/cfg.py:3006}}
Apr 27 12:05:12.015068 np0000170473 nova-conductor[111937]: DEBUG cotyledon.oslo_config_glue [-] oslo_messaging_rabbit.rabbit_retry_interval = 1 {{(pid=111937) log_opt_values /opt/stack/data/venv/lib/python3.12/site-packages/oslo_config/cfg.py:3006}}
Apr 27 12:05:12.015068 np0000170473 nova-conductor[111937]: DEBUG cotyledon.oslo_config_glue [-] oslo_messaging_rabbit.rabbit_stream_fanout = False {{(pid=111937) log_opt_values /opt/stack/data/venv/lib/python3.12/site-packages/oslo_config/cfg.py:3006}}
Apr 27 12:05:12.015068 np0000170473 nova-conductor[111937]: DEBUG cotyledon.oslo_config_glue [-] oslo_messaging_rabbit.rabbit_transient_queues_ttl = 1800 {{(pid=111937) log_opt_values /opt/stack/data/venv/lib/python3.12/site-packages/oslo_config/cfg.py:3006}}
Apr 27 12:05:12.015068 np0000170473 nova-conductor[111937]: DEBUG cotyledon.oslo_config_glue [-] oslo_messaging_rabbit.rabbit_transient_quorum_queue = False {{(pid=111937) log_opt_values /opt/stack/data/venv/lib/python3.12/site-packages/oslo_config/cfg.py:3006}}
Apr 27 12:05:12.015068 np0000170473 nova-conductor[111937]: DEBUG cotyledon.oslo_config_glue [-] oslo_messaging_rabbit.rpc_conn_pool_size = 30 {{(pid=111937) log_opt_values /opt/stack/data/venv/lib/python3.12/site-packages/oslo_config/cfg.py:3006}}
Apr 27 12:05:12.015068 np0000170473 nova-conductor[111937]: DEBUG cotyledon.oslo_config_glue [-] oslo_messaging_rabbit.ssl = False {{(pid=111937) log_opt_values /opt/stack/data/venv/lib/python3.12/site-packages/oslo_config/cfg.py:3006}}
Apr 27 12:05:12.015382 np0000170473 nova-conductor[111937]: DEBUG cotyledon.oslo_config_glue [-] oslo_messaging_rabbit.ssl_ca_file = {{(pid=111937) log_opt_values /opt/stack/data/venv/lib/python3.12/site-packages/oslo_config/cfg.py:3006}}
Apr 27 12:05:12.015382 np0000170473 nova-conductor[111937]: DEBUG cotyledon.oslo_config_glue [-] oslo_messaging_rabbit.ssl_cert_file = {{(pid=111937) log_opt_values /opt/stack/data/venv/lib/python3.12/site-packages/oslo_config/cfg.py:3006}}
Apr 27 12:05:12.015382 np0000170473 nova-conductor[111937]: DEBUG cotyledon.oslo_config_glue [-] oslo_messaging_rabbit.ssl_enforce_fips_mode = False {{(pid=111937) log_opt_values /opt/stack/data/venv/lib/python3.12/site-packages/oslo_config/cfg.py:3006}}
Apr 27 12:05:12.015382 np0000170473 nova-conductor[111937]: DEBUG cotyledon.oslo_config_glue [-] oslo_messaging_rabbit.ssl_key_file = {{(pid=111937) log_opt_values /opt/stack/data/venv/lib/python3.12/site-packages/oslo_config/cfg.py:3006}}
Apr 27 12:05:12.015382 np0000170473 nova-conductor[111937]: DEBUG cotyledon.oslo_config_glue [-] oslo_messaging_rabbit.ssl_version = {{(pid=111937) log_opt_values /opt/stack/data/venv/lib/python3.12/site-packages/oslo_config/cfg.py:3006}}
Apr 27 12:05:12.015382 np0000170473 nova-conductor[111937]: DEBUG cotyledon.oslo_config_glue [-] oslo_messaging_rabbit.use_queue_manager = False {{(pid=111937) log_opt_values /opt/stack/data/venv/lib/python3.12/site-packages/oslo_config/cfg.py:3006}}
Apr 27 12:05:12.015382 np0000170473 nova-conductor[111937]: DEBUG cotyledon.oslo_config_glue [-] oslo_messaging_notifications.driver = ['messagingv2'] {{(pid=111937) log_opt_values /opt/stack/data/venv/lib/python3.12/site-packages/oslo_config/cfg.py:3006}}
Apr 27 12:05:12.015382 np0000170473 nova-conductor[111937]: DEBUG cotyledon.oslo_config_glue [-] oslo_messaging_notifications.retry = -1 {{(pid=111937) log_opt_values /opt/stack/data/venv/lib/python3.12/site-packages/oslo_config/cfg.py:3006}}
Apr 27 12:05:12.015382 np0000170473 nova-conductor[111937]: DEBUG cotyledon.oslo_config_glue [-] oslo_messaging_notifications.topics = ['notifications'] {{(pid=111937) log_opt_values /opt/stack/data/venv/lib/python3.12/site-packages/oslo_config/cfg.py:3006}}
Apr 27 12:05:12.015704 np0000170473 nova-conductor[111937]: DEBUG cotyledon.oslo_config_glue [-] oslo_messaging_notifications.transport_url = **** {{(pid=111937) log_opt_values /opt/stack/data/venv/lib/python3.12/site-packages/oslo_config/cfg.py:3006}}
Apr 27 12:05:12.015704 np0000170473 nova-conductor[111937]: DEBUG cotyledon.oslo_config_glue [-] oslo_limit.auth_section = None {{(pid=111937) log_opt_values /opt/stack/data/venv/lib/python3.12/site-packages/oslo_config/cfg.py:3006}}
Apr 27 12:05:12.015704 np0000170473 nova-conductor[111937]: DEBUG cotyledon.oslo_config_glue [-] oslo_limit.auth_type = None {{(pid=111937) log_opt_values /opt/stack/data/venv/lib/python3.12/site-packages/oslo_config/cfg.py:3006}}
Apr 27 12:05:12.015704 np0000170473 nova-conductor[111937]: DEBUG cotyledon.oslo_config_glue [-] oslo_limit.cafile = None {{(pid=111937) log_opt_values /opt/stack/data/venv/lib/python3.12/site-packages/oslo_config/cfg.py:3006}}
Apr 27 12:05:12.015704 np0000170473 nova-conductor[111937]: DEBUG cotyledon.oslo_config_glue [-] oslo_limit.certfile = None {{(pid=111937) log_opt_values /opt/stack/data/venv/lib/python3.12/site-packages/oslo_config/cfg.py:3006}}
Apr 27 12:05:12.015704 np0000170473 nova-conductor[111937]: DEBUG cotyledon.oslo_config_glue [-] oslo_limit.collect_timing = False {{(pid=111937) log_opt_values /opt/stack/data/venv/lib/python3.12/site-packages/oslo_config/cfg.py:3006}}
Apr 27 12:05:12.015704 np0000170473 nova-conductor[111937]: DEBUG cotyledon.oslo_config_glue [-] oslo_limit.connect_retries = None {{(pid=111937) log_opt_values /opt/stack/data/venv/lib/python3.12/site-packages/oslo_config/cfg.py:3006}}
Apr 27 12:05:12.015704 np0000170473 nova-conductor[111937]: DEBUG cotyledon.oslo_config_glue [-] oslo_limit.connect_retry_delay = None {{(pid=111937) log_opt_values /opt/stack/data/venv/lib/python3.12/site-packages/oslo_config/cfg.py:3006}}
Apr 27 12:05:12.015704 np0000170473 nova-conductor[111937]: DEBUG cotyledon.oslo_config_glue [-] oslo_limit.endpoint_id = None {{(pid=111937) log_opt_values /opt/stack/data/venv/lib/python3.12/site-packages/oslo_config/cfg.py:3006}}
Apr 27 12:05:12.015966 np0000170473 nova-conductor[111937]: DEBUG cotyledon.oslo_config_glue [-] oslo_limit.endpoint_interface = public {{(pid=111937) log_opt_values /opt/stack/data/venv/lib/python3.12/site-packages/oslo_config/cfg.py:3006}}
Apr 27 12:05:12.015966 np0000170473 nova-conductor[111937]: DEBUG cotyledon.oslo_config_glue [-] oslo_limit.endpoint_override = None {{(pid=111937) log_opt_values /opt/stack/data/venv/lib/python3.12/site-packages/oslo_config/cfg.py:3006}}
Apr 27 12:05:12.015966 np0000170473 nova-conductor[111937]: DEBUG cotyledon.oslo_config_glue [-] oslo_limit.endpoint_region_name = None {{(pid=111937) log_opt_values /opt/stack/data/venv/lib/python3.12/site-packages/oslo_config/cfg.py:3006}}
Apr 27 12:05:12.015966 np0000170473 nova-conductor[111937]: DEBUG cotyledon.oslo_config_glue [-] oslo_limit.endpoint_service_name = None {{(pid=111937) log_opt_values /opt/stack/data/venv/lib/python3.12/site-packages/oslo_config/cfg.py:3006}}
Apr 27 12:05:12.015966 np0000170473 nova-conductor[111937]: DEBUG cotyledon.oslo_config_glue [-] oslo_limit.endpoint_service_type = None {{(pid=111937) log_opt_values /opt/stack/data/venv/lib/python3.12/site-packages/oslo_config/cfg.py:3006}}
Apr 27 12:05:12.015966 np0000170473 nova-conductor[111937]: DEBUG cotyledon.oslo_config_glue [-] oslo_limit.insecure = False {{(pid=111937) log_opt_values /opt/stack/data/venv/lib/python3.12/site-packages/oslo_config/cfg.py:3006}}
Apr 27 12:05:12.015966 np0000170473 nova-conductor[111937]: DEBUG cotyledon.oslo_config_glue [-] oslo_limit.keyfile = None {{(pid=111937) log_opt_values /opt/stack/data/venv/lib/python3.12/site-packages/oslo_config/cfg.py:3006}}
Apr 27 12:05:12.015966 np0000170473 nova-conductor[111937]: DEBUG cotyledon.oslo_config_glue [-] oslo_limit.max_version = None {{(pid=111937) log_opt_values /opt/stack/data/venv/lib/python3.12/site-packages/oslo_config/cfg.py:3006}}
Apr 27 12:05:12.015966 np0000170473 nova-conductor[111937]: DEBUG cotyledon.oslo_config_glue [-] oslo_limit.min_version = None {{(pid=111937) log_opt_values /opt/stack/data/venv/lib/python3.12/site-packages/oslo_config/cfg.py:3006}}
Apr 27 12:05:12.016313 np0000170473 nova-conductor[111937]: DEBUG cotyledon.oslo_config_glue [-] oslo_limit.region_name = None {{(pid=111937) log_opt_values /opt/stack/data/venv/lib/python3.12/site-packages/oslo_config/cfg.py:3006}}
Apr 27 12:05:12.016313 np0000170473 nova-conductor[111937]: DEBUG cotyledon.oslo_config_glue [-] oslo_limit.retriable_status_codes = None {{(pid=111937) log_opt_values /opt/stack/data/venv/lib/python3.12/site-packages/oslo_config/cfg.py:3006}}
Apr 27 12:05:12.016313 np0000170473 nova-conductor[111937]: DEBUG cotyledon.oslo_config_glue [-] oslo_limit.service_name = None {{(pid=111937) log_opt_values /opt/stack/data/venv/lib/python3.12/site-packages/oslo_config/cfg.py:3006}}
Apr 27 12:05:12.016313 np0000170473 nova-conductor[111937]: DEBUG cotyledon.oslo_config_glue [-] oslo_limit.service_type = None {{(pid=111937) log_opt_values /opt/stack/data/venv/lib/python3.12/site-packages/oslo_config/cfg.py:3006}}
Apr 27 12:05:12.016313 np0000170473 nova-conductor[111937]: DEBUG cotyledon.oslo_config_glue [-] oslo_limit.split_loggers = False {{(pid=111937) log_opt_values /opt/stack/data/venv/lib/python3.12/site-packages/oslo_config/cfg.py:3006}}
Apr 27 12:05:12.016313 np0000170473 nova-conductor[111937]: DEBUG cotyledon.oslo_config_glue [-] oslo_limit.status_code_retries = None {{(pid=111937) log_opt_values /opt/stack/data/venv/lib/python3.12/site-packages/oslo_config/cfg.py:3006}}
Apr 27 12:05:12.016313 np0000170473 nova-conductor[111937]: DEBUG cotyledon.oslo_config_glue [-] oslo_limit.status_code_retry_delay = None {{(pid=111937) log_opt_values /opt/stack/data/venv/lib/python3.12/site-packages/oslo_config/cfg.py:3006}}
Apr 27 12:05:12.016313 np0000170473 nova-conductor[111937]: DEBUG cotyledon.oslo_config_glue [-] oslo_limit.timeout = None {{(pid=111937) log_opt_values /opt/stack/data/venv/lib/python3.12/site-packages/oslo_config/cfg.py:3006}}
Apr 27 12:05:12.016313 np0000170473 nova-conductor[111937]: DEBUG cotyledon.oslo_config_glue [-] oslo_limit.valid_interfaces = None {{(pid=111937) log_opt_values /opt/stack/data/venv/lib/python3.12/site-packages/oslo_config/cfg.py:3006}}
Apr 27 12:05:12.016632 np0000170473 nova-conductor[111937]: DEBUG cotyledon.oslo_config_glue [-] oslo_limit.version = None {{(pid=111937) log_opt_values /opt/stack/data/venv/lib/python3.12/site-packages/oslo_config/cfg.py:3006}}
Apr 27 12:05:12.016632 np0000170473 nova-conductor[111937]: DEBUG cotyledon.oslo_config_glue [-] oslo_reports.file_event_handler = None {{(pid=111937) log_opt_values /opt/stack/data/venv/lib/python3.12/site-packages/oslo_config/cfg.py:3006}}
Apr 27 12:05:12.016632 np0000170473 nova-conductor[111937]: DEBUG cotyledon.oslo_config_glue [-] oslo_reports.file_event_handler_interval = 1 {{(pid=111937) log_opt_values /opt/stack/data/venv/lib/python3.12/site-packages/oslo_config/cfg.py:3006}}
Apr 27 12:05:12.016632 np0000170473 nova-conductor[111937]: DEBUG cotyledon.oslo_config_glue [-] oslo_reports.log_dir = None {{(pid=111937) log_opt_values /opt/stack/data/venv/lib/python3.12/site-packages/oslo_config/cfg.py:3006}}
Apr 27 12:05:12.016632 np0000170473 nova-conductor[111937]: DEBUG cotyledon.oslo_config_glue [-] ******************************************************************************** {{(pid=111937) log_opt_values /opt/stack/data/venv/lib/python3.12/site-packages/oslo_config/cfg.py:3013}}
Apr 27 12:05:12.016632 np0000170473 nova-conductor[111937]: DEBUG cotyledon._service_worker [-] Run service ServiceWrapper(3) [111937] {{(pid=111937) wait_forever /opt/stack/data/venv/lib/python3.12/site-packages/cotyledon/_service_worker.py:218}}
Apr 27 12:05:12.016632 np0000170473 nova-conductor[111937]: INFO nova.service [-] Starting conductor node (version 33.1.0)
Apr 27 12:05:12.016632 np0000170473 nova-conductor[111937]: INFO dbcounter [None req-737c2afa-788d-442f-a589-e8cce5fe77f1 None None] Registered counter for database nova_cell0
Apr 27 12:05:12.020802 np0000170473 nova-conductor[111937]: DEBUG oslo_db.sqlalchemy.engines [None req-737c2afa-788d-442f-a589-e8cce5fe77f1 None None] MySQL server mode set to STRICT_TRANS_TABLES,STRICT_ALL_TABLES,NO_ZERO_IN_DATE,NO_ZERO_DATE,ERROR_FOR_DIVISION_BY_ZERO,TRADITIONAL,NO_ENGINE_SUBSTITUTION {{(pid=111937) _check_effective_sql_mode /opt/stack/data/venv/lib/python3.12/site-packages/oslo_db/sqlalchemy/engines.py:325}}
Apr 27 12:05:12.024848 np0000170473 nova-conductor[111912]: DEBUG nova.service [None req-9057d72d-dca6-48ec-86f9-19d5d97a2806 None None] Join ServiceGroup membership for this service conductor {{(pid=111912) start /opt/stack/nova/nova/service.py:221}}
Apr 27 12:05:12.025067 np0000170473 nova-conductor[111912]: DEBUG nova.servicegroup.drivers.db [None req-9057d72d-dca6-48ec-86f9-19d5d97a2806 None None] DB_Driver: join new ServiceGroup member np0000170473 to the conductor group, service = {{(pid=111912) join /opt/stack/nova/nova/servicegroup/drivers/db.py:44}}
Apr 27 12:05:12.025888 np0000170473 nova-conductor[111927]: DEBUG nova.service [None req-bd92e02f-3eec-43b0-9e8a-314e3e508734 None None] Join ServiceGroup membership for this service conductor {{(pid=111927) start /opt/stack/nova/nova/service.py:221}}
Apr 27 12:05:12.026345 np0000170473 nova-conductor[111927]: DEBUG nova.servicegroup.drivers.db [None req-bd92e02f-3eec-43b0-9e8a-314e3e508734 None None] DB_Driver: join new ServiceGroup member np0000170473 to the conductor group, service = {{(pid=111927) join /opt/stack/nova/nova/servicegroup/drivers/db.py:44}}
Apr 27 12:05:12.034387 np0000170473 nova-conductor[111919]: DEBUG nova.service [None req-be15e423-4691-47c8-9749-b1d90e307da1 None None] Join ServiceGroup membership for this service conductor {{(pid=111919) start /opt/stack/nova/nova/service.py:221}}
Apr 27 12:05:12.034620 np0000170473 nova-conductor[111919]: DEBUG nova.servicegroup.drivers.db [None req-be15e423-4691-47c8-9749-b1d90e307da1 None None] DB_Driver: join new ServiceGroup member np0000170473 to the conductor group, service = {{(pid=111919) join /opt/stack/nova/nova/servicegroup/drivers/db.py:44}}
Apr 27 12:05:12.036494 np0000170473 nova-conductor[111937]: DEBUG dbcounter [-] [111937] Writer thread running {{(pid=111937) stat_writer /opt/stack/data/venv/lib/python3.12/site-packages/dbcounter.py:102}}
Apr 27 12:05:12.039422 np0000170473 nova-conductor[111937]: DEBUG nova.service [None req-737c2afa-788d-442f-a589-e8cce5fe77f1 None None] Creating RPC server for service: nova-conductor on topic: conductor {{(pid=111937) start /opt/stack/nova/nova/service.py:195}}
Apr 27 12:05:12.059681 np0000170473 nova-conductor[111937]: DEBUG nova.service [None req-737c2afa-788d-442f-a589-e8cce5fe77f1 None None] Join ServiceGroup membership for this service conductor {{(pid=111937) start /opt/stack/nova/nova/service.py:221}}
Apr 27 12:05:12.059873 np0000170473 nova-conductor[111937]: DEBUG nova.servicegroup.drivers.db [None req-737c2afa-788d-442f-a589-e8cce5fe77f1 None None] DB_Driver: join new ServiceGroup member np0000170473 to the conductor group, service = {{(pid=111937) join /opt/stack/nova/nova/servicegroup/drivers/db.py:44}}
Apr 27 12:05:17.048590 np0000170473 nova-conductor[111912]: DEBUG oslo.service.backend._threading.loopingcall [-] Fixed interval looping call 'nova.servicegroup.drivers.db.DbDriver._report_state' sleeping for 119.98 seconds {{(pid=111912) _run_loop /opt/stack/data/venv/lib/python3.12/site-packages/oslo_service/backend/_threading/loopingcall.py:125}}
Apr 27 12:05:17.049324 np0000170473 nova-conductor[111927]: DEBUG oslo.service.backend._threading.loopingcall [-] Fixed interval looping call 'nova.servicegroup.drivers.db.DbDriver._report_state' sleeping for 119.98 seconds {{(pid=111927) _run_loop /opt/stack/data/venv/lib/python3.12/site-packages/oslo_service/backend/_threading/loopingcall.py:125}}
Apr 27 12:05:17.049716 np0000170473 nova-conductor[111919]: DEBUG oslo.service.backend._threading.loopingcall [-] Fixed interval looping call 'nova.servicegroup.drivers.db.DbDriver._report_state' sleeping for 119.99 seconds {{(pid=111919) _run_loop /opt/stack/data/venv/lib/python3.12/site-packages/oslo_service/backend/_threading/loopingcall.py:125}}
Apr 27 12:05:17.074096 np0000170473 nova-conductor[111937]: DEBUG oslo.service.backend._threading.loopingcall [-] Fixed interval looping call 'nova.servicegroup.drivers.db.DbDriver._report_state' sleeping for 119.99 seconds {{(pid=111937) _run_loop /opt/stack/data/venv/lib/python3.12/site-packages/oslo_service/backend/_threading/loopingcall.py:125}}
Apr 27 12:05:20.622441 np0000170473 nova-conductor[111144]: DEBUG dbcounter [-] [111144] Writing DB stats nova_api:SELECT=1 {{(pid=111144) stat_writer /opt/stack/data/venv/lib/python3.12/site-packages/dbcounter.py:115}}
Apr 27 12:05:20.733643 np0000170473 nova-conductor[111144]: DEBUG dbcounter [-] [111144] Writing DB stats nova_cell0:SELECT=1 {{(pid=111144) stat_writer /opt/stack/data/venv/lib/python3.12/site-packages/dbcounter.py:115}}
Apr 27 12:05:20.741213 np0000170473 nova-conductor[111144]: DEBUG dbcounter [-] [111144] Writing DB stats nova_cell1:SELECT=1 {{(pid=111144) stat_writer /opt/stack/data/venv/lib/python3.12/site-packages/dbcounter.py:115}}
Apr 27 12:05:21.027675 np0000170473 nova-conductor[111912]: DEBUG oslo.service.backend._threading.loopingcall [None req-560af502-9df2-4ccc-9259-1c71d05fe0e7 None None] Dynamic interval looping call 'nova.service.Service.periodic_tasks' sleeping for 60.00 seconds {{(pid=111912) _run_loop /opt/stack/data/venv/lib/python3.12/site-packages/oslo_service/backend/_threading/loopingcall.py:125}}
Apr 27 12:05:27.040288 np0000170473 nova-conductor[111912]: DEBUG dbcounter [-] [111912] Writing DB stats nova_cell0:SELECT=5,nova_cell0:INSERT=1,nova_cell0:UPDATE=1 {{(pid=111912) stat_writer /opt/stack/data/venv/lib/python3.12/site-packages/dbcounter.py:115}}
Apr 27 12:05:27.041117 np0000170473 nova-conductor[111927]: DEBUG dbcounter [-] [111927] Writing DB stats nova_cell0:SELECT=3,nova_cell0:UPDATE=1 {{(pid=111927) stat_writer /opt/stack/data/venv/lib/python3.12/site-packages/dbcounter.py:115}}
Apr 27 12:05:27.047122 np0000170473 nova-conductor[111919]: DEBUG dbcounter [-] [111919] Writing DB stats nova_cell0:SELECT=4,nova_cell0:INSERT=1,nova_cell0:UPDATE=1 {{(pid=111919) stat_writer /opt/stack/data/venv/lib/python3.12/site-packages/dbcounter.py:115}}
Apr 27 12:05:27.071208 np0000170473 nova-conductor[111937]: DEBUG dbcounter [-] [111937] Writing DB stats nova_cell0:SELECT=3 {{(pid=111937) stat_writer /opt/stack/data/venv/lib/python3.12/site-packages/dbcounter.py:115}}
Apr 27 12:06:06.065814 np0000170473 nova-conductor[111937]: DEBUG oslo.service.backend._threading.loopingcall [None req-df18d8da-47c5-454e-8f00-3ba8bbeb626b None None] Dynamic interval looping call 'nova.service.Service.periodic_tasks' sleeping for 60.00 seconds {{(pid=111937) _run_loop /opt/stack/data/venv/lib/python3.12/site-packages/oslo_service/backend/_threading/loopingcall.py:125}}
Apr 27 12:06:08.028726 np0000170473 nova-conductor[111927]: DEBUG oslo.service.backend._threading.loopingcall [None req-0443c246-970e-43c2-8f0c-48348cf0a12a None None] Dynamic interval looping call 'nova.service.Service.periodic_tasks' sleeping for 60.00 seconds {{(pid=111927) _run_loop /opt/stack/data/venv/lib/python3.12/site-packages/oslo_service/backend/_threading/loopingcall.py:125}}
Apr 27 12:06:10.037723 np0000170473 nova-conductor[111919]: DEBUG oslo.service.backend._threading.loopingcall [None req-75140cd1-4262-41e9-9529-c92c7ed5a962 None None] Dynamic interval looping call 'nova.service.Service.periodic_tasks' sleeping for 60.00 seconds {{(pid=111919) _run_loop /opt/stack/data/venv/lib/python3.12/site-packages/oslo_service/backend/_threading/loopingcall.py:125}}
Apr 27 12:06:21.028464 np0000170473 nova-conductor[111912]: DEBUG oslo.service.backend._threading.loopingcall [None req-560af502-9df2-4ccc-9259-1c71d05fe0e7 None None] Dynamic interval looping call 'nova.service.Service.periodic_tasks' sleeping for 60.00 seconds {{(pid=111912) _run_loop /opt/stack/data/venv/lib/python3.12/site-packages/oslo_service/backend/_threading/loopingcall.py:125}}
Apr 27 12:07:06.066609 np0000170473 nova-conductor[111937]: DEBUG oslo.service.backend._threading.loopingcall [None req-df18d8da-47c5-454e-8f00-3ba8bbeb626b None None] Dynamic interval looping call 'nova.service.Service.periodic_tasks' sleeping for 60.00 seconds {{(pid=111937) _run_loop /opt/stack/data/venv/lib/python3.12/site-packages/oslo_service/backend/_threading/loopingcall.py:125}}
Apr 27 12:07:08.029539 np0000170473 nova-conductor[111927]: DEBUG oslo.service.backend._threading.loopingcall [None req-0443c246-970e-43c2-8f0c-48348cf0a12a None None] Dynamic interval looping call 'nova.service.Service.periodic_tasks' sleeping for 60.00 seconds {{(pid=111927) _run_loop /opt/stack/data/venv/lib/python3.12/site-packages/oslo_service/backend/_threading/loopingcall.py:125}}
Apr 27 12:07:10.038818 np0000170473 nova-conductor[111919]: DEBUG oslo.service.backend._threading.loopingcall [None req-75140cd1-4262-41e9-9529-c92c7ed5a962 None None] Dynamic interval looping call 'nova.service.Service.periodic_tasks' sleeping for 60.00 seconds {{(pid=111919) _run_loop /opt/stack/data/venv/lib/python3.12/site-packages/oslo_service/backend/_threading/loopingcall.py:125}}
Apr 27 12:07:17.040688 np0000170473 nova-conductor[111927]: DEBUG oslo.service.backend._threading.loopingcall [-] Fixed interval looping call 'nova.servicegroup.drivers.db.DbDriver._report_state' sleeping for 119.99 seconds {{(pid=111927) _run_loop /opt/stack/data/venv/lib/python3.12/site-packages/oslo_service/backend/_threading/loopingcall.py:125}}
Apr 27 12:07:17.042012 np0000170473 nova-conductor[111912]: DEBUG oslo.service.backend._threading.loopingcall [-] Fixed interval looping call 'nova.servicegroup.drivers.db.DbDriver._report_state' sleeping for 119.99 seconds {{(pid=111912) _run_loop /opt/stack/data/venv/lib/python3.12/site-packages/oslo_service/backend/_threading/loopingcall.py:125}}
Apr 27 12:07:17.043523 np0000170473 nova-conductor[111919]: DEBUG oslo.service.backend._threading.loopingcall [-] Fixed interval looping call 'nova.servicegroup.drivers.db.DbDriver._report_state' sleeping for 120.00 seconds {{(pid=111919) _run_loop /opt/stack/data/venv/lib/python3.12/site-packages/oslo_service/backend/_threading/loopingcall.py:125}}
Apr 27 12:07:17.069884 np0000170473 nova-conductor[111937]: DEBUG oslo.service.backend._threading.loopingcall [-] Fixed interval looping call 'nova.servicegroup.drivers.db.DbDriver._report_state' sleeping for 119.99 seconds {{(pid=111937) _run_loop /opt/stack/data/venv/lib/python3.12/site-packages/oslo_service/backend/_threading/loopingcall.py:125}}
Apr 27 12:07:21.028871 np0000170473 nova-conductor[111912]: DEBUG oslo.service.backend._threading.loopingcall [None req-560af502-9df2-4ccc-9259-1c71d05fe0e7 None None] Dynamic interval looping call 'nova.service.Service.periodic_tasks' sleeping for 60.00 seconds {{(pid=111912) _run_loop /opt/stack/data/venv/lib/python3.12/site-packages/oslo_service/backend/_threading/loopingcall.py:125}}
Apr 27 12:07:27.034758 np0000170473 nova-conductor[111927]: DEBUG dbcounter [-] [111927] Writing DB stats nova_cell0:SELECT=1,nova_cell0:UPDATE=1 {{(pid=111927) stat_writer /opt/stack/data/venv/lib/python3.12/site-packages/dbcounter.py:115}}
Apr 27 12:07:27.035661 np0000170473 nova-conductor[111912]: DEBUG dbcounter [-] [111912] Writing DB stats nova_cell0:SELECT=1,nova_cell0:UPDATE=1 {{(pid=111912) stat_writer /opt/stack/data/venv/lib/python3.12/site-packages/dbcounter.py:115}}
Apr 27 12:07:27.042123 np0000170473 nova-conductor[111919]: DEBUG dbcounter [-] [111919] Writing DB stats nova_cell0:SELECT=1 {{(pid=111919) stat_writer /opt/stack/data/venv/lib/python3.12/site-packages/dbcounter.py:115}}
Apr 27 12:07:27.066797 np0000170473 nova-conductor[111937]: DEBUG dbcounter [-] [111937] Writing DB stats nova_cell0:SELECT=1 {{(pid=111937) stat_writer /opt/stack/data/venv/lib/python3.12/site-packages/dbcounter.py:115}}
Apr 27 12:08:06.067497 np0000170473 nova-conductor[111937]: DEBUG oslo.service.backend._threading.loopingcall [None req-df18d8da-47c5-454e-8f00-3ba8bbeb626b None None] Dynamic interval looping call 'nova.service.Service.periodic_tasks' sleeping for 60.00 seconds {{(pid=111937) _run_loop /opt/stack/data/venv/lib/python3.12/site-packages/oslo_service/backend/_threading/loopingcall.py:125}}
Apr 27 12:08:08.030505 np0000170473 nova-conductor[111927]: DEBUG oslo.service.backend._threading.loopingcall [None req-0443c246-970e-43c2-8f0c-48348cf0a12a None None] Dynamic interval looping call 'nova.service.Service.periodic_tasks' sleeping for 60.00 seconds {{(pid=111927) _run_loop /opt/stack/data/venv/lib/python3.12/site-packages/oslo_service/backend/_threading/loopingcall.py:125}}
Apr 27 12:08:10.039644 np0000170473 nova-conductor[111919]: DEBUG oslo.service.backend._threading.loopingcall [None req-75140cd1-4262-41e9-9529-c92c7ed5a962 None None] Dynamic interval looping call 'nova.service.Service.periodic_tasks' sleeping for 60.00 seconds {{(pid=111919) _run_loop /opt/stack/data/venv/lib/python3.12/site-packages/oslo_service/backend/_threading/loopingcall.py:125}}
Apr 27 12:08:21.029924 np0000170473 nova-conductor[111912]: DEBUG oslo.service.backend._threading.loopingcall [None req-560af502-9df2-4ccc-9259-1c71d05fe0e7 None None] Dynamic interval looping call 'nova.service.Service.periodic_tasks' sleeping for 60.00 seconds {{(pid=111912) _run_loop /opt/stack/data/venv/lib/python3.12/site-packages/oslo_service/backend/_threading/loopingcall.py:125}}
Apr 27 12:09:06.068519 np0000170473 nova-conductor[111937]: DEBUG oslo.service.backend._threading.loopingcall [None req-df18d8da-47c5-454e-8f00-3ba8bbeb626b None None] Dynamic interval looping call 'nova.service.Service.periodic_tasks' sleeping for 60.00 seconds {{(pid=111937) _run_loop /opt/stack/data/venv/lib/python3.12/site-packages/oslo_service/backend/_threading/loopingcall.py:125}}
Apr 27 12:09:08.031198 np0000170473 nova-conductor[111927]: DEBUG oslo.service.backend._threading.loopingcall [None req-0443c246-970e-43c2-8f0c-48348cf0a12a None None] Dynamic interval looping call 'nova.service.Service.periodic_tasks' sleeping for 60.00 seconds {{(pid=111927) _run_loop /opt/stack/data/venv/lib/python3.12/site-packages/oslo_service/backend/_threading/loopingcall.py:125}}
Apr 27 12:09:10.040646 np0000170473 nova-conductor[111919]: DEBUG oslo.service.backend._threading.loopingcall [None req-75140cd1-4262-41e9-9529-c92c7ed5a962 None None] Dynamic interval looping call 'nova.service.Service.periodic_tasks' sleeping for 60.00 seconds {{(pid=111919) _run_loop /opt/stack/data/venv/lib/python3.12/site-packages/oslo_service/backend/_threading/loopingcall.py:125}}
Apr 27 12:09:17.078031 np0000170473 nova-conductor[111927]: DEBUG oslo.service.backend._threading.loopingcall [-] Fixed interval looping call 'nova.servicegroup.drivers.db.DbDriver._report_state' sleeping for 119.95 seconds {{(pid=111927) _run_loop /opt/stack/data/venv/lib/python3.12/site-packages/oslo_service/backend/_threading/loopingcall.py:125}}
Apr 27 12:09:17.079887 np0000170473 nova-conductor[111912]: DEBUG oslo.service.backend._threading.loopingcall [-] Fixed interval looping call 'nova.servicegroup.drivers.db.DbDriver._report_state' sleeping for 119.95 seconds {{(pid=111912) _run_loop /opt/stack/data/venv/lib/python3.12/site-packages/oslo_service/backend/_threading/loopingcall.py:125}}
Apr 27 12:09:17.080609 np0000170473 nova-conductor[111919]: DEBUG oslo.service.backend._threading.loopingcall [-] Fixed interval looping call 'nova.servicegroup.drivers.db.DbDriver._report_state' sleeping for 119.96 seconds {{(pid=111919) _run_loop /opt/stack/data/venv/lib/python3.12/site-packages/oslo_service/backend/_threading/loopingcall.py:125}}
