2026-04-23 01:55:10.334 7 INFO neutron.api.extensions [None req-69ce740a-8b83-4076-9b15-73ca09e6f6c7 - - - - - -] Extension expose-l3-conntrack-helper not supported by any of loaded plugins
2026-04-23 01:55:10.334 8 WARNING neutron.quota.resource_registry [None req-1791c4f0-898b-4efe-92ed-da496f5f799c - - - - - -] floatingip is already registered
2026-04-23 01:55:10.335 7 INFO neutron.api.extensions [None req-69ce740a-8b83-4076-9b15-73ca09e6f6c7 - - - - - -] Extension expose-port-forwarding-in-fip not supported by any of loaded plugins
2026-04-23 01:55:10.335 7 INFO neutron.api.extensions [None req-69ce740a-8b83-4076-9b15-73ca09e6f6c7 - - - - - -] Loaded extension: external-net
2026-04-23 01:55:10.336 7 INFO neutron.api.extensions [None req-69ce740a-8b83-4076-9b15-73ca09e6f6c7 - - - - - -] Loaded extension: extra_dhcp_opt
2026-04-23 01:55:10.337 7 INFO neutron.api.extensions [None req-69ce740a-8b83-4076-9b15-73ca09e6f6c7 - - - - - -] Loaded extension: extraroute
2026-04-23 01:55:10.337 7 INFO neutron.api.extensions [None req-69ce740a-8b83-4076-9b15-73ca09e6f6c7 - - - - - -] Extension extraroute-atomic not supported by any of loaded plugins
2026-04-23 01:55:10.338 7 INFO neutron.api.extensions [None req-69ce740a-8b83-4076-9b15-73ca09e6f6c7 - - - - - -] Extension filter-validation not supported by any of loaded plugins
2026-04-23 01:55:10.338 7 INFO neutron.api.extensions [None req-69ce740a-8b83-4076-9b15-73ca09e6f6c7 - - - - - -] Extension floating-ip-port-forwarding-description not supported by any of loaded plugins
2026-04-23 01:55:10.339 8 INFO neutron.quota.resource_registry [None req-1791c4f0-898b-4efe-92ed-da496f5f799c - - - - - -] Creating instance of CountableResource for resource:rbac_policy
2026-04-23 01:55:10.339 8 WARNING neutron.quota.resource_registry [None req-1791c4f0-898b-4efe-92ed-da496f5f799c - - - - - -] rbac_policy is already registered
2026-04-23 01:55:10.339 7 INFO neutron.api.extensions [None req-69ce740a-8b83-4076-9b15-73ca09e6f6c7 - - - - - -] Loaded extension: floating-ip-port-forwarding-detail
2026-04-23 01:55:10.340 7 INFO neutron.api.extensions [None req-69ce740a-8b83-4076-9b15-73ca09e6f6c7 - - - - - -] Extension floating-ip-port-forwarding-port-ranges not supported by any of loaded plugins
2026-04-23 01:55:10.340 8 INFO neutron.quota.resource_registry [None req-1791c4f0-898b-4efe-92ed-da496f5f799c - - - - - -] Creating instance of TrackedResource for resource:security_group
2026-04-23 01:55:10.340 8 WARNING neutron.quota.resource_registry [None req-1791c4f0-898b-4efe-92ed-da496f5f799c - - - - - -] security_group is already registered
2026-04-23 01:55:10.340 8 INFO neutron.quota.resource_registry [None req-1791c4f0-898b-4efe-92ed-da496f5f799c - - - - - -] Creating instance of TrackedResource for resource:security_group_rule
2026-04-23 01:55:10.340 8 WARNING neutron.quota.resource_registry [None req-1791c4f0-898b-4efe-92ed-da496f5f799c - - - - - -] security_group_rule is already registered
2026-04-23 01:55:10.340 7 INFO neutron.api.extensions [None req-69ce740a-8b83-4076-9b15-73ca09e6f6c7 - - - - - -] Loaded extension: fip-port-details
2026-04-23 01:55:10.341 8 INFO neutron.quota.resource_registry [None req-1791c4f0-898b-4efe-92ed-da496f5f799c - - - - - -] Creating instance of TrackedResource for resource:subnetpool
2026-04-23 01:55:10.341 7 INFO neutron.api.extensions [None req-69ce740a-8b83-4076-9b15-73ca09e6f6c7 - - - - - -] Loaded extension: flavors
2026-04-23 01:55:10.341 8 WARNING neutron.quota.resource_registry [None req-1791c4f0-898b-4efe-92ed-da496f5f799c - - - - - -] subnetpool is already registered
2026-04-23 01:55:10.342 8 INFO neutron.quota.resource_registry [None req-1791c4f0-898b-4efe-92ed-da496f5f799c - - - - - -] Creating instance of CountableResource for resource:trunk
2026-04-23 01:55:10.342 8 WARNING neutron.quota.resource_registry [None req-1791c4f0-898b-4efe-92ed-da496f5f799c - - - - - -] trunk is already registered
2026-04-23 01:55:10.342 8 INFO neutron.quota.resource_registry [None req-1791c4f0-898b-4efe-92ed-da496f5f799c - - - - - -] Creating instance of CountableResource for resource:ikepolicy
2026-04-23 01:55:10.343 7 INFO neutron.api.extensions [None req-69ce740a-8b83-4076-9b15-73ca09e6f6c7 - - - - - -] Extension floating-ip-port-forwarding not supported by any of loaded plugins
2026-04-23 01:55:10.343 8 WARNING neutron.quota.resource_registry [None req-1791c4f0-898b-4efe-92ed-da496f5f799c - - - - - -] ikepolicy is already registered
2026-04-23 01:55:10.343 8 INFO neutron.quota.resource_registry [None req-1791c4f0-898b-4efe-92ed-da496f5f799c - - - - - -] Creating instance of CountableResource for resource:ipsecpolicy
2026-04-23 01:55:10.343 8 WARNING neutron.quota.resource_registry [None req-1791c4f0-898b-4efe-92ed-da496f5f799c - - - - - -] ipsecpolicy is already registered
2026-04-23 01:55:10.343 7 INFO neutron.api.extensions [None req-69ce740a-8b83-4076-9b15-73ca09e6f6c7 - - - - - -] Loaded extension: floatingip-pools
2026-04-23 01:55:10.344 8 INFO neutron.quota.resource_registry [None req-1791c4f0-898b-4efe-92ed-da496f5f799c - - - - - -] Creating instance of CountableResource for resource:endpoint_group
2026-04-23 01:55:10.344 8 WARNING neutron.quota.resource_registry [None req-1791c4f0-898b-4efe-92ed-da496f5f799c - - - - - -] endpoint_group is already registered
2026-04-23 01:55:10.344 7 INFO neutron.api.extensions [None req-69ce740a-8b83-4076-9b15-73ca09e6f6c7 - - - - - -] Loaded extension: ip_allocation
2026-04-23 01:55:10.344 8 INFO neutron.quota.resource_registry [None req-1791c4f0-898b-4efe-92ed-da496f5f799c - - - - - -] Creating instance of CountableResource for resource:vpnservice
2026-04-23 01:55:10.345 8 WARNING neutron.quota.resource_registry [None req-1791c4f0-898b-4efe-92ed-da496f5f799c - - - - - -] vpnservice is already registered
2026-04-23 01:55:10.345 7 INFO neutron.api.extensions [None req-69ce740a-8b83-4076-9b15-73ca09e6f6c7 - - - - - -] Extension ip-substring-filtering not supported by any of loaded plugins
2026-04-23 01:55:10.345 8 INFO neutron.quota.resource_registry [None req-1791c4f0-898b-4efe-92ed-da496f5f799c - - - - - -] Creating instance of CountableResource for resource:ipsec_site_connection
2026-04-23 01:55:10.345 8 WARNING neutron.quota.resource_registry [None req-1791c4f0-898b-4efe-92ed-da496f5f799c - - - - - -] ipsec_site_connection is already registered
2026-04-23 01:55:10.345 7 INFO neutron.api.extensions [None req-69ce740a-8b83-4076-9b15-73ca09e6f6c7 - - - - - -] Loaded extension: l2_adjacency
2026-04-23 01:55:10.346 8 INFO neutron.quota.resource_registry [None req-1791c4f0-898b-4efe-92ed-da496f5f799c - - - - - -] Creating instance of CountableResource for resource:ipsecpolicy
2026-04-23 01:55:10.346 8 WARNING neutron.quota.resource_registry [None req-1791c4f0-898b-4efe-92ed-da496f5f799c - - - - - -] ipsecpolicy is already registered
2026-04-23 01:55:10.346 8 INFO neutron.quota.resource_registry [None req-1791c4f0-898b-4efe-92ed-da496f5f799c - - - - - -] Creating instance of CountableResource for resource:ikepolicy
2026-04-23 01:55:10.346 8 WARNING neutron.quota.resource_registry [None req-1791c4f0-898b-4efe-92ed-da496f5f799c - - - - - -] ikepolicy is already registered
2026-04-23 01:55:10.347 7 INFO neutron.api.extensions [None req-69ce740a-8b83-4076-9b15-73ca09e6f6c7 - - - - - -] Loaded extension: router
2026-04-23 01:55:10.349 7 INFO neutron.api.extensions [None req-69ce740a-8b83-4076-9b15-73ca09e6f6c7 - - - - - -] Extension l3-conntrack-helper not supported by any of loaded plugins
2026-04-23 01:55:10.349 7 INFO neutron.api.extensions [None req-69ce740a-8b83-4076-9b15-73ca09e6f6c7 - - - - - -] Loaded extension: enable-default-route-bfd
2026-04-23 01:55:10.350 7 INFO neutron.api.extensions [None req-69ce740a-8b83-4076-9b15-73ca09e6f6c7 - - - - - -] Loaded extension: enable-default-route-ecmp
2026-04-23 01:55:10.350 7 INFO neutron.api.extensions [None req-69ce740a-8b83-4076-9b15-73ca09e6f6c7 - - - - - -] Loaded extension: ext-gw-mode
2026-04-23 01:55:10.351 7 INFO neutron.api.extensions [None req-69ce740a-8b83-4076-9b15-73ca09e6f6c7 - - - - - -] Loaded extension: l3-ha
2026-04-23 01:55:10.352 7 INFO neutron.api.extensions [None req-69ce740a-8b83-4076-9b15-73ca09e6f6c7 - - - - - -] Extension l3-ext-ndp-proxy not supported by any of loaded plugins
2026-04-23 01:55:10.352 7 INFO neutron.api.extensions [None req-69ce740a-8b83-4076-9b15-73ca09e6f6c7 - - - - - -] Loaded extension: external-gateway-multihoming
2026-04-23 01:55:10.355 7 INFO neutron.api.extensions [None req-69ce740a-8b83-4076-9b15-73ca09e6f6c7 - - - - - -] Loaded extension: l3-flavors
2026-04-23 01:55:10.358 7 INFO neutron.api.extensions [None req-69ce740a-8b83-4076-9b15-73ca09e6f6c7 - - - - - -] Extension l3-ndp-proxy not supported by any of loaded plugins
2026-04-23 01:55:10.359 7 INFO neutron.api.extensions [None req-69ce740a-8b83-4076-9b15-73ca09e6f6c7 - - - - - -] Extension l3-port-ip-change-not-allowed not supported by any of loaded plugins
2026-04-23 01:55:10.364 7 INFO neutron.api.extensions [None req-69ce740a-8b83-4076-9b15-73ca09e6f6c7 - - - - - -] Extension l3_agent_scheduler not supported by any of loaded plugins
2026-04-23 01:55:10.365 7 INFO neutron.api.extensions [None req-69ce740a-8b83-4076-9b15-73ca09e6f6c7 - - - - - -] Extension local_ip not supported by any of loaded plugins
2026-04-23 01:55:10.366 7 INFO neutron.api.extensions [None req-69ce740a-8b83-4076-9b15-73ca09e6f6c7 - - - - - -] Loaded extension: logging
2026-04-23 01:55:10.367 7 INFO neutron.api.extensions [None req-69ce740a-8b83-4076-9b15-73ca09e6f6c7 - - - - - -] Extension metering not supported by any of loaded plugins
2026-04-23 01:55:10.368 7 INFO neutron.api.extensions [None req-69ce740a-8b83-4076-9b15-73ca09e6f6c7 - - - - - -] Extension metering_source_and_destination_fields not supported by any of loaded plugins
2026-04-23 01:55:10.369 7 INFO neutron.api.extensions [None req-69ce740a-8b83-4076-9b15-73ca09e6f6c7 - - - - - -] Loaded extension: multi-provider
2026-04-23 01:55:10.369 7 INFO neutron.api.extensions [None req-69ce740a-8b83-4076-9b15-73ca09e6f6c7 - - - - - -] Loaded extension: net-mtu
2026-04-23 01:55:10.370 7 INFO neutron.api.extensions [None req-69ce740a-8b83-4076-9b15-73ca09e6f6c7 - - - - - -] Loaded extension: net-mtu-writable
2026-04-23 01:55:10.370 7 INFO neutron.api.extensions [None req-69ce740a-8b83-4076-9b15-73ca09e6f6c7 - - - - - -] Loaded extension: network_availability_zone
2026-04-23 01:55:10.371 7 INFO neutron.api.extensions [None req-69ce740a-8b83-4076-9b15-73ca09e6f6c7 - - - - - -] Extension network_ha not supported by any of loaded plugins
2026-04-23 01:55:10.371 7 INFO neutron.api.extensions [None req-69ce740a-8b83-4076-9b15-73ca09e6f6c7 - - - - - -] Loaded extension: network-ip-availability
2026-04-23 01:55:10.373 7 INFO neutron.api.extensions [None req-69ce740a-8b83-4076-9b15-73ca09e6f6c7 - - - - - -] Extension network-segment-range not supported by any of loaded plugins
2026-04-23 01:55:10.373 7 INFO neutron.api.extensions [None req-69ce740a-8b83-4076-9b15-73ca09e6f6c7 - - - - - -] Loaded extension: pagination
2026-04-23 01:55:10.374 7 INFO neutron.api.extensions [None req-69ce740a-8b83-4076-9b15-73ca09e6f6c7 - - - - - -] Loaded extension: port-device-profile
2026-04-23 01:55:10.374 7 INFO neutron.api.extensions [None req-69ce740a-8b83-4076-9b15-73ca09e6f6c7 - - - - - -] Extension port-hardware-offload-type not supported by any of loaded plugins
2026-04-23 01:55:10.375 7 INFO neutron.api.extensions [None req-69ce740a-8b83-4076-9b15-73ca09e6f6c7 - - - - - -] Extension port-hint-ovs-tx-steering not supported by any of loaded plugins
2026-04-23 01:55:10.375 7 INFO neutron.api.extensions [None req-69ce740a-8b83-4076-9b15-73ca09e6f6c7 - - - - - -] Extension port-hints not supported by any of loaded plugins
2026-04-23 01:55:10.376 7 INFO neutron.api.extensions [None req-69ce740a-8b83-4076-9b15-73ca09e6f6c7 - - - - - -] Extension port-mac-override not supported by any of loaded plugins
2026-04-23 01:55:10.376 7 INFO neutron.api.extensions [None req-69ce740a-8b83-4076-9b15-73ca09e6f6c7 - - - - - -] Loaded extension: port-mac-address-regenerate
2026-04-23 01:55:10.377 7 INFO neutron.api.extensions [None req-69ce740a-8b83-4076-9b15-73ca09e6f6c7 - - - - - -] Loaded extension: port-numa-affinity-policy
2026-04-23 01:55:10.377 7 INFO neutron.api.extensions [None req-69ce740a-8b83-4076-9b15-73ca09e6f6c7 - - - - - -] Loaded extension: port-numa-affinity-policy-socket
2026-04-23 01:55:10.378 7 INFO neutron.api.extensions [None req-69ce740a-8b83-4076-9b15-73ca09e6f6c7 - - - - - -] Loaded extension: port-resource-request
2026-04-23 01:55:10.378 7 INFO neutron.api.extensions [None req-69ce740a-8b83-4076-9b15-73ca09e6f6c7 - - - - - -] Loaded extension: port-resource-request-groups
2026-04-23 01:55:10.379 7 INFO neutron.api.extensions [None req-69ce740a-8b83-4076-9b15-73ca09e6f6c7 - - - - - -] Extension port-trusted-vif not supported by any of loaded plugins
2026-04-23 01:55:10.380 7 INFO neutron.api.extensions [None req-69ce740a-8b83-4076-9b15-73ca09e6f6c7 - - - - - -] Loaded extension: binding
2026-04-23 01:55:10.380 7 INFO neutron.api.extensions [None req-69ce740a-8b83-4076-9b15-73ca09e6f6c7 - - - - - -] Loaded extension: binding-extended
2026-04-23 01:55:10.381 7 INFO neutron.api.extensions [None req-69ce740a-8b83-4076-9b15-73ca09e6f6c7 - - - - - -] Loaded extension: port-security
2026-04-23 01:55:10.381 7 INFO neutron.api.extensions [None req-69ce740a-8b83-4076-9b15-73ca09e6f6c7 - - - - - -] Loaded extension: project-id
2026-04-23 01:55:10.382 7 INFO neutron.api.extensions [None req-69ce740a-8b83-4076-9b15-73ca09e6f6c7 - - - - - -] Loaded extension: provider
2026-04-23 01:55:10.383 7 INFO neutron.api.extensions [None req-69ce740a-8b83-4076-9b15-73ca09e6f6c7 - - - - - -] Loaded extension: qinq
2026-04-23 01:55:10.384 8 WARNING keystonemiddleware._common.config [None req-1791c4f0-898b-4efe-92ed-da496f5f799c - - - - - -] The option "audit_map_file" is not known to keystonemiddleware
2026-04-23 01:55:10.385 7 INFO neutron.api.extensions [None req-69ce740a-8b83-4076-9b15-73ca09e6f6c7 - - - - - -] Loaded extension: qos
2026-04-23 01:55:10.386 7 INFO neutron.api.extensions [None req-69ce740a-8b83-4076-9b15-73ca09e6f6c7 - - - - - -] Loaded extension: qos-bw-limit-direction
2026-04-23 01:55:10.386 7 INFO neutron.api.extensions [None req-69ce740a-8b83-4076-9b15-73ca09e6f6c7 - - - - - -] Loaded extension: qos-bw-minimum-ingress
2026-04-23 01:55:10.387 7 INFO neutron.api.extensions [None req-69ce740a-8b83-4076-9b15-73ca09e6f6c7 - - - - - -] Loaded extension: qos-default
2026-04-23 01:55:10.387 7 INFO neutron.api.extensions [None req-69ce740a-8b83-4076-9b15-73ca09e6f6c7 - - - - - -] Loaded extension: qos-fip
2026-04-23 01:55:10.388 7 INFO neutron.api.extensions [None req-69ce740a-8b83-4076-9b15-73ca09e6f6c7 - - - - - -] Extension qos-fip-network-policy not supported by any of loaded plugins
2026-04-23 01:55:10.388 7 INFO neutron.api.extensions [None req-69ce740a-8b83-4076-9b15-73ca09e6f6c7 - - - - - -] Loaded extension: qos-gateway-ip
2026-04-23 01:55:10.389 7 INFO neutron.api.extensions [None req-69ce740a-8b83-4076-9b15-73ca09e6f6c7 - - - - - -] Loaded extension: qos-port-network-policy
2026-04-23 01:55:10.389 7 INFO neutron.api.extensions [None req-69ce740a-8b83-4076-9b15-73ca09e6f6c7 - - - - - -] Loaded extension: qos-pps-minimum
2026-04-23 01:55:10.390 7 INFO neutron.api.extensions [None req-69ce740a-8b83-4076-9b15-73ca09e6f6c7 - - - - - -] Loaded extension: qos-pps-minimum-rule-alias
2026-04-23 01:55:10.390 8 WARNING oslo_config.cfg [None req-1791c4f0-898b-4efe-92ed-da496f5f799c - - - - - -] Deprecated: Option "auth_uri" from group "keystone_authtoken" is deprecated. Use option "www_authenticate_uri" from group "keystone_authtoken".
2026-04-23 01:55:10.391 7 INFO neutron.api.extensions [None req-69ce740a-8b83-4076-9b15-73ca09e6f6c7 - - - - - -] Loaded extension: qos-pps
2026-04-23 01:55:10.392 7 INFO neutron.api.extensions [None req-69ce740a-8b83-4076-9b15-73ca09e6f6c7 - - - - - -] Loaded extension: qos-rule-type-details
2026-04-23 01:55:10.392 7 INFO neutron.api.extensions [None req-69ce740a-8b83-4076-9b15-73ca09e6f6c7 - - - - - -] Loaded extension: qos-rule-type-filter
2026-04-23 01:55:10.393 7 INFO neutron.api.extensions [None req-69ce740a-8b83-4076-9b15-73ca09e6f6c7 - - - - - -] Loaded extension: qos-rules-alias
2026-04-23 01:55:10.393 7 INFO neutron.api.extensions [None req-69ce740a-8b83-4076-9b15-73ca09e6f6c7 - - - - - -] Loaded extension: quota-check-limit
2026-04-23 01:55:10.394 7 INFO neutron.api.extensions [None req-69ce740a-8b83-4076-9b15-73ca09e6f6c7 - - - - - -] Loaded extension: quota-check-limit-default
2026-04-23 01:55:10.396 7 INFO neutron.api.extensions [None req-69ce740a-8b83-4076-9b15-73ca09e6f6c7 - - - - - -] Loaded extension: quotas
2026-04-23 01:55:10.397 7 INFO neutron.api.extensions [None req-69ce740a-8b83-4076-9b15-73ca09e6f6c7 - - - - - -] Loaded extension: quota_details
2026-04-23 01:55:10.399 7 INFO neutron.api.extensions [None req-69ce740a-8b83-4076-9b15-73ca09e6f6c7 - - - - - -] Loaded extension: rbac-policies
2026-04-23 01:55:10.399 7 INFO neutron.api.extensions [None req-69ce740a-8b83-4076-9b15-73ca09e6f6c7 - - - - - -] Extension rbac-address-group not supported by any of loaded plugins
2026-04-23 01:55:10.400 7 INFO neutron.api.extensions [None req-69ce740a-8b83-4076-9b15-73ca09e6f6c7 - - - - - -] Loaded extension: rbac-address-scope
2026-04-23 01:55:10.400 7 INFO neutron.api.extensions [None req-69ce740a-8b83-4076-9b15-73ca09e6f6c7 - - - - - -] Loaded extension: rbac-security-groups
2026-04-23 01:55:10.401 7 INFO neutron.api.extensions [None req-69ce740a-8b83-4076-9b15-73ca09e6f6c7 - - - - - -] Extension rbac-subnetpool not supported by any of loaded plugins
2026-04-23 01:55:10.402 7 INFO neutron.api.extensions [None req-69ce740a-8b83-4076-9b15-73ca09e6f6c7 - - - - - -] Loaded extension: revision-if-match
2026-04-23 01:55:10.402 7 INFO neutron.api.extensions [None req-69ce740a-8b83-4076-9b15-73ca09e6f6c7 - - - - - -] Loaded extension: standard-attr-revisions
2026-04-23 01:55:10.403 7 INFO neutron.api.extensions [None req-69ce740a-8b83-4076-9b15-73ca09e6f6c7 - - - - - -] Loaded extension: router_availability_zone
2026-04-23 01:55:10.403 7 INFO neutron.api.extensions [None req-69ce740a-8b83-4076-9b15-73ca09e6f6c7 - - - - - -] Extension router-service-type not supported by any of loaded plugins
2026-04-23 01:55:10.405 7 INFO neutron.api.extensions [None req-69ce740a-8b83-4076-9b15-73ca09e6f6c7 - - - - - -] Loaded extension: security-groups-default-rules
2026-04-23 01:55:10.406 7 INFO neutron.api.extensions [None req-69ce740a-8b83-4076-9b15-73ca09e6f6c7 - - - - - -] Loaded extension: security-groups-normalized-cidr
2026-04-23 01:55:10.406 7 INFO neutron.api.extensions [None req-69ce740a-8b83-4076-9b15-73ca09e6f6c7 - - - - - -] Extension port-security-groups-filtering not supported by any of loaded plugins
2026-04-23 01:55:10.407 7 INFO neutron.api.extensions [None req-69ce740a-8b83-4076-9b15-73ca09e6f6c7 - - - - - -] Loaded extension: security-groups-remote-address-group
2026-04-23 01:55:10.407 7 INFO neutron.api.extensions [None req-69ce740a-8b83-4076-9b15-73ca09e6f6c7 - - - - - -] Loaded extension: security-groups-rules-belongs-to-default-sg
2026-04-23 01:55:10.408 7 INFO neutron.api.extensions [None req-69ce740a-8b83-4076-9b15-73ca09e6f6c7 - - - - - -] Loaded extension: security-groups-shared-filtering
2026-04-23 01:55:10.412 7 INFO neutron.api.extensions [None req-69ce740a-8b83-4076-9b15-73ca09e6f6c7 - - - - - -] Loaded extension: security-group
2026-04-23 01:55:10.414 7 INFO neutron.api.extensions [None req-69ce740a-8b83-4076-9b15-73ca09e6f6c7 - - - - - -] Loaded extension: segment
2026-04-23 01:55:10.414 7 INFO neutron.api.extensions [None req-69ce740a-8b83-4076-9b15-73ca09e6f6c7 - - - - - -] Loaded extension: segments-peer-subnet-host-routes
2026-04-23 01:55:10.415 7 INFO neutron.api.extensions [None req-69ce740a-8b83-4076-9b15-73ca09e6f6c7 - - - - - -] Loaded extension: service-type
2026-04-23 01:55:10.415 7 INFO neutron.api.extensions [None req-69ce740a-8b83-4076-9b15-73ca09e6f6c7 - - - - - -] Loaded extension: sorting
2026-04-23 01:55:10.415 8 WARNING neutron.plugins.ml2.drivers.ovn.mech_driver.mech_driver [None req-1791c4f0-898b-4efe-92ed-da496f5f799c - - - - - -] uWSGI must provide a start time using the configuration parameter "start-time %t" in the configuration file
2026-04-23 01:55:10.416 7 INFO neutron.api.extensions [None req-69ce740a-8b83-4076-9b15-73ca09e6f6c7 - - - - - -] Loaded extension: standard-attr-segment
2026-04-23 01:55:10.417 7 INFO neutron.api.extensions [None req-69ce740a-8b83-4076-9b15-73ca09e6f6c7 - - - - - -] Loaded extension: standard-attr-description
2026-04-23 01:55:10.417 7 INFO neutron.api.extensions [None req-69ce740a-8b83-4076-9b15-73ca09e6f6c7 - - - - - -] Loaded extension: stateful-security-group
2026-04-23 01:55:10.418 7 WARNING neutron.api.extensions [None req-69ce740a-8b83-4076-9b15-73ca09e6f6c7 - - - - - -] Did not find expected name "Stdattrs_common" in /var/lib/openstack/lib/python3.12/site-packages/neutron/extensions/stdattrs_common.py
2026-04-23 01:55:10.418 7 INFO neutron.api.extensions [None req-69ce740a-8b83-4076-9b15-73ca09e6f6c7 - - - - - -] Loaded extension: subnet-dns-publish-fixed-ip
2026-04-23 01:55:10.419 7 INFO neutron.api.extensions [None req-69ce740a-8b83-4076-9b15-73ca09e6f6c7 - - - - - -] Loaded extension: subnet-external-network
2026-04-23 01:55:10.420 7 INFO neutron.api.extensions [None req-69ce740a-8b83-4076-9b15-73ca09e6f6c7 - - - - - -] Extension subnet_onboard not supported by any of loaded plugins
2026-04-23 01:55:10.420 7 INFO neutron.api.extensions [None req-69ce740a-8b83-4076-9b15-73ca09e6f6c7 - - - - - -] Loaded extension: subnet-segmentid-writable
2026-04-23 01:55:10.421 7 INFO neutron.api.extensions [None req-69ce740a-8b83-4076-9b15-73ca09e6f6c7 - - - - - -] Loaded extension: subnet-service-types
2026-04-23 01:55:10.421 7 INFO neutron.api.extensions [None req-69ce740a-8b83-4076-9b15-73ca09e6f6c7 - - - - - -] Loaded extension: subnet_allocation
2026-04-23 01:55:10.422 7 INFO neutron.api.extensions [None req-69ce740a-8b83-4076-9b15-73ca09e6f6c7 - - - - - -] Loaded extension: subnetpool-prefix-ops
2026-04-23 01:55:10.423 7 INFO neutron.api.extensions [None req-69ce740a-8b83-4076-9b15-73ca09e6f6c7 - - - - - -] Loaded extension: tag-creation
2026-04-23 01:55:10.423 7 INFO neutron.api.extensions [None req-69ce740a-8b83-4076-9b15-73ca09e6f6c7 - - - - - -] Extension tag-ports-during-bulk-creation not supported by any of loaded plugins
2026-04-23 01:55:10.428 7 INFO neutron.api.extensions [None req-69ce740a-8b83-4076-9b15-73ca09e6f6c7 - - - - - -] Loaded extension: standard-attr-tag
2026-04-23 01:55:10.428 7 INFO neutron.api.extensions [None req-69ce740a-8b83-4076-9b15-73ca09e6f6c7 - - - - - -] Loaded extension: standard-attr-timestamp
2026-04-23 01:55:10.429 7 INFO neutron.api.extensions [None req-69ce740a-8b83-4076-9b15-73ca09e6f6c7 - - - - - -] Loaded extension: trunk
2026-04-23 01:55:10.429 8 INFO neutron.db.ovn_hash_ring_db [None req-1791c4f0-898b-4efe-92ed-da496f5f799c - - - - - -] Nodes from host "neutron-server-75f9c5f44-lz2k4" and group "mechanism_driver" removed from the Hash Ring created at
2026-04-23 01:55:10+00:00
2026-04-23 01:55:10.430 7 INFO neutron.api.extensions [None req-69ce740a-8b83-4076-9b15-73ca09e6f6c7 - - - - - -] Loaded extension: trunk-details
2026-04-23 01:55:10.430 7 INFO neutron.api.extensions [None req-69ce740a-8b83-4076-9b15-73ca09e6f6c7 - - - - - -] Extension uplink-status-propagation not supported by any of loaded plugins
2026-04-23 01:55:10.431 7 INFO neutron.api.extensions [None req-69ce740a-8b83-4076-9b15-73ca09e6f6c7 - - - - - -] Extension uplink-status-propagation-updatable not supported by any of loaded plugins
2026-04-23 01:55:10.431 7 INFO neutron.api.extensions [None req-69ce740a-8b83-4076-9b15-73ca09e6f6c7 - - - - - -] Loaded extension: vlan-transparent
2026-04-23 01:55:10.431 8 INFO neutron.db.ovn_hash_ring_db [None req-1791c4f0-898b-4efe-92ed-da496f5f799c - - - - - -] Node 35527741d9b55112b628e2b162d5e6fb from host "neutron-server-75f9c5f44-lz2k4" and group "mechanism_driver" added to the Hash Ring
2026-04-23 01:55:10.432 7 INFO neutron.api.extensions [None req-69ce740a-8b83-4076-9b15-73ca09e6f6c7 - - - - - -] Loaded extension: vpn-aes-ctr
2026-04-23 01:55:10.434 7 INFO neutron.api.extensions [None req-69ce740a-8b83-4076-9b15-73ca09e6f6c7 - - - - - -] Loaded extension: vpn-agent-scheduler
2026-04-23 01:55:10.435 7 INFO neutron.api.extensions [None req-69ce740a-8b83-4076-9b15-73ca09e6f6c7 - - - - - -] Loaded extension: vpn-endpoint-groups
2026-04-23 01:55:10.436 7 INFO neutron.api.extensions [None req-69ce740a-8b83-4076-9b15-73ca09e6f6c7 - - - - - -] Loaded extension: vpn-flavors
2026-04-23 01:55:10.438 7 INFO neutron.api.extensions [None req-69ce740a-8b83-4076-9b15-73ca09e6f6c7 - - - - - -] Loaded extension: vpnaas
2026-04-23 01:55:10.439 7 INFO neutron.api.extensions [None req-69ce740a-8b83-4076-9b15-73ca09e6f6c7 - - - - - -] Loaded extension: taas
2026-04-23 01:55:10.440 7 INFO neutron.api.extensions [None req-69ce740a-8b83-4076-9b15-73ca09e6f6c7 - - - - - -] Loaded extension: tap-mirror
2026-04-23 01:55:10.441 7 INFO neutron.api.extensions [None req-69ce740a-8b83-4076-9b15-73ca09e6f6c7 - - - - - -] Loaded extension: taas-vlan-filter
2026-04-23 01:55:10.442 8 INFO neutron.plugins.ml2.drivers.ovn.mech_driver.mech_driver [None req-1791c4f0-898b-4efe-92ed-da496f5f799c - - - - - -] Hash Ring probing thread for node 35527741d9b55112b628e2b162d5e6fb has started
2026-04-23 01:55:10.443 8 INFO neutron.plugins.ml2.drivers.ovn.mech_driver.ovsdb.impl_idl_ovn [None req-1791c4f0-898b-4efe-92ed-da496f5f799c - - - - - -] Getting OvsdbNbOvnIdl for WorkerService with retry
2026-04-23 01:55:10.444 7 INFO neutron.quota.resource_registry [None req-69ce740a-8b83-4076-9b15-73ca09e6f6c7 - - - - - -] Creating instance of TrackedResource for resource:network
2026-04-23 01:55:10.444 7 INFO neutron.quota.resource_registry [None req-69ce740a-8b83-4076-9b15-73ca09e6f6c7 - - - - - -] Creating instance of TrackedResource for resource:subnet
2026-04-23 01:55:10.444 7 INFO neutron.quota.resource_registry [None req-69ce740a-8b83-4076-9b15-73ca09e6f6c7 - - - - - -] Creating instance of TrackedResource for resource:subnetpool
2026-04-23 01:55:10.444 7 INFO neutron.quota.resource_registry [None req-69ce740a-8b83-4076-9b15-73ca09e6f6c7 - - - - - -] Creating instance of TrackedResource for resource:port
2026-04-23 01:55:10.447 7 INFO neutron.quota.resource_registry [None req-69ce740a-8b83-4076-9b15-73ca09e6f6c7 - - - - - -] Creating instance of TrackedResource for resource:router
2026-04-23 01:55:10.448 7 INFO neutron.quota.resource_registry [None req-69ce740a-8b83-4076-9b15-73ca09e6f6c7 - - - - - -] Creating instance of TrackedResource for resource:floatingip
2026-04-23 01:55:10.453 7 INFO neutron.quota.resource_registry [None req-69ce740a-8b83-4076-9b15-73ca09e6f6c7 - - - - - -] Creating instance of CountableResource for resource:rbac_policy
2026-04-23 01:55:10.454 7 INFO neutron.quota.resource_registry [None req-69ce740a-8b83-4076-9b15-73ca09e6f6c7 - - - - - -] Creating instance of TrackedResource for resource:security_group
2026-04-23 01:55:10.454 7 INFO neutron.quota.resource_registry [None req-69ce740a-8b83-4076-9b15-73ca09e6f6c7 - - - - - -] Creating instance of TrackedResource for resource:security_group_rule
2026-04-23 01:55:10.455 7 INFO neutron.quota.resource_registry [None req-69ce740a-8b83-4076-9b15-73ca09e6f6c7 - - - - - -] Creating instance of TrackedResource for resource:subnetpool
2026-04-23 01:55:10.456 7 WARNING neutron.quota.resource_registry [None req-69ce740a-8b83-4076-9b15-73ca09e6f6c7 - - - - - -] subnetpool is already registered
2026-04-23 01:55:10.456 7 INFO neutron.quota.resource_registry [None req-69ce740a-8b83-4076-9b15-73ca09e6f6c7 - - - - - -] Creating instance of CountableResource for resource:trunk
2026-04-23 01:55:10.457 7 INFO neutron.quota.resource_registry [None req-69ce740a-8b83-4076-9b15-73ca09e6f6c7 - - - - - -] Creating instance of CountableResource for resource:ikepolicy
2026-04-23 01:55:10.457 7 INFO neutron.quota.resource_registry [None req-69ce740a-8b83-4076-9b15-73ca09e6f6c7 - - - - - -] Creating instance of CountableResource for resource:ipsecpolicy
2026-04-23 01:55:10.457 7 INFO neutron.quota.resource_registry [None req-69ce740a-8b83-4076-9b15-73ca09e6f6c7 - - - - - -] Creating instance of CountableResource for resource:endpoint_group
2026-04-23 01:55:10.458 7 INFO neutron.quota.resource_registry [None req-69ce740a-8b83-4076-9b15-73ca09e6f6c7 - - - - - -] Creating instance of CountableResource for resource:vpnservice
2026-04-23 01:55:10.458 7 INFO neutron.quota.resource_registry [None req-69ce740a-8b83-4076-9b15-73ca09e6f6c7 - - - - - -] Creating instance of CountableResource for resource:ipsec_site_connection
2026-04-23 01:55:10.459 7 INFO neutron.quota.resource_registry [None req-69ce740a-8b83-4076-9b15-73ca09e6f6c7 - - - - - -] Creating instance of CountableResource for resource:ipsecpolicy
2026-04-23 01:55:10.459 7 WARNING neutron.quota.resource_registry [None req-69ce740a-8b83-4076-9b15-73ca09e6f6c7 - - - - - -] ipsecpolicy is already registered
2026-04-23 01:55:10.460 7 INFO neutron.quota.resource_registry [None req-69ce740a-8b83-4076-9b15-73ca09e6f6c7 - - - - - -] Creating instance of CountableResource for resource:ikepolicy
2026-04-23 01:55:10.460 7 WARNING neutron.quota.resource_registry [None req-69ce740a-8b83-4076-9b15-73ca09e6f6c7 - - - - - -] ikepolicy is already registered
2026-04-23 01:55:10.465 7 INFO neutron.quota.resource_registry [None req-69ce740a-8b83-4076-9b15-73ca09e6f6c7 - - - - - -] Creating instance of TrackedResource for resource:router
2026-04-23 01:55:10.465 7 WARNING neutron.quota.resource_registry [None req-69ce740a-8b83-4076-9b15-73ca09e6f6c7 - - - - - -] router is already registered
2026-04-23 01:55:10.465 7 INFO neutron.quota.resource_registry [None req-69ce740a-8b83-4076-9b15-73ca09e6f6c7 - - - - - -] Creating instance of TrackedResource for resource:floatingip
2026-04-23 01:55:10.465 7 WARNING neutron.quota.resource_registry [None req-69ce740a-8b83-4076-9b15-73ca09e6f6c7 - - - - - -] floatingip is already registered
2026-04-23 01:55:10.471 7 INFO neutron.quota.resource_registry [None req-69ce740a-8b83-4076-9b15-73ca09e6f6c7 - - - - - -] Creating instance of CountableResource for resource:rbac_policy
2026-04-23 01:55:10.471 7 WARNING neutron.quota.resource_registry [None req-69ce740a-8b83-4076-9b15-73ca09e6f6c7 - - - - - -] rbac_policy is already registered
2026-04-23 01:55:10.472 7 INFO neutron.quota.resource_registry [None req-69ce740a-8b83-4076-9b15-73ca09e6f6c7 - - - - - -] Creating instance of TrackedResource for resource:security_group
2026-04-23 01:55:10.472 7 WARNING neutron.quota.resource_registry [None req-69ce740a-8b83-4076-9b15-73ca09e6f6c7 - - - - - -] security_group is already registered
2026-04-23 01:55:10.473 7 INFO neutron.quota.resource_registry [None req-69ce740a-8b83-4076-9b15-73ca09e6f6c7 - - - - - -] Creating instance of TrackedResource for resource:security_group_rule
2026-04-23 01:55:10.473 7 WARNING neutron.quota.resource_registry [None req-69ce740a-8b83-4076-9b15-73ca09e6f6c7 - - - - - -] security_group_rule is already registered
2026-04-23 01:55:10.473 8 INFO ovsdbapp.backend.ovs_idl.vlog [None req-1791c4f0-898b-4efe-92ed-da496f5f799c - - - - - -] tcp:10.109.105.171:6641: connecting...
2026-04-23 01:55:10.473 8 INFO ovsdbapp.backend.ovs_idl.vlog [None req-1791c4f0-898b-4efe-92ed-da496f5f799c - - - - - -] tcp:10.109.105.171:6641: connected
2026-04-23 01:55:10.474 7 INFO neutron.quota.resource_registry [None req-69ce740a-8b83-4076-9b15-73ca09e6f6c7 - - - - - -] Creating instance of TrackedResource for resource:subnetpool
2026-04-23 01:55:10.475 7 WARNING neutron.quota.resource_registry [None req-69ce740a-8b83-4076-9b15-73ca09e6f6c7 - - - - - -] subnetpool is already registered
2026-04-23 01:55:10.475 7 INFO neutron.quota.resource_registry [None req-69ce740a-8b83-4076-9b15-73ca09e6f6c7 - - - - - -] Creating instance of CountableResource for resource:trunk
2026-04-23 01:55:10.475 7 WARNING neutron.quota.resource_registry [None req-69ce740a-8b83-4076-9b15-73ca09e6f6c7 - - - - - -] trunk is already registered
2026-04-23 01:55:10.476 7 INFO neutron.quota.resource_registry [None req-69ce740a-8b83-4076-9b15-73ca09e6f6c7 - - - - - -] Creating instance of CountableResource for resource:ikepolicy
2026-04-23 01:55:10.476 7 WARNING neutron.quota.resource_registry [None req-69ce740a-8b83-4076-9b15-73ca09e6f6c7 - - - - - -] ikepolicy is already registered
2026-04-23 01:55:10.476 7 INFO neutron.quota.resource_registry [None req-69ce740a-8b83-4076-9b15-73ca09e6f6c7 - - - - - -] Creating instance of CountableResource for resource:ipsecpolicy
2026-04-23 01:55:10.477 7 WARNING neutron.quota.resource_registry [None req-69ce740a-8b83-4076-9b15-73ca09e6f6c7 - - - - - -] ipsecpolicy is already registered
2026-04-23 01:55:10.477 7 INFO neutron.quota.resource_registry [None req-69ce740a-8b83-4076-9b15-73ca09e6f6c7 - - - - - -] Creating instance of CountableResource for resource:endpoint_group
2026-04-23 01:55:10.477 7 WARNING neutron.quota.resource_registry [None req-69ce740a-8b83-4076-9b15-73ca09e6f6c7 - - - - - -] endpoint_group is already registered
2026-04-23 01:55:10.478 7 INFO neutron.quota.resource_registry [None req-69ce740a-8b83-4076-9b15-73ca09e6f6c7 - - - - - -] Creating instance of CountableResource for resource:vpnservice
2026-04-23 01:55:10.478 7 WARNING neutron.quota.resource_registry [None req-69ce740a-8b83-4076-9b15-73ca09e6f6c7 - - - - - -] vpnservice is already registered
2026-04-23 01:55:10.478 7 INFO neutron.quota.resource_registry [None req-69ce740a-8b83-4076-9b15-73ca09e6f6c7 - - - - - -] Creating instance of CountableResource for resource:ipsec_site_connection
2026-04-23 01:55:10.478 7 WARNING neutron.quota.resource_registry [None req-69ce740a-8b83-4076-9b15-73ca09e6f6c7 - - - - - -] ipsec_site_connection is already registered
2026-04-23 01:55:10.479 7 INFO neutron.quota.resource_registry [None req-69ce740a-8b83-4076-9b15-73ca09e6f6c7 - - - - - -] Creating instance of CountableResource for resource:ipsecpolicy
2026-04-23 01:55:10.479 7 WARNING neutron.quota.resource_registry [None req-69ce740a-8b83-4076-9b15-73ca09e6f6c7 - - - - - -] ipsecpolicy is already registered
2026-04-23 01:55:10.479 7 INFO neutron.quota.resource_registry [None req-69ce740a-8b83-4076-9b15-73ca09e6f6c7 - - - - - -] Creating instance of CountableResource for resource:ikepolicy
2026-04-23 01:55:10.480 7 WARNING neutron.quota.resource_registry [None req-69ce740a-8b83-4076-9b15-73ca09e6f6c7 - - - - - -] ikepolicy is already registered
2026-04-23 01:55:10.518 7 WARNING keystonemiddleware._common.config [None req-69ce740a-8b83-4076-9b15-73ca09e6f6c7 - - - - - -] The option "audit_map_file" is not known to keystonemiddleware
2026-04-23 01:55:10.526 7 WARNING oslo_config.cfg [None req-69ce740a-8b83-4076-9b15-73ca09e6f6c7 - - - - - -] Deprecated: Option "auth_uri" from group "keystone_authtoken" is deprecated. Use option "www_authenticate_uri" from group "keystone_authtoken".
2026-04-23 01:55:10.547 7 WARNING neutron.plugins.ml2.drivers.ovn.mech_driver.mech_driver [None req-69ce740a-8b83-4076-9b15-73ca09e6f6c7 - - - - - -] uWSGI must provide a start time using the configuration parameter "start-time %t" in the configuration file
2026-04-23 01:55:10.551 8 INFO neutron.plugins.ml2.drivers.ovn.mech_driver.ovsdb.impl_idl_ovn [None req-1791c4f0-898b-4efe-92ed-da496f5f799c - - - - - -] Getting OvsdbSbOvnIdl for WorkerService with retry
2026-04-23 01:55:10.562 7 INFO neutron.db.ovn_hash_ring_db [None req-69ce740a-8b83-4076-9b15-73ca09e6f6c7 - - - - - -] Nodes from host "neutron-server-75f9c5f44-lz2k4" and group "mechanism_driver" removed from the Hash Ring created at
2026-04-23 01:55:10+00:00
2026-04-23 01:55:10.565 7 INFO neutron.db.ovn_hash_ring_db [None req-69ce740a-8b83-4076-9b15-73ca09e6f6c7 - - - - - -] Node 47c5a82306c152e6be3f5bbdc48727a3 from host "neutron-server-75f9c5f44-lz2k4" and group "mechanism_driver" added to the Hash Ring
2026-04-23 01:55:10.573 7 INFO neutron.plugins.ml2.drivers.ovn.mech_driver.mech_driver [None req-69ce740a-8b83-4076-9b15-73ca09e6f6c7 - - - - - -] Hash Ring probing thread for node 47c5a82306c152e6be3f5bbdc48727a3 has started
2026-04-23 01:55:10.574 7 INFO neutron.plugins.ml2.drivers.ovn.mech_driver.ovsdb.impl_idl_ovn [None req-69ce740a-8b83-4076-9b15-73ca09e6f6c7 - - - - - -] Getting OvsdbNbOvnIdl for WorkerService with retry
2026-04-23 01:55:10.575 8 INFO ovsdbapp.backend.ovs_idl.vlog [None req-1791c4f0-898b-4efe-92ed-da496f5f799c - - - - - -] tcp:10.98.76.87:6642: connecting...
2026-04-23 01:55:10.575 8 INFO ovsdbapp.backend.ovs_idl.vlog [None req-1791c4f0-898b-4efe-92ed-da496f5f799c - - - - - -] tcp:10.98.76.87:6642: connected
2026-04-23 01:55:10.602 7 INFO ovsdbapp.backend.ovs_idl.vlog [None req-69ce740a-8b83-4076-9b15-73ca09e6f6c7 - - - - - -] tcp:10.109.105.171:6641: connecting...
2026-04-23 01:55:10.603 7 INFO ovsdbapp.backend.ovs_idl.vlog [None req-69ce740a-8b83-4076-9b15-73ca09e6f6c7 - - - - - -] tcp:10.109.105.171:6641: connected
2026-04-23 01:55:10.610 8 INFO neutron.plugins.ml2.drivers.ovn.mech_driver.mech_driver [None req-1791c4f0-898b-4efe-92ed-da496f5f799c - - - - - -] WorkerService process has finished the post initialization
2026-04-23 01:55:10.632 8 INFO ovsdbapp.backend.ovs_idl.vlog [None req-1791c4f0-898b-4efe-92ed-da496f5f799c - - - - - -] tcp:10.109.105.171:6641: connecting...
2026-04-23 01:55:10.633 8 INFO ovsdbapp.backend.ovs_idl.vlog [None req-1791c4f0-898b-4efe-92ed-da496f5f799c - - - - - -] tcp:10.109.105.171:6641: connected
2026-04-23 01:55:10.647 7 INFO neutron.plugins.ml2.drivers.ovn.mech_driver.ovsdb.impl_idl_ovn [None req-69ce740a-8b83-4076-9b15-73ca09e6f6c7 - - - - - -] Getting OvsdbSbOvnIdl for WorkerService with retry
2026-04-23 01:55:10.666 7 INFO ovsdbapp.backend.ovs_idl.vlog [None req-69ce740a-8b83-4076-9b15-73ca09e6f6c7 - - - - - -] tcp:10.98.76.87:6642: connecting...
2026-04-23 01:55:10.666 7 INFO ovsdbapp.backend.ovs_idl.vlog [None req-69ce740a-8b83-4076-9b15-73ca09e6f6c7 - - - - - -] tcp:10.98.76.87:6642: connected
2026-04-23 01:55:10.671 8 INFO ovsdbapp.backend.ovs_idl.vlog [None req-1791c4f0-898b-4efe-92ed-da496f5f799c - - - - - -] tcp:10.109.105.171:6641: connecting...
2026-04-23 01:55:10.671 8 INFO ovsdbapp.backend.ovs_idl.vlog [None req-1791c4f0-898b-4efe-92ed-da496f5f799c - - - - - -] tcp:10.109.105.171:6641: connected WSGI app 0 (mountpoint='') ready in 9 seconds on interpreter 0x7f8c97285668 pid: 8 (default app)
2026-04-23 01:55:10.694 7 INFO neutron.plugins.ml2.drivers.ovn.mech_driver.mech_driver [None req-69ce740a-8b83-4076-9b15-73ca09e6f6c7 - - - - - -] WorkerService process has finished the post initialization
2026-04-23 01:55:10.695 7 INFO neutron.plugins.ml2.drivers.ovn.mech_driver.ovsdb.extensions.qos [-] Starting OVNClientQosExtension
2026-04-23 01:55:10.696 7 INFO neutron.plugins.ml2.drivers.ovn.mech_driver.ovsdb.extensions.placement [-] Starting OVNClientPlacementExtension
2026-04-23 01:55:10.715 7 INFO ovsdbapp.backend.ovs_idl.vlog [None req-69ce740a-8b83-4076-9b15-73ca09e6f6c7 - - - - - -] tcp:10.109.105.171:6641: connecting...
2026-04-23 01:55:10.716 7 INFO ovsdbapp.backend.ovs_idl.vlog [None req-69ce740a-8b83-4076-9b15-73ca09e6f6c7 - - - - - -] tcp:10.109.105.171:6641: connected
2026-04-23 01:55:10.753 7 INFO ovsdbapp.backend.ovs_idl.vlog [None req-69ce740a-8b83-4076-9b15-73ca09e6f6c7 - - - - - -] tcp:10.109.105.171:6641: connecting...
2026-04-23 01:55:10.753 7 INFO ovsdbapp.backend.ovs_idl.vlog [None req-69ce740a-8b83-4076-9b15-73ca09e6f6c7 - - - - - -] tcp:10.109.105.171:6641: connected WSGI app 0 (mountpoint='') ready in 9 seconds on interpreter 0x7f8c97285668 pid: 7 (default app) /var/lib/openstack/lib/python3.12/site-packages/pycadf/identifier.py:70: UserWarning: Invalid uuid: unknown. To ensure interoperability, identifiers should be a valid uuid. warnings.warn(('Invalid uuid: %s. To ensure interoperability, '
2026-04-23 01:55:12.770 8 INFO neutron.pecan_wsgi.hooks.translation [None req-5fcb830c-1b60-4fff-b00f-ad28a47f70f0 7bb5f6ecb53e4e2ea58698f1e284515f 8b1808633cdb435c9fdf5678e6b5aa93 - - default default] GET failed (client error): The resource could not be found. [pid: 8|app: 0|req: 3/3] 199.204.45.141 () {44 vars in 927 bytes} [Thu Apr 23 01:55:11 2026] GET /v2.0/networks/public => generated 108 bytes in 840 msecs (HTTP/1.1 404) 4 headers in 164 bytes (1 switches on core 0) /var/lib/openstack/lib/python3.12/site-packages/pycadf/identifier.py:70: UserWarning: Invalid uuid: unknown. To ensure interoperability, identifiers should be a valid uuid. warnings.warn(('Invalid uuid: %s. To ensure interoperability, ' [pid: 7|app: 0|req: 1/4] 199.204.45.141 () {44 vars in 949 bytes} [Thu Apr 23 01:55:12 2026] GET /v2.0/networks?name=public => generated 15 bytes in 393 msecs (HTTP/1.1 200) 4 headers in 156 bytes (1 switches on core 0)
2026-04-23 01:55:13.490 8 INFO neutron.plugins.ml2.drivers.ovn.mech_driver.ovsdb.extensions.qos [None req-a36fb03e-0a13-4517-9b34-f77090cf2f84 7bb5f6ecb53e4e2ea58698f1e284515f 8b1808633cdb435c9fdf5678e6b5aa93 - - default default] Starting OVNClientQosExtension
2026-04-23 01:55:13.491 8 INFO neutron.plugins.ml2.drivers.ovn.mech_driver.ovsdb.extensions.placement [None req-a36fb03e-0a13-4517-9b34-f77090cf2f84 7bb5f6ecb53e4e2ea58698f1e284515f 8b1808633cdb435c9fdf5678e6b5aa93 - - default default] Starting OVNClientPlacementExtension
2026-04-23 01:55:13.530 8 INFO neutron.db.ovn_revision_numbers_db [None req-a36fb03e-0a13-4517-9b34-f77090cf2f84 7bb5f6ecb53e4e2ea58698f1e284515f 8b1808633cdb435c9fdf5678e6b5aa93 - - default default] Successfully bumped revision number for resource 3de0b5ef-a95a-4377-b6e9-e0d2858bb5b7 (type: security_groups) to 1
2026-04-23 01:55:13.545 8 INFO neutron.db.ovn_revision_numbers_db [None req-a36fb03e-0a13-4517-9b34-f77090cf2f84 7bb5f6ecb53e4e2ea58698f1e284515f 8b1808633cdb435c9fdf5678e6b5aa93 - - default default] Successfully bumped revision number for resource 30d1c554-2f61-4257-85b6-c2a2f60384e3 (type: security_group_rules) to 0
2026-04-23 01:55:13.555 8 INFO neutron.db.ovn_revision_numbers_db [None req-a36fb03e-0a13-4517-9b34-f77090cf2f84 7bb5f6ecb53e4e2ea58698f1e284515f 8b1808633cdb435c9fdf5678e6b5aa93 - - default default] Successfully bumped revision number for resource 8ef05bd1-5024-436e-bbd5-71faed758bae (type: security_group_rules) to 0
2026-04-23 01:55:13.569 8 INFO neutron.db.ovn_revision_numbers_db [None req-a36fb03e-0a13-4517-9b34-f77090cf2f84 7bb5f6ecb53e4e2ea58698f1e284515f 8b1808633cdb435c9fdf5678e6b5aa93 - - default default] Successfully bumped revision number for resource c3f2b68b-e5a2-4cb3-9e08-7f57b0581a06 (type: security_group_rules) to 0
2026-04-23 01:55:13.584 8 INFO neutron.db.ovn_revision_numbers_db [None req-a36fb03e-0a13-4517-9b34-f77090cf2f84 7bb5f6ecb53e4e2ea58698f1e284515f 8b1808633cdb435c9fdf5678e6b5aa93 - - default default] Successfully bumped revision number for resource df499967-f008-4654-b961-11d5091ba82b (type: security_group_rules) to 0
2026-04-23 01:55:13.671 8 WARNING neutron.services.revisions.revision_plugin [None req-a36fb03e-0a13-4517-9b34-f77090cf2f84 7bb5f6ecb53e4e2ea58698f1e284515f 8b1808633cdb435c9fdf5678e6b5aa93 - - default default] Could not find related network for resource to bump revision.
2026-04-23 01:55:13.703 8 INFO neutron.db.segments_db [None req-a36fb03e-0a13-4517-9b34-f77090cf2f84 7bb5f6ecb53e4e2ea58698f1e284515f 8b1808633cdb435c9fdf5678e6b5aa93 - - default default] Added segment bc470ff2-ddf6-4725-8912-bc910e325c5c of type flat for network bf93352c-869a-48da-8ed9-00738675dd3a
2026-04-23 01:55:13.841 8 INFO neutron.plugins.ml2.drivers.ovn.mech_driver.mech_driver [-] OVN reports status down for port: provnet-bc470ff2-ddf6-4725-8912-bc910e325c5c
2026-04-23 01:55:13.915 8 INFO neutron.db.ovn_revision_numbers_db [None req-a36fb03e-0a13-4517-9b34-f77090cf2f84 7bb5f6ecb53e4e2ea58698f1e284515f 8b1808633cdb435c9fdf5678e6b5aa93 - - default default] Successfully bumped revision number for resource bf93352c-869a-48da-8ed9-00738675dd3a (type: networks) to 1
2026-04-23 01:55:14.184 8 WARNING neutron.scheduler.dhcp_agent_scheduler [None req-a36fb03e-0a13-4517-9b34-f77090cf2f84 7bb5f6ecb53e4e2ea58698f1e284515f 8b1808633cdb435c9fdf5678e6b5aa93 - - default default] No more DHCP agents
2026-04-23 01:55:14.185 8 WARNING neutron.api.rpc.agentnotifiers.dhcp_rpc_agent_api [None req-a36fb03e-0a13-4517-9b34-f77090cf2f84 7bb5f6ecb53e4e2ea58698f1e284515f 8b1808633cdb435c9fdf5678e6b5aa93 - - default default] Unable to schedule network bf93352c-869a-48da-8ed9-00738675dd3a: no agents available; will retry on subsequent port and subnet creation events.
2026-04-23 01:55:14.435 8 INFO neutron.plugins.ml2.drivers.ovn.mech_driver.mech_driver [None req-5f732eb5-4844-40c1-bbe9-c90469d368de - - - - - -] OVN reports status down for port: 4a9c6d34-fe6d-4a0c-83fc-c159d30fa76e
2026-04-23 01:55:14.438 7 INFO neutron.plugins.ml2.drivers.ovn.mech_driver.mech_driver [-] OVN reports status down for port: 4a9c6d34-fe6d-4a0c-83fc-c159d30fa76e
2026-04-23 01:55:14.523 8 INFO neutron.db.ovn_revision_numbers_db [None req-a36fb03e-0a13-4517-9b34-f77090cf2f84 7bb5f6ecb53e4e2ea58698f1e284515f 8b1808633cdb435c9fdf5678e6b5aa93 - - default default] Successfully bumped revision number for resource 4a9c6d34-fe6d-4a0c-83fc-c159d30fa76e (type: ports) to 1 [pid: 8|app: 0|req: 4/6] 199.204.45.141 () {48 vars in 967 bytes} [Thu Apr 23 01:55:13 2026] POST /v2.0/networks => generated 744 bytes in 1434 msecs (HTTP/1.1 201) 4 headers in 162 bytes (1 switches on core 0)
2026-04-23 01:55:16.213 7 INFO neutron.pecan_wsgi.hooks.translation [None req-b5942f1b-9830-4dbe-bdf5-0e413bcb0a47 7bb5f6ecb53e4e2ea58698f1e284515f 8b1808633cdb435c9fdf5678e6b5aa93 - - default default] GET failed (client error): The resource could not be found. [pid: 7|app: 0|req: 3/7] 199.204.45.141 () {44 vars in 927 bytes} [Thu Apr 23 01:55:15 2026] GET /v2.0/networks/public => generated 108 bytes in 406 msecs (HTTP/1.1 404) 4 headers in 164 bytes (1 switches on core 0) [pid: 8|app: 0|req: 5/8] 199.204.45.141 () {44 vars in 949 bytes} [Thu Apr 23 01:55:16 2026] GET /v2.0/networks?name=public => generated 753 bytes in 39 msecs (HTTP/1.1 200) 4 headers in 157 bytes (1 switches on core 0)
2026-04-23 01:55:16.294 7 INFO neutron.pecan_wsgi.hooks.translation [None req-00eddb99-53b5-4f1e-8640-8448b32016b0 7bb5f6ecb53e4e2ea58698f1e284515f 8b1808633cdb435c9fdf5678e6b5aa93 - - default default] GET failed (client error): The resource could not be found. [pid: 7|app: 0|req: 4/9] 199.204.45.141 () {44 vars in 1034 bytes} [Thu Apr 23 01:55:16 2026] GET /v2.0/subnets/public-subnet?network_id=bf93352c-869a-48da-8ed9-00738675dd3a => generated 113 bytes in 29 msecs (HTTP/1.1 404) 4 headers in 164 bytes (1 switches on core 0) [pid: 8|app: 0|req: 6/10] 199.204.45.141 () {44 vars in 1057 bytes} [Thu Apr 23 01:55:16 2026] GET /v2.0/subnets?name=public-subnet&network_id=bf93352c-869a-48da-8ed9-00738675dd3a => generated 14 bytes in 22 msecs (HTTP/1.1 200) 4 headers in 156 bytes (1 switches on core 0)
2026-04-23 01:55:16.765 7 WARNING neutron.scheduler.dhcp_agent_scheduler [None req-ce48cf54-6b58-4e8a-bace-478275aaf015 7bb5f6ecb53e4e2ea58698f1e284515f 8b1808633cdb435c9fdf5678e6b5aa93 - - default default] No more DHCP agents
2026-04-23 01:55:16.766 7 WARNING neutron.api.rpc.agentnotifiers.dhcp_rpc_agent_api [None req-ce48cf54-6b58-4e8a-bace-478275aaf015 7bb5f6ecb53e4e2ea58698f1e284515f 8b1808633cdb435c9fdf5678e6b5aa93 - - default default] Unable to schedule network bf93352c-869a-48da-8ed9-00738675dd3a: no agents available; will retry on subsequent port and subnet creation events.
2026-04-23 01:55:17.431 7 INFO neutron.db.ovn_revision_numbers_db [None req-85e13b59-4bfa-44ca-bdfe-47c53705390d - - - - - -] Successfully bumped revision number for resource 4a9c6d34-fe6d-4a0c-83fc-c159d30fa76e (type: ports) to 2
2026-04-23 01:55:17.466 7 INFO neutron.db.ovn_revision_numbers_db [None req-85e13b59-4bfa-44ca-bdfe-47c53705390d - - - - - -] Successfully bumped revision number for resource bcdfc470-93d9-4f67-b242-bffb61a4e193 (type: subnets) to 0 [pid: 7|app: 0|req: 5/11] 199.204.45.141 () {48 vars in 965 bytes} [Thu Apr 23 01:55:16 2026] POST /v2.0/subnets => generated 664 bytes in 1155 msecs (HTTP/1.1 201) 4 headers in 162 bytes (1 switches on core 0)
2026-04-23 02:00:15.590 7 INFO neutron.pecan_wsgi.hooks.translation [None req-6d87bbe9-31de-40d8-91c4-1c1ee6284b37 7bb5f6ecb53e4e2ea58698f1e284515f 8b1808633cdb435c9fdf5678e6b5aa93 - - default default] GET failed (client error): The resource could not be found. [pid: 7|app: 0|req: 24/49] 199.204.45.141 () {44 vars in 937 bytes} [Thu Apr 23 02:00:15 2026] GET /v2.0/networks/lb-mgmt-net => generated 113 bytes in 118 msecs (HTTP/1.1 404) 4 headers in 164 bytes (1 switches on core 0) [pid: 8|app: 0|req: 26/50] 199.204.45.141 () {44 vars in 959 bytes} [Thu Apr 23 02:00:15 2026] GET /v2.0/networks?name=lb-mgmt-net => generated 15 bytes in 17 msecs (HTTP/1.1 200) 4 headers in 156 bytes (1 switches on core 0)
2026-04-23 02:00:15.719 7 INFO neutron.db.segments_db [None req-60e22c42-6922-47dd-abe5-3586ac85c60e 7bb5f6ecb53e4e2ea58698f1e284515f 8b1808633cdb435c9fdf5678e6b5aa93 - - default default] Added segment 332d211c-9798-47a9-a87a-f8ac51934163 of type geneve for network 202760fb-9288-464f-b3a2-a6ac72108d04
2026-04-23 02:00:15.887 7 INFO neutron.db.ovn_revision_numbers_db [None req-60e22c42-6922-47dd-abe5-3586ac85c60e 7bb5f6ecb53e4e2ea58698f1e284515f 8b1808633cdb435c9fdf5678e6b5aa93 - - default default] Successfully bumped revision number for resource 202760fb-9288-464f-b3a2-a6ac72108d04 (type: networks) to 1
