2026-04-23 02:32:04.075 7 INFO neutron_taas.services.taas.tap_mirror_plugin [None req-2d8f0299-ea43-4a8d-8e54-9abc1583ad66 6fbf5f88b9324bcfb320b74013a24c99 fa452764212e448dbf58da0095065c07 - - default default] Tap Mirror: Handle Delete Port: a18ed6c7-980d-4ff2-9878-db83d9fdb347
2026-04-23 02:32:04.352 7 INFO neutron.services.segments.plugin [-] Segment d324ab84-d954-4113-ba2a-a73ecc6f8b90 resource provider aggregate not found
2026-04-23 02:32:04.358 7 INFO neutron.services.segments.plugin [-] Segment d324ab84-d954-4113-ba2a-a73ecc6f8b90 resource provider aggregate not found
2026-04-23 02:32:04.376 7 INFO neutron.services.segments.plugin [-] Segment d324ab84-d954-4113-ba2a-a73ecc6f8b90 resource provider not found; error: Placement Client Error (4xx): {"errors": [{"status": 404, "title": "Not Found", "detail": "The resource could not be found.\n\n No resource provider with uuid d324ab84-d954-4113-ba2a-a73ecc6f8b90 found for delete ", "request_id": "req-b0fbd406-310b-4a39-975f-53ea86aeff71"}]}
2026-04-23 02:32:04.384 7 INFO neutron.services.segments.plugin [-] Segment d324ab84-d954-4113-ba2a-a73ecc6f8b90 resource provider not found; error: Placement Client Error (4xx): {"errors": [{"status": 404, "title": "Not Found", "detail": "The resource could not be found.\n\n No resource provider with uuid d324ab84-d954-4113-ba2a-a73ecc6f8b90 found for delete ", "request_id": "req-1bf99cf3-be97-4d35-b401-c18f802ab0b0"}]} [pid: 7|app: 0|req: 974/2012] 10.0.0.13 () {32 vars in 724 bytes} [Thu Apr 23 02:32:03 2026] DELETE /v2.0/networks/97576626-4930-4d03-b8a0-ac0425c798ad => generated 0 bytes in 498 msecs (HTTP/1.1 204) 3 headers in 131 bytes (1 switches on core 0)
2026-04-23 02:32:04.519 8 INFO neutron.db.segments_db [None req-60f93923-2f88-48e4-87d4-c63cafba7f30 6fbf5f88b9324bcfb320b74013a24c99 fa452764212e448dbf58da0095065c07 - - default default] Added segment 1dde31e9-2cfd-4568-826c-8ac1b0587407 of type geneve for network 4bb81d3a-d523-41b2-b29e-9da6c53795c2
2026-04-23 02:32:04.622 8 INFO neutron.db.ovn_revision_numbers_db [None req-60f93923-2f88-48e4-87d4-c63cafba7f30 6fbf5f88b9324bcfb320b74013a24c99 fa452764212e448dbf58da0095065c07 - - default default] Successfully bumped revision number for resource 4bb81d3a-d523-41b2-b29e-9da6c53795c2 (type: networks) to 1
2026-04-23 02:32:04.795 8 WARNING neutron.scheduler.dhcp_agent_scheduler [None req-60f93923-2f88-48e4-87d4-c63cafba7f30 6fbf5f88b9324bcfb320b74013a24c99 fa452764212e448dbf58da0095065c07 - - default default] No more DHCP agents
2026-04-23 02:32:04.796 8 WARNING neutron.api.rpc.agentnotifiers.dhcp_rpc_agent_api [None req-60f93923-2f88-48e4-87d4-c63cafba7f30 6fbf5f88b9324bcfb320b74013a24c99 fa452764212e448dbf58da0095065c07 - - default default] Unable to schedule network 4bb81d3a-d523-41b2-b29e-9da6c53795c2: no agents available; will retry on subsequent port and subnet creation events.
2026-04-23 02:32:04.852 7 INFO neutron.plugins.ml2.drivers.ovn.mech_driver.mech_driver [None req-8ba4c3f8-b142-4eaf-847d-8bdc617f2d45 - - - - - -] OVN reports status down for port: fd2cda11-13e6-4ec2-9877-0f16835ebc83
2026-04-23 02:32:04.867 8 INFO neutron.db.ovn_revision_numbers_db [None req-60f93923-2f88-48e4-87d4-c63cafba7f30 6fbf5f88b9324bcfb320b74013a24c99 fa452764212e448dbf58da0095065c07 - - default default] Successfully bumped revision number for resource fd2cda11-13e6-4ec2-9877-0f16835ebc83 (type: ports) to 1 [pid: 8|app: 0|req: 1039/2013] 10.0.0.13 () {34 vars in 668 bytes} [Thu Apr 23 02:32:04 2026] POST /v2.0/networks => generated 748 bytes in 469 msecs (HTTP/1.1 201) 4 headers in 162 bytes (1 switches on core 0)
2026-04-23 02:32:05.054 7 WARNING neutron.scheduler.dhcp_agent_scheduler [None req-109d5270-85db-4cc6-b281-41817b0a293c 6fbf5f88b9324bcfb320b74013a24c99 fa452764212e448dbf58da0095065c07 - - default default] No more DHCP agents
2026-04-23 02:32:05.055 7 WARNING neutron.api.rpc.agentnotifiers.dhcp_rpc_agent_api [None req-109d5270-85db-4cc6-b281-41817b0a293c 6fbf5f88b9324bcfb320b74013a24c99 fa452764212e448dbf58da0095065c07 - - default default] Unable to schedule network 4bb81d3a-d523-41b2-b29e-9da6c53795c2: no agents available; will retry on subsequent port and subnet creation events.
2026-04-23 02:32:05.527 7 INFO neutron.db.ovn_revision_numbers_db [None req-e822dca1-80a3-485a-9e2d-95facc3bc126 - - - - - -] Successfully bumped revision number for resource fd2cda11-13e6-4ec2-9877-0f16835ebc83 (type: ports) to 2
2026-04-23 02:32:05.561 7 INFO neutron.db.ovn_revision_numbers_db [None req-e822dca1-80a3-485a-9e2d-95facc3bc126 - - - - - -] Successfully bumped revision number for resource 74f44966-f0d1-4e06-ab98-c95149d3f9d4 (type: subnets) to 0 [pid: 7|app: 0|req: 975/2014] 10.0.0.13 () {34 vars in 667 bytes} [Thu Apr 23 02:32:04 2026] POST /v2.0/subnets => generated 647 bytes in 682 msecs (HTTP/1.1 201) 4 headers in 162 bytes (1 switches on core 0)
2026-04-23 02:32:05.590 8 WARNING neutron.api.v2.base [None req-dcb482e5-3b88-4196-b869-a30892176616 6fbf5f88b9324bcfb320b74013a24c99 fa452764212e448dbf58da0095065c07 - - default default] An exception happened while processing the request body. The exception message is [Invalid input for target_tenant. Reason: '1234123412341234123412341234123412341234123412341234123412341234123412341234123412341234123412341234123412341234123412341234123412341234123412341234123412341234123412341234123412341234123412341234123412341234123412341234123412341234123412341234123412341234123412341234123412341234123412341234123412341234123412341234123412341234123412341234123412341234123412341234123412341234123412341234123412341234' exceeds maximum length of 255.].: webob.exc.HTTPBadRequest: Invalid input for target_tenant. Reason: '1234123412341234123412341234123412341234123412341234123412341234123412341234123412341234123412341234123412341234123412341234123412341234123412341234123412341234123412341234123412341234123412341234123412341234123412341234123412341234123412341234123412341234123412341234123412341234123412341234123412341234123412341234123412341234123412341234123412341234123412341234123412341234123412341234123412341234' exceeds maximum length of 255.
2026-04-23 02:32:05.590 8 INFO neutron.api.v2.resource [None req-dcb482e5-3b88-4196-b869-a30892176616 6fbf5f88b9324bcfb320b74013a24c99 fa452764212e448dbf58da0095065c07 - - default default] create failed (client error): Invalid input for target_tenant. Reason: '1234123412341234123412341234123412341234123412341234123412341234123412341234123412341234123412341234123412341234123412341234123412341234123412341234123412341234123412341234123412341234123412341234123412341234123412341234123412341234123412341234123412341234123412341234123412341234123412341234123412341234123412341234123412341234123412341234123412341234123412341234123412341234123412341234123412341234' exceeds maximum length of 255. [pid: 8|app: 0|req: 1040/2015] 10.0.0.13 () {34 vars in 679 bytes} [Thu Apr 23 02:32:05 2026] POST /v2.0/rbac-policies => generated 547 bytes in 10 msecs (HTTP/1.1 400) 4 headers in 166 bytes (1 switches on core 0)
2026-04-23 02:32:05.752 7 INFO neutron_taas.services.taas.taas_plugin [None req-63e8b4cb-0d48-46a6-9376-d4d4d38b62a2 6fbf5f88b9324bcfb320b74013a24c99 fa452764212e448dbf58da0095065c07 - - default default] TaaS: Handle Delete Port: fd2cda11-13e6-4ec2-9877-0f16835ebc83
2026-04-23 02:32:05.755 7 INFO neutron_taas.services.taas.tap_mirror_plugin [None req-63e8b4cb-0d48-46a6-9376-d4d4d38b62a2 6fbf5f88b9324bcfb320b74013a24c99 fa452764212e448dbf58da0095065c07 - - default default] Tap Mirror: Handle Delete Port: fd2cda11-13e6-4ec2-9877-0f16835ebc83
2026-04-23 02:32:05.966 8 INFO neutron.db.ovn_revision_numbers_db [None req-fe0c9c36-3979-46ba-8428-f443d163c062 d7d489d7ac3147768a52e3dcbac4dd06 6ea3d10a05264c7bb82644a4d8d7cf61 - - default default] Successfully bumped revision number for resource 7fc7ccfc-b2c8-45ed-88c7-0c17b8f367a6 (type: security_groups) to 1
2026-04-23 02:32:05.983 8 INFO neutron.db.ovn_revision_numbers_db [None req-fe0c9c36-3979-46ba-8428-f443d163c062 d7d489d7ac3147768a52e3dcbac4dd06 6ea3d10a05264c7bb82644a4d8d7cf61 - - default default] Successfully bumped revision number for resource 836abed0-4388-427e-984a-375aeaaef546 (type: security_group_rules) to 0
2026-04-23 02:32:05.999 8 INFO neutron.db.ovn_revision_numbers_db [None req-fe0c9c36-3979-46ba-8428-f443d163c062 d7d489d7ac3147768a52e3dcbac4dd06 6ea3d10a05264c7bb82644a4d8d7cf61 - - default default] Successfully bumped revision number for resource b4cb3072-edfc-4188-bbef-8e796de79769 (type: security_group_rules) to 0
2026-04-23 02:32:06.013 8 INFO neutron.db.ovn_revision_numbers_db [None req-fe0c9c36-3979-46ba-8428-f443d163c062 d7d489d7ac3147768a52e3dcbac4dd06 6ea3d10a05264c7bb82644a4d8d7cf61 - - default default] Successfully bumped revision number for resource bcafba3d-1f58-4f4d-8c5b-155f4376641b (type: security_group_rules) to 0
2026-04-23 02:32:06.027 8 INFO neutron.db.ovn_revision_numbers_db [None req-fe0c9c36-3979-46ba-8428-f443d163c062 d7d489d7ac3147768a52e3dcbac4dd06 6ea3d10a05264c7bb82644a4d8d7cf61 - - default default] Successfully bumped revision number for resource e43cd744-0370-435c-9114-2ef6f2867bf2 (type: security_group_rules) to 0
2026-04-23 02:32:06.128 8 INFO neutron.db.segments_db [None req-fe0c9c36-3979-46ba-8428-f443d163c062 d7d489d7ac3147768a52e3dcbac4dd06 6ea3d10a05264c7bb82644a4d8d7cf61 - - default default] Added segment 7f75a7c3-6d6f-4e39-bb68-149aa3e20e47 of type geneve for network b3483f05-c6f6-414f-946c-98bd93e3c5be [pid: 7|app: 0|req: 976/2016] 10.0.0.13 () {32 vars in 724 bytes} [Thu Apr 23 02:32:05 2026] DELETE /v2.0/networks/4bb81d3a-d523-41b2-b29e-9da6c53795c2 => generated 0 bytes in 571 msecs (HTTP/1.1 204) 3 headers in 131 bytes (1 switches on core 0)
2026-04-23 02:32:06.223 8 INFO neutron.db.ovn_revision_numbers_db [None req-fe0c9c36-3979-46ba-8428-f443d163c062 d7d489d7ac3147768a52e3dcbac4dd06 6ea3d10a05264c7bb82644a4d8d7cf61 - - default default] Successfully bumped revision number for resource b3483f05-c6f6-414f-946c-98bd93e3c5be (type: networks) to 1
2026-04-23 02:32:06.273 7 INFO neutron.db.segments_db [None req-cf9b826b-9ed1-4e1c-b8ec-7ca1690b283e 6fbf5f88b9324bcfb320b74013a24c99 fa452764212e448dbf58da0095065c07 - - default default] Added segment 4f44672e-b50d-47e6-bb7c-a5a919fa90fc of type geneve for network 880d9edd-bdb0-4a4f-95da-d73b5653ea52
2026-04-23 02:32:06.388 8 WARNING neutron.scheduler.dhcp_agent_scheduler [None req-fe0c9c36-3979-46ba-8428-f443d163c062 d7d489d7ac3147768a52e3dcbac4dd06 6ea3d10a05264c7bb82644a4d8d7cf61 - - default default] No more DHCP agents
2026-04-23 02:32:06.390 8 WARNING neutron.api.rpc.agentnotifiers.dhcp_rpc_agent_api [None req-fe0c9c36-3979-46ba-8428-f443d163c062 d7d489d7ac3147768a52e3dcbac4dd06 6ea3d10a05264c7bb82644a4d8d7cf61 - - default default] Unable to schedule network b3483f05-c6f6-414f-946c-98bd93e3c5be: no agents available; will retry on subsequent port and subnet creation events.
2026-04-23 02:32:06.398 7 INFO neutron.services.segments.plugin [-] Segment 1dde31e9-2cfd-4568-826c-8ac1b0587407 resource provider aggregate not found
2026-04-23 02:32:06.401 7 INFO neutron.db.ovn_revision_numbers_db [None req-cf9b826b-9ed1-4e1c-b8ec-7ca1690b283e 6fbf5f88b9324bcfb320b74013a24c99 fa452764212e448dbf58da0095065c07 - - default default] Successfully bumped revision number for resource 880d9edd-bdb0-4a4f-95da-d73b5653ea52 (type: networks) to 1
2026-04-23 02:32:06.413 7 INFO neutron.services.segments.plugin [-] Segment 1dde31e9-2cfd-4568-826c-8ac1b0587407 resource provider aggregate not found
2026-04-23 02:32:06.416 7 INFO neutron.services.segments.plugin [-] Segment 1dde31e9-2cfd-4568-826c-8ac1b0587407 resource provider not found; error: Placement Client Error (4xx): {"errors": [{"status": 404, "title": "Not Found", "detail": "The resource could not be found.\n\n No resource provider with uuid 1dde31e9-2cfd-4568-826c-8ac1b0587407 found for delete ", "request_id": "req-818cb6f2-bf2e-4b3c-ab11-259b1e60b388"}]}
2026-04-23 02:32:06.435 7 INFO neutron.services.segments.plugin [-] Segment 1dde31e9-2cfd-4568-826c-8ac1b0587407 resource provider not found; error: Placement Client Error (4xx): {"errors": [{"status": 404, "title": "Not Found", "detail": "The resource could not be found.\n\n No resource provider with uuid 1dde31e9-2cfd-4568-826c-8ac1b0587407 found for delete ", "request_id": "req-37db3fae-d1d4-40d1-8ded-d1e66a2b01ff"}]}
2026-04-23 02:32:06.471 8 INFO neutron.db.ovn_revision_numbers_db [None req-fe0c9c36-3979-46ba-8428-f443d163c062 d7d489d7ac3147768a52e3dcbac4dd06 6ea3d10a05264c7bb82644a4d8d7cf61 - - default default] Successfully bumped revision number for resource efb6d18b-8672-472e-badb-759696dab86d (type: ports) to 1
2026-04-23 02:32:06.471 7 INFO neutron.plugins.ml2.drivers.ovn.mech_driver.mech_driver [None req-8ba4c3f8-b142-4eaf-847d-8bdc617f2d45 - - - - - -] OVN reports status down for port: efb6d18b-8672-472e-badb-759696dab86d [pid: 8|app: 0|req: 1041/2017] 10.0.0.13 () {34 vars in 668 bytes} [Thu Apr 23 02:32:05 2026] POST /v2.0/networks => generated 658 bytes in 859 msecs (HTTP/1.1 201) 4 headers in 162 bytes (1 switches on core 0)
2026-04-23 02:32:06.663 8 WARNING neutron.scheduler.dhcp_agent_scheduler [None req-51d19866-49a9-46be-8cb2-ed0a2c120916 d7d489d7ac3147768a52e3dcbac4dd06 6ea3d10a05264c7bb82644a4d8d7cf61 - - default default] No more DHCP agents
2026-04-23 02:32:06.665 8 WARNING neutron.api.rpc.agentnotifiers.dhcp_rpc_agent_api [None req-51d19866-49a9-46be-8cb2-ed0a2c120916 d7d489d7ac3147768a52e3dcbac4dd06 6ea3d10a05264c7bb82644a4d8d7cf61 - - default default] Unable to schedule network b3483f05-c6f6-414f-946c-98bd93e3c5be: no agents available; will retry on subsequent port and subnet creation events.
2026-04-23 02:32:06.675 7 WARNING neutron.scheduler.dhcp_agent_scheduler [None req-cf9b826b-9ed1-4e1c-b8ec-7ca1690b283e 6fbf5f88b9324bcfb320b74013a24c99 fa452764212e448dbf58da0095065c07 - - default default] No more DHCP agents
2026-04-23 02:32:06.678 7 WARNING neutron.api.rpc.agentnotifiers.dhcp_rpc_agent_api [None req-cf9b826b-9ed1-4e1c-b8ec-7ca1690b283e 6fbf5f88b9324bcfb320b74013a24c99 fa452764212e448dbf58da0095065c07 - - default default] Unable to schedule network 880d9edd-bdb0-4a4f-95da-d73b5653ea52: no agents available; will retry on subsequent port and subnet creation events.
2026-04-23 02:32:06.745 7 INFO neutron.plugins.ml2.drivers.ovn.mech_driver.mech_driver [None req-8ba4c3f8-b142-4eaf-847d-8bdc617f2d45 - - - - - -] OVN reports status down for port: f807d00d-91db-41d9-a619-2ef4bf1522a8
2026-04-23 02:32:06.803 7 INFO neutron.db.ovn_revision_numbers_db [None req-cf9b826b-9ed1-4e1c-b8ec-7ca1690b283e 6fbf5f88b9324bcfb320b74013a24c99 fa452764212e448dbf58da0095065c07 - - default default] Successfully bumped revision number for resource f807d00d-91db-41d9-a619-2ef4bf1522a8 (type: ports) to 1 [pid: 7|app: 0|req: 977/2018] 10.0.0.13 () {34 vars in 668 bytes} [Thu Apr 23 02:32:06 2026] POST /v2.0/networks => generated 749 bytes in 666 msecs (HTTP/1.1 201) 4 headers in 162 bytes (1 switches on core 0)
2026-04-23 02:32:07.170 8 INFO neutron.db.ovn_revision_numbers_db [None req-69742a29-ca14-4cda-9e08-3c64ec9527e2 - - - - - -] Successfully bumped revision number for resource efb6d18b-8672-472e-badb-759696dab86d (type: ports) to 2
2026-04-23 02:32:07.206 8 INFO neutron.db.ovn_revision_numbers_db [None req-69742a29-ca14-4cda-9e08-3c64ec9527e2 - - - - - -] Successfully bumped revision number for resource 71817cce-f162-49f3-a160-fb27a130c413 (type: subnets) to 0
2026-04-23 02:32:07.206 7 INFO neutron.db.ovn_revision_numbers_db [None req-b9f6425e-7052-49c1-985a-58c120b9f445 aff9c91fd9394324a1df2931a59bf983 42664ffd52b0440e8e53323111f800cd - - default default] Successfully bumped revision number for resource a431daed-c15e-48b2-baad-8be59f32ff90 (type: security_groups) to 1
2026-04-23 02:32:07.220 7 INFO neutron.db.ovn_revision_numbers_db [None req-b9f6425e-7052-49c1-985a-58c120b9f445 aff9c91fd9394324a1df2931a59bf983 42664ffd52b0440e8e53323111f800cd - - default default] Successfully bumped revision number for resource 216551fc-6949-4ed0-b68f-9f3b91c33eb9 (type: security_group_rules) to 0 [pid: 8|app: 0|req: 1042/2019] 10.0.0.13 () {34 vars in 667 bytes} [Thu Apr 23 02:32:06 2026] POST /v2.0/subnets => generated 657 bytes in 722 msecs (HTTP/1.1 201) 4 headers in 162 bytes (1 switches on core 0)
2026-04-23 02:32:07.232 7 INFO neutron.db.ovn_revision_numbers_db [None req-b9f6425e-7052-49c1-985a-58c120b9f445 aff9c91fd9394324a1df2931a59bf983 42664ffd52b0440e8e53323111f800cd - - default default] Successfully bumped revision number for resource 508319b1-ab21-4e27-8b40-449ce1c1dd9d (type: security_group_rules) to 0
2026-04-23 02:32:07.245 7 INFO neutron.db.ovn_revision_numbers_db [None req-b9f6425e-7052-49c1-985a-58c120b9f445 aff9c91fd9394324a1df2931a59bf983 42664ffd52b0440e8e53323111f800cd - - default default] Successfully bumped revision number for resource 53441303-8aeb-4d41-916e-e27db181daca (type: security_group_rules) to 0
2026-04-23 02:32:07.258 7 INFO neutron.db.ovn_revision_numbers_db [None req-b9f6425e-7052-49c1-985a-58c120b9f445 aff9c91fd9394324a1df2931a59bf983 42664ffd52b0440e8e53323111f800cd - - default default] Successfully bumped revision number for resource f2867c71-eb4e-40ed-ae11-daab54e691be (type: security_group_rules) to 0
2026-04-23 02:32:07.344 7 INFO neutron.db.segments_db [None req-b9f6425e-7052-49c1-985a-58c120b9f445 aff9c91fd9394324a1df2931a59bf983 42664ffd52b0440e8e53323111f800cd - - default default] Added segment 957c384b-e883-402c-8a44-3fe12db42bef of type geneve for network 9df6e28e-ad08-429f-91a0-029e49b00612
2026-04-23 02:32:07.354 8 WARNING neutron.scheduler.dhcp_agent_scheduler [None req-a98064de-87b5-4c05-9de0-f317e1e71e86 6fbf5f88b9324bcfb320b74013a24c99 fa452764212e448dbf58da0095065c07 - - default default] No more DHCP agents
2026-04-23 02:32:07.355 8 WARNING neutron.api.rpc.agentnotifiers.dhcp_rpc_agent_api [None req-a98064de-87b5-4c05-9de0-f317e1e71e86 6fbf5f88b9324bcfb320b74013a24c99 fa452764212e448dbf58da0095065c07 - - default default] Unable to schedule network 880d9edd-bdb0-4a4f-95da-d73b5653ea52: no agents available; will retry on subsequent port and subnet creation events.
2026-04-23 02:32:07.459 7 INFO neutron.db.ovn_revision_numbers_db [None req-b9f6425e-7052-49c1-985a-58c120b9f445 aff9c91fd9394324a1df2931a59bf983 42664ffd52b0440e8e53323111f800cd - - default default] Successfully bumped revision number for resource 9df6e28e-ad08-429f-91a0-029e49b00612 (type: networks) to 1
2026-04-23 02:32:07.628 7 WARNING neutron.scheduler.dhcp_agent_scheduler [None req-b9f6425e-7052-49c1-985a-58c120b9f445 aff9c91fd9394324a1df2931a59bf983 42664ffd52b0440e8e53323111f800cd - - default default] No more DHCP agents
2026-04-23 02:32:07.630 7 WARNING neutron.api.rpc.agentnotifiers.dhcp_rpc_agent_api [None req-b9f6425e-7052-49c1-985a-58c120b9f445 aff9c91fd9394324a1df2931a59bf983 42664ffd52b0440e8e53323111f800cd - - default default] Unable to schedule network 9df6e28e-ad08-429f-91a0-029e49b00612: no agents available; will retry on subsequent port and subnet creation events.
2026-04-23 02:32:07.690 7 INFO neutron.plugins.ml2.drivers.ovn.mech_driver.mech_driver [None req-8ba4c3f8-b142-4eaf-847d-8bdc617f2d45 - - - - - -] OVN reports status down for port: c561cb3c-53bc-4443-9797-3e291f6cabcd
2026-04-23 02:32:07.743 7 INFO neutron.db.ovn_revision_numbers_db [None req-b9f6425e-7052-49c1-985a-58c120b9f445 aff9c91fd9394324a1df2931a59bf983 42664ffd52b0440e8e53323111f800cd - - default default] Successfully bumped revision number for resource c561cb3c-53bc-4443-9797-3e291f6cabcd (type: ports) to 1 [pid: 7|app: 0|req: 978/2020] 10.0.0.13 () {34 vars in 668 bytes} [Thu Apr 23 02:32:06 2026] POST /v2.0/networks => generated 650 bytes in 939 msecs (HTTP/1.1 201) 4 headers in 162 bytes (1 switches on core 0)
2026-04-23 02:32:07.860 8 INFO neutron.db.ovn_revision_numbers_db [None req-a05ace57-d568-4ef2-8610-d3fa24068c2f - - - - - -] Successfully bumped revision number for resource f807d00d-91db-41d9-a619-2ef4bf1522a8 (type: ports) to 2 [pid: 7|app: 0|req: 979/2021] 10.0.0.13 () {32 vars in 720 bytes} [Thu Apr 23 02:32:07 2026] GET /v2.0/subnetpools?name=shared-default-subnetpool-v6 => generated 19 bytes in 111 msecs (HTTP/1.1 200) 4 headers in 156 bytes (1 switches on core 0)
2026-04-23 02:32:07.899 8 INFO neutron.db.ovn_revision_numbers_db [None req-a05ace57-d568-4ef2-8610-d3fa24068c2f - - - - - -] Successfully bumped revision number for resource d570ff2c-7e01-4d17-9784-b7b6c728c317 (type: subnets) to 0 [pid: 8|app: 0|req: 1043/2022] 10.0.0.13 () {34 vars in 667 bytes} [Thu Apr 23 02:32:07 2026] POST /v2.0/subnets => generated 647 bytes in 693 msecs (HTTP/1.1 201) 4 headers in 162 bytes (1 switches on core 0)
2026-04-23 02:32:08.099 7 WARNING neutron.scheduler.dhcp_agent_scheduler [None req-1bd34546-4f52-4c87-afce-32fcfb98d6ff aff9c91fd9394324a1df2931a59bf983 42664ffd52b0440e8e53323111f800cd - - default default] No more DHCP agents
2026-04-23 02:32:08.100 7 WARNING neutron.api.rpc.agentnotifiers.dhcp_rpc_agent_api [None req-1bd34546-4f52-4c87-afce-32fcfb98d6ff aff9c91fd9394324a1df2931a59bf983 42664ffd52b0440e8e53323111f800cd - - default default] Unable to schedule network 9df6e28e-ad08-429f-91a0-029e49b00612: no agents available; will retry on subsequent port and subnet creation events.
2026-04-23 02:32:08.166 8 INFO neutron.plugins.ml2.drivers.ovn.mech_driver.mech_driver [None req-58930a9c-1a02-44fc-bc34-d70919be59d2 - - - - - -] OVN reports status down for port: a0fd44d0-1350-4dbc-ae06-45205be4d179
2026-04-23 02:32:08.181 8 WARNING neutron.scheduler.dhcp_agent_scheduler [None req-f35c0a4b-feae-44df-a28e-6f8e97e17e81 d7d489d7ac3147768a52e3dcbac4dd06 6ea3d10a05264c7bb82644a4d8d7cf61 - - default default] No more DHCP agents
2026-04-23 02:32:08.183 7 INFO neutron.db.ovn_revision_numbers_db [None req-1bd34546-4f52-4c87-afce-32fcfb98d6ff aff9c91fd9394324a1df2931a59bf983 42664ffd52b0440e8e53323111f800cd - - default default] Successfully bumped revision number for resource a0fd44d0-1350-4dbc-ae06-45205be4d179 (type: ports) to 1
2026-04-23 02:32:08.184 8 WARNING neutron.api.rpc.agentnotifiers.dhcp_rpc_agent_api [None req-f35c0a4b-feae-44df-a28e-6f8e97e17e81 d7d489d7ac3147768a52e3dcbac4dd06 6ea3d10a05264c7bb82644a4d8d7cf61 - - default default] Unable to schedule network b3483f05-c6f6-414f-946c-98bd93e3c5be: no agents available; will retry on subsequent port and subnet creation events. [pid: 7|app: 0|req: 980/2023] 10.0.0.13 () {34 vars in 662 bytes} [Thu Apr 23 02:32:07 2026] POST /v2.0/ports => generated 743 bytes in 341 msecs (HTTP/1.1 201) 4 headers in 162 bytes (1 switches on core 0) /var/lib/openstack/lib/python3.12/site-packages/pycadf/identifier.py:70: UserWarning: Invalid uuid: neutron. To ensure interoperability, identifiers should be a valid uuid. warnings.warn(('Invalid uuid: %s. To ensure interoperability, '
2026-04-23 02:32:08.243 8 INFO neutron.db.ovn_revision_numbers_db [None req-f35c0a4b-feae-44df-a28e-6f8e97e17e81 d7d489d7ac3147768a52e3dcbac4dd06 6ea3d10a05264c7bb82644a4d8d7cf61 - - default default] Successfully bumped revision number for resource 44175a8e-d5c3-4f96-94b3-d62d67375981 (type: subnets) to 0 [pid: 8|app: 0|req: 1044/2024] 10.0.0.13 () {34 vars in 667 bytes} [Thu Apr 23 02:32:07 2026] POST /v2.0/subnets => generated 732 bytes in 363 msecs (HTTP/1.1 201) 4 headers in 162 bytes (1 switches on core 0) [pid: 7|app: 0|req: 981/2025] 10.0.0.13 () {34 vars in 679 bytes} [Thu Apr 23 02:32:08 2026] POST /v2.0/rbac-policies => generated 324 bytes in 246 msecs (HTTP/1.1 201) 4 headers in 162 bytes (1 switches on core 0) [pid: 8|app: 0|req: 1045/2026] 10.0.0.13 () {34 vars in 664 bytes} [Thu Apr 23 02:32:08 2026] POST /v2.0/trunks => generated 409 bytes in 231 msecs (HTTP/1.1 201) 4 headers in 162 bytes (1 switches on core 0) [pid: 8|app: 0|req: 1046/2027] 10.0.0.156 () {34 vars in 989 bytes} [Thu Apr 23 02:32:08 2026] GET /v2.0/ports?device_id=4660755d-9683-4ecc-ac1d-9e712f19afde => generated 1209 bytes in 31 msecs (HTTP/1.1 200) 4 headers in 158 bytes (1 switches on core 0)
2026-04-23 02:32:08.567 7 INFO neutron.db.segments_db [None req-38e5386d-8a77-4ee1-b203-b4b1bd7c5efb d7d489d7ac3147768a52e3dcbac4dd06 6ea3d10a05264c7bb82644a4d8d7cf61 - - default default] Added segment 73efa357-01ac-44cb-914c-33f0e046ced8 of type geneve for network bf0de7a8-82ee-4065-9d92-a5d4b98a899b
2026-04-23 02:32:08.627 8 INFO neutron.db.segments_db [None req-97f3c117-e1ae-4d3a-af92-3f773607d129 aff9c91fd9394324a1df2931a59bf983 42664ffd52b0440e8e53323111f800cd - - default default] Added segment 4688a69e-335b-4a0a-b045-d120f4576e83 of type geneve for network 486dd292-acc1-47c8-9f31-f6a442b63aae
2026-04-23 02:32:08.685 7 INFO neutron.db.ovn_revision_numbers_db [None req-38e5386d-8a77-4ee1-b203-b4b1bd7c5efb d7d489d7ac3147768a52e3dcbac4dd06 6ea3d10a05264c7bb82644a4d8d7cf61 - - default default] Successfully bumped revision number for resource bf0de7a8-82ee-4065-9d92-a5d4b98a899b (type: networks) to 1
2026-04-23 02:32:08.758 8 INFO neutron.db.ovn_revision_numbers_db [None req-97f3c117-e1ae-4d3a-af92-3f773607d129 aff9c91fd9394324a1df2931a59bf983 42664ffd52b0440e8e53323111f800cd - - default default] Successfully bumped revision number for resource 486dd292-acc1-47c8-9f31-f6a442b63aae (type: networks) to 1
2026-04-23 02:32:08.858 7 WARNING neutron.scheduler.dhcp_agent_scheduler [None req-38e5386d-8a77-4ee1-b203-b4b1bd7c5efb d7d489d7ac3147768a52e3dcbac4dd06 6ea3d10a05264c7bb82644a4d8d7cf61 - - default default] No more DHCP agents
2026-04-23 02:32:08.859 7 WARNING neutron.api.rpc.agentnotifiers.dhcp_rpc_agent_api [None req-38e5386d-8a77-4ee1-b203-b4b1bd7c5efb d7d489d7ac3147768a52e3dcbac4dd06 6ea3d10a05264c7bb82644a4d8d7cf61 - - default default] Unable to schedule network bf0de7a8-82ee-4065-9d92-a5d4b98a899b: no agents available; will retry on subsequent port and subnet creation events.
2026-04-23 02:32:08.937 7 INFO neutron.db.ovn_revision_numbers_db [None req-38e5386d-8a77-4ee1-b203-b4b1bd7c5efb d7d489d7ac3147768a52e3dcbac4dd06 6ea3d10a05264c7bb82644a4d8d7cf61 - - default default] Successfully bumped revision number for resource 9ff1b59a-4e84-4fd7-9620-322fb8963c3c (type: ports) to 1
2026-04-23 02:32:08.939 8 INFO neutron.plugins.ml2.drivers.ovn.mech_driver.mech_driver [None req-58930a9c-1a02-44fc-bc34-d70919be59d2 - - - - - -] OVN reports status down for port: 9ff1b59a-4e84-4fd7-9620-322fb8963c3c [pid: 7|app: 0|req: 982/2028] 10.0.0.13 () {34 vars in 668 bytes} [Thu Apr 23 02:32:08 2026] POST /v2.0/networks => generated 657 bytes in 478 msecs (HTTP/1.1 201) 4 headers in 162 bytes (1 switches on core 0) [pid: 7|app: 0|req: 983/2029] 10.0.0.156 () {34 vars in 1039 bytes} [Thu Apr 23 02:32:08 2026] GET /v2.0/security-groups?id=841605b7-45fa-4d32-8901-fd86400aa572&fields=id&fields=name => generated 114 bytes in 35 msecs (HTTP/1.1 200) 4 headers in 157 bytes (1 switches on core 0)
2026-04-23 02:32:09.005 8 WARNING neutron.scheduler.dhcp_agent_scheduler [None req-97f3c117-e1ae-4d3a-af92-3f773607d129 aff9c91fd9394324a1df2931a59bf983 42664ffd52b0440e8e53323111f800cd - - default default] No more DHCP agents
2026-04-23 02:32:09.008 8 WARNING neutron.api.rpc.agentnotifiers.dhcp_rpc_agent_api [None req-97f3c117-e1ae-4d3a-af92-3f773607d129 aff9c91fd9394324a1df2931a59bf983 42664ffd52b0440e8e53323111f800cd - - default default] Unable to schedule network 486dd292-acc1-47c8-9f31-f6a442b63aae: no agents available; will retry on subsequent port and subnet creation events. [pid: 7|app: 0|req: 984/2030] 10.0.0.13 () {32 vars in 721 bytes} [Thu Apr 23 02:32:08 2026] GET /v2.0/networks/880d9edd-bdb0-4a4f-95da-d73b5653ea52 => generated 693 bytes in 86 msecs (HTTP/1.1 200) 4 headers in 157 bytes (1 switches on core 0)
2026-04-23 02:32:09.100 7 INFO neutron.plugins.ml2.drivers.ovn.mech_driver.mech_driver [None req-8ba4c3f8-b142-4eaf-847d-8bdc617f2d45 - - - - - -] OVN reports status down for port: 4527ae45-242f-4c58-9103-dc92aa4d5f57
2026-04-23 02:32:09.132 8 INFO neutron.db.ovn_revision_numbers_db [None req-97f3c117-e1ae-4d3a-af92-3f773607d129 aff9c91fd9394324a1df2931a59bf983 42664ffd52b0440e8e53323111f800cd - - default default] Successfully bumped revision number for resource 4527ae45-242f-4c58-9103-dc92aa4d5f57 (type: ports) to 1 [pid: 8|app: 0|req: 1047/2031] 10.0.0.13 () {34 vars in 668 bytes} [Thu Apr 23 02:32:08 2026] POST /v2.0/networks => generated 650 bytes in 613 msecs (HTTP/1.1 201) 4 headers in 162 bytes (1 switches on core 0)
2026-04-23 02:32:09.342 7 WARNING neutron.scheduler.dhcp_agent_scheduler [None req-39ded9fb-55df-4d82-9f0e-a8429628f472 d7d489d7ac3147768a52e3dcbac4dd06 6ea3d10a05264c7bb82644a4d8d7cf61 - - default default] No more DHCP agents
2026-04-23 02:32:09.343 7 WARNING neutron.api.rpc.agentnotifiers.dhcp_rpc_agent_api [None req-39ded9fb-55df-4d82-9f0e-a8429628f472 d7d489d7ac3147768a52e3dcbac4dd06 6ea3d10a05264c7bb82644a4d8d7cf61 - - default default] Unable to schedule network bf0de7a8-82ee-4065-9d92-a5d4b98a899b: no agents available; will retry on subsequent port and subnet creation events.
2026-04-23 02:32:09.385 8 WARNING neutron.scheduler.dhcp_agent_scheduler [None req-46725108-38da-44b7-b374-cfec06d16af8 aff9c91fd9394324a1df2931a59bf983 42664ffd52b0440e8e53323111f800cd - - default default] No more DHCP agents
2026-04-23 02:32:09.386 8 WARNING neutron.api.rpc.agentnotifiers.dhcp_rpc_agent_api [None req-46725108-38da-44b7-b374-cfec06d16af8 aff9c91fd9394324a1df2931a59bf983 42664ffd52b0440e8e53323111f800cd - - default default] Unable to schedule network 486dd292-acc1-47c8-9f31-f6a442b63aae: no agents available; will retry on subsequent port and subnet creation events.
2026-04-23 02:32:09.458 7 INFO neutron.plugins.ml2.drivers.ovn.mech_driver.mech_driver [None req-8ba4c3f8-b142-4eaf-847d-8bdc617f2d45 - - - - - -] OVN reports status down for port: 2904f64e-092d-4196-8a4c-837fd5fb0610
2026-04-23 02:32:09.472 8 INFO neutron.db.ovn_revision_numbers_db [None req-46725108-38da-44b7-b374-cfec06d16af8 aff9c91fd9394324a1df2931a59bf983 42664ffd52b0440e8e53323111f800cd - - default default] Successfully bumped revision number for resource 2904f64e-092d-4196-8a4c-837fd5fb0610 (type: ports) to 1 [pid: 8|app: 0|req: 1048/2032] 10.0.0.13 () {34 vars in 662 bytes} [Thu Apr 23 02:32:09 2026] POST /v2.0/ports => generated 743 bytes in 367 msecs (HTTP/1.1 201) 4 headers in 162 bytes (1 switches on core 0) /var/lib/openstack/lib/python3.12/site-packages/pycadf/identifier.py:70: UserWarning: Invalid uuid: neutron. To ensure interoperability, identifiers should be a valid uuid. warnings.warn(('Invalid uuid: %s. To ensure interoperability, '
2026-04-23 02:32:09.590 8 INFO neutron.pecan_wsgi.hooks.translation [None req-389445af-d8f1-4c4a-b0ec-10baacf3c9e1 3aab41b2e7c54ef596b3be59d088b65f 4bf3ddd0d46c4bda8eba2ded44867542 - - default default] GET failed (client error): The resource could not be found. [pid: 8|app: 0|req: 1049/2033] 10.0.0.13 () {32 vars in 721 bytes} [Thu Apr 23 02:32:09 2026] GET /v2.0/networks/880d9edd-bdb0-4a4f-95da-d73b5653ea52 => generated 138 bytes in 62 msecs (HTTP/1.1 404) 4 headers in 164 bytes (1 switches on core 0) [pid: 8|app: 0|req: 1050/2034] 10.0.0.13 () {34 vars in 664 bytes} [Thu Apr 23 02:32:09 2026] POST /v2.0/trunks => generated 409 bytes in 179 msecs (HTTP/1.1 201) 4 headers in 162 bytes (1 switches on core 0)
2026-04-23 02:32:09.890 7 INFO neutron.db.ovn_revision_numbers_db [None req-fdf39f91-3edc-4a21-980a-7307b79b6df6 - - - - - -] Successfully bumped revision number for resource 9ff1b59a-4e84-4fd7-9620-322fb8963c3c (type: ports) to 2
2026-04-23 02:32:09.927 7 INFO neutron.db.ovn_revision_numbers_db [None req-fdf39f91-3edc-4a21-980a-7307b79b6df6 - - - - - -] Successfully bumped revision number for resource deeaee13-2750-4f14-b503-0a5dae5657dc (type: subnets) to 0
2026-04-23 02:32:09.938 8 INFO neutron_taas.services.taas.taas_plugin [None req-35e8182a-280d-46c0-b635-507706d4baea 6fbf5f88b9324bcfb320b74013a24c99 fa452764212e448dbf58da0095065c07 - - default default] TaaS: Handle Delete Port: f807d00d-91db-41d9-a619-2ef4bf1522a8
2026-04-23 02:32:09.941 8 INFO neutron_taas.services.taas.tap_mirror_plugin [None req-35e8182a-280d-46c0-b635-507706d4baea 6fbf5f88b9324bcfb320b74013a24c99 fa452764212e448dbf58da0095065c07 - - default default] Tap Mirror: Handle Delete Port: f807d00d-91db-41d9-a619-2ef4bf1522a8 [pid: 7|app: 0|req: 985/2035] 10.0.0.13 () {34 vars in 667 bytes} [Thu Apr 23 02:32:09 2026] POST /v2.0/subnets => generated 656 bytes in 862 msecs (HTTP/1.1 201) 4 headers in 162 bytes (1 switches on core 0)
2026-04-23 02:32:10.026 7 INFO neutron.db.segments_db [None req-254d5961-fd9c-4305-b919-7fc1acf0396e aff9c91fd9394324a1df2931a59bf983 42664ffd52b0440e8e53323111f800cd - - default default] Added segment 6ffca51d-8ab4-4b0e-a381-76922a4bf792 of type geneve for network d070745d-58a7-4771-a80d-bcd156126f6e
2026-04-23 02:32:10.164 7 INFO neutron.db.ovn_revision_numbers_db [None req-254d5961-fd9c-4305-b919-7fc1acf0396e aff9c91fd9394324a1df2931a59bf983 42664ffd52b0440e8e53323111f800cd - - default default] Successfully bumped revision number for resource d070745d-58a7-4771-a80d-bcd156126f6e (type: networks) to 1
2026-04-23 02:32:10.217 8 INFO neutron.services.segments.plugin [-] Segment 4f44672e-b50d-47e6-bb7c-a5a919fa90fc resource provider aggregate not found
2026-04-23 02:32:10.222 8 INFO neutron.services.segments.plugin [-] Segment 4f44672e-b50d-47e6-bb7c-a5a919fa90fc resource provider aggregate not found
2026-04-23 02:32:10.235 8 INFO neutron.services.segments.plugin [-] Segment 4f44672e-b50d-47e6-bb7c-a5a919fa90fc resource provider not found; error: Placement Client Error (4xx): {"errors": [{"status": 404, "title": "Not Found", "detail": "The resource could not be found.\n\n No resource provider with uuid 4f44672e-b50d-47e6-bb7c-a5a919fa90fc found for delete ", "request_id": "req-303a8ba0-2be6-4cdb-821a-a1cc5bb35052"}]}
2026-04-23 02:32:10.242 8 INFO neutron.services.segments.plugin [-] Segment 4f44672e-b50d-47e6-bb7c-a5a919fa90fc resource provider not found; error: Placement Client Error (4xx): {"errors": [{"status": 404, "title": "Not Found", "detail": "The resource could not be found.\n\n No resource provider with uuid 4f44672e-b50d-47e6-bb7c-a5a919fa90fc found for delete ", "request_id": "req-e4b6e8f1-b113-44f8-bbc5-0f7f4dcd2d29"}]} [pid: 8|app: 0|req: 1051/2036] 10.0.0.13 () {32 vars in 724 bytes} [Thu Apr 23 02:32:09 2026] DELETE /v2.0/networks/880d9edd-bdb0-4a4f-95da-d73b5653ea52 => generated 0 bytes in 494 msecs (HTTP/1.1 204) 3 headers in 131 bytes (1 switches on core 0)
2026-04-23 02:32:10.338 7 WARNING neutron.scheduler.dhcp_agent_scheduler [None req-254d5961-fd9c-4305-b919-7fc1acf0396e aff9c91fd9394324a1df2931a59bf983 42664ffd52b0440e8e53323111f800cd - - default default] No more DHCP agents
2026-04-23 02:32:10.339 7 WARNING neutron.api.rpc.agentnotifiers.dhcp_rpc_agent_api [None req-254d5961-fd9c-4305-b919-7fc1acf0396e aff9c91fd9394324a1df2931a59bf983 42664ffd52b0440e8e53323111f800cd - - default default] Unable to schedule network d070745d-58a7-4771-a80d-bcd156126f6e: no agents available; will retry on subsequent port and subnet creation events.
2026-04-23 02:32:10.395 7 INFO neutron.plugins.ml2.drivers.ovn.mech_driver.mech_driver [None req-8ba4c3f8-b142-4eaf-847d-8bdc617f2d45 - - - - - -] OVN reports status down for port: a75a7c10-9cb5-451b-8003-7e8bc0a5db01
2026-04-23 02:32:10.457 7 INFO neutron.db.ovn_revision_numbers_db [None req-254d5961-fd9c-4305-b919-7fc1acf0396e aff9c91fd9394324a1df2931a59bf983 42664ffd52b0440e8e53323111f800cd - - default default] Successfully bumped revision number for resource a75a7c10-9cb5-451b-8003-7e8bc0a5db01 (type: ports) to 1
2026-04-23 02:32:10.491 8 WARNING neutron.scheduler.dhcp_agent_scheduler [None req-bd8490a4-7f81-48de-a7bc-161fa4617efa d7d489d7ac3147768a52e3dcbac4dd06 6ea3d10a05264c7bb82644a4d8d7cf61 - - default default] No more DHCP agents
2026-04-23 02:32:10.492 8 WARNING neutron.api.rpc.agentnotifiers.dhcp_rpc_agent_api [None req-bd8490a4-7f81-48de-a7bc-161fa4617efa d7d489d7ac3147768a52e3dcbac4dd06 6ea3d10a05264c7bb82644a4d8d7cf61 - - default default] Unable to schedule network bf0de7a8-82ee-4065-9d92-a5d4b98a899b: no agents available; will retry on subsequent port and subnet creation events. [pid: 7|app: 0|req: 986/2037] 10.0.0.13 () {34 vars in 668 bytes} [Thu Apr 23 02:32:09 2026] POST /v2.0/networks => generated 651 bytes in 573 msecs (HTTP/1.1 201) 4 headers in 162 bytes (1 switches on core 0)
2026-04-23 02:32:10.522 8 INFO neutron.db.ovn_revision_numbers_db [None req-bd8490a4-7f81-48de-a7bc-161fa4617efa d7d489d7ac3147768a52e3dcbac4dd06 6ea3d10a05264c7bb82644a4d8d7cf61 - - default default] Successfully bumped revision number for resource 4c71078f-0d91-4bd0-9365-4a38a55008b3 (type: subnets) to 0
2026-04-23 02:32:10.528 7 INFO neutron.pecan_wsgi.hooks.translation [None req-95da3799-acd6-4d20-b5d6-48689a73d612 6fbf5f88b9324bcfb320b74013a24c99 fa452764212e448dbf58da0095065c07 - - default default] DELETE failed (client error): The resource could not be found. [pid: 7|app: 0|req: 987/2038] 10.0.0.13 () {32 vars in 722 bytes} [Thu Apr 23 02:32:10 2026] DELETE /v2.0/subnets/2fa9e6f0-1f23-47b5-84fe-fe6abf9bfd10 => generated 136 bytes in 12 msecs (HTTP/1.1 404) 4 headers in 164 bytes (1 switches on core 0) [pid: 8|app: 0|req: 1052/2039] 10.0.0.13 () {34 vars in 667 bytes} [Thu Apr 23 02:32:10 2026] POST /v2.0/subnets => generated 725 bytes in 274 msecs (HTTP/1.1 201) 4 headers in 162 bytes (1 switches on core 0)
2026-04-23 02:32:10.554 8 INFO neutron.pecan_wsgi.hooks.translation [None req-6094bdd0-30bc-4713-90ca-35835ef95789 6fbf5f88b9324bcfb320b74013a24c99 fa452764212e448dbf58da0095065c07 - - default default] DELETE failed (client error): The resource could not be found. [pid: 8|app: 0|req: 1053/2040] 10.0.0.13 () {32 vars in 722 bytes} [Thu Apr 23 02:32:10 2026] DELETE /v2.0/subnets/74f44966-f0d1-4e06-ab98-c95149d3f9d4 => generated 136 bytes in 15 msecs (HTTP/1.1 404) 4 headers in 164 bytes (1 switches on core 0)
2026-04-23 02:32:10.639 8 INFO neutron.db.segments_db [None req-94a43262-649f-47e4-b5d9-7a225fa61dc2 d7d489d7ac3147768a52e3dcbac4dd06 6ea3d10a05264c7bb82644a4d8d7cf61 - - default default] Added segment f8f2f5c5-8d0c-48c7-a3a8-3bf51cccd607 of type geneve for network 4635a28b-a15c-4d15-a1f0-10748afb922f
2026-04-23 02:32:10.752 8 INFO neutron.db.ovn_revision_numbers_db [None req-94a43262-649f-47e4-b5d9-7a225fa61dc2 d7d489d7ac3147768a52e3dcbac4dd06 6ea3d10a05264c7bb82644a4d8d7cf61 - - default default] Successfully bumped revision number for resource 4635a28b-a15c-4d15-a1f0-10748afb922f (type: networks) to 1
2026-04-23 02:32:10.763 7 WARNING neutron.scheduler.dhcp_agent_scheduler [None req-9f80b5d7-f0dc-4135-b268-51df3a746259 aff9c91fd9394324a1df2931a59bf983 42664ffd52b0440e8e53323111f800cd - - default default] No more DHCP agents
2026-04-23 02:32:10.765 7 WARNING neutron.api.rpc.agentnotifiers.dhcp_rpc_agent_api [None req-9f80b5d7-f0dc-4135-b268-51df3a746259 aff9c91fd9394324a1df2931a59bf983 42664ffd52b0440e8e53323111f800cd - - default default] Unable to schedule network d070745d-58a7-4771-a80d-bcd156126f6e: no agents available; will retry on subsequent port and subnet creation events.
2026-04-23 02:32:10.830 7 INFO neutron.plugins.ml2.drivers.ovn.mech_driver.mech_driver [None req-8ba4c3f8-b142-4eaf-847d-8bdc617f2d45 - - - - - -] OVN reports status down for port: 3da75108-6c62-4108-91bd-f04776a87a11
2026-04-23 02:32:10.916 7 INFO neutron.db.ovn_revision_numbers_db [None req-9f80b5d7-f0dc-4135-b268-51df3a746259 aff9c91fd9394324a1df2931a59bf983 42664ffd52b0440e8e53323111f800cd - - default default] Successfully bumped revision number for resource 3da75108-6c62-4108-91bd-f04776a87a11 (type: ports) to 1
2026-04-23 02:32:10.977 8 WARNING neutron.scheduler.dhcp_agent_scheduler [None req-94a43262-649f-47e4-b5d9-7a225fa61dc2 d7d489d7ac3147768a52e3dcbac4dd06 6ea3d10a05264c7bb82644a4d8d7cf61 - - default default] No more DHCP agents
2026-04-23 02:32:10.979 8 WARNING neutron.api.rpc.agentnotifiers.dhcp_rpc_agent_api [None req-94a43262-649f-47e4-b5d9-7a225fa61dc2 d7d489d7ac3147768a52e3dcbac4dd06 6ea3d10a05264c7bb82644a4d8d7cf61 - - default default] Unable to schedule network 4635a28b-a15c-4d15-a1f0-10748afb922f: no agents available; will retry on subsequent port and subnet creation events. [pid: 7|app: 0|req: 988/2041] 10.0.0.13 () {34 vars in 662 bytes} [Thu Apr 23 02:32:10 2026] POST /v2.0/ports => generated 743 bytes in 468 msecs (HTTP/1.1 201) 4 headers in 162 bytes (1 switches on core 0) /var/lib/openstack/lib/python3.12/site-packages/pycadf/identifier.py:70: UserWarning: Invalid uuid: neutron. To ensure interoperability, identifiers should be a valid uuid. warnings.warn(('Invalid uuid: %s. To ensure interoperability, '
2026-04-23 02:32:11.013 7 INFO neutron.pecan_wsgi.hooks.translation [None req-6cc58b3b-e685-4c8e-b056-408188ce0740 6fbf5f88b9324bcfb320b74013a24c99 fa452764212e448dbf58da0095065c07 - - default default] DELETE failed (client error): The resource could not be found. [pid: 7|app: 0|req: 989/2042] 10.0.0.13 () {32 vars in 722 bytes} [Thu Apr 23 02:32:10 2026] DELETE /v2.0/subnets/d570ff2c-7e01-4d17-9784-b7b6c728c317 => generated 136 bytes in 17 msecs (HTTP/1.1 404) 4 headers in 164 bytes (1 switches on core 0)
2026-04-23 02:32:11.044 8 INFO neutron.plugins.ml2.drivers.ovn.mech_driver.mech_driver [None req-58930a9c-1a02-44fc-bc34-d70919be59d2 - - - - - -] OVN reports status down for port: 9aa277ee-2bf6-4331-b69f-a6df7c28d83f
2026-04-23 02:32:11.100 8 INFO neutron.db.ovn_revision_numbers_db [None req-94a43262-649f-47e4-b5d9-7a225fa61dc2 d7d489d7ac3147768a52e3dcbac4dd06 6ea3d10a05264c7bb82644a4d8d7cf61 - - default default] Successfully bumped revision number for resource 9aa277ee-2bf6-4331-b69f-a6df7c28d83f (type: ports) to 1 [pid: 7|app: 0|req: 990/2043] 10.0.0.135 () {34 vars in 989 bytes} [Thu Apr 23 02:32:11 2026] GET /v2.0/ports?device_id=4660755d-9683-4ecc-ac1d-9e712f19afde => generated 971 bytes in 103 msecs (HTTP/1.1 200) 4 headers in 157 bytes (1 switches on core 0) [pid: 8|app: 0|req: 1054/2044] 10.0.0.13 () {34 vars in 668 bytes} [Thu Apr 23 02:32:10 2026] POST /v2.0/networks => generated 656 bytes in 593 msecs (HTTP/1.1 201) 4 headers in 162 bytes (1 switches on core 0) [pid: 8|app: 0|req: 1055/2045] 10.0.0.135 () {34 vars in 1039 bytes} [Thu Apr 23 02:32:11 2026] GET /v2.0/security-groups?id=841605b7-45fa-4d32-8901-fd86400aa572&fields=id&fields=name => generated 114 bytes in 27 msecs (HTTP/1.1 200) 4 headers in 157 bytes (1 switches on core 0)
2026-04-23 02:32:11.365 8 WARNING neutron.scheduler.dhcp_agent_scheduler [None req-fd2be9b6-a57e-41c0-a9af-90075cc44a23 d7d489d7ac3147768a52e3dcbac4dd06 6ea3d10a05264c7bb82644a4d8d7cf61 - - default default] No more DHCP agents
2026-04-23 02:32:11.367 8 WARNING neutron.api.rpc.agentnotifiers.dhcp_rpc_agent_api [None req-fd2be9b6-a57e-41c0-a9af-90075cc44a23 d7d489d7ac3147768a52e3dcbac4dd06 6ea3d10a05264c7bb82644a4d8d7cf61 - - default default] Unable to schedule network 4635a28b-a15c-4d15-a1f0-10748afb922f: no agents available; will retry on subsequent port and subnet creation events.
2026-04-23 02:32:11.841 8 INFO neutron.db.ovn_revision_numbers_db [None req-5eb21d2c-088e-4092-8a1d-e21537d6b88f - - - - - -] Successfully bumped revision number for resource 9aa277ee-2bf6-4331-b69f-a6df7c28d83f (type: ports) to 2
2026-04-23 02:32:11.875 8 INFO neutron.db.ovn_revision_numbers_db [None req-5eb21d2c-088e-4092-8a1d-e21537d6b88f - - - - - -] Successfully bumped revision number for resource 6e518247-2919-4261-a9ff-0e9ad66e9ae8 (type: subnets) to 0 [pid: 8|app: 0|req: 1056/2046] 10.0.0.13 () {34 vars in 667 bytes} [Thu Apr 23 02:32:11 2026] POST /v2.0/subnets => generated 655 bytes in 713 msecs (HTTP/1.1 201) 4 headers in 162 bytes (1 switches on core 0) [pid: 8|app: 0|req: 1057/2047] 10.0.0.135 () {34 vars in 989 bytes} [Thu Apr 23 02:32:11 2026] GET /v2.0/ports?device_id=4660755d-9683-4ecc-ac1d-9e712f19afde => generated 971 bytes in 82 msecs (HTTP/1.1 200) 4 headers in 157 bytes (1 switches on core 0) [pid: 7|app: 0|req: 991/2048] 10.0.0.13 () {34 vars in 664 bytes} [Thu Apr 23 02:32:11 2026] POST /v2.0/trunks => generated 409 bytes in 899 msecs (HTTP/1.1 201) 4 headers in 162 bytes (1 switches on core 0) [pid: 8|app: 0|req: 1058/2049] 10.0.0.13 () {32 vars in 772 bytes} [Thu Apr 23 02:32:11 2026] GET /v2.0/security-groups?tenant_id=fa452764212e448dbf58da0095065c07&name=default => generated 2925 bytes in 186 msecs (HTTP/1.1 200) 4 headers in 158 bytes (1 switches on core 0) [pid: 8|app: 0|req: 1059/2050] 10.0.0.135 () {34 vars in 1039 bytes} [Thu Apr 23 02:32:12 2026] GET /v2.0/security-groups?id=841605b7-45fa-4d32-8901-fd86400aa572&fields=id&fields=name => generated 114 bytes in 28 msecs (HTTP/1.1 200) 4 headers in 157 bytes (1 switches on core 0)
2026-04-23 02:32:12.211 7 WARNING neutron.scheduler.dhcp_agent_scheduler [None req-e71a417c-d76a-4f6f-ac95-10390370d89e d7d489d7ac3147768a52e3dcbac4dd06 6ea3d10a05264c7bb82644a4d8d7cf61 - - default default] No more DHCP agents
2026-04-23 02:32:12.212 7 WARNING neutron.api.rpc.agentnotifiers.dhcp_rpc_agent_api [None req-e71a417c-d76a-4f6f-ac95-10390370d89e d7d489d7ac3147768a52e3dcbac4dd06 6ea3d10a05264c7bb82644a4d8d7cf61 - - default default] Unable to schedule network 4635a28b-a15c-4d15-a1f0-10748afb922f: no agents available; will retry on subsequent port and subnet creation events.
2026-04-23 02:32:12.242 7 INFO neutron.db.ovn_revision_numbers_db [None req-e71a417c-d76a-4f6f-ac95-10390370d89e d7d489d7ac3147768a52e3dcbac4dd06 6ea3d10a05264c7bb82644a4d8d7cf61 - - default default] Successfully bumped revision number for resource b79024c1-82e5-4290-bc80-688ebfbff4ea (type: subnets) to 0 [pid: 7|app: 0|req: 992/2051] 10.0.0.13 () {34 vars in 667 bytes} [Thu Apr 23 02:32:12 2026] POST /v2.0/subnets => generated 730 bytes in 239 msecs (HTTP/1.1 201) 4 headers in 162 bytes (1 switches on core 0)
2026-04-23 02:32:12.277 8 INFO neutron.db.segments_db [None req-7560a556-6e4b-478e-a8b3-6e67a1423f79 aff9c91fd9394324a1df2931a59bf983 42664ffd52b0440e8e53323111f800cd - - default default] Added segment 5899e863-efe2-4673-a53e-ce91006b75a9 of type geneve for network 289a09d5-5d00-4a67-b6ba-76275e55c4f4
2026-04-23 02:32:12.425 8 INFO neutron.db.ovn_revision_numbers_db [None req-7560a556-6e4b-478e-a8b3-6e67a1423f79 aff9c91fd9394324a1df2931a59bf983 42664ffd52b0440e8e53323111f800cd - - default default] Successfully bumped revision number for resource 289a09d5-5d00-4a67-b6ba-76275e55c4f4 (type: networks) to 1
2026-04-23 02:32:12.447 7 INFO neutron.plugins.ml2.drivers.ovn.mech_driver.mech_driver [None req-8ba4c3f8-b142-4eaf-847d-8bdc617f2d45 - - - - - -] OVN reports status down for port: 8a6bb2ed-9342-4ec2-8859-4cc0ed40fcba [pid: 7|app: 0|req: 993/2052] 10.0.0.13 () {32 vars in 738 bytes} [Thu Apr 23 02:32:12 2026] DELETE /v2.0/security-groups/89e50078-9e6d-41f6-9158-6b30faae3b0d => generated 0 bytes in 313 msecs (HTTP/1.1 204) 2 headers in 112 bytes (1 switches on core 0)
2026-04-23 02:32:12.647 7 INFO neutron.notifiers.nova [-] Nova event matching ['req-1d66af59-66df-4835-bf2d-073c01eec09f'] response: {'server_uuid': '4660755d-9683-4ecc-ac1d-9e712f19afde', 'name': 'network-vif-unplugged', 'status': 'completed', 'tag': '8a6bb2ed-9342-4ec2-8859-4cc0ed40fcba', 'code': 200}
2026-04-23 02:32:12.680 8 WARNING neutron.scheduler.dhcp_agent_scheduler [None req-7560a556-6e4b-478e-a8b3-6e67a1423f79 aff9c91fd9394324a1df2931a59bf983 42664ffd52b0440e8e53323111f800cd - - default default] No more DHCP agents
2026-04-23 02:32:12.681 8 WARNING neutron.api.rpc.agentnotifiers.dhcp_rpc_agent_api [None req-7560a556-6e4b-478e-a8b3-6e67a1423f79 aff9c91fd9394324a1df2931a59bf983 42664ffd52b0440e8e53323111f800cd - - default default] Unable to schedule network 289a09d5-5d00-4a67-b6ba-76275e55c4f4: no agents available; will retry on subsequent port and subnet creation events.
2026-04-23 02:32:12.760 8 INFO neutron.plugins.ml2.drivers.ovn.mech_driver.mech_driver [None req-58930a9c-1a02-44fc-bc34-d70919be59d2 - - - - - -] OVN reports status down for port: fbf7f6ab-5a3f-4b6f-930a-8b738620cfac
2026-04-23 02:32:12.829 8 INFO neutron.db.ovn_revision_numbers_db [None req-7560a556-6e4b-478e-a8b3-6e67a1423f79 aff9c91fd9394324a1df2931a59bf983 42664ffd52b0440e8e53323111f800cd - - default default] Successfully bumped revision number for resource fbf7f6ab-5a3f-4b6f-930a-8b738620cfac (type: ports) to 1 [pid: 8|app: 0|req: 1060/2053] 10.0.0.13 () {34 vars in 668 bytes} [Thu Apr 23 02:32:12 2026] POST /v2.0/networks => generated 650 bytes in 691 msecs (HTTP/1.1 201) 4 headers in 162 bytes (1 switches on core 0)
2026-04-23 02:32:13.030 7 INFO neutron.db.ovn_revision_numbers_db [None req-8ba4c3f8-b142-4eaf-847d-8bdc617f2d45 - - - - - -] Successfully bumped revision number for resource 8a6bb2ed-9342-4ec2-8859-4cc0ed40fcba (type: ports) to 8
2026-04-23 02:32:13.103 8 INFO neutron.db.ovn_revision_numbers_db [None req-7151e159-40d0-48c6-9f39-eea04e294732 7bb5f6ecb53e4e2ea58698f1e284515f 8b1808633cdb435c9fdf5678e6b5aa93 - - default default] Successfully bumped revision number for resource b5f50f1a-17cb-4697-843b-3cad62d9ea91 (type: security_groups) to 1
2026-04-23 02:32:13.118 8 INFO neutron.db.ovn_revision_numbers_db [None req-7151e159-40d0-48c6-9f39-eea04e294732 7bb5f6ecb53e4e2ea58698f1e284515f 8b1808633cdb435c9fdf5678e6b5aa93 - - default default] Successfully bumped revision number for resource 0b94bd7f-b5dd-4280-82a5-fe00f42ea8e4 (type: security_group_rules) to 0
2026-04-23 02:32:13.128 8 INFO neutron.db.ovn_revision_numbers_db [None req-7151e159-40d0-48c6-9f39-eea04e294732 7bb5f6ecb53e4e2ea58698f1e284515f 8b1808633cdb435c9fdf5678e6b5aa93 - - default default] Successfully bumped revision number for resource 6adde495-3694-4b05-92bd-df4656a73382 (type: security_group_rules) to 0
