2026-07-10 16:20:04.071 7 INFO placement.requestlog [None req-220ee569-83c0-40b6-b604-0d89b92f9249 1a21a58b81954f4080882ff926fed64b e141694e0704492a82a4a7c281abda85 - - aba2e58c0bcf4fb29b13741e27064310 aba2e58c0bcf4fb29b13741e27064310] 10.0.0.136 "GET /resource_providers/e1fd8d4a-ecf1-4a05-bd0d-191e947e476f/aggregates" status: 404 len: 235 microversion: 1.1 [pid: 7|app: 0|req: 631/1257] 10.0.0.136 () {32 vars in 816 bytes} [Fri Jul 10 16:20:04 2026] GET /resource_providers/e1fd8d4a-ecf1-4a05-bd0d-191e947e476f/aggregates => generated 235 bytes in 11 msecs (HTTP/1.1 404) 5 headers in 202 bytes (1 switches on core 0)
2026-07-10 16:20:04.074 8 INFO placement.requestlog [None req-a80e4926-fbdb-4f6f-b666-df5cc6a186e9 1a21a58b81954f4080882ff926fed64b e141694e0704492a82a4a7c281abda85 - - aba2e58c0bcf4fb29b13741e27064310 aba2e58c0bcf4fb29b13741e27064310] 10.0.0.136 "GET /resource_providers/e1fd8d4a-ecf1-4a05-bd0d-191e947e476f/aggregates" status: 404 len: 235 microversion: 1.1 [pid: 8|app: 0|req: 627/1258] 10.0.0.136 () {32 vars in 816 bytes} [Fri Jul 10 16:20:04 2026] GET /resource_providers/e1fd8d4a-ecf1-4a05-bd0d-191e947e476f/aggregates => generated 235 bytes in 14 msecs (HTTP/1.1 404) 5 headers in 202 bytes (1 switches on core 0)
2026-07-10 16:20:04.098 8 INFO placement.requestlog [None req-70409a16-41cd-46a2-a9ba-71f2f97f15fc 1a21a58b81954f4080882ff926fed64b e141694e0704492a82a4a7c281abda85 - - aba2e58c0bcf4fb29b13741e27064310 aba2e58c0bcf4fb29b13741e27064310] 10.0.0.136 "DELETE /resource_providers/e1fd8d4a-ecf1-4a05-bd0d-191e947e476f" status: 404 len: 246 microversion: 1.1 [pid: 8|app: 0|req: 628/1259] 10.0.0.136 () {34 vars in 816 bytes} [Fri Jul 10 16:20:04 2026] DELETE /resource_providers/e1fd8d4a-ecf1-4a05-bd0d-191e947e476f => generated 246 bytes in 7 msecs (HTTP/1.1 404) 6 headers in 231 bytes (1 switches on core 0)
2026-07-10 16:20:04.100 7 INFO placement.requestlog [None req-8a262f76-8de8-4393-8330-0ac5ce3a51f6 1a21a58b81954f4080882ff926fed64b e141694e0704492a82a4a7c281abda85 - - aba2e58c0bcf4fb29b13741e27064310 aba2e58c0bcf4fb29b13741e27064310] 10.0.0.136 "DELETE /resource_providers/e1fd8d4a-ecf1-4a05-bd0d-191e947e476f" status: 404 len: 246 microversion: 1.1 [pid: 7|app: 0|req: 632/1260] 10.0.0.136 () {34 vars in 816 bytes} [Fri Jul 10 16:20:04 2026] DELETE /resource_providers/e1fd8d4a-ecf1-4a05-bd0d-191e947e476f => generated 246 bytes in 11 msecs (HTTP/1.1 404) 6 headers in 231 bytes (1 switches on core 0)
2026-07-10 16:20:04.254 8 INFO placement.requestlog [None req-530e5527-1ec5-432a-9353-5ee6e4776ec0 1a21a58b81954f4080882ff926fed64b e141694e0704492a82a4a7c281abda85 - - aba2e58c0bcf4fb29b13741e27064310 aba2e58c0bcf4fb29b13741e27064310] 10.0.0.136 "GET /resource_providers/5b0406d4-fbf1-47b2-912e-1e12e7b72a03/aggregates" status: 404 len: 235 microversion: 1.1 [pid: 8|app: 0|req: 629/1261] 10.0.0.136 () {32 vars in 816 bytes} [Fri Jul 10 16:20:04 2026] GET /resource_providers/5b0406d4-fbf1-47b2-912e-1e12e7b72a03/aggregates => generated 235 bytes in 12 msecs (HTTP/1.1 404) 5 headers in 202 bytes (1 switches on core 0)
2026-07-10 16:20:04.255 7 INFO placement.requestlog [None req-7455d093-3c92-4339-a9b3-b98f926e5263 1a21a58b81954f4080882ff926fed64b e141694e0704492a82a4a7c281abda85 - - aba2e58c0bcf4fb29b13741e27064310 aba2e58c0bcf4fb29b13741e27064310] 10.0.0.136 "GET /resource_providers/5b0406d4-fbf1-47b2-912e-1e12e7b72a03/aggregates" status: 404 len: 235 microversion: 1.1 [pid: 7|app: 0|req: 633/1262] 10.0.0.136 () {32 vars in 816 bytes} [Fri Jul 10 16:20:04 2026] GET /resource_providers/5b0406d4-fbf1-47b2-912e-1e12e7b72a03/aggregates => generated 235 bytes in 12 msecs (HTTP/1.1 404) 5 headers in 202 bytes (1 switches on core 0)
2026-07-10 16:20:04.287 7 INFO placement.requestlog [None req-c9016e09-afed-405f-a27c-0162e538bbd1 1a21a58b81954f4080882ff926fed64b e141694e0704492a82a4a7c281abda85 - - aba2e58c0bcf4fb29b13741e27064310 aba2e58c0bcf4fb29b13741e27064310] 10.0.0.136 "DELETE /resource_providers/5b0406d4-fbf1-47b2-912e-1e12e7b72a03" status: 404 len: 246 microversion: 1.1 [pid: 7|app: 0|req: 634/1263] 10.0.0.136 () {34 vars in 816 bytes} [Fri Jul 10 16:20:04 2026] DELETE /resource_providers/5b0406d4-fbf1-47b2-912e-1e12e7b72a03 => generated 246 bytes in 14 msecs (HTTP/1.1 404) 6 headers in 231 bytes (1 switches on core 0)
2026-07-10 16:20:04.291 8 INFO placement.requestlog [None req-27876bbb-459d-4843-92f6-89b0c82c5c4a 1a21a58b81954f4080882ff926fed64b e141694e0704492a82a4a7c281abda85 - - aba2e58c0bcf4fb29b13741e27064310 aba2e58c0bcf4fb29b13741e27064310] 10.0.0.136 "DELETE /resource_providers/5b0406d4-fbf1-47b2-912e-1e12e7b72a03" status: 404 len: 246 microversion: 1.1 [pid: 8|app: 0|req: 630/1264] 10.0.0.136 () {34 vars in 816 bytes} [Fri Jul 10 16:20:04 2026] DELETE /resource_providers/5b0406d4-fbf1-47b2-912e-1e12e7b72a03 => generated 246 bytes in 19 msecs (HTTP/1.1 404) 6 headers in 231 bytes (1 switches on core 0)
2026-07-10 16:20:11.221 7 INFO placement.requestlog [None req-94977bcd-f866-4a63-949d-7fe7cf7f7307 - - - - - -] 10.0.0.80 "GET /" status: 200 len: 136 microversion: 1.0
2026-07-10 16:20:11.222 8 INFO placement.requestlog [None req-8c96a00b-dade-4940-a974-945115061400 - - - - - -] 10.0.0.80 "GET /" status: 200 len: 136 microversion: 1.0
2026-07-10 16:20:16.442 8 INFO placement.requestlog [req-7c60017c-1f8a-40a8-b3fa-b96f00fc9a77 req-e8e61fc7-e6ec-4106-9f24-17627755be94 218c9b23a7034325a1c107372860a966 e141694e0704492a82a4a7c281abda85 - - aba2e58c0bcf4fb29b13741e27064310 aba2e58c0bcf4fb29b13741e27064310] 199.204.45.156 "GET /resource_providers/b6699b97-17eb-41ad-b68b-54b718ed8d71/allocations" status: 200 len: 253 microversion: 1.0 [pid: 8|app: 0|req: 632/1267] 199.204.45.156 () {32 vars in 857 bytes} [Fri Jul 10 16:20:16 2026] GET /resource_providers/b6699b97-17eb-41ad-b68b-54b718ed8d71/allocations => generated 253 bytes in 37 msecs (HTTP/1.1 200) 6 headers in 224 bytes (1 switches on core 0)
2026-07-10 16:20:16.460 7 INFO placement.requestlog [req-7c60017c-1f8a-40a8-b3fa-b96f00fc9a77 req-e5c78573-21dc-408c-ac29-59d9984b8881 218c9b23a7034325a1c107372860a966 e141694e0704492a82a4a7c281abda85 - - aba2e58c0bcf4fb29b13741e27064310 aba2e58c0bcf4fb29b13741e27064310] 199.204.45.156 "GET /allocations/1803cb0e-c89a-40eb-b64c-ef683b166e1d" status: 200 len: 258 microversion: 1.28 [pid: 7|app: 0|req: 636/1268] 199.204.45.156 () {34 vars in 863 bytes} [Fri Jul 10 16:20:16 2026] GET /allocations/1803cb0e-c89a-40eb-b64c-ef683b166e1d => generated 258 bytes in 11 msecs (HTTP/1.1 200) 8 headers in 296 bytes (1 switches on core 0)
2026-07-10 16:20:16.478 8 INFO placement.requestlog [req-7c60017c-1f8a-40a8-b3fa-b96f00fc9a77 req-34fe2ed1-59ee-4641-b143-fa17ddb92580 218c9b23a7034325a1c107372860a966 e141694e0704492a82a4a7c281abda85 - - aba2e58c0bcf4fb29b13741e27064310 aba2e58c0bcf4fb29b13741e27064310] 199.204.45.156 "GET /allocations/bb7788dd-3d8c-4830-986c-9cc9d96808bb" status: 200 len: 258 microversion: 1.28 [pid: 8|app: 0|req: 633/1269] 199.204.45.156 () {34 vars in 863 bytes} [Fri Jul 10 16:20:16 2026] GET /allocations/bb7788dd-3d8c-4830-986c-9cc9d96808bb => generated 258 bytes in 11 msecs (HTTP/1.1 200) 8 headers in 296 bytes (1 switches on core 0)
2026-07-10 16:20:17.585 7 INFO placement.requestlog [req-7c60017c-1f8a-40a8-b3fa-b96f00fc9a77 req-228ea449-cc03-4ebc-b51c-165d57229763 218c9b23a7034325a1c107372860a966 e141694e0704492a82a4a7c281abda85 - - aba2e58c0bcf4fb29b13741e27064310 aba2e58c0bcf4fb29b13741e27064310] 199.204.45.156 "DELETE /allocations/1803cb0e-c89a-40eb-b64c-ef683b166e1d" status: 204 len: 0 microversion: 1.0 [pid: 7|app: 0|req: 637/1270] 199.204.45.156 () {34 vars in 841 bytes} [Fri Jul 10 16:20:17 2026] DELETE /allocations/1803cb0e-c89a-40eb-b64c-ef683b166e1d => generated 0 bytes in 81 msecs (HTTP/1.1 204) 5 headers in 198 bytes (1 switches on core 0)
2026-07-10 16:20:21.219 8 INFO placement.requestlog [None req-991116dc-79af-4f5c-96df-f5b0ad8bc9ef - - - - - -] 10.0.0.80 "GET /" status: 200 len: 136 microversion: 1.0
2026-07-10 16:20:21.220 7 INFO placement.requestlog [None req-69099c7d-ff75-4d63-b760-3b2e7784db4c - - - - - -] 10.0.0.80 "GET /" status: 200 len: 136 microversion: 1.0
2026-07-10 16:20:23.753 8 INFO placement.requestlog [req-b8b64c7d-6c7f-4058-938c-f4a91cdbee90 req-2996e41a-3ca5-47f0-bbe1-1672a4bfcf11 218c9b23a7034325a1c107372860a966 e141694e0704492a82a4a7c281abda85 - - aba2e58c0bcf4fb29b13741e27064310 aba2e58c0bcf4fb29b13741e27064310] 199.204.45.156 "GET /resource_providers/b6699b97-17eb-41ad-b68b-54b718ed8d71/allocations" status: 200 len: 153 microversion: 1.0 [pid: 8|app: 0|req: 635/1273] 199.204.45.156 () {32 vars in 857 bytes} [Fri Jul 10 16:20:23 2026] GET /resource_providers/b6699b97-17eb-41ad-b68b-54b718ed8d71/allocations => generated 153 bytes in 17 msecs (HTTP/1.1 200) 6 headers in 224 bytes (1 switches on core 0)
2026-07-10 16:20:23.774 7 INFO placement.requestlog [req-b8b64c7d-6c7f-4058-938c-f4a91cdbee90 req-502e34d1-b58f-43ed-9ed3-040e2c4f456e 218c9b23a7034325a1c107372860a966 e141694e0704492a82a4a7c281abda85 - - aba2e58c0bcf4fb29b13741e27064310 aba2e58c0bcf4fb29b13741e27064310] 199.204.45.156 "GET /allocations/bb7788dd-3d8c-4830-986c-9cc9d96808bb" status: 200 len: 258 microversion: 1.28 [pid: 7|app: 0|req: 639/1274] 199.204.45.156 () {34 vars in 863 bytes} [Fri Jul 10 16:20:23 2026] GET /allocations/bb7788dd-3d8c-4830-986c-9cc9d96808bb => generated 258 bytes in 16 msecs (HTTP/1.1 200) 8 headers in 296 bytes (1 switches on core 0)
2026-07-10 16:20:24.906 8 INFO placement.requestlog [req-b8b64c7d-6c7f-4058-938c-f4a91cdbee90 req-b6f0e8ed-1a1d-4e5e-abf9-aa10825bb10c 218c9b23a7034325a1c107372860a966 e141694e0704492a82a4a7c281abda85 - - aba2e58c0bcf4fb29b13741e27064310 aba2e58c0bcf4fb29b13741e27064310] 199.204.45.156 "DELETE /allocations/bb7788dd-3d8c-4830-986c-9cc9d96808bb" status: 204 len: 0 microversion: 1.0 [pid: 8|app: 0|req: 636/1275] 199.204.45.156 () {34 vars in 841 bytes} [Fri Jul 10 16:20:24 2026] DELETE /allocations/bb7788dd-3d8c-4830-986c-9cc9d96808bb => generated 0 bytes in 99 msecs (HTTP/1.1 204) 5 headers in 198 bytes (1 switches on core 0)
2026-07-10 16:20:30.935 8 INFO placement.requestlog [None req-279410da-be07-4b7b-87ab-7d3a026fb470 1a21a58b81954f4080882ff926fed64b e141694e0704492a82a4a7c281abda85 - - aba2e58c0bcf4fb29b13741e27064310 aba2e58c0bcf4fb29b13741e27064310] 10.0.0.136 "GET /resource_providers/2cefcd93-e945-4a98-9801-37f771547e11/aggregates" status: 404 len: 235 microversion: 1.1 [pid: 8|app: 0|req: 637/1276] 10.0.0.136 () {32 vars in 816 bytes} [Fri Jul 10 16:20:30 2026] GET /resource_providers/2cefcd93-e945-4a98-9801-37f771547e11/aggregates => generated 235 bytes in 11 msecs (HTTP/1.1 404) 5 headers in 202 bytes (1 switches on core 0)
2026-07-10 16:20:30.936 7 INFO placement.requestlog [None req-8dc06eff-4365-4e4a-a0e3-1ab168be7c8b 1a21a58b81954f4080882ff926fed64b e141694e0704492a82a4a7c281abda85 - - aba2e58c0bcf4fb29b13741e27064310 aba2e58c0bcf4fb29b13741e27064310] 10.0.0.136 "GET /resource_providers/2cefcd93-e945-4a98-9801-37f771547e11/aggregates" status: 404 len: 235 microversion: 1.1 [pid: 7|app: 0|req: 640/1277] 10.0.0.136 () {32 vars in 816 bytes} [Fri Jul 10 16:20:30 2026] GET /resource_providers/2cefcd93-e945-4a98-9801-37f771547e11/aggregates => generated 235 bytes in 19 msecs (HTTP/1.1 404) 5 headers in 202 bytes (1 switches on core 0)
2026-07-10 16:20:30.976 7 INFO placement.requestlog [None req-eb7d269f-a81f-47a2-b724-bd2440c03dd9 1a21a58b81954f4080882ff926fed64b e141694e0704492a82a4a7c281abda85 - - aba2e58c0bcf4fb29b13741e27064310 aba2e58c0bcf4fb29b13741e27064310] 10.0.0.136 "DELETE /resource_providers/2cefcd93-e945-4a98-9801-37f771547e11" status: 404 len: 246 microversion: 1.1 [pid: 7|app: 0|req: 641/1278] 10.0.0.136 () {34 vars in 816 bytes} [Fri Jul 10 16:20:30 2026] DELETE /resource_providers/2cefcd93-e945-4a98-9801-37f771547e11 => generated 246 bytes in 8 msecs (HTTP/1.1 404) 6 headers in 231 bytes (1 switches on core 0)
2026-07-10 16:20:30.978 8 INFO placement.requestlog [None req-a5092038-6022-43c3-a46f-2227acb9c441 1a21a58b81954f4080882ff926fed64b e141694e0704492a82a4a7c281abda85 - - aba2e58c0bcf4fb29b13741e27064310 aba2e58c0bcf4fb29b13741e27064310] 10.0.0.136 "DELETE /resource_providers/2cefcd93-e945-4a98-9801-37f771547e11" status: 404 len: 246 microversion: 1.1 [pid: 8|app: 0|req: 638/1279] 10.0.0.136 () {34 vars in 816 bytes} [Fri Jul 10 16:20:30 2026] DELETE /resource_providers/2cefcd93-e945-4a98-9801-37f771547e11 => generated 246 bytes in 20 msecs (HTTP/1.1 404) 6 headers in 231 bytes (1 switches on core 0)
2026-07-10 16:20:31.219 7 INFO placement.requestlog [None req-b97c360c-5d25-46a5-8973-c8018488e922 - - - - - -] 10.0.0.80 "GET /" status: 200 len: 136 microversion: 1.0
2026-07-10 16:20:31.219 8 INFO placement.requestlog [None req-9bb41049-2919-4a98-b589-eea636fb110c - - - - - -] 10.0.0.80 "GET /" status: 200 len: 136 microversion: 1.0
2026-07-10 16:20:31.535 7 INFO placement.requestlog [None req-7e9ce23e-2373-43df-9092-4622c4c9f65e 1a21a58b81954f4080882ff926fed64b e141694e0704492a82a4a7c281abda85 - - aba2e58c0bcf4fb29b13741e27064310 aba2e58c0bcf4fb29b13741e27064310] 10.0.0.136 "GET /resource_providers/bb83f017-43d6-4e97-a25e-709ff56843d1/aggregates" status: 404 len: 235 microversion: 1.1 [pid: 7|app: 0|req: 643/1282] 10.0.0.136 () {32 vars in 816 bytes} [Fri Jul 10 16:20:31 2026] GET /resource_providers/bb83f017-43d6-4e97-a25e-709ff56843d1/aggregates => generated 235 bytes in 14 msecs (HTTP/1.1 404) 5 headers in 202 bytes (1 switches on core 0)
2026-07-10 16:20:31.546 8 INFO placement.requestlog [None req-892010ea-a21f-4b4c-820d-2339263e01da 1a21a58b81954f4080882ff926fed64b e141694e0704492a82a4a7c281abda85 - - aba2e58c0bcf4fb29b13741e27064310 aba2e58c0bcf4fb29b13741e27064310] 10.0.0.136 "GET /resource_providers/bb83f017-43d6-4e97-a25e-709ff56843d1/aggregates" status: 404 len: 235 microversion: 1.1 [pid: 8|app: 0|req: 640/1283] 10.0.0.136 () {32 vars in 816 bytes} [Fri Jul 10 16:20:31 2026] GET /resource_providers/bb83f017-43d6-4e97-a25e-709ff56843d1/aggregates => generated 235 bytes in 17 msecs (HTTP/1.1 404) 5 headers in 202 bytes (1 switches on core 0)
2026-07-10 16:20:31.568 8 INFO placement.requestlog [None req-4adfcc7d-865f-42bb-ba60-5158eef95eb5 1a21a58b81954f4080882ff926fed64b e141694e0704492a82a4a7c281abda85 - - aba2e58c0bcf4fb29b13741e27064310 aba2e58c0bcf4fb29b13741e27064310] 10.0.0.136 "DELETE /resource_providers/bb83f017-43d6-4e97-a25e-709ff56843d1" status: 404 len: 246 microversion: 1.1 [pid: 8|app: 0|req: 641/1284] 10.0.0.136 () {34 vars in 816 bytes} [Fri Jul 10 16:20:31 2026] DELETE /resource_providers/bb83f017-43d6-4e97-a25e-709ff56843d1 => generated 246 bytes in 12 msecs (HTTP/1.1 404) 6 headers in 231 bytes (1 switches on core 0)
2026-07-10 16:20:31.570 7 INFO placement.requestlog [None req-e50f9268-c67f-4569-92e5-59861f9b333c 1a21a58b81954f4080882ff926fed64b e141694e0704492a82a4a7c281abda85 - - aba2e58c0bcf4fb29b13741e27064310 aba2e58c0bcf4fb29b13741e27064310] 10.0.0.136 "DELETE /resource_providers/bb83f017-43d6-4e97-a25e-709ff56843d1" status: 404 len: 246 microversion: 1.1 [pid: 7|app: 0|req: 644/1285] 10.0.0.136 () {34 vars in 816 bytes} [Fri Jul 10 16:20:31 2026] DELETE /resource_providers/bb83f017-43d6-4e97-a25e-709ff56843d1 => generated 246 bytes in 15 msecs (HTTP/1.1 404) 6 headers in 231 bytes (1 switches on core 0)
2026-07-10 16:20:33.745 8 INFO placement.requestlog [None req-3f4de62e-f5d2-43e9-b68a-bec9cd976e50 1a21a58b81954f4080882ff926fed64b e141694e0704492a82a4a7c281abda85 - - aba2e58c0bcf4fb29b13741e27064310 aba2e58c0bcf4fb29b13741e27064310] 10.0.0.136 "GET /resource_providers/466988b8-562e-44ab-a419-514dcdbd9958/aggregates" status: 404 len: 235 microversion: 1.1 [pid: 8|app: 0|req: 642/1286] 10.0.0.136 () {32 vars in 816 bytes} [Fri Jul 10 16:20:33 2026] GET /resource_providers/466988b8-562e-44ab-a419-514dcdbd9958/aggregates => generated 235 bytes in 13 msecs (HTTP/1.1 404) 5 headers in 202 bytes (1 switches on core 0)
2026-07-10 16:20:33.753 7 INFO placement.requestlog [None req-4bdc380c-0908-4b8a-b300-bb4881ff188d 1a21a58b81954f4080882ff926fed64b e141694e0704492a82a4a7c281abda85 - - aba2e58c0bcf4fb29b13741e27064310 aba2e58c0bcf4fb29b13741e27064310] 10.0.0.136 "GET /resource_providers/466988b8-562e-44ab-a419-514dcdbd9958/aggregates" status: 404 len: 235 microversion: 1.1 [pid: 7|app: 0|req: 645/1287] 10.0.0.136 () {32 vars in 816 bytes} [Fri Jul 10 16:20:33 2026] GET /resource_providers/466988b8-562e-44ab-a419-514dcdbd9958/aggregates => generated 235 bytes in 13 msecs (HTTP/1.1 404) 5 headers in 202 bytes (1 switches on core 0)
2026-07-10 16:20:33.772 7 INFO placement.requestlog [None req-eb8ad451-a0ec-475c-9f34-e34d22e53300 1a21a58b81954f4080882ff926fed64b e141694e0704492a82a4a7c281abda85 - - aba2e58c0bcf4fb29b13741e27064310 aba2e58c0bcf4fb29b13741e27064310] 10.0.0.136 "DELETE /resource_providers/466988b8-562e-44ab-a419-514dcdbd9958" status: 404 len: 246 microversion: 1.1
2026-07-10 16:20:33.772 8 INFO placement.requestlog [None req-1f1c1cfc-b3f3-4ea8-b7ba-314bd564ae70 1a21a58b81954f4080882ff926fed64b e141694e0704492a82a4a7c281abda85 - - aba2e58c0bcf4fb29b13741e27064310 aba2e58c0bcf4fb29b13741e27064310] 10.0.0.136 "DELETE /resource_providers/466988b8-562e-44ab-a419-514dcdbd9958" status: 404 len: 246 microversion: 1.1 [pid: 7|app: 0|req: 646/1289] 10.0.0.136 () {34 vars in 816 bytes} [Fri Jul 10 16:20:33 2026] DELETE /resource_providers/466988b8-562e-44ab-a419-514dcdbd9958 => generated 246 bytes in 9 msecs (HTTP/1.1 404) 6 headers in 231 bytes (1 switches on core 0) [pid: 8|app: 0|req: 643/1289] 10.0.0.136 () {34 vars in 816 bytes} [Fri Jul 10 16:20:33 2026] DELETE /resource_providers/466988b8-562e-44ab-a419-514dcdbd9958 => generated 246 bytes in 10 msecs (HTTP/1.1 404) 6 headers in 231 bytes (1 switches on core 0)
2026-07-10 16:20:35.799 7 INFO placement.requestlog [None req-d58f28c9-cb12-4836-a33f-d13ebc073ea2 1a21a58b81954f4080882ff926fed64b e141694e0704492a82a4a7c281abda85 - - aba2e58c0bcf4fb29b13741e27064310 aba2e58c0bcf4fb29b13741e27064310] 10.0.0.136 "GET /resource_providers/c6216ae4-1e38-45ec-8690-dbf78f5799d7/aggregates" status: 404 len: 235 microversion: 1.1 [pid: 7|app: 0|req: 647/1290] 10.0.0.136 () {32 vars in 816 bytes} [Fri Jul 10 16:20:35 2026] GET /resource_providers/c6216ae4-1e38-45ec-8690-dbf78f5799d7/aggregates => generated 235 bytes in 14 msecs (HTTP/1.1 404) 5 headers in 202 bytes (1 switches on core 0)
2026-07-10 16:20:35.815 8 INFO placement.requestlog [None req-54083ccd-82e8-44ac-a135-7d17fe500a4e 1a21a58b81954f4080882ff926fed64b e141694e0704492a82a4a7c281abda85 - - aba2e58c0bcf4fb29b13741e27064310 aba2e58c0bcf4fb29b13741e27064310] 10.0.0.136 "GET /resource_providers/c6216ae4-1e38-45ec-8690-dbf78f5799d7/aggregates" status: 404 len: 235 microversion: 1.1 [pid: 8|app: 0|req: 644/1291] 10.0.0.136 () {32 vars in 816 bytes} [Fri Jul 10 16:20:35 2026] GET /resource_providers/c6216ae4-1e38-45ec-8690-dbf78f5799d7/aggregates => generated 235 bytes in 27 msecs (HTTP/1.1 404) 5 headers in 202 bytes (1 switches on core 0)
2026-07-10 16:20:35.818 7 INFO placement.requestlog [None req-8ac90519-497a-4f52-8d91-1491a5e494b4 1a21a58b81954f4080882ff926fed64b e141694e0704492a82a4a7c281abda85 - - aba2e58c0bcf4fb29b13741e27064310 aba2e58c0bcf4fb29b13741e27064310] 10.0.0.136 "DELETE /resource_providers/c6216ae4-1e38-45ec-8690-dbf78f5799d7" status: 404 len: 246 microversion: 1.1 [pid: 7|app: 0|req: 648/1292] 10.0.0.136 () {34 vars in 816 bytes} [Fri Jul 10 16:20:35 2026] DELETE /resource_providers/c6216ae4-1e38-45ec-8690-dbf78f5799d7 => generated 246 bytes in 13 msecs (HTTP/1.1 404) 6 headers in 231 bytes (1 switches on core 0)
2026-07-10 16:20:35.839 8 INFO placement.requestlog [None req-daecfb5e-fcbe-45e4-9147-8f7a47cddb92 1a21a58b81954f4080882ff926fed64b e141694e0704492a82a4a7c281abda85 - - aba2e58c0bcf4fb29b13741e27064310 aba2e58c0bcf4fb29b13741e27064310] 10.0.0.136 "DELETE /resource_providers/c6216ae4-1e38-45ec-8690-dbf78f5799d7" status: 404 len: 246 microversion: 1.1 [pid: 8|app: 0|req: 645/1293] 10.0.0.136 () {34 vars in 816 bytes} [Fri Jul 10 16:20:35 2026] DELETE /resource_providers/c6216ae4-1e38-45ec-8690-dbf78f5799d7 => generated 246 bytes in 12 msecs (HTTP/1.1 404) 6 headers in 231 bytes (1 switches on core 0)
2026-07-10 16:20:35.840 7 INFO placement.requestlog [None req-440563b6-c128-4483-bf0f-c05afa42a0b6 1a21a58b81954f4080882ff926fed64b e141694e0704492a82a4a7c281abda85 - - aba2e58c0bcf4fb29b13741e27064310 aba2e58c0bcf4fb29b13741e27064310] 10.0.0.136 "GET /resource_providers/3b37220c-d40d-4acf-ac00-e835d0b98bac/aggregates" status: 404 len: 235 microversion: 1.1 [pid: 7|app: 0|req: 649/1294] 10.0.0.136 () {32 vars in 816 bytes} [Fri Jul 10 16:20:35 2026] GET /resource_providers/3b37220c-d40d-4acf-ac00-e835d0b98bac/aggregates => generated 235 bytes in 12 msecs (HTTP/1.1 404) 5 headers in 202 bytes (1 switches on core 0)
2026-07-10 16:20:35.858 8 INFO placement.requestlog [None req-c782dbff-1841-4b50-b1d2-ee4eae6e9501 1a21a58b81954f4080882ff926fed64b e141694e0704492a82a4a7c281abda85 - - aba2e58c0bcf4fb29b13741e27064310 aba2e58c0bcf4fb29b13741e27064310] 10.0.0.136 "GET /resource_providers/3b37220c-d40d-4acf-ac00-e835d0b98bac/aggregates" status: 404 len: 235 microversion: 1.1 [pid: 8|app: 0|req: 646/1295] 10.0.0.136 () {32 vars in 816 bytes} [Fri Jul 10 16:20:35 2026] GET /resource_providers/3b37220c-d40d-4acf-ac00-e835d0b98bac/aggregates => generated 235 bytes in 8 msecs (HTTP/1.1 404) 5 headers in 202 bytes (1 switches on core 0)
2026-07-10 16:20:35.868 7 INFO placement.requestlog [None req-50af7657-5282-40a6-9007-80e036d76cb1 1a21a58b81954f4080882ff926fed64b e141694e0704492a82a4a7c281abda85 - - aba2e58c0bcf4fb29b13741e27064310 aba2e58c0bcf4fb29b13741e27064310] 10.0.0.136 "DELETE /resource_providers/3b37220c-d40d-4acf-ac00-e835d0b98bac" status: 404 len: 246 microversion: 1.1 [pid: 7|app: 0|req: 650/1296] 10.0.0.136 () {34 vars in 816 bytes} [Fri Jul 10 16:20:35 2026] DELETE /resource_providers/3b37220c-d40d-4acf-ac00-e835d0b98bac => generated 246 bytes in 17 msecs (HTTP/1.1 404) 6 headers in 231 bytes (1 switches on core 0)
2026-07-10 16:20:35.871 8 INFO placement.requestlog [None req-9ac0d8f2-70ec-41a2-9171-0dec4e7f9b93 1a21a58b81954f4080882ff926fed64b e141694e0704492a82a4a7c281abda85 - - aba2e58c0bcf4fb29b13741e27064310 aba2e58c0bcf4fb29b13741e27064310] 10.0.0.136 "DELETE /resource_providers/3b37220c-d40d-4acf-ac00-e835d0b98bac" status: 404 len: 246 microversion: 1.1 [pid: 8|app: 0|req: 647/1297] 10.0.0.136 () {34 vars in 816 bytes} [Fri Jul 10 16:20:35 2026] DELETE /resource_providers/3b37220c-d40d-4acf-ac00-e835d0b98bac => generated 246 bytes in 7 msecs (HTTP/1.1 404) 6 headers in 231 bytes (1 switches on core 0)
2026-07-10 16:20:40.756 7 INFO placement.requestlog [req-de2f04fe-b47c-42a9-998b-de4208355d85 req-d8d4d936-fffb-4ed2-8689-a7f6010acb25 218c9b23a7034325a1c107372860a966 e141694e0704492a82a4a7c281abda85 - - aba2e58c0bcf4fb29b13741e27064310 aba2e58c0bcf4fb29b13741e27064310] 199.204.45.156 "GET /resource_providers/b6699b97-17eb-41ad-b68b-54b718ed8d71/allocations" status: 200 len: 55 microversion: 1.0 [pid: 7|app: 0|req: 651/1298] 199.204.45.156 () {32 vars in 857 bytes} [Fri Jul 10 16:20:40 2026] GET /resource_providers/b6699b97-17eb-41ad-b68b-54b718ed8d71/allocations => generated 55 bytes in 261 msecs (HTTP/1.1 200) 6 headers in 223 bytes (1 switches on core 0)
2026-07-10 16:20:40.782 8 INFO placement.requestlog [req-de2f04fe-b47c-42a9-998b-de4208355d85 req-b2e62fbf-42e0-432b-80e6-30d6df6b2485 218c9b23a7034325a1c107372860a966 e141694e0704492a82a4a7c281abda85 - - aba2e58c0bcf4fb29b13741e27064310 aba2e58c0bcf4fb29b13741e27064310] 199.204.45.156 "GET /resource_providers?in_tree=b6699b97-17eb-41ad-b68b-54b718ed8d71" status: 200 len: 798 microversion: 1.14 [pid: 8|app: 0|req: 648/1299] 199.204.45.156 () {34 vars in 892 bytes} [Fri Jul 10 16:20:40 2026] GET /resource_providers?in_tree=b6699b97-17eb-41ad-b68b-54b718ed8d71 => generated 798 bytes in 19 msecs (HTTP/1.1 200) 6 headers in 225 bytes (1 switches on core 0)
2026-07-10 16:20:40.803 7 INFO placement.requestlog [req-de2f04fe-b47c-42a9-998b-de4208355d85 req-ba1a73de-b4dd-4867-8c74-f4339beaf47b 218c9b23a7034325a1c107372860a966 e141694e0704492a82a4a7c281abda85 - - aba2e58c0bcf4fb29b13741e27064310 aba2e58c0bcf4fb29b13741e27064310] 199.204.45.156 "GET /resource_providers/b6699b97-17eb-41ad-b68b-54b718ed8d71/inventories" status: 200 len: 401 microversion: 1.0 [pid: 7|app: 0|req: 652/1300] 199.204.45.156 () {32 vars in 857 bytes} [Fri Jul 10 16:20:40 2026] GET /resource_providers/b6699b97-17eb-41ad-b68b-54b718ed8d71/inventories => generated 401 bytes in 16 msecs (HTTP/1.1 200) 6 headers in 224 bytes (1 switches on core 0)
2026-07-10 16:20:40.822 8 INFO placement.requestlog [req-de2f04fe-b47c-42a9-998b-de4208355d85 req-c4bb4ac8-f299-42fa-aeff-908ad492bc3e 218c9b23a7034325a1c107372860a966 e141694e0704492a82a4a7c281abda85 - - aba2e58c0bcf4fb29b13741e27064310 aba2e58c0bcf4fb29b13741e27064310] 199.204.45.156 "GET /resource_providers/b6699b97-17eb-41ad-b68b-54b718ed8d71/aggregates" status: 200 len: 54 microversion: 1.19 [pid: 8|app: 0|req: 649/1301] 199.204.45.156 () {34 vars in 899 bytes} [Fri Jul 10 16:20:40 2026] GET /resource_providers/b6699b97-17eb-41ad-b68b-54b718ed8d71/aggregates => generated 54 bytes in 14 msecs (HTTP/1.1 200) 8 headers in 295 bytes (1 switches on core 0)
2026-07-10 16:20:40.852 7 INFO placement.requestlog [req-de2f04fe-b47c-42a9-998b-de4208355d85 req-1c337583-232b-46dc-b5a6-92223fccaad0 218c9b23a7034325a1c107372860a966 e141694e0704492a82a4a7c281abda85 - - aba2e58c0bcf4fb29b13741e27064310 aba2e58c0bcf4fb29b13741e27064310] 199.204.45.156 "GET /resource_providers/b6699b97-17eb-41ad-b68b-54b718ed8d71/traits" status: 200 len: 2317 microversion: 1.6 [pid: 7|app: 0|req: 653/1302] 199.204.45.156 () {34 vars in 890 bytes} [Fri Jul 10 16:20:40 2026] GET /resource_providers/b6699b97-17eb-41ad-b68b-54b718ed8d71/traits => generated 2317 bytes in 23 msecs (HTTP/1.1 200) 6 headers in 225 bytes (1 switches on core 0)
2026-07-10 16:20:40.876 8 INFO placement.requestlog [req-de2f04fe-b47c-42a9-998b-de4208355d85 req-6030a327-5cfc-4442-bfcf-c241b3fe00a4 218c9b23a7034325a1c107372860a966 e141694e0704492a82a4a7c281abda85 - - aba2e58c0bcf4fb29b13741e27064310 aba2e58c0bcf4fb29b13741e27064310] 199.204.45.156 "GET /resource_providers/b6699b97-17eb-41ad-b68b-54b718ed8d71/allocations" status: 200 len: 55 microversion: 1.0 [pid: 8|app: 0|req: 650/1303] 199.204.45.156 () {32 vars in 857 bytes} [Fri Jul 10 16:20:40 2026] GET /resource_providers/b6699b97-17eb-41ad-b68b-54b718ed8d71/allocations => generated 55 bytes in 20 msecs (HTTP/1.1 200) 6 headers in 223 bytes (1 switches on core 0)
2026-07-10 16:20:41.219 8 INFO placement.requestlog [None req-30f980d6-3c26-45c0-9840-e470863ce366 - - - - - -] 10.0.0.80 "GET /" status: 200 len: 136 microversion: 1.0
2026-07-10 16:20:41.219 7 INFO placement.requestlog [None req-7ac75b5a-bc61-4a08-a032-da4e08791586 - - - - - -] 10.0.0.80 "GET /" status: 200 len: 136 microversion: 1.0
2026-07-10 16:20:43.199 8 INFO placement.requestlog [None req-1446f932-d1fa-4628-a983-3084ad00415c 1a21a58b81954f4080882ff926fed64b e141694e0704492a82a4a7c281abda85 - - aba2e58c0bcf4fb29b13741e27064310 aba2e58c0bcf4fb29b13741e27064310] 10.0.0.136 "GET /resource_providers/e5d77559-bd91-414f-9693-25cbcca67164/aggregates" status: 404 len: 235 microversion: 1.1
2026-07-10 16:20:43.199 7 INFO placement.requestlog [None req-d2a807b6-03be-47a1-a6db-4d48a15f16a7 1a21a58b81954f4080882ff926fed64b e141694e0704492a82a4a7c281abda85 - - aba2e58c0bcf4fb29b13741e27064310 aba2e58c0bcf4fb29b13741e27064310] 10.0.0.136 "GET /resource_providers/e5d77559-bd91-414f-9693-25cbcca67164/aggregates" status: 404 len: 235 microversion: 1.1 [pid: 8|app: 0|req: 652/1306] 10.0.0.136 () {32 vars in 816 bytes} [Fri Jul 10 16:20:43 2026] GET /resource_providers/e5d77559-bd91-414f-9693-25cbcca67164/aggregates => generated 235 bytes in 13 msecs (HTTP/1.1 404) 5 headers in 202 bytes (1 switches on core 0) [pid: 7|app: 0|req: 655/1307] 10.0.0.136 () {32 vars in 816 bytes} [Fri Jul 10 16:20:43 2026] GET /resource_providers/e5d77559-bd91-414f-9693-25cbcca67164/aggregates => generated 235 bytes in 12 msecs (HTTP/1.1 404) 5 headers in 202 bytes (1 switches on core 0)
2026-07-10 16:20:43.231 8 INFO placement.requestlog [None req-aa013658-7b31-4cf8-8b8a-4c93c4ab3e3a 1a21a58b81954f4080882ff926fed64b e141694e0704492a82a4a7c281abda85 - - aba2e58c0bcf4fb29b13741e27064310 aba2e58c0bcf4fb29b13741e27064310] 10.0.0.136 "DELETE /resource_providers/e5d77559-bd91-414f-9693-25cbcca67164" status: 404 len: 246 microversion: 1.1 [pid: 8|app: 0|req: 653/1308] 10.0.0.136 () {34 vars in 816 bytes} [Fri Jul 10 16:20:43 2026] DELETE /resource_providers/e5d77559-bd91-414f-9693-25cbcca67164 => generated 246 bytes in 17 msecs (HTTP/1.1 404) 6 headers in 231 bytes (1 switches on core 0)
2026-07-10 16:20:43.232 7 INFO placement.requestlog [None req-e3ce4dcd-a855-430f-b342-c2e4bb077875 1a21a58b81954f4080882ff926fed64b e141694e0704492a82a4a7c281abda85 - - aba2e58c0bcf4fb29b13741e27064310 aba2e58c0bcf4fb29b13741e27064310] 10.0.0.136 "DELETE /resource_providers/e5d77559-bd91-414f-9693-25cbcca67164" status: 404 len: 246 microversion: 1.1 [pid: 7|app: 0|req: 656/1309] 10.0.0.136 () {34 vars in 816 bytes} [Fri Jul 10 16:20:43 2026] DELETE /resource_providers/e5d77559-bd91-414f-9693-25cbcca67164 => generated 246 bytes in 11 msecs (HTTP/1.1 404) 6 headers in 231 bytes (1 switches on core 0)
2026-07-10 16:20:43.540 7 INFO placement.requestlog [None req-72b7194c-d0fd-4536-a0b7-45b948b2d28a 1a21a58b81954f4080882ff926fed64b e141694e0704492a82a4a7c281abda85 - - aba2e58c0bcf4fb29b13741e27064310 aba2e58c0bcf4fb29b13741e27064310] 10.0.0.136 "GET /resource_providers/b6e893a3-e2e0-44d0-9b7d-1f877b4a25ec/aggregates" status: 404 len: 235 microversion: 1.1 [pid: 7|app: 0|req: 657/1310] 10.0.0.136 () {32 vars in 816 bytes} [Fri Jul 10 16:20:43 2026] GET /resource_providers/b6e893a3-e2e0-44d0-9b7d-1f877b4a25ec/aggregates => generated 235 bytes in 7 msecs (HTTP/1.1 404) 5 headers in 202 bytes (1 switches on core 0)
2026-07-10 16:20:43.548 8 INFO placement.requestlog [None req-91c78da0-8e47-44eb-9300-7db58eedaf46 1a21a58b81954f4080882ff926fed64b e141694e0704492a82a4a7c281abda85 - - aba2e58c0bcf4fb29b13741e27064310 aba2e58c0bcf4fb29b13741e27064310] 10.0.0.136 "GET /resource_providers/b6e893a3-e2e0-44d0-9b7d-1f877b4a25ec/aggregates" status: 404 len: 235 microversion: 1.1 [pid: 8|app: 0|req: 654/1311] 10.0.0.136 () {32 vars in 816 bytes} [Fri Jul 10 16:20:43 2026] GET /resource_providers/b6e893a3-e2e0-44d0-9b7d-1f877b4a25ec/aggregates => generated 235 bytes in 16 msecs (HTTP/1.1 404) 5 headers in 202 bytes (1 switches on core 0)
2026-07-10 16:20:43.555 7 INFO placement.requestlog [None req-37706bea-d57b-45c1-98dd-9837706aee73 1a21a58b81954f4080882ff926fed64b e141694e0704492a82a4a7c281abda85 - - aba2e58c0bcf4fb29b13741e27064310 aba2e58c0bcf4fb29b13741e27064310] 10.0.0.136 "DELETE /resource_providers/b6e893a3-e2e0-44d0-9b7d-1f877b4a25ec" status: 404 len: 246 microversion: 1.1 [pid: 7|app: 0|req: 658/1312] 10.0.0.136 () {34 vars in 816 bytes} [Fri Jul 10 16:20:43 2026] DELETE /resource_providers/b6e893a3-e2e0-44d0-9b7d-1f877b4a25ec => generated 246 bytes in 7 msecs (HTTP/1.1 404) 6 headers in 231 bytes (1 switches on core 0)
2026-07-10 16:20:43.566 8 INFO placement.requestlog [None req-c260b28a-f4fe-492f-a476-d0af633d81d1 1a21a58b81954f4080882ff926fed64b e141694e0704492a82a4a7c281abda85 - - aba2e58c0bcf4fb29b13741e27064310 aba2e58c0bcf4fb29b13741e27064310] 10.0.0.136 "DELETE /resource_providers/b6e893a3-e2e0-44d0-9b7d-1f877b4a25ec" status: 404 len: 246 microversion: 1.1 [pid: 8|app: 0|req: 655/1313] 10.0.0.136 () {34 vars in 816 bytes} [Fri Jul 10 16:20:43 2026] DELETE /resource_providers/b6e893a3-e2e0-44d0-9b7d-1f877b4a25ec => generated 246 bytes in 8 msecs (HTTP/1.1 404) 6 headers in 231 bytes (1 switches on core 0)
2026-07-10 16:20:43.911 7 INFO placement.requestlog [req-cc1d02c2-5157-463a-8075-b51b7c94a58f req-78431223-2810-4cb3-bb5f-af473d08a3b6 218c9b23a7034325a1c107372860a966 e141694e0704492a82a4a7c281abda85 - - aba2e58c0bcf4fb29b13741e27064310 aba2e58c0bcf4fb29b13741e27064310] 10.0.0.26 "GET /allocation_candidates?limit=1000&resources=DISK_GB%3A1%2CMEMORY_MB%3A512%2CVCPU%3A1&root_required=%21COMPUTE_STATUS_DISABLED" status: 200 len: 2781 microversion: 1.36 [pid: 7|app: 0|req: 659/1314] 10.0.0.26 () {34 vars in 1011 bytes} [Fri Jul 10 16:20:43 2026] GET /allocation_candidates?limit=1000&resources=DISK_GB%3A1%2CMEMORY_MB%3A512%2CVCPU%3A1&root_required=%21COMPUTE_STATUS_DISABLED => generated 2781 bytes in 45 msecs (HTTP/1.1 200) 8 headers in 297 bytes (1 switches on core 0)
2026-07-10 16:20:43.954 8 INFO placement.requestlog [req-cc1d02c2-5157-463a-8075-b51b7c94a58f req-3bb4e194-3087-41da-9edb-daef89e47029 218c9b23a7034325a1c107372860a966 e141694e0704492a82a4a7c281abda85 - - aba2e58c0bcf4fb29b13741e27064310 aba2e58c0bcf4fb29b13741e27064310] 10.0.0.26 "GET /allocations/989bf920-91a6-42a8-962f-bfdb513b20f0" status: 200 len: 19 microversion: 1.28 [pid: 8|app: 0|req: 656/1315] 10.0.0.26 () {34 vars in 860 bytes} [Fri Jul 10 16:20:43 2026] GET /allocations/989bf920-91a6-42a8-962f-bfdb513b20f0 => generated 19 bytes in 9 msecs (HTTP/1.1 200) 8 headers in 295 bytes (1 switches on core 0)
2026-07-10 16:20:44.218 7 INFO placement.requestlog [req-cc1d02c2-5157-463a-8075-b51b7c94a58f req-fd3ad9a5-0003-47a9-aeb6-b3c0cb51411a 218c9b23a7034325a1c107372860a966 e141694e0704492a82a4a7c281abda85 - - aba2e58c0bcf4fb29b13741e27064310 aba2e58c0bcf4fb29b13741e27064310] 10.0.0.26 "PUT /allocations/989bf920-91a6-42a8-962f-bfdb513b20f0" status: 204 len: 0 microversion: 1.36 [pid: 7|app: 0|req: 660/1316] 10.0.0.26 () {38 vars in 913 bytes} [Fri Jul 10 16:20:43 2026] PUT /allocations/989bf920-91a6-42a8-962f-bfdb513b20f0 => generated 0 bytes in 259 msecs (HTTP/1.1 204) 5 headers in 199 bytes (1 switches on core 0)
2026-07-10 16:20:46.830 8 INFO placement.requestlog [req-cc1d02c2-5157-463a-8075-b51b7c94a58f req-62c909a0-de2d-416c-ba5f-9e0f3f76d46b 218c9b23a7034325a1c107372860a966 e141694e0704492a82a4a7c281abda85 - - aba2e58c0bcf4fb29b13741e27064310 aba2e58c0bcf4fb29b13741e27064310] 199.204.45.156 "GET /allocations/989bf920-91a6-42a8-962f-bfdb513b20f0" status: 200 len: 258 microversion: 1.28 [pid: 8|app: 0|req: 657/1317] 199.204.45.156 () {34 vars in 863 bytes} [Fri Jul 10 16:20:46 2026] GET /allocations/989bf920-91a6-42a8-962f-bfdb513b20f0 => generated 258 bytes in 20 msecs (HTTP/1.1 200) 8 headers in 296 bytes (1 switches on core 0)
2026-07-10 16:20:47.880 7 INFO placement.requestlog [req-cc1d02c2-5157-463a-8075-b51b7c94a58f req-2c88409e-ea12-4da2-ae1d-5abf9cd18bc3 218c9b23a7034325a1c107372860a966 e141694e0704492a82a4a7c281abda85 - - aba2e58c0bcf4fb29b13741e27064310 aba2e58c0bcf4fb29b13741e27064310] 199.204.45.156 "GET /resource_providers/b6699b97-17eb-41ad-b68b-54b718ed8d71/allocations" status: 200 len: 153 microversion: 1.0 [pid: 7|app: 0|req: 661/1318] 199.204.45.156 () {32 vars in 857 bytes} [Fri Jul 10 16:20:47 2026] GET /resource_providers/b6699b97-17eb-41ad-b68b-54b718ed8d71/allocations => generated 153 bytes in 23 msecs (HTTP/1.1 200) 6 headers in 224 bytes (1 switches on core 0)
2026-07-10 16:20:47.906 8 INFO placement.requestlog [req-cc1d02c2-5157-463a-8075-b51b7c94a58f req-2fbcd45f-f4df-4c1d-b3e0-7f4fbbb12790 218c9b23a7034325a1c107372860a966 e141694e0704492a82a4a7c281abda85 - - aba2e58c0bcf4fb29b13741e27064310 aba2e58c0bcf4fb29b13741e27064310] 199.204.45.156 "GET /allocations/989bf920-91a6-42a8-962f-bfdb513b20f0" status: 200 len: 258 microversion: 1.28 [pid: 8|app: 0|req: 658/1319] 199.204.45.156 () {34 vars in 863 bytes} [Fri Jul 10 16:20:47 2026] GET /allocations/989bf920-91a6-42a8-962f-bfdb513b20f0 => generated 258 bytes in 12 msecs (HTTP/1.1 200) 8 headers in 296 bytes (1 switches on core 0)
2026-07-10 16:20:51.219 7 INFO placement.requestlog [None req-cdbc71aa-aa9a-4e3b-be09-ed3ec0e0f9c6 - - - - - -] 10.0.0.80 "GET /" status: 200 len: 136 microversion: 1.0
2026-07-10 16:20:51.219 8 INFO placement.requestlog [None req-781bb008-81f5-4ce4-a0d8-f679ab4d8387 - - - - - -] 10.0.0.80 "GET /" status: 200 len: 136 microversion: 1.0
2026-07-10 16:20:52.924 7 INFO placement.requestlog [None req-3618d649-da67-4186-9ae1-605d4337459c 1a21a58b81954f4080882ff926fed64b e141694e0704492a82a4a7c281abda85 - - aba2e58c0bcf4fb29b13741e27064310 aba2e58c0bcf4fb29b13741e27064310] 10.0.0.136 "GET /resource_providers/92149044-ec09-4458-b6ed-6405535e82b9/aggregates" status: 404 len: 235 microversion: 1.1 [pid: 7|app: 0|req: 663/1322] 10.0.0.136 () {32 vars in 816 bytes} [Fri Jul 10 16:20:52 2026] GET /resource_providers/92149044-ec09-4458-b6ed-6405535e82b9/aggregates => generated 235 bytes in 14 msecs (HTTP/1.1 404) 5 headers in 202 bytes (1 switches on core 0)
2026-07-10 16:20:52.927 8 INFO placement.requestlog [None req-af5a893c-fb5d-491c-95b5-2bab1c596754 1a21a58b81954f4080882ff926fed64b e141694e0704492a82a4a7c281abda85 - - aba2e58c0bcf4fb29b13741e27064310 aba2e58c0bcf4fb29b13741e27064310] 10.0.0.136 "GET /resource_providers/92149044-ec09-4458-b6ed-6405535e82b9/aggregates" status: 404 len: 235 microversion: 1.1 [pid: 8|app: 0|req: 660/1323] 10.0.0.136 () {32 vars in 816 bytes} [Fri Jul 10 16:20:52 2026] GET /resource_providers/92149044-ec09-4458-b6ed-6405535e82b9/aggregates => generated 235 bytes in 15 msecs (HTTP/1.1 404) 5 headers in 202 bytes (1 switches on core 0)
2026-07-10 16:20:52.953 7 INFO placement.requestlog [None req-0202a468-3933-426a-9c73-c51e2f270d6a 1a21a58b81954f4080882ff926fed64b e141694e0704492a82a4a7c281abda85 - - aba2e58c0bcf4fb29b13741e27064310 aba2e58c0bcf4fb29b13741e27064310] 10.0.0.136 "DELETE /resource_providers/92149044-ec09-4458-b6ed-6405535e82b9" status: 404 len: 246 microversion: 1.1 [pid: 7|app: 0|req: 664/1324] 10.0.0.136 () {34 vars in 816 bytes} [Fri Jul 10 16:20:52 2026] DELETE /resource_providers/92149044-ec09-4458-b6ed-6405535e82b9 => generated 246 bytes in 13 msecs (HTTP/1.1 404) 6 headers in 231 bytes (1 switches on core 0)
2026-07-10 16:20:52.968 8 INFO placement.requestlog [None req-3e096a7c-9ad0-47a1-aba8-3999b4b96ed9 1a21a58b81954f4080882ff926fed64b e141694e0704492a82a4a7c281abda85 - - aba2e58c0bcf4fb29b13741e27064310 aba2e58c0bcf4fb29b13741e27064310] 10.0.0.136 "DELETE /resource_providers/92149044-ec09-4458-b6ed-6405535e82b9" status: 404 len: 246 microversion: 1.1 [pid: 8|app: 0|req: 661/1325] 10.0.0.136 () {34 vars in 816 bytes} [Fri Jul 10 16:20:52 2026] DELETE /resource_providers/92149044-ec09-4458-b6ed-6405535e82b9 => generated 246 bytes in 27 msecs (HTTP/1.1 404) 6 headers in 231 bytes (1 switches on core 0)
2026-07-10 16:20:53.398 8 INFO placement.requestlog [None req-074a4cf2-cdf9-4388-990c-a7a80a36bbc9 1a21a58b81954f4080882ff926fed64b e141694e0704492a82a4a7c281abda85 - - aba2e58c0bcf4fb29b13741e27064310 aba2e58c0bcf4fb29b13741e27064310] 10.0.0.136 "GET /resource_providers/e8e3c13e-c906-4618-8486-12e943a6f108/aggregates" status: 404 len: 235 microversion: 1.1 [pid: 8|app: 0|req: 662/1326] 10.0.0.136 () {32 vars in 816 bytes} [Fri Jul 10 16:20:53 2026] GET /resource_providers/e8e3c13e-c906-4618-8486-12e943a6f108/aggregates => generated 235 bytes in 14 msecs (HTTP/1.1 404) 5 headers in 202 bytes (1 switches on core 0)
2026-07-10 16:20:53.400 7 INFO placement.requestlog [None req-47c82e6c-b85a-48b8-80fb-314ad2d042f8 1a21a58b81954f4080882ff926fed64b e141694e0704492a82a4a7c281abda85 - - aba2e58c0bcf4fb29b13741e27064310 aba2e58c0bcf4fb29b13741e27064310] 10.0.0.136 "GET /resource_providers/e8e3c13e-c906-4618-8486-12e943a6f108/aggregates" status: 404 len: 235 microversion: 1.1 [pid: 7|app: 0|req: 665/1327] 10.0.0.136 () {32 vars in 816 bytes} [Fri Jul 10 16:20:53 2026] GET /resource_providers/e8e3c13e-c906-4618-8486-12e943a6f108/aggregates => generated 235 bytes in 18 msecs (HTTP/1.1 404) 5 headers in 202 bytes (1 switches on core 0)
2026-07-10 16:20:53.427 7 INFO placement.requestlog [None req-15f9af11-39c7-43b3-a08e-265c8ae1ece6 1a21a58b81954f4080882ff926fed64b e141694e0704492a82a4a7c281abda85 - - aba2e58c0bcf4fb29b13741e27064310 aba2e58c0bcf4fb29b13741e27064310] 10.0.0.136 "DELETE /resource_providers/e8e3c13e-c906-4618-8486-12e943a6f108" status: 404 len: 246 microversion: 1.1
2026-07-10 16:20:53.427 8 INFO placement.requestlog [None req-5056c6bd-2d11-4088-956f-3a6b9179e36d 1a21a58b81954f4080882ff926fed64b e141694e0704492a82a4a7c281abda85 - - aba2e58c0bcf4fb29b13741e27064310 aba2e58c0bcf4fb29b13741e27064310] 10.0.0.136 "DELETE /resource_providers/e8e3c13e-c906-4618-8486-12e943a6f108" status: 404 len: 246 microversion: 1.1 [pid: 7|app: 0|req: 666/1328] 10.0.0.136 () {34 vars in 816 bytes} [Fri Jul 10 16:20:53 2026] DELETE /resource_providers/e8e3c13e-c906-4618-8486-12e943a6f108 => generated 246 bytes in 10 msecs (HTTP/1.1 404) 6 headers in 231 bytes (1 switches on core 0) [pid: 8|app: 0|req: 663/1329] 10.0.0.136 () {34 vars in 816 bytes} [Fri Jul 10 16:20:53 2026] DELETE /resource_providers/e8e3c13e-c906-4618-8486-12e943a6f108 => generated 246 bytes in 10 msecs (HTTP/1.1 404) 6 headers in 231 bytes (1 switches on core 0)
2026-07-10 16:20:58.022 7 INFO placement.requestlog [None req-1c7454d9-4182-4683-b456-b4ec77631fa6 1a21a58b81954f4080882ff926fed64b e141694e0704492a82a4a7c281abda85 - - aba2e58c0bcf4fb29b13741e27064310 aba2e58c0bcf4fb29b13741e27064310] 10.0.0.136 "GET /resource_providers/5dbded02-d7ef-416f-ad35-13dd8da68541/aggregates" status: 404 len: 235 microversion: 1.1 [pid: 7|app: 0|req: 667/1330] 10.0.0.136 () {32 vars in 816 bytes} [Fri Jul 10 16:20:58 2026] GET /resource_providers/5dbded02-d7ef-416f-ad35-13dd8da68541/aggregates => generated 235 bytes in 11 msecs (HTTP/1.1 404) 5 headers in 202 bytes (1 switches on core 0)
2026-07-10 16:20:58.022 8 INFO placement.requestlog [None req-23b524c2-59a4-484e-afce-729c09f92b53 1a21a58b81954f4080882ff926fed64b e141694e0704492a82a4a7c281abda85 - - aba2e58c0bcf4fb29b13741e27064310 aba2e58c0bcf4fb29b13741e27064310] 10.0.0.136 "GET /resource_providers/5dbded02-d7ef-416f-ad35-13dd8da68541/aggregates" status: 404 len: 235 microversion: 1.1 [pid: 8|app: 0|req: 664/1331] 10.0.0.136 () {32 vars in 816 bytes} [Fri Jul 10 16:20:58 2026] GET /resource_providers/5dbded02-d7ef-416f-ad35-13dd8da68541/aggregates => generated 235 bytes in 12 msecs (HTTP/1.1 404) 5 headers in 202 bytes (1 switches on core 0)
2026-07-10 16:20:58.046 7 INFO placement.requestlog [None req-4e4292d9-3b20-4f62-9674-3f46ec41dabc 1a21a58b81954f4080882ff926fed64b e141694e0704492a82a4a7c281abda85 - - aba2e58c0bcf4fb29b13741e27064310 aba2e58c0bcf4fb29b13741e27064310] 10.0.0.136 "DELETE /resource_providers/5dbded02-d7ef-416f-ad35-13dd8da68541" status: 404 len: 246 microversion: 1.1 [pid: 7|app: 0|req: 668/1332] 10.0.0.136 () {34 vars in 816 bytes} [Fri Jul 10 16:20:58 2026] DELETE /resource_providers/5dbded02-d7ef-416f-ad35-13dd8da68541 => generated 246 bytes in 11 msecs (HTTP/1.1 404) 6 headers in 231 bytes (1 switches on core 0)
2026-07-10 16:20:58.047 8 INFO placement.requestlog [None req-9d28bff7-a7b3-4b2a-bdaa-fcb47cd5a94a 1a21a58b81954f4080882ff926fed64b e141694e0704492a82a4a7c281abda85 - - aba2e58c0bcf4fb29b13741e27064310 aba2e58c0bcf4fb29b13741e27064310] 10.0.0.136 "DELETE /resource_providers/5dbded02-d7ef-416f-ad35-13dd8da68541" status: 404 len: 246 microversion: 1.1 [pid: 8|app: 0|req: 665/1333] 10.0.0.136 () {34 vars in 816 bytes} [Fri Jul 10 16:20:58 2026] DELETE /resource_providers/5dbded02-d7ef-416f-ad35-13dd8da68541 => generated 246 bytes in 8 msecs (HTTP/1.1 404) 6 headers in 231 bytes (1 switches on core 0)
2026-07-10 16:20:58.364 7 INFO placement.requestlog [req-80f2d8a8-c700-4bfc-b5a5-6cba791dae1d req-64bc7cb1-1147-4e96-be01-a0e37f778fa4 218c9b23a7034325a1c107372860a966 e141694e0704492a82a4a7c281abda85 - - aba2e58c0bcf4fb29b13741e27064310 aba2e58c0bcf4fb29b13741e27064310] 10.0.0.26 "GET /allocation_candidates?limit=1000&resources=DISK_GB%3A1%2CMEMORY_MB%3A512%2CVCPU%3A1&root_required=%21COMPUTE_STATUS_DISABLED" status: 200 len: 2783 microversion: 1.36 [pid: 7|app: 0|req: 669/1334] 10.0.0.26 () {34 vars in 1011 bytes} [Fri Jul 10 16:20:58 2026] GET /allocation_candidates?limit=1000&resources=DISK_GB%3A1%2CMEMORY_MB%3A512%2CVCPU%3A1&root_required=%21COMPUTE_STATUS_DISABLED => generated 2783 bytes in 45 msecs (HTTP/1.1 200) 8 headers in 297 bytes (1 switches on core 0)
2026-07-10 16:20:58.411 8 INFO placement.requestlog [req-80f2d8a8-c700-4bfc-b5a5-6cba791dae1d req-63fe2234-c863-47d6-96f3-01348e921f7a 218c9b23a7034325a1c107372860a966 e141694e0704492a82a4a7c281abda85 - - aba2e58c0bcf4fb29b13741e27064310 aba2e58c0bcf4fb29b13741e27064310] 10.0.0.26 "GET /allocations/fbbc39d7-645a-4150-a2ac-acb61c4ffc05" status: 200 len: 19 microversion: 1.28 [pid: 8|app: 0|req: 666/1335] 10.0.0.26 () {34 vars in 860 bytes} [Fri Jul 10 16:20:58 2026] GET /allocations/fbbc39d7-645a-4150-a2ac-acb61c4ffc05 => generated 19 bytes in 14 msecs (HTTP/1.1 200) 8 headers in 295 bytes (1 switches on core 0)
2026-07-10 16:20:58.548 7 INFO placement.requestlog [req-80f2d8a8-c700-4bfc-b5a5-6cba791dae1d req-0d050cb7-05af-4818-98cf-f4ee63fc4d31 218c9b23a7034325a1c107372860a966 e141694e0704492a82a4a7c281abda85 - - aba2e58c0bcf4fb29b13741e27064310 aba2e58c0bcf4fb29b13741e27064310] 10.0.0.26 "PUT /allocations/fbbc39d7-645a-4150-a2ac-acb61c4ffc05" status: 204 len: 0 microversion: 1.36 [pid: 7|app: 0|req: 670/1336] 10.0.0.26 () {38 vars in 913 bytes} [Fri Jul 10 16:20:58 2026] PUT /allocations/fbbc39d7-645a-4150-a2ac-acb61c4ffc05 => generated 0 bytes in 122 msecs (HTTP/1.1 204) 5 headers in 199 bytes (1 switches on core 0)
2026-07-10 16:21:00.133 8 INFO placement.requestlog [req-80f2d8a8-c700-4bfc-b5a5-6cba791dae1d req-c82a50a8-4fa1-4486-ae55-d2f8bb9af90e 218c9b23a7034325a1c107372860a966 e141694e0704492a82a4a7c281abda85 - - aba2e58c0bcf4fb29b13741e27064310 aba2e58c0bcf4fb29b13741e27064310] 199.204.45.156 "GET /allocations/fbbc39d7-645a-4150-a2ac-acb61c4ffc05" status: 200 len: 258 microversion: 1.28 [pid: 8|app: 0|req: 667/1337] 199.204.45.156 () {34 vars in 863 bytes} [Fri Jul 10 16:21:00 2026] GET /allocations/fbbc39d7-645a-4150-a2ac-acb61c4ffc05 => generated 258 bytes in 20 msecs (HTTP/1.1 200) 8 headers in 296 bytes (1 switches on core 0)
2026-07-10 16:21:01.196 7 INFO placement.requestlog [req-80f2d8a8-c700-4bfc-b5a5-6cba791dae1d req-41ba0031-86a7-49eb-a5c2-ba7139f382fe 218c9b23a7034325a1c107372860a966 e141694e0704492a82a4a7c281abda85 - - aba2e58c0bcf4fb29b13741e27064310 aba2e58c0bcf4fb29b13741e27064310] 199.204.45.156 "GET /resource_providers/b6699b97-17eb-41ad-b68b-54b718ed8d71/allocations" status: 200 len: 253 microversion: 1.0 [pid: 7|app: 0|req: 671/1338] 199.204.45.156 () {32 vars in 857 bytes} [Fri Jul 10 16:21:01 2026] GET /resource_providers/b6699b97-17eb-41ad-b68b-54b718ed8d71/allocations => generated 253 bytes in 41 msecs (HTTP/1.1 200) 6 headers in 224 bytes (1 switches on core 0)
2026-07-10 16:21:01.218 7 INFO placement.requestlog [None req-c8e40c30-d390-49e3-87f2-020672a6629d - - - - - -] 10.0.0.80 "GET /" status: 200 len: 136 microversion: 1.0
2026-07-10 16:21:01.220 7 INFO placement.requestlog [None req-705f2231-5d77-4cdc-bc31-c6dbfdf41f4b - - - - - -] 10.0.0.80 "GET /" status: 200 len: 136 microversion: 1.0
2026-07-10 16:21:01.232 8 INFO placement.requestlog [req-80f2d8a8-c700-4bfc-b5a5-6cba791dae1d req-32542d87-841e-4f89-8e48-bb33f0422aad 218c9b23a7034325a1c107372860a966 e141694e0704492a82a4a7c281abda85 - - aba2e58c0bcf4fb29b13741e27064310 aba2e58c0bcf4fb29b13741e27064310] 199.204.45.156 "GET /allocations/fbbc39d7-645a-4150-a2ac-acb61c4ffc05" status: 200 len: 258 microversion: 1.28 [pid: 8|app: 0|req: 668/1341] 199.204.45.156 () {34 vars in 863 bytes} [Fri Jul 10 16:21:01 2026] GET /allocations/fbbc39d7-645a-4150-a2ac-acb61c4ffc05 => generated 258 bytes in 28 msecs (HTTP/1.1 200) 8 headers in 296 bytes (1 switches on core 0)
2026-07-10 16:21:01.271 7 INFO placement.requestlog [req-80f2d8a8-c700-4bfc-b5a5-6cba791dae1d req-8cd141ff-37b7-4545-9eb6-3163e308aaaf 218c9b23a7034325a1c107372860a966 e141694e0704492a82a4a7c281abda85 - - aba2e58c0bcf4fb29b13741e27064310 aba2e58c0bcf4fb29b13741e27064310] 199.204.45.156 "GET /allocations/989bf920-91a6-42a8-962f-bfdb513b20f0" status: 200 len: 258 microversion: 1.28 [pid: 7|app: 0|req: 674/1342] 199.204.45.156 () {34 vars in 863 bytes} [Fri Jul 10 16:21:01 2026] GET /allocations/989bf920-91a6-42a8-962f-bfdb513b20f0 => generated 258 bytes in 29 msecs (HTTP/1.1 200) 8 headers in 296 bytes (1 switches on core 0)
2026-07-10 16:21:08.763 8 INFO placement.requestlog [req-d368a74a-ae33-417b-a712-52d94d6e9ea2 req-3785de58-ff8c-4fd3-863e-5a5a4536df0b 218c9b23a7034325a1c107372860a966 e141694e0704492a82a4a7c281abda85 - - aba2e58c0bcf4fb29b13741e27064310 aba2e58c0bcf4fb29b13741e27064310] 10.0.0.26 "GET /allocation_candidates?limit=1000&resources=DISK_GB%3A1%2CMEMORY_MB%3A512%2CVCPU%3A1&root_required=%21COMPUTE_STATUS_DISABLED" status: 200 len: 2784 microversion: 1.36 [pid: 8|app: 0|req: 669/1343] 10.0.0.26 () {34 vars in 1011 bytes} [Fri Jul 10 16:21:08 2026] GET /allocation_candidates?limit=1000&resources=DISK_GB%3A1%2CMEMORY_MB%3A512%2CVCPU%3A1&root_required=%21COMPUTE_STATUS_DISABLED => generated 2784 bytes in 55 msecs (HTTP/1.1 200) 8 headers in 297 bytes (1 switches on core 0)
2026-07-10 16:21:08.809 7 INFO placement.requestlog [req-d368a74a-ae33-417b-a712-52d94d6e9ea2 req-e7882b7c-9971-4211-838b-05f7f6ddd7e6 218c9b23a7034325a1c107372860a966 e141694e0704492a82a4a7c281abda85 - - aba2e58c0bcf4fb29b13741e27064310 aba2e58c0bcf4fb29b13741e27064310] 10.0.0.26 "GET /allocations/19c3d9f4-b8dd-42b8-9ce2-61c2bc27047e" status: 200 len: 19 microversion: 1.28 [pid: 7|app: 0|req: 675/1344] 10.0.0.26 () {34 vars in 860 bytes} [Fri Jul 10 16:21:08 2026] GET /allocations/19c3d9f4-b8dd-42b8-9ce2-61c2bc27047e => generated 19 bytes in 10 msecs (HTTP/1.1 200) 8 headers in 295 bytes (1 switches on core 0)
