Apr 22 21:58:42.297896 np0000169587 devstack@neutron-api.service[104202]: DEBUG neutron.api.extensions [None req-cdb496d0-86fb-4d91-81c5-0cd276d5f2ed None None] Extended resource: tags {{(pid=104202) __init__ /opt/stack/neutron/neutron/api/extensions.py:156}}
Apr 22 21:58:42.298861 np0000169587 devstack@neutron-api.service[104202]: DEBUG neutron.api.extensions [None req-cdb496d0-86fb-4d91-81c5-0cd276d5f2ed None None] Extended resource: tags {{(pid=104202) __init__ /opt/stack/neutron/neutron/api/extensions.py:156}}
Apr 22 21:58:42.300085 np0000169587 devstack@neutron-api.service[104202]: DEBUG neutron.api.extensions [None req-cdb496d0-86fb-4d91-81c5-0cd276d5f2ed None None] Extended resource: tags {{(pid=104202) __init__ /opt/stack/neutron/neutron/api/extensions.py:156}}
Apr 22 21:58:42.300915 np0000169587 devstack@neutron-api.service[104202]: DEBUG neutron.api.extensions [None req-cdb496d0-86fb-4d91-81c5-0cd276d5f2ed None None] Extended resource: tags {{(pid=104202) __init__ /opt/stack/neutron/neutron/api/extensions.py:156}}
Apr 22 21:58:42.301742 np0000169587 devstack@neutron-api.service[104202]: DEBUG neutron.api.extensions [None req-cdb496d0-86fb-4d91-81c5-0cd276d5f2ed None None] Extended resource: tags {{(pid=104202) __init__ /opt/stack/neutron/neutron/api/extensions.py:156}}
Apr 22 21:58:42.302548 np0000169587 devstack@neutron-api.service[104202]: DEBUG neutron.api.extensions [None req-cdb496d0-86fb-4d91-81c5-0cd276d5f2ed None None] Extended resource: tags {{(pid=104202) __init__ /opt/stack/neutron/neutron/api/extensions.py:156}}
Apr 22 21:58:42.303944 np0000169587 devstack@neutron-api.service[104204]: INFO neutron.db.ovn_hash_ring_db [None req-98524055-f1e2-4845-9654-22566dfb970b None None] Nodes from host "np0000169587" and group "mechanism_driver" removed from the Hash Ring created at 2026-04-22 21:58:35+00:00
Apr 22 21:58:42.306346 np0000169587 devstack@neutron-api.service[104204]: INFO neutron.db.ovn_hash_ring_db [None req-98524055-f1e2-4845-9654-22566dfb970b None None] Node ac12d820dc2a56c8b626f45b5ec7e169 from host "np0000169587" and group "mechanism_driver" added to the Hash Ring
Apr 22 21:58:42.307353 np0000169587 devstack@neutron-api.service[104202]: WARNING keystonemiddleware.auth_token [None req-cdb496d0-86fb-4d91-81c5-0cd276d5f2ed None None] AuthToken middleware is set with keystone_authtoken.service_token_roles_required set to False. This is backwards compatible but deprecated behaviour. Please set this to True.
Apr 22 21:58:42.309022 np0000169587 devstack@neutron-api.service[104204]: DEBUG neutron.plugins.ml2.drivers.ovn.mech_driver.mech_driver [None req-98524055-f1e2-4845-9654-22566dfb970b None None] Hash Ring setup, this worker has detected 2 OVN hash ring registers in the database {{(pid=104204) _init_hash_ring /opt/stack/neutron/neutron/plugins/ml2/drivers/ovn/mech_driver/mech_driver.py:412}}
Apr 22 21:58:42.314956 np0000169587 devstack@neutron-api.service[104202]: DEBUG neutron_lib.callbacks.manager [None req-cdb496d0-86fb-4d91-81c5-0cd276d5f2ed None None] Publish callbacks ['neutron.plugins.ml2.drivers.ovn.mech_driver.mech_driver.OVNMechanismDriver.pre_fork_initialize-1872583'] for process (None), before_spawn {{(pid=104202) _notify_loop /opt/stack/data/venv/lib/python3.12/site-packages/neutron_lib/callbacks/manager.py:184}}
Apr 22 21:58:42.315348 np0000169587 devstack@neutron-api.service[104202]: DEBUG oslo_concurrency.processutils [None req-cdb496d0-86fb-4d91-81c5-0cd276d5f2ed None None] Running cmd (subprocess): ovsdb-client transact ssl:199.204.45.115:6641 --timeout 180 -p /opt/stack/data/CA/int-ca/private/devstack-cert.key -c /opt/stack/data/CA/int-ca/devstack-cert.crt -C /opt/stack/data/CA/int-ca/ca-chain.pem ["OVN_Northbound", {"op": "wait", "timeout": 0, "table": "Port_Group", "where": [["name", "==", "neutron_pg_drop"]], "until": "==", "rows": []}, {"op": "insert", "table": "ACL", "row": {"action": "drop", "direction": "to-lport", "match": "outport == @neutron_pg_drop && ip", "priority": 1001}, "uuid-name": "droptoport"}, {"op": "insert", "table": "ACL", "row": {"action": "drop", "direction": "from-lport", "match": "inport == @neutron_pg_drop && ip", "priority": 1001}, "uuid-name": "dropfromport"}, {"op": "insert", "table": "Port_Group", "row": {"name": "neutron_pg_drop", "acls": ["set", [["named-uuid", "droptoport"], ["named-uuid", "dropfromport"]]]}}] {{(pid=104202) execute /opt/stack/data/venv/lib/python3.12/site-packages/oslo_concurrency/processutils.py:440}}
Apr 22 21:58:42.316131 np0000169587 devstack@neutron-api.service[104204]: DEBUG neutron.plugins.ml2.drivers.ovn.mech_driver.ovsdb.maintenance [None req-98524055-f1e2-4845-9654-22566dfb970b None None] Periodic task found: HashRingHealthCheckPeriodics.touch_hash_ring_node {{(pid=104204) add_periodics /opt/stack/neutron/neutron/plugins/ml2/drivers/ovn/mech_driver/ovsdb/maintenance.py:148}}
Apr 22 21:58:42.317475 np0000169587 devstack@neutron-api.service[104204]: INFO neutron.plugins.ml2.drivers.ovn.mech_driver.mech_driver [None req-98524055-f1e2-4845-9654-22566dfb970b None None] Hash Ring probing thread for node ac12d820dc2a56c8b626f45b5ec7e169 has started
Apr 22 21:58:42.318106 np0000169587 devstack@neutron-api.service[104204]: INFO neutron.plugins.ml2.drivers.ovn.mech_driver.ovsdb.impl_idl_ovn [None req-98524055-f1e2-4845-9654-22566dfb970b None None] Getting OvsdbNbOvnIdl for WorkerService with retry
Apr 22 21:58:42.350925 np0000169587 devstack@neutron-api.service[104205]: INFO neutron.quota.resource_registry [None req-ff7bad39-d483-4ec9-b82b-ec15a3ac626f None None] Creating instance of TrackedResource for resource:security_group
Apr 22 21:58:42.351365 np0000169587 devstack@neutron-api.service[104205]: INFO neutron.quota.resource_registry [None req-ff7bad39-d483-4ec9-b82b-ec15a3ac626f None None] Creating instance of TrackedResource for resource:security_group_rule
Apr 22 21:58:42.352012 np0000169587 devstack@neutron-api.service[104205]: DEBUG neutron.api.v2.resource_helper [None req-ff7bad39-d483-4ec9-b82b-ec15a3ac626f None None] Service CORE assigned prefix: {{(pid=104205) build_resource_info /opt/stack/neutron/neutron/api/v2/resource_helper.py:77}}
Apr 22 21:58:42.352092 np0000169587 devstack@neutron-api.service[104205]: INFO neutron.quota.resource_registry [None req-ff7bad39-d483-4ec9-b82b-ec15a3ac626f None None] Creating instance of TrackedResource for resource:subnetpool
Apr 22 21:58:42.352186 np0000169587 devstack@neutron-api.service[104205]: WARNING neutron.quota.resource_registry [None req-ff7bad39-d483-4ec9-b82b-ec15a3ac626f None None] subnetpool is already registered
Apr 22 21:58:42.353418 np0000169587 devstack@neutron-api.service[104202]: DEBUG oslo_concurrency.processutils [None req-cdb496d0-86fb-4d91-81c5-0cd276d5f2ed None None] CMD "ovsdb-client transact ssl:199.204.45.115:6641 --timeout 180 -p /opt/stack/data/CA/int-ca/private/devstack-cert.key -c /opt/stack/data/CA/int-ca/devstack-cert.crt -C /opt/stack/data/CA/int-ca/ca-chain.pem ["OVN_Northbound", {"op": "wait", "timeout": 0, "table": "Port_Group", "where": [["name", "==", "neutron_pg_drop"]], "until": "==", "rows": []}, {"op": "insert", "table": "ACL", "row": {"action": "drop", "direction": "to-lport", "match": "outport == @neutron_pg_drop && ip", "priority": 1001}, "uuid-name": "droptoport"}, {"op": "insert", "table": "ACL", "row": {"action": "drop", "direction": "from-lport", "match": "inport == @neutron_pg_drop && ip", "priority": 1001}, "uuid-name": "dropfromport"}, {"op": "insert", "table": "Port_Group", "row": {"name": "neutron_pg_drop", "acls": ["set", [["named-uuid", "droptoport"], ["named-uuid", "dropfromport"]]]}}]" returned: 0 in 0.037s {{(pid=104202) execute /opt/stack/data/venv/lib/python3.12/site-packages/oslo_concurrency/processutils.py:468}}
Apr 22 21:58:42.354177 np0000169587 devstack@neutron-api.service[104202]: DEBUG neutron_lib.callbacks.manager [None req-cdb496d0-86fb-4d91-81c5-0cd276d5f2ed None None] Publish callbacks ['neutron.plugins.ml2.drivers.ovn.mech_driver.mech_driver.OVNMechanismDriver.post_fork_initialize-1872623', 'neutron.services.ovn_l3.plugin.OVNL3RouterPlugin._post_fork_initialize-890942'] for process (None), after_init {{(pid=104202) _notify_loop /opt/stack/data/venv/lib/python3.12/site-packages/neutron_lib/callbacks/manager.py:184}}
Apr 22 21:58:42.354728 np0000169587 devstack@neutron-api.service[104205]: DEBUG neutron.api.v2.resource_helper [None req-ff7bad39-d483-4ec9-b82b-ec15a3ac626f None None] Service L3_ROUTER_NAT assigned prefix: {{(pid=104205) build_resource_info /opt/stack/neutron/neutron/api/v2/resource_helper.py:77}}
Apr 22 21:58:42.354896 np0000169587 devstack@neutron-api.service[104202]: DEBUG oslo_concurrency.lockutils [None req-cdb496d0-86fb-4d91-81c5-0cd276d5f2ed None None] Acquiring lock "singleton_lock" {{(pid=104202) lock /opt/stack/data/venv/lib/python3.12/site-packages/oslo_concurrency/lockutils.py:390}}
Apr 22 21:58:42.355082 np0000169587 devstack@neutron-api.service[104205]: DEBUG neutron.api.v2.resource_helper [None req-ff7bad39-d483-4ec9-b82b-ec15a3ac626f None None] Service FLAVORS assigned prefix: {{(pid=104205) build_resource_info /opt/stack/neutron/neutron/api/v2/resource_helper.py:77}}
Apr 22 21:58:42.355112 np0000169587 devstack@neutron-api.service[104202]: DEBUG oslo_concurrency.lockutils [None req-cdb496d0-86fb-4d91-81c5-0cd276d5f2ed None None] Acquired lock "singleton_lock" {{(pid=104202) lock /opt/stack/data/venv/lib/python3.12/site-packages/oslo_concurrency/lockutils.py:393}}
Apr 22 21:58:42.355568 np0000169587 devstack@neutron-api.service[104202]: DEBUG oslo_concurrency.lockutils [None req-cdb496d0-86fb-4d91-81c5-0cd276d5f2ed None None] Releasing lock "singleton_lock" {{(pid=104202) lock /opt/stack/data/venv/lib/python3.12/site-packages/oslo_concurrency/lockutils.py:413}}
Apr 22 21:58:42.355963 np0000169587 devstack@neutron-api.service[104205]: DEBUG neutron.api.v2.resource_helper [None req-ff7bad39-d483-4ec9-b82b-ec15a3ac626f None None] Service L3_ROUTER_NAT assigned prefix: {{(pid=104205) build_resource_info /opt/stack/neutron/neutron/api/v2/resource_helper.py:77}}
Apr 22 21:58:42.356373 np0000169587 devstack@neutron-api.service[104205]: DEBUG neutron.api.v2.resource_helper [None req-ff7bad39-d483-4ec9-b82b-ec15a3ac626f None None] Service L3_ROUTER_NAT assigned prefix: {{(pid=104205) build_resource_info /opt/stack/neutron/neutron/api/v2/resource_helper.py:77}}
Apr 22 21:58:42.356526 np0000169587 devstack@neutron-api.service[104205]: INFO neutron.quota.resource_registry [None req-ff7bad39-d483-4ec9-b82b-ec15a3ac626f None None] Creating instance of TrackedResource for resource:router
Apr 22 21:58:42.356643 np0000169587 devstack@neutron-api.service[104205]: WARNING neutron.quota.resource_registry [None req-ff7bad39-d483-4ec9-b82b-ec15a3ac626f None None] router is already registered
Apr 22 21:58:42.357186 np0000169587 devstack@neutron-api.service[104205]: INFO neutron.quota.resource_registry [None req-ff7bad39-d483-4ec9-b82b-ec15a3ac626f None None] Creating instance of TrackedResource for resource:floatingip
Apr 22 21:58:42.357319 np0000169587 devstack@neutron-api.service[104205]: WARNING neutron.quota.resource_registry [None req-ff7bad39-d483-4ec9-b82b-ec15a3ac626f None None] floatingip is already registered
Apr 22 21:58:42.358532 np0000169587 devstack@neutron-api.service[104205]: INFO neutron.quota.resource_registry [None req-ff7bad39-d483-4ec9-b82b-ec15a3ac626f None None] Creating instance of CountableResource for resource:rbac_policy
Apr 22 21:58:42.358604 np0000169587 devstack@neutron-api.service[104205]: WARNING neutron.quota.resource_registry [None req-ff7bad39-d483-4ec9-b82b-ec15a3ac626f None None] rbac_policy is already registered
Apr 22 21:58:42.359039 np0000169587 devstack@neutron-api.service[104202]: DEBUG neutron.plugins.ml2.drivers.ovn.mech_driver.mech_driver [None req-cdb496d0-86fb-4d91-81c5-0cd276d5f2ed None None] Hash Ring setup using WSGI start time 2026-04-22 21:58:35+00:00 {{(pid=104202) _init_hash_ring /opt/stack/neutron/neutron/plugins/ml2/drivers/ovn/mech_driver/mech_driver.py:402}}
Apr 22 21:58:42.359107 np0000169587 devstack@neutron-api.service[104205]: INFO neutron.quota.resource_registry [None req-ff7bad39-d483-4ec9-b82b-ec15a3ac626f None None] Creating instance of TrackedResource for resource:security_group
Apr 22 21:58:42.359242 np0000169587 devstack@neutron-api.service[104205]: WARNING neutron.quota.resource_registry [None req-ff7bad39-d483-4ec9-b82b-ec15a3ac626f None None] security_group is already registered
Apr 22 21:58:42.361537 np0000169587 devstack@neutron-api.service[104205]: INFO neutron.quota.resource_registry [None req-ff7bad39-d483-4ec9-b82b-ec15a3ac626f None None] Creating instance of TrackedResource for resource:security_group_rule
Apr 22 21:58:42.361537 np0000169587 devstack@neutron-api.service[104205]: WARNING neutron.quota.resource_registry [None req-ff7bad39-d483-4ec9-b82b-ec15a3ac626f None None] security_group_rule is already registered
Apr 22 21:58:42.361537 np0000169587 devstack@neutron-api.service[104205]: DEBUG neutron.api.v2.resource_helper [None req-ff7bad39-d483-4ec9-b82b-ec15a3ac626f None None] Service CORE assigned prefix: {{(pid=104205) build_resource_info /opt/stack/neutron/neutron/api/v2/resource_helper.py:77}}
Apr 22 21:58:42.361537 np0000169587 devstack@neutron-api.service[104205]: INFO neutron.quota.resource_registry [None req-ff7bad39-d483-4ec9-b82b-ec15a3ac626f None None] Creating instance of TrackedResource for resource:subnetpool
Apr 22 21:58:42.361537 np0000169587 devstack@neutron-api.service[104205]: WARNING neutron.quota.resource_registry [None req-ff7bad39-d483-4ec9-b82b-ec15a3ac626f None None] subnetpool is already registered
Apr 22 21:58:42.361537 np0000169587 devstack@neutron-api.service[104205]: DEBUG neutron.api.extensions [None req-ff7bad39-d483-4ec9-b82b-ec15a3ac626f None None] Extended resource: extensions {{(pid=104205) __init__ /opt/stack/neutron/neutron/api/extensions.py:156}}
Apr 22 21:58:42.362059 np0000169587 devstack@neutron-api.service[104205]: DEBUG neutron.api.extensions [None req-ff7bad39-d483-4ec9-b82b-ec15a3ac626f None None] Extended resource: address-groups {{(pid=104205) __init__ /opt/stack/neutron/neutron/api/extensions.py:156}}
Apr 22 21:58:42.362454 np0000169587 devstack@neutron-api.service[104205]: DEBUG neutron.api.extensions [None req-ff7bad39-d483-4ec9-b82b-ec15a3ac626f None None] Extended resource: address-scopes {{(pid=104205) __init__ /opt/stack/neutron/neutron/api/extensions.py:156}}
Apr 22 21:58:42.362685 np0000169587 devstack@neutron-api.service[104204]: DEBUG ovsdbapp.backend.ovs_idl [None req-98524055-f1e2-4845-9654-22566dfb970b None None] Created lookup_table index Logical_Switch.name {{(pid=104204) autocreate_indices /opt/stack/data/venv/lib/python3.12/site-packages/ovsdbapp/backend/ovs_idl/__init__.py:87}}
Apr 22 21:58:42.363871 np0000169587 devstack@neutron-api.service[104204]: DEBUG ovsdbapp.backend.ovs_idl [None req-98524055-f1e2-4845-9654-22566dfb970b None None] Created lookup_table index Logical_Router.name {{(pid=104204) autocreate_indices /opt/stack/data/venv/lib/python3.12/site-packages/ovsdbapp/backend/ovs_idl/__init__.py:87}}
Apr 22 21:58:42.363871 np0000169587 devstack@neutron-api.service[104204]: DEBUG ovsdbapp.backend.ovs_idl [None req-98524055-f1e2-4845-9654-22566dfb970b None None] Created lookup_table index Load_Balancer.name {{(pid=104204) autocreate_indices /opt/stack/data/venv/lib/python3.12/site-packages/ovsdbapp/backend/ovs_idl/__init__.py:87}}
Apr 22 21:58:42.364562 np0000169587 devstack@neutron-api.service[104205]: DEBUG neutron.api.extensions [None req-ff7bad39-d483-4ec9-b82b-ec15a3ac626f None None] Extended resource: agents {{(pid=104205) __init__ /opt/stack/neutron/neutron/api/extensions.py:156}}
Apr 22 21:58:42.365108 np0000169587 devstack@neutron-api.service[104204]: DEBUG ovsdbapp.backend.ovs_idl [None req-98524055-f1e2-4845-9654-22566dfb970b None None] Created schema index Copp.name {{(pid=104204) autocreate_indices /opt/stack/data/venv/lib/python3.12/site-packages/ovsdbapp/backend/ovs_idl/__init__.py:106}}
Apr 22 21:58:42.365108 np0000169587 devstack@neutron-api.service[104204]: DEBUG ovsdbapp.backend.ovs_idl [None req-98524055-f1e2-4845-9654-22566dfb970b None None] Created schema index Meter.name {{(pid=104204) autocreate_indices /opt/stack/data/venv/lib/python3.12/site-packages/ovsdbapp/backend/ovs_idl/__init__.py:106}}
Apr 22 21:58:42.365108 np0000169587 devstack@neutron-api.service[104204]: DEBUG ovsdbapp.backend.ovs_idl [None req-98524055-f1e2-4845-9654-22566dfb970b None None] Created schema index Load_Balancer_Group.name {{(pid=104204) autocreate_indices /opt/stack/data/venv/lib/python3.12/site-packages/ovsdbapp/backend/ovs_idl/__init__.py:106}}
Apr 22 21:58:42.365108 np0000169587 devstack@neutron-api.service[104204]: DEBUG ovsdbapp.backend.ovs_idl [None req-98524055-f1e2-4845-9654-22566dfb970b None None] Created schema index HA_Chassis_Group.name {{(pid=104204) autocreate_indices /opt/stack/data/venv/lib/python3.12/site-packages/ovsdbapp/backend/ovs_idl/__init__.py:106}}
Apr 22 21:58:42.365108 np0000169587 devstack@neutron-api.service[104204]: DEBUG ovsdbapp.backend.ovs_idl [None req-98524055-f1e2-4845-9654-22566dfb970b None None] Created schema index Address_Set.name {{(pid=104204) autocreate_indices /opt/stack/data/venv/lib/python3.12/site-packages/ovsdbapp/backend/ovs_idl/__init__.py:106}}
Apr 22 21:58:42.365108 np0000169587 devstack@neutron-api.service[104204]: DEBUG ovsdbapp.backend.ovs_idl [None req-98524055-f1e2-4845-9654-22566dfb970b None None] Created schema index Connection.target {{(pid=104204) autocreate_indices /opt/stack/data/venv/lib/python3.12/site-packages/ovsdbapp/backend/ovs_idl/__init__.py:106}}
Apr 22 21:58:42.365818 np0000169587 devstack@neutron-api.service[104204]: DEBUG ovsdbapp.backend.ovs_idl [None req-98524055-f1e2-4845-9654-22566dfb970b None None] Created schema index Gateway_Chassis.name {{(pid=104204) autocreate_indices /opt/stack/data/venv/lib/python3.12/site-packages/ovsdbapp/backend/ovs_idl/__init__.py:106}}
Apr 22 21:58:42.366068 np0000169587 devstack@neutron-api.service[104205]: DEBUG neutron.api.extensions [None req-ff7bad39-d483-4ec9-b82b-ec15a3ac626f None None] Extended resource: auto-allocated-topology {{(pid=104205) __init__ /opt/stack/neutron/neutron/api/extensions.py:156}}
Apr 22 21:58:42.366151 np0000169587 devstack@neutron-api.service[104204]: DEBUG ovsdbapp.backend.ovs_idl [None req-98524055-f1e2-4845-9654-22566dfb970b None None] Created schema index Mirror.name {{(pid=104204) autocreate_indices /opt/stack/data/venv/lib/python3.12/site-packages/ovsdbapp/backend/ovs_idl/__init__.py:106}}
Apr 22 21:58:42.366151 np0000169587 devstack@neutron-api.service[104204]: DEBUG ovsdbapp.backend.ovs_idl [None req-98524055-f1e2-4845-9654-22566dfb970b None None] Created schema index Chassis_Template_Var.chassis {{(pid=104204) autocreate_indices /opt/stack/data/venv/lib/python3.12/site-packages/ovsdbapp/backend/ovs_idl/__init__.py:106}}
Apr 22 21:58:42.366151 np0000169587 devstack@neutron-api.service[104204]: DEBUG ovsdbapp.backend.ovs_idl [None req-98524055-f1e2-4845-9654-22566dfb970b None None] Created schema index Logical_Router_Port.name {{(pid=104204) autocreate_indices /opt/stack/data/venv/lib/python3.12/site-packages/ovsdbapp/backend/ovs_idl/__init__.py:106}}
Apr 22 21:58:42.366151 np0000169587 devstack@neutron-api.service[104204]: DEBUG ovsdbapp.backend.ovs_idl [None req-98524055-f1e2-4845-9654-22566dfb970b None None] Created schema index Port_Group.name {{(pid=104204) autocreate_indices /opt/stack/data/venv/lib/python3.12/site-packages/ovsdbapp/backend/ovs_idl/__init__.py:106}}
Apr 22 21:58:42.366151 np0000169587 devstack@neutron-api.service[104204]: DEBUG ovsdbapp.backend.ovs_idl [None req-98524055-f1e2-4845-9654-22566dfb970b None None] Created schema index Logical_Switch_Port.name {{(pid=104204) autocreate_indices /opt/stack/data/venv/lib/python3.12/site-packages/ovsdbapp/backend/ovs_idl/__init__.py:106}}
Apr 22 21:58:42.366438 np0000169587 devstack@neutron-api.service[104205]: DEBUG neutron.api.extensions [None req-ff7bad39-d483-4ec9-b82b-ec15a3ac626f None None] Extended resource: availability_zones {{(pid=104205) __init__ /opt/stack/neutron/neutron/api/extensions.py:156}}
Apr 22 21:58:42.366438 np0000169587 devstack@neutron-api.service[104205]: DEBUG neutron.api.extensions [None req-ff7bad39-d483-4ec9-b82b-ec15a3ac626f None None] Extended resource: dhcp-networks {{(pid=104205) __init__ /opt/stack/neutron/neutron/api/extensions.py:156}}
Apr 22 21:58:42.366579 np0000169587 devstack@neutron-api.service[104202]: INFO neutron.db.ovn_hash_ring_db [None req-cdb496d0-86fb-4d91-81c5-0cd276d5f2ed None None] Nodes from host "np0000169587" and group "mechanism_driver" removed from the Hash Ring created at 2026-04-22 21:58:35+00:00
Apr 22 21:58:42.366668 np0000169587 devstack@neutron-api.service[104205]: DEBUG neutron.api.extensions [None req-ff7bad39-d483-4ec9-b82b-ec15a3ac626f None None] Extended resource: dhcp-agents {{(pid=104205) __init__ /opt/stack/neutron/neutron/api/extensions.py:156}}
Apr 22 21:58:42.366668 np0000169587 devstack@neutron-api.service[104205]: DEBUG neutron.api.extensions [None req-ff7bad39-d483-4ec9-b82b-ec15a3ac626f None None] Extended resource: routers {{(pid=104205) __init__ /opt/stack/neutron/neutron/api/extensions.py:156}}
Apr 22 21:58:42.368671 np0000169587 devstack@neutron-api.service[104204]: INFO ovsdbapp.backend.ovs_idl.vlog [None req-98524055-f1e2-4845-9654-22566dfb970b None None] ssl:199.204.45.115:6641: connecting...
Apr 22 21:58:42.369333 np0000169587 devstack@neutron-api.service[104205]: DEBUG neutron.api.extensions [None req-ff7bad39-d483-4ec9-b82b-ec15a3ac626f None None] Extended resource: flavors {{(pid=104205) __init__ /opt/stack/neutron/neutron/api/extensions.py:156}}
Apr 22 21:58:42.369333 np0000169587 devstack@neutron-api.service[104205]: DEBUG neutron.api.extensions [None req-ff7bad39-d483-4ec9-b82b-ec15a3ac626f None None] Extended resource: service_profiles {{(pid=104205) __init__ /opt/stack/neutron/neutron/api/extensions.py:156}}
Apr 22 21:58:42.370598 np0000169587 devstack@neutron-api.service[104202]: INFO neutron.db.ovn_hash_ring_db [None req-cdb496d0-86fb-4d91-81c5-0cd276d5f2ed None None] Node ad9e2137a1a55189b3e3e756f2f52d54 from host "np0000169587" and group "mechanism_driver" added to the Hash Ring
Apr 22 21:58:42.371303 np0000169587 devstack@neutron-api.service[104205]: DEBUG neutron.api.extensions [None req-ff7bad39-d483-4ec9-b82b-ec15a3ac626f None None] Extended resource: next_providers {{(pid=104205) __init__ /opt/stack/neutron/neutron/api/extensions.py:156}}
Apr 22 21:58:42.371303 np0000169587 devstack@neutron-api.service[104205]: DEBUG neutron.api.extensions [None req-ff7bad39-d483-4ec9-b82b-ec15a3ac626f None None] Extended resource: service_profiles {{(pid=104205) __init__ /opt/stack/neutron/neutron/api/extensions.py:156}}
Apr 22 21:58:42.371303 np0000169587 devstack@neutron-api.service[104205]: DEBUG neutron.api.extensions [None req-ff7bad39-d483-4ec9-b82b-ec15a3ac626f None None] Extended resource: floatingip-pools {{(pid=104205) __init__ /opt/stack/neutron/neutron/api/extensions.py:156}}
Apr 22 21:58:42.371303 np0000169587 devstack@neutron-api.service[104205]: DEBUG neutron.api.extensions [None req-ff7bad39-d483-4ec9-b82b-ec15a3ac626f None None] Extended resource: routers {{(pid=104205) __init__ /opt/stack/neutron/neutron/api/extensions.py:156}}
Apr 22 21:58:42.372472 np0000169587 devstack@neutron-api.service[104202]: DEBUG neutron.plugins.ml2.drivers.ovn.mech_driver.mech_driver [None req-cdb496d0-86fb-4d91-81c5-0cd276d5f2ed None None] Hash Ring setup, this worker has detected 3 OVN hash ring registers in the database {{(pid=104202) _init_hash_ring /opt/stack/neutron/neutron/plugins/ml2/drivers/ovn/mech_driver/mech_driver.py:412}}
Apr 22 21:58:42.372784 np0000169587 devstack@neutron-api.service[104205]: DEBUG neutron.api.extensions [None req-ff7bad39-d483-4ec9-b82b-ec15a3ac626f None None] Extended resource: floatingips {{(pid=104205) __init__ /opt/stack/neutron/neutron/api/extensions.py:156}}
Apr 22 21:58:42.372784 np0000169587 devstack@neutron-api.service[104205]: DEBUG neutron.api.extensions [None req-ff7bad39-d483-4ec9-b82b-ec15a3ac626f None None] Extended resource: network-ip-availabilities {{(pid=104205) __init__ /opt/stack/neutron/neutron/api/extensions.py:156}}
Apr 22 21:58:42.372784 np0000169587 devstack@neutron-api.service[104205]: DEBUG neutron.api.extensions [None req-ff7bad39-d483-4ec9-b82b-ec15a3ac626f None None] Extended resource: network-ip-availabilities {{(pid=104205) __init__ /opt/stack/neutron/neutron/api/extensions.py:156}}
Apr 22 21:58:42.372784 np0000169587 devstack@neutron-api.service[104205]: DEBUG neutron.api.extensions [None req-ff7bad39-d483-4ec9-b82b-ec15a3ac626f None None] Extended resource: bindings {{(pid=104205) __init__ /opt/stack/neutron/neutron/api/extensions.py:156}}
Apr 22 21:58:42.373489 np0000169587 devstack@neutron-api.service[104205]: DEBUG neutron.api.extensions [None req-ff7bad39-d483-4ec9-b82b-ec15a3ac626f None None] Extended resource: quotas {{(pid=104205) __init__ /opt/stack/neutron/neutron/api/extensions.py:156}}
Apr 22 21:58:42.374218 np0000169587 devstack@neutron-api.service[104205]: DEBUG neutron.api.extensions [None req-ff7bad39-d483-4ec9-b82b-ec15a3ac626f None None] Extended resource: quotas {{(pid=104205) __init__ /opt/stack/neutron/neutron/api/extensions.py:156}}
Apr 22 21:58:42.375089 np0000169587 devstack@neutron-api.service[104205]: DEBUG neutron.api.extensions [None req-ff7bad39-d483-4ec9-b82b-ec15a3ac626f None None] Extended resource: rbac-policies {{(pid=104205) __init__ /opt/stack/neutron/neutron/api/extensions.py:156}}
Apr 22 21:58:42.376704 np0000169587 devstack@neutron-api.service[104205]: DEBUG neutron.api.extensions [None req-ff7bad39-d483-4ec9-b82b-ec15a3ac626f None None] Extended resource: default-security-group-rules {{(pid=104205) __init__ /opt/stack/neutron/neutron/api/extensions.py:156}}
Apr 22 21:58:42.377197 np0000169587 devstack@neutron-api.service[104204]: INFO ovsdbapp.backend.ovs_idl.vlog [None req-98524055-f1e2-4845-9654-22566dfb970b None None] ssl:199.204.45.115:6641: connected
Apr 22 21:58:42.377267 np0000169587 devstack@neutron-api.service[104205]: DEBUG neutron.api.extensions [None req-ff7bad39-d483-4ec9-b82b-ec15a3ac626f None None] Extended resource: security-groups {{(pid=104205) __init__ /opt/stack/neutron/neutron/api/extensions.py:156}}
Apr 22 21:58:42.377373 np0000169587 devstack@neutron-api.service[104202]: DEBUG neutron.plugins.ml2.drivers.ovn.mech_driver.ovsdb.maintenance [None req-cdb496d0-86fb-4d91-81c5-0cd276d5f2ed None None] Periodic task found: HashRingHealthCheckPeriodics.touch_hash_ring_node {{(pid=104202) add_periodics /opt/stack/neutron/neutron/plugins/ml2/drivers/ovn/mech_driver/ovsdb/maintenance.py:148}}
Apr 22 21:58:42.377461 np0000169587 devstack@neutron-api.service[104205]: DEBUG neutron.api.extensions [None req-ff7bad39-d483-4ec9-b82b-ec15a3ac626f None None] Extended resource: security-group-rules {{(pid=104205) __init__ /opt/stack/neutron/neutron/api/extensions.py:156}}
Apr 22 21:58:42.377461 np0000169587 devstack@neutron-api.service[104205]: DEBUG neutron.api.extensions [None req-ff7bad39-d483-4ec9-b82b-ec15a3ac626f None None] Extended resource: service-providers {{(pid=104205) __init__ /opt/stack/neutron/neutron/api/extensions.py:156}}
Apr 22 21:58:42.377578 np0000169587 devstack@neutron-api.service[104202]: INFO neutron.plugins.ml2.drivers.ovn.mech_driver.mech_driver [None req-cdb496d0-86fb-4d91-81c5-0cd276d5f2ed None None] Hash Ring probing thread for node ad9e2137a1a55189b3e3e756f2f52d54 has started
Apr 22 21:58:42.377720 np0000169587 devstack@neutron-api.service[104205]: DEBUG neutron.api.extensions [None req-ff7bad39-d483-4ec9-b82b-ec15a3ac626f None None] Extended resource: subnetpools {{(pid=104205) __init__ /opt/stack/neutron/neutron/api/extensions.py:156}}
Apr 22 21:58:42.378362 np0000169587 devstack@neutron-api.service[104205]: DEBUG neutron.api.extensions [None req-ff7bad39-d483-4ec9-b82b-ec15a3ac626f None None] Extended resource: tags {{(pid=104205) __init__ /opt/stack/neutron/neutron/api/extensions.py:156}}
Apr 22 21:58:42.379206 np0000169587 devstack@neutron-api.service[104205]: DEBUG neutron.api.extensions [None req-ff7bad39-d483-4ec9-b82b-ec15a3ac626f None None] Extended resource: tags {{(pid=104205) __init__ /opt/stack/neutron/neutron/api/extensions.py:156}}
Apr 22 21:58:42.380777 np0000169587 devstack@neutron-api.service[104205]: DEBUG neutron.api.extensions [None req-ff7bad39-d483-4ec9-b82b-ec15a3ac626f None None] Extended resource: tags {{(pid=104205) __init__ /opt/stack/neutron/neutron/api/extensions.py:156}}
Apr 22 21:58:42.381512 np0000169587 devstack@neutron-api.service[104205]: DEBUG neutron.api.extensions [None req-ff7bad39-d483-4ec9-b82b-ec15a3ac626f None None] Extended resource: tags {{(pid=104205) __init__ /opt/stack/neutron/neutron/api/extensions.py:156}}
Apr 22 21:58:42.382282 np0000169587 devstack@neutron-api.service[104205]: DEBUG neutron.api.extensions [None req-ff7bad39-d483-4ec9-b82b-ec15a3ac626f None None] Extended resource: tags {{(pid=104205) __init__ /opt/stack/neutron/neutron/api/extensions.py:156}}
Apr 22 21:58:42.383261 np0000169587 devstack@neutron-api.service[104205]: DEBUG neutron.api.extensions [None req-ff7bad39-d483-4ec9-b82b-ec15a3ac626f None None] Extended resource: tags {{(pid=104205) __init__ /opt/stack/neutron/neutron/api/extensions.py:156}}
Apr 22 21:58:42.384036 np0000169587 devstack@neutron-api.service[104205]: DEBUG neutron.api.extensions [None req-ff7bad39-d483-4ec9-b82b-ec15a3ac626f None None] Extended resource: tags {{(pid=104205) __init__ /opt/stack/neutron/neutron/api/extensions.py:156}}
Apr 22 21:58:42.384835 np0000169587 devstack@neutron-api.service[104205]: DEBUG neutron.api.extensions [None req-ff7bad39-d483-4ec9-b82b-ec15a3ac626f None None] Extended resource: tags {{(pid=104205) __init__ /opt/stack/neutron/neutron/api/extensions.py:156}}
Apr 22 21:58:42.385606 np0000169587 devstack@neutron-api.service[104205]: DEBUG neutron.api.extensions [None req-ff7bad39-d483-4ec9-b82b-ec15a3ac626f None None] Extended resource: tags {{(pid=104205) __init__ /opt/stack/neutron/neutron/api/extensions.py:156}}
Apr 22 21:58:42.386542 np0000169587 devstack@neutron-api.service[104205]: DEBUG neutron.api.extensions [None req-ff7bad39-d483-4ec9-b82b-ec15a3ac626f None None] Extended resource: tags {{(pid=104205) __init__ /opt/stack/neutron/neutron/api/extensions.py:156}}
Apr 22 21:58:42.388988 np0000169587 devstack@neutron-api.service[104202]: INFO neutron.plugins.ml2.drivers.ovn.mech_driver.ovsdb.impl_idl_ovn [None req-cdb496d0-86fb-4d91-81c5-0cd276d5f2ed None None] Getting OvsdbNbOvnIdl for WorkerService with retry
Apr 22 21:58:42.390456 np0000169587 devstack@neutron-api.service[104205]: WARNING keystonemiddleware.auth_token [None req-ff7bad39-d483-4ec9-b82b-ec15a3ac626f None None] AuthToken middleware is set with keystone_authtoken.service_token_roles_required set to False. This is backwards compatible but deprecated behaviour. Please set this to True.
Apr 22 21:58:42.397736 np0000169587 devstack@neutron-api.service[104205]: DEBUG neutron_lib.callbacks.manager [None req-ff7bad39-d483-4ec9-b82b-ec15a3ac626f None None] Publish callbacks ['neutron.plugins.ml2.drivers.ovn.mech_driver.mech_driver.OVNMechanismDriver.pre_fork_initialize-1969230'] for process (None), before_spawn {{(pid=104205) _notify_loop /opt/stack/data/venv/lib/python3.12/site-packages/neutron_lib/callbacks/manager.py:184}}
Apr 22 21:58:42.398185 np0000169587 devstack@neutron-api.service[104205]: DEBUG oslo_concurrency.processutils [None req-ff7bad39-d483-4ec9-b82b-ec15a3ac626f None None] Running cmd (subprocess): ovsdb-client transact ssl:199.204.45.115:6641 --timeout 180 -p /opt/stack/data/CA/int-ca/private/devstack-cert.key -c /opt/stack/data/CA/int-ca/devstack-cert.crt -C /opt/stack/data/CA/int-ca/ca-chain.pem ["OVN_Northbound", {"op": "wait", "timeout": 0, "table": "Port_Group", "where": [["name", "==", "neutron_pg_drop"]], "until": "==", "rows": []}, {"op": "insert", "table": "ACL", "row": {"action": "drop", "direction": "to-lport", "match": "outport == @neutron_pg_drop && ip", "priority": 1001}, "uuid-name": "droptoport"}, {"op": "insert", "table": "ACL", "row": {"action": "drop", "direction": "from-lport", "match": "inport == @neutron_pg_drop && ip", "priority": 1001}, "uuid-name": "dropfromport"}, {"op": "insert", "table": "Port_Group", "row": {"name": "neutron_pg_drop", "acls": ["set", [["named-uuid", "droptoport"], ["named-uuid", "dropfromport"]]]}}] {{(pid=104205) execute /opt/stack/data/venv/lib/python3.12/site-packages/oslo_concurrency/processutils.py:440}}
Apr 22 21:58:42.413576 np0000169587 devstack@neutron-api.service[104204]: DEBUG neutron.common.ovn.hash_ring_manager [None req-98524055-f1e2-4845-9654-22566dfb970b None None] Disallow caching, nodes 3<4 {{(pid=104204) _wait_startup_before_caching /opt/stack/neutron/neutron/common/ovn/hash_ring_manager.py:72}}
Apr 22 21:58:42.419296 np0000169587 devstack@neutron-api.service[104204]: DEBUG neutron.common.ovn.hash_ring_manager [None req-98524055-f1e2-4845-9654-22566dfb970b None None] Hash Ring loaded. 3 active nodes. 0 offline nodes {{(pid=104204) _load_hash_ring /opt/stack/neutron/neutron/common/ovn/hash_ring_manager.py:102}}
Apr 22 21:58:42.426454 np0000169587 devstack@neutron-api.service[104204]: DEBUG neutron.common.ovn.hash_ring_manager [None req-98524055-f1e2-4845-9654-22566dfb970b None None] Hash Ring loaded. 3 active nodes. 0 offline nodes {{(pid=104204) _load_hash_ring /opt/stack/neutron/neutron/common/ovn/hash_ring_manager.py:102}}
Apr 22 21:58:42.427083 np0000169587 devstack@neutron-api.service[104204]: DEBUG neutron.plugins.ml2.drivers.ovn.mech_driver.ovsdb.ovsdb_monitor [None req-98524055-f1e2-4845-9654-22566dfb970b None None] Hash Ring: Node ac12d820dc2a56c8b626f45b5ec7e169 (host: np0000169587) handling event "create" for row 831b9a2c-a311-4f45-ae11-a7b14334eafa (table: ACL) {{(pid=104204) notify /opt/stack/neutron/neutron/plugins/ml2/drivers/ovn/mech_driver/ovsdb/ovsdb_monitor.py:914}}
Apr 22 21:58:42.432353 np0000169587 devstack@neutron-api.service[104204]: DEBUG neutron.common.ovn.hash_ring_manager [None req-98524055-f1e2-4845-9654-22566dfb970b None None] Hash Ring loaded. 3 active nodes. 0 offline nodes {{(pid=104204) _load_hash_ring /opt/stack/neutron/neutron/common/ovn/hash_ring_manager.py:102}}
Apr 22 21:58:42.432353 np0000169587 devstack@neutron-api.service[104204]: DEBUG neutron.plugins.ml2.drivers.ovn.mech_driver.ovsdb.ovsdb_monitor [None req-98524055-f1e2-4845-9654-22566dfb970b None None] Hash Ring: Node ac12d820dc2a56c8b626f45b5ec7e169 (host: np0000169587) handling event "create" for row 7a097f85-e723-4423-8163-44f8056e5197 (table: Connection) {{(pid=104204) notify /opt/stack/neutron/neutron/plugins/ml2/drivers/ovn/mech_driver/ovsdb/ovsdb_monitor.py:914}}
Apr 22 21:58:42.437027 np0000169587 devstack@neutron-api.service[104204]: DEBUG neutron.common.ovn.hash_ring_manager [None req-98524055-f1e2-4845-9654-22566dfb970b None None] Hash Ring loaded. 3 active nodes. 0 offline nodes {{(pid=104204) _load_hash_ring /opt/stack/neutron/neutron/common/ovn/hash_ring_manager.py:102}}
Apr 22 21:58:42.437838 np0000169587 devstack@neutron-api.service[104202]: DEBUG ovsdbapp.backend.ovs_idl [None req-cdb496d0-86fb-4d91-81c5-0cd276d5f2ed None None] Created lookup_table index Logical_Switch.name {{(pid=104202) autocreate_indices /opt/stack/data/venv/lib/python3.12/site-packages/ovsdbapp/backend/ovs_idl/__init__.py:87}}
Apr 22 21:58:42.437989 np0000169587 devstack@neutron-api.service[104202]: DEBUG ovsdbapp.backend.ovs_idl [None req-cdb496d0-86fb-4d91-81c5-0cd276d5f2ed None None] Created lookup_table index Logical_Router.name {{(pid=104202) autocreate_indices /opt/stack/data/venv/lib/python3.12/site-packages/ovsdbapp/backend/ovs_idl/__init__.py:87}}
Apr 22 21:58:42.438339 np0000169587 devstack@neutron-api.service[104202]: DEBUG ovsdbapp.backend.ovs_idl [None req-cdb496d0-86fb-4d91-81c5-0cd276d5f2ed None None] Created lookup_table index Load_Balancer.name {{(pid=104202) autocreate_indices /opt/stack/data/venv/lib/python3.12/site-packages/ovsdbapp/backend/ovs_idl/__init__.py:87}}
Apr 22 21:58:42.438339 np0000169587 devstack@neutron-api.service[104202]: DEBUG ovsdbapp.backend.ovs_idl [None req-cdb496d0-86fb-4d91-81c5-0cd276d5f2ed None None] Created schema index Copp.name {{(pid=104202) autocreate_indices /opt/stack/data/venv/lib/python3.12/site-packages/ovsdbapp/backend/ovs_idl/__init__.py:106}}
Apr 22 21:58:42.438588 np0000169587 devstack@neutron-api.service[104202]: DEBUG ovsdbapp.backend.ovs_idl [None req-cdb496d0-86fb-4d91-81c5-0cd276d5f2ed None None] Created schema index Meter.name {{(pid=104202) autocreate_indices /opt/stack/data/venv/lib/python3.12/site-packages/ovsdbapp/backend/ovs_idl/__init__.py:106}}
Apr 22 21:58:42.438588 np0000169587 devstack@neutron-api.service[104202]: DEBUG ovsdbapp.backend.ovs_idl [None req-cdb496d0-86fb-4d91-81c5-0cd276d5f2ed None None] Created schema index Load_Balancer_Group.name {{(pid=104202) autocreate_indices /opt/stack/data/venv/lib/python3.12/site-packages/ovsdbapp/backend/ovs_idl/__init__.py:106}}
Apr 22 21:58:42.438814 np0000169587 devstack@neutron-api.service[104202]: DEBUG ovsdbapp.backend.ovs_idl [None req-cdb496d0-86fb-4d91-81c5-0cd276d5f2ed None None] Created schema index HA_Chassis_Group.name {{(pid=104202) autocreate_indices /opt/stack/data/venv/lib/python3.12/site-packages/ovsdbapp/backend/ovs_idl/__init__.py:106}}
Apr 22 21:58:42.438814 np0000169587 devstack@neutron-api.service[104202]: DEBUG ovsdbapp.backend.ovs_idl [None req-cdb496d0-86fb-4d91-81c5-0cd276d5f2ed None None] Created schema index Address_Set.name {{(pid=104202) autocreate_indices /opt/stack/data/venv/lib/python3.12/site-packages/ovsdbapp/backend/ovs_idl/__init__.py:106}}
Apr 22 21:58:42.438921 np0000169587 devstack@neutron-api.service[104202]: DEBUG ovsdbapp.backend.ovs_idl [None req-cdb496d0-86fb-4d91-81c5-0cd276d5f2ed None None] Created schema index Connection.target {{(pid=104202) autocreate_indices /opt/stack/data/venv/lib/python3.12/site-packages/ovsdbapp/backend/ovs_idl/__init__.py:106}}
Apr 22 21:58:42.439027 np0000169587 devstack@neutron-api.service[104202]: DEBUG ovsdbapp.backend.ovs_idl [None req-cdb496d0-86fb-4d91-81c5-0cd276d5f2ed None None] Created schema index Gateway_Chassis.name {{(pid=104202) autocreate_indices /opt/stack/data/venv/lib/python3.12/site-packages/ovsdbapp/backend/ovs_idl/__init__.py:106}}
Apr 22 21:58:42.439161 np0000169587 devstack@neutron-api.service[104202]: DEBUG ovsdbapp.backend.ovs_idl [None req-cdb496d0-86fb-4d91-81c5-0cd276d5f2ed None None] Created schema index Mirror.name {{(pid=104202) autocreate_indices /opt/stack/data/venv/lib/python3.12/site-packages/ovsdbapp/backend/ovs_idl/__init__.py:106}}
Apr 22 21:58:42.439271 np0000169587 devstack@neutron-api.service[104202]: DEBUG ovsdbapp.backend.ovs_idl [None req-cdb496d0-86fb-4d91-81c5-0cd276d5f2ed None None] Created schema index Chassis_Template_Var.chassis {{(pid=104202) autocreate_indices /opt/stack/data/venv/lib/python3.12/site-packages/ovsdbapp/backend/ovs_idl/__init__.py:106}}
Apr 22 21:58:42.439403 np0000169587 devstack@neutron-api.service[104202]: DEBUG ovsdbapp.backend.ovs_idl [None req-cdb496d0-86fb-4d91-81c5-0cd276d5f2ed None None] Created schema index Logical_Router_Port.name {{(pid=104202) autocreate_indices /opt/stack/data/venv/lib/python3.12/site-packages/ovsdbapp/backend/ovs_idl/__init__.py:106}}
Apr 22 21:58:42.439512 np0000169587 devstack@neutron-api.service[104202]: DEBUG ovsdbapp.backend.ovs_idl [None req-cdb496d0-86fb-4d91-81c5-0cd276d5f2ed None None] Created schema index Port_Group.name {{(pid=104202) autocreate_indices /opt/stack/data/venv/lib/python3.12/site-packages/ovsdbapp/backend/ovs_idl/__init__.py:106}}
Apr 22 21:58:42.439629 np0000169587 devstack@neutron-api.service[104202]: DEBUG ovsdbapp.backend.ovs_idl [None req-cdb496d0-86fb-4d91-81c5-0cd276d5f2ed None None] Created schema index Logical_Switch_Port.name {{(pid=104202) autocreate_indices /opt/stack/data/venv/lib/python3.12/site-packages/ovsdbapp/backend/ovs_idl/__init__.py:106}}
Apr 22 21:58:42.442539 np0000169587 devstack@neutron-api.service[104202]: INFO ovsdbapp.backend.ovs_idl.vlog [None req-cdb496d0-86fb-4d91-81c5-0cd276d5f2ed None None] ssl:199.204.45.115:6641: connecting...
Apr 22 21:58:42.443126 np0000169587 devstack@neutron-api.service[104204]: DEBUG neutron.common.ovn.hash_ring_manager [None req-98524055-f1e2-4845-9654-22566dfb970b None None] Hash Ring loaded. 3 active nodes. 0 offline nodes {{(pid=104204) _load_hash_ring /opt/stack/neutron/neutron/common/ovn/hash_ring_manager.py:102}}
Apr 22 21:58:42.443836 np0000169587 devstack@neutron-api.service[104205]: DEBUG oslo_concurrency.processutils [None req-ff7bad39-d483-4ec9-b82b-ec15a3ac626f None None] CMD "ovsdb-client transact ssl:199.204.45.115:6641 --timeout 180 -p /opt/stack/data/CA/int-ca/private/devstack-cert.key -c /opt/stack/data/CA/int-ca/devstack-cert.crt -C /opt/stack/data/CA/int-ca/ca-chain.pem ["OVN_Northbound", {"op": "wait", "timeout": 0, "table": "Port_Group", "where": [["name", "==", "neutron_pg_drop"]], "until": "==", "rows": []}, {"op": "insert", "table": "ACL", "row": {"action": "drop", "direction": "to-lport", "match": "outport == @neutron_pg_drop && ip", "priority": 1001}, "uuid-name": "droptoport"}, {"op": "insert", "table": "ACL", "row": {"action": "drop", "direction": "from-lport", "match": "inport == @neutron_pg_drop && ip", "priority": 1001}, "uuid-name": "dropfromport"}, {"op": "insert", "table": "Port_Group", "row": {"name": "neutron_pg_drop", "acls": ["set", [["named-uuid", "droptoport"], ["named-uuid", "dropfromport"]]]}}]" returned: 0 in 0.044s {{(pid=104205) execute /opt/stack/data/venv/lib/python3.12/site-packages/oslo_concurrency/processutils.py:468}}
Apr 22 21:58:42.445294 np0000169587 devstack@neutron-api.service[104205]: DEBUG neutron_lib.callbacks.manager [None req-ff7bad39-d483-4ec9-b82b-ec15a3ac626f None None] Publish callbacks ['neutron.plugins.ml2.drivers.ovn.mech_driver.mech_driver.OVNMechanismDriver.post_fork_initialize-1969270', 'neutron.services.ovn_l3.plugin.OVNL3RouterPlugin._post_fork_initialize-32798247'] for process (None), after_init {{(pid=104205) _notify_loop /opt/stack/data/venv/lib/python3.12/site-packages/neutron_lib/callbacks/manager.py:184}}
Apr 22 21:58:42.446830 np0000169587 devstack@neutron-api.service[104205]: DEBUG oslo_concurrency.lockutils [None req-ff7bad39-d483-4ec9-b82b-ec15a3ac626f None None] Acquiring lock "singleton_lock" {{(pid=104205) lock /opt/stack/data/venv/lib/python3.12/site-packages/oslo_concurrency/lockutils.py:390}}
Apr 22 21:58:42.447081 np0000169587 devstack@neutron-api.service[104205]: DEBUG oslo_concurrency.lockutils [None req-ff7bad39-d483-4ec9-b82b-ec15a3ac626f None None] Acquired lock "singleton_lock" {{(pid=104205) lock /opt/stack/data/venv/lib/python3.12/site-packages/oslo_concurrency/lockutils.py:393}}
Apr 22 21:58:42.447220 np0000169587 devstack@neutron-api.service[104202]: INFO ovsdbapp.backend.ovs_idl.vlog [None req-cdb496d0-86fb-4d91-81c5-0cd276d5f2ed None None] ssl:199.204.45.115:6641: connected
Apr 22 21:58:42.448074 np0000169587 devstack@neutron-api.service[104205]: DEBUG oslo_concurrency.lockutils [None req-ff7bad39-d483-4ec9-b82b-ec15a3ac626f None None] Releasing lock "singleton_lock" {{(pid=104205) lock /opt/stack/data/venv/lib/python3.12/site-packages/oslo_concurrency/lockutils.py:413}}
Apr 22 21:58:42.448831 np0000169587 devstack@neutron-api.service[104204]: DEBUG neutron.common.ovn.hash_ring_manager [None req-98524055-f1e2-4845-9654-22566dfb970b None None] Hash Ring loaded. 3 active nodes. 0 offline nodes {{(pid=104204) _load_hash_ring /opt/stack/neutron/neutron/common/ovn/hash_ring_manager.py:102}}
Apr 22 21:58:42.449018 np0000169587 devstack@neutron-api.service[104204]: DEBUG neutron.plugins.ml2.drivers.ovn.mech_driver.ovsdb.ovsdb_monitor [None req-98524055-f1e2-4845-9654-22566dfb970b None None] Hash Ring: Node ac12d820dc2a56c8b626f45b5ec7e169 (host: np0000169587) handling event "create" for row fbe1e318-5279-4c6b-bd01-b451c22c8bb7 (table: SSL) {{(pid=104204) notify /opt/stack/neutron/neutron/plugins/ml2/drivers/ovn/mech_driver/ovsdb/ovsdb_monitor.py:914}}
Apr 22 21:58:42.450358 np0000169587 devstack@neutron-api.service[104204]: INFO neutron.plugins.ml2.drivers.ovn.mech_driver.ovsdb.impl_idl_ovn [None req-98524055-f1e2-4845-9654-22566dfb970b None None] Getting OvsdbSbOvnIdl for WorkerService with retry
Apr 22 21:58:42.451391 np0000169587 devstack@neutron-api.service[104205]: DEBUG neutron.plugins.ml2.drivers.ovn.mech_driver.mech_driver [None req-ff7bad39-d483-4ec9-b82b-ec15a3ac626f None None] Hash Ring setup using WSGI start time 2026-04-22 21:58:35+00:00 {{(pid=104205) _init_hash_ring /opt/stack/neutron/neutron/plugins/ml2/drivers/ovn/mech_driver/mech_driver.py:402}}
Apr 22 21:58:42.457844 np0000169587 devstack@neutron-api.service[104205]: INFO neutron.db.ovn_hash_ring_db [None req-ff7bad39-d483-4ec9-b82b-ec15a3ac626f None None] Nodes from host "np0000169587" and group "mechanism_driver" removed from the Hash Ring created at 2026-04-22 21:58:35+00:00
Apr 22 21:58:42.463552 np0000169587 devstack@neutron-api.service[104205]: INFO neutron.db.ovn_hash_ring_db [None req-ff7bad39-d483-4ec9-b82b-ec15a3ac626f None None] Node 2d7d2a97baf05991a32dc07ed3689748 from host "np0000169587" and group "mechanism_driver" added to the Hash Ring
Apr 22 21:58:42.464414 np0000169587 devstack@neutron-api.service[104205]: DEBUG neutron.plugins.ml2.drivers.ovn.mech_driver.mech_driver [None req-ff7bad39-d483-4ec9-b82b-ec15a3ac626f None None] Hash Ring setup, this worker has detected 4 OVN hash ring registers in the database {{(pid=104205) _init_hash_ring /opt/stack/neutron/neutron/plugins/ml2/drivers/ovn/mech_driver/mech_driver.py:412}}
Apr 22 21:58:42.472067 np0000169587 devstack@neutron-api.service[104205]: DEBUG neutron.plugins.ml2.drivers.ovn.mech_driver.ovsdb.maintenance [None req-ff7bad39-d483-4ec9-b82b-ec15a3ac626f None None] Periodic task found: HashRingHealthCheckPeriodics.touch_hash_ring_node {{(pid=104205) add_periodics /opt/stack/neutron/neutron/plugins/ml2/drivers/ovn/mech_driver/ovsdb/maintenance.py:148}}
Apr 22 21:58:42.473476 np0000169587 devstack@neutron-api.service[104205]: INFO neutron.plugins.ml2.drivers.ovn.mech_driver.mech_driver [None req-ff7bad39-d483-4ec9-b82b-ec15a3ac626f None None] Hash Ring probing thread for node 2d7d2a97baf05991a32dc07ed3689748 has started
Apr 22 21:58:42.474333 np0000169587 devstack@neutron-api.service[104205]: INFO neutron.plugins.ml2.drivers.ovn.mech_driver.ovsdb.impl_idl_ovn [None req-ff7bad39-d483-4ec9-b82b-ec15a3ac626f None None] Getting OvsdbNbOvnIdl for WorkerService with retry
Apr 22 21:58:42.475282 np0000169587 devstack@neutron-api.service[104202]: DEBUG neutron.common.ovn.hash_ring_manager [None req-cdb496d0-86fb-4d91-81c5-0cd276d5f2ed None None] Allow caching, nodes 4>=4 {{(pid=104202) _wait_startup_before_caching /opt/stack/neutron/neutron/common/ovn/hash_ring_manager.py:65}}
Apr 22 21:58:42.480038 np0000169587 devstack@neutron-api.service[104202]: DEBUG neutron.common.ovn.hash_ring_manager [None req-cdb496d0-86fb-4d91-81c5-0cd276d5f2ed None None] Hash Ring loaded. 4 active nodes. 0 offline nodes {{(pid=104202) _load_hash_ring /opt/stack/neutron/neutron/common/ovn/hash_ring_manager.py:102}}
Apr 22 21:58:42.480038 np0000169587 devstack@neutron-api.service[104202]: DEBUG neutron.plugins.ml2.drivers.ovn.mech_driver.ovsdb.ovsdb_monitor [None req-cdb496d0-86fb-4d91-81c5-0cd276d5f2ed None None] Hash Ring: Node ad9e2137a1a55189b3e3e756f2f52d54 (host: np0000169587) handling event "create" for row 199cb87c-c75b-425b-a1d3-b3a3cb5055a2 (table: ACL) {{(pid=104202) notify /opt/stack/neutron/neutron/plugins/ml2/drivers/ovn/mech_driver/ovsdb/ovsdb_monitor.py:914}}
Apr 22 21:58:42.480507 np0000169587 devstack@neutron-api.service[104202]: DEBUG neutron.plugins.ml2.drivers.ovn.mech_driver.ovsdb.ovsdb_monitor [None req-cdb496d0-86fb-4d91-81c5-0cd276d5f2ed None None] Hash Ring: Node ad9e2137a1a55189b3e3e756f2f52d54 (host: np0000169587) handling event "create" for row ef748d04-6503-44d2-8a7c-ec6f19e4c690 (table: Port_Group) {{(pid=104202) notify /opt/stack/neutron/neutron/plugins/ml2/drivers/ovn/mech_driver/ovsdb/ovsdb_monitor.py:914}}
Apr 22 21:58:42.481474 np0000169587 devstack@neutron-api.service[104202]: INFO neutron.plugins.ml2.drivers.ovn.mech_driver.ovsdb.impl_idl_ovn [None req-cdb496d0-86fb-4d91-81c5-0cd276d5f2ed None None] Getting OvsdbSbOvnIdl for WorkerService with retry
Apr 22 21:58:42.482679 np0000169587 devstack@neutron-api.service[104204]: DEBUG ovsdbapp.backend.ovs_idl [None req-98524055-f1e2-4845-9654-22566dfb970b None None] Created lookup_table index Chassis.name {{(pid=104204) autocreate_indices /opt/stack/data/venv/lib/python3.12/site-packages/ovsdbapp/backend/ovs_idl/__init__.py:87}}
Apr 22 21:58:42.482679 np0000169587 devstack@neutron-api.service[104204]: DEBUG ovsdbapp.backend.ovs_idl [None req-98524055-f1e2-4845-9654-22566dfb970b None None] Created lookup_table index Port_Binding.logical_port {{(pid=104204) autocreate_indices /opt/stack/data/venv/lib/python3.12/site-packages/ovsdbapp/backend/ovs_idl/__init__.py:87}}
Apr 22 21:58:42.482679 np0000169587 devstack@neutron-api.service[104204]: DEBUG ovsdbapp.backend.ovs_idl [None req-98524055-f1e2-4845-9654-22566dfb970b None None] Created schema index Chassis_Private.name {{(pid=104204) autocreate_indices /opt/stack/data/venv/lib/python3.12/site-packages/ovsdbapp/backend/ovs_idl/__init__.py:106}}
