2026-04-28 05:37:33.536 6 INFO neutron.api.v2.resource [None req-063749fb-c559-46b4-82a0-16dd956971ad 62b5acab9fe74493ab0282239e384d75 ccfcf43c515d463c8e4d3ca70a51f599 - - default default] delete failed (client error): The resource could not be found. [pid: 6|app: 0|req: 1582/3118] 10.0.0.123 () {32 vars in 744 bytes} [Tue Apr 28 05:37:33 2026] DELETE /v2.0/vpn/ipsecpolicies/5eaebf92-9066-4270-b9e7-942d6b3bfa8d => generated 145 bytes in 11 msecs (HTTP/1.1 404) 4 headers in 164 bytes (1 switches on core 0)
2026-04-28 05:37:33.627 7 INFO neutron.db.segments_db [None req-103b8ef4-7381-4bdf-af31-edbcbb5784a5 62b5acab9fe74493ab0282239e384d75 ccfcf43c515d463c8e4d3ca70a51f599 - - default default] Added segment 34ae9847-3d5b-46a3-ba53-d982c72812bc of type geneve for network 63d95c05-fb63-4660-9632-0272939848aa
2026-04-28 05:37:33.733 7 INFO neutron.db.ovn_revision_numbers_db [None req-103b8ef4-7381-4bdf-af31-edbcbb5784a5 62b5acab9fe74493ab0282239e384d75 ccfcf43c515d463c8e4d3ca70a51f599 - - default default] Successfully bumped revision number for resource 63d95c05-fb63-4660-9632-0272939848aa (type: networks) to 1
2026-04-28 05:37:33.912 7 WARNING neutron.scheduler.dhcp_agent_scheduler [None req-103b8ef4-7381-4bdf-af31-edbcbb5784a5 62b5acab9fe74493ab0282239e384d75 ccfcf43c515d463c8e4d3ca70a51f599 - - default default] No more DHCP agents
2026-04-28 05:37:33.913 7 WARNING neutron.api.rpc.agentnotifiers.dhcp_rpc_agent_api [None req-103b8ef4-7381-4bdf-af31-edbcbb5784a5 62b5acab9fe74493ab0282239e384d75 ccfcf43c515d463c8e4d3ca70a51f599 - - default default] Unable to schedule network 63d95c05-fb63-4660-9632-0272939848aa: no agents available; will retry on subsequent port and subnet creation events.
2026-04-28 05:37:33.977 6 INFO neutron.plugins.ml2.drivers.ovn.mech_driver.mech_driver [None req-ea76a1d9-59eb-4438-9ffb-c87388b174bb - - - - - -] OVN reports status down for port: 27a2da64-7356-49f6-aab3-9cffb4d73704
2026-04-28 05:37:34.007 7 WARNING neutron.plugins.ml2.drivers.ovn.mech_driver.ovsdb.ovn_client [None req-c0c43204-8cad-465b-a995-d1b230473d39 - - - - - -] No hosting information found for port ddbbded1-35f4-4477-8d4c-9b019c40428f: RuntimeError: No hosting information found for port ddbbded1-35f4-4477-8d4c-9b019c40428f
2026-04-28 05:37:34.023 7 INFO neutron.db.ovn_revision_numbers_db [None req-103b8ef4-7381-4bdf-af31-edbcbb5784a5 62b5acab9fe74493ab0282239e384d75 ccfcf43c515d463c8e4d3ca70a51f599 - - default default] Successfully bumped revision number for resource 27a2da64-7356-49f6-aab3-9cffb4d73704 (type: ports) to 1 [pid: 7|app: 0|req: 1537/3119] 10.0.0.123 () {34 vars in 670 bytes} [Tue Apr 28 05:37:33 2026] POST /v2.0/networks => generated 650 bytes in 533 msecs (HTTP/1.1 201) 4 headers in 162 bytes (1 switches on core 0)
2026-04-28 05:37:34.126 7 INFO neutron.db.ovn_revision_numbers_db [None req-c0c43204-8cad-465b-a995-d1b230473d39 - - - - - -] Successfully bumped revision number for resource ddbbded1-35f4-4477-8d4c-9b019c40428f (type: router_ports) to 2
2026-04-28 05:37:34.126 7 INFO neutron.plugins.ml2.drivers.ovn.mech_driver.mech_driver [None req-c0c43204-8cad-465b-a995-d1b230473d39 - - - - - -] OVN reports status up for port: bb39c347-e906-405f-a88c-11b70cca72c7
2026-04-28 05:37:34.136 7 INFO neutron.plugins.ml2.plugin [None req-c0c43204-8cad-465b-a995-d1b230473d39 - - - - - -] Attempt 1 to provision port bb39c347-e906-405f-a88c-11b70cca72c7
2026-04-28 05:37:34.261 6 WARNING neutron.scheduler.dhcp_agent_scheduler [None req-b4d2838c-56cc-44bb-a039-4f3a67e74c71 62b5acab9fe74493ab0282239e384d75 ccfcf43c515d463c8e4d3ca70a51f599 - - default default] No more DHCP agents
2026-04-28 05:37:34.262 6 WARNING neutron.api.rpc.agentnotifiers.dhcp_rpc_agent_api [None req-b4d2838c-56cc-44bb-a039-4f3a67e74c71 62b5acab9fe74493ab0282239e384d75 ccfcf43c515d463c8e4d3ca70a51f599 - - default default] Unable to schedule network 63d95c05-fb63-4660-9632-0272939848aa: no agents available; will retry on subsequent port and subnet creation events.
2026-04-28 05:37:34.348 7 INFO neutron.db.ovn_revision_numbers_db [None req-c0c43204-8cad-465b-a995-d1b230473d39 - - - - - -] Successfully bumped revision number for resource bb39c347-e906-405f-a88c-11b70cca72c7 (type: ports) to 4
2026-04-28 05:37:34.440 7 INFO neutron.plugins.ml2.drivers.ovn.mech_driver.mech_driver [None req-11b996d9-4d45-4594-b00b-0386c834cd46 - - - - - -] OVN reports status down for port: 493959d5-46d2-4757-988f-10cad9d9c846
2026-04-28 05:37:34.485 7 INFO neutron.plugins.ml2.drivers.ovn.mech_driver.mech_driver [None req-11b996d9-4d45-4594-b00b-0386c834cd46 - - - - - -] OVN reports status down for port: 82d63e59-7910-4398-9b2f-9a8420f114b5
2026-04-28 05:37:34.498 7 INFO neutron.plugins.ml2.drivers.ovn.mech_driver.mech_driver [None req-11b996d9-4d45-4594-b00b-0386c834cd46 - - - - - -] OVN reports status up for port: 82d63e59-7910-4398-9b2f-9a8420f114b5 /var/lib/openstack/lib/python3.12/site-packages/pycadf/identifier.py:70: UserWarning: Invalid uuid: neutron. To ensure interoperability, identifiers should be a valid uuid. warnings.warn(('Invalid uuid: %s. To ensure interoperability, '
2026-04-28 05:37:34.730 6 INFO neutron.db.ovn_revision_numbers_db [None req-7b165c1b-c10d-4023-8226-44789a388926 - - - - - -] Successfully bumped revision number for resource 27a2da64-7356-49f6-aab3-9cffb4d73704 (type: ports) to 2
2026-04-28 05:37:34.765 6 INFO neutron.db.ovn_revision_numbers_db [None req-7b165c1b-c10d-4023-8226-44789a388926 - - - - - -] Successfully bumped revision number for resource 872162ae-bc99-4c49-b62f-0a069d921fd6 (type: subnets) to 0 [pid: 6|app: 0|req: 1583/3120] 10.0.0.123 () {34 vars in 669 bytes} [Tue Apr 28 05:37:34 2026] POST /v2.0/subnets => generated 629 bytes in 700 msecs (HTTP/1.1 201) 4 headers in 162 bytes (1 switches on core 0)
2026-04-28 05:37:34.871 7 INFO neutron_taas.services.taas.taas_plugin [None req-4c8d007b-cb19-4937-a5ec-35512f80e15c 92674fed772f4ad3bfa9fe13ea0e2f37 f09f75af6d904b888506a9fc23d52c8e - - default default] TaaS: Handle Delete Port: fde2dca4-c68c-4536-ba2b-53799965d932
2026-04-28 05:37:34.874 7 INFO neutron_taas.services.taas.tap_mirror_plugin [None req-4c8d007b-cb19-4937-a5ec-35512f80e15c 92674fed772f4ad3bfa9fe13ea0e2f37 f09f75af6d904b888506a9fc23d52c8e - - default default] Tap Mirror: Handle Delete Port: fde2dca4-c68c-4536-ba2b-53799965d932
2026-04-28 05:37:35.087 7 INFO neutron.db.l3_db [None req-4c8d007b-cb19-4937-a5ec-35512f80e15c 92674fed772f4ad3bfa9fe13ea0e2f37 f09f75af6d904b888506a9fc23d52c8e - - default default] Floating IP faaff2e4-c218-4260-b183-7cfeefd7b504 disassociated (deleted). External IP: 10.96.250.211, port: 1bc6f5fd-51ee-44ae-b87d-342a8d283b90. [pid: 7|app: 0|req: 1538/3121] 10.0.0.123 () {32 vars in 732 bytes} [Tue Apr 28 05:37:34 2026] DELETE /v2.0/floatingips/faaff2e4-c218-4260-b183-7cfeefd7b504 => generated 0 bytes in 402 msecs (HTTP/1.1 204) 2 headers in 112 bytes (1 switches on core 0) /var/lib/openstack/lib/python3.12/site-packages/pycadf/identifier.py:70: UserWarning: Invalid uuid: neutron. To ensure interoperability, identifiers should be a valid uuid. warnings.warn(('Invalid uuid: %s. To ensure interoperability, '
2026-04-28 05:37:35.145 7 INFO neutron.api.v2.resource [None req-08d5bb02-d7e5-489e-bd17-5207b36ae1f2 92674fed772f4ad3bfa9fe13ea0e2f37 f09f75af6d904b888506a9fc23d52c8e - - default default] show failed (client error): The resource could not be found. [pid: 7|app: 0|req: 1539/3122] 10.0.0.123 () {32 vars in 729 bytes} [Tue Apr 28 05:37:35 2026] GET /v2.0/floatingips/faaff2e4-c218-4260-b183-7cfeefd7b504 => generated 144 bytes in 18 msecs (HTTP/1.1 404) 4 headers in 164 bytes (1 switches on core 0)
2026-04-28 05:37:35.156 7 INFO neutron.notifiers.nova [-] Nova event matching ['req-870effbc-08bf-4080-a87d-d3e8d5c25b8a'] response: {'name': 'network-changed', 'server_uuid': '9c8089f4-fd38-4a15-87d4-62efafaae7d1', 'tag': '1bc6f5fd-51ee-44ae-b87d-342a8d283b90', 'status': 'completed', 'code': 200}
2026-04-28 05:37:35.309 6 WARNING neutron.scheduler.dhcp_agent_scheduler [None req-22ffd329-a7c7-48b8-a2e9-8e1600ad8ccf 62b5acab9fe74493ab0282239e384d75 ccfcf43c515d463c8e4d3ca70a51f599 - - default default] No more DHCP agents
2026-04-28 05:37:35.310 6 WARNING neutron.api.rpc.agentnotifiers.dhcp_rpc_agent_api [None req-22ffd329-a7c7-48b8-a2e9-8e1600ad8ccf 62b5acab9fe74493ab0282239e384d75 ccfcf43c515d463c8e4d3ca70a51f599 - - default default] Unable to schedule network 7eaf043e-b4e7-40cb-a6f4-05d231e11f0b: no agents available; will retry on subsequent port and subnet creation events. [pid: 7|app: 0|req: 1540/3123] 10.0.0.120 () {34 vars in 990 bytes} [Tue Apr 28 05:37:35 2026] GET /v2.0/ports?device_id=9c8089f4-fd38-4a15-87d4-62efafaae7d1 => generated 1200 bytes in 94 msecs (HTTP/1.1 200) 4 headers in 158 bytes (1 switches on core 0) [pid: 7|app: 0|req: 1541/3124] 10.0.0.120 () {34 vars in 1040 bytes} [Tue Apr 28 05:37:35 2026] GET /v2.0/security-groups?id=7f2f2b2c-0e23-4a9a-a8b6-cf313af4d38d&fields=id&fields=name => generated 112 bytes in 56 msecs (HTTP/1.1 200) 4 headers in 157 bytes (1 switches on core 0)
2026-04-28 05:37:35.477 7 INFO neutron.plugins.ml2.drivers.ovn.mech_driver.mech_driver [None req-11b996d9-4d45-4594-b00b-0386c834cd46 - - - - - -] OVN reports status down for port: a6623744-cad9-41d2-8675-d85ebd16cab2
2026-04-28 05:37:35.479 6 INFO neutron.db.ovn_revision_numbers_db [None req-22ffd329-a7c7-48b8-a2e9-8e1600ad8ccf 62b5acab9fe74493ab0282239e384d75 ccfcf43c515d463c8e4d3ca70a51f599 - - default default] Successfully bumped revision number for resource a6623744-cad9-41d2-8675-d85ebd16cab2 (type: ports) to 1 [pid: 7|app: 0|req: 1542/3125] 199.204.45.65 () {34 vars in 1079 bytes} [Tue Apr 28 05:37:35 2026] GET /v2.0/ports?tenant_id=f09f75af6d904b888506a9fc23d52c8e&device_id=9c8089f4-fd38-4a15-87d4-62efafaae7d1 => generated 1438 bytes in 45 msecs (HTTP/1.1 200) 4 headers in 158 bytes (1 switches on core 0) [pid: 7|app: 0|req: 1543/3126] 199.204.45.65 () {34 vars in 985 bytes} [Tue Apr 28 05:37:35 2026] GET /v2.0/networks?id=61f7dc63-b55d-4e3e-adc8-abae341316c0 => generated 839 bytes in 55 msecs (HTTP/1.1 200) 4 headers in 157 bytes (1 switches on core 0) [pid: 7|app: 0|req: 1544/3127] 199.204.45.65 () {34 vars in 1057 bytes} [Tue Apr 28 05:37:35 2026] GET /v2.0/floatingips?fixed_ip_address=10.2.1.155&port_id=1bc6f5fd-51ee-44ae-b87d-342a8d283b90 => generated 19 bytes in 17 msecs (HTTP/1.1 200) 4 headers in 156 bytes (1 switches on core 0) [pid: 7|app: 0|req: 1545/3128] 199.204.45.65 () {34 vars in 1103 bytes} [Tue Apr 28 05:37:35 2026] GET /v2.0/floatingips?fixed_ip_address=fd7b%3Af9f7%3Afff%3A4eca%3A%3A2b5&port_id=1bc6f5fd-51ee-44ae-b87d-342a8d283b90 => generated 19 bytes in 20 msecs (HTTP/1.1 200) 4 headers in 156 bytes (1 switches on core 0) [pid: 7|app: 0|req: 1546/3129] 199.204.45.65 () {34 vars in 1063 bytes} [Tue Apr 28 05:37:35 2026] GET /v2.0/subnets?id=ac939512-b929-4318-86c2-38f35be3e86d&id=69af2390-3774-460b-bf66-8e13d706ffd3 => generated 1411 bytes in 29 msecs (HTTP/1.1 200) 4 headers in 158 bytes (1 switches on core 0) [pid: 7|app: 0|req: 1547/3130] 199.204.45.65 () {34 vars in 1051 bytes} [Tue Apr 28 05:37:35 2026] GET /v2.0/ports?network_id=61f7dc63-b55d-4e3e-adc8-abae341316c0&device_owner=network%3Adhcp => generated 12 bytes in 18 msecs (HTTP/1.1 200) 4 headers in 156 bytes (1 switches on core 0) [pid: 7|app: 0|req: 1548/3131] 199.204.45.65 () {34 vars in 1051 bytes} [Tue Apr 28 05:37:35 2026] GET /v2.0/ports?network_id=61f7dc63-b55d-4e3e-adc8-abae341316c0&device_owner=network%3Adhcp => generated 12 bytes in 15 msecs (HTTP/1.1 200) 4 headers in 156 bytes (1 switches on core 0) [pid: 7|app: 0|req: 1549/3132] 199.204.45.65 () {34 vars in 1011 bytes} [Tue Apr 28 05:37:35 2026] GET /v2.0/networks/61f7dc63-b55d-4e3e-adc8-abae341316c0?fields=segments => generated 14 bytes in 35 msecs (HTTP/1.1 200) 4 headers in 156 bytes (1 switches on core 0) [pid: 7|app: 0|req: 1550/3133] 199.204.45.65 () {34 vars in 1111 bytes} [Tue Apr 28 05:37:35 2026] GET /v2.0/networks/61f7dc63-b55d-4e3e-adc8-abae341316c0?fields=provider%3Aphysical_network&fields=provider%3Anetwork_type => generated 79 bytes in 39 msecs (HTTP/1.1 200) 4 headers in 156 bytes (1 switches on core 0)
2026-04-28 05:37:36.029 6 INFO neutron.plugins.ml2.drivers.ovn.mech_driver.ovsdb.commands [None req-1f1d0cbc-b5e1-41a1-8008-2825ddc754e8 - - - - - -] Schedule LRP lrp-a6623744-cad9-41d2-8675-d85ebd16cab2 on gateway b523b3b1-fe82-41b9-9f31-0b2158f52464 with priority 1
2026-04-28 05:37:36.074 7 INFO neutron.plugins.ml2.drivers.ovn.mech_driver.mech_driver [None req-11b996d9-4d45-4594-b00b-0386c834cd46 - - - - - -] OVN reports status up for port: a6623744-cad9-41d2-8675-d85ebd16cab2
2026-04-28 05:37:36.086 7 INFO neutron.plugins.ml2.plugin [None req-11b996d9-4d45-4594-b00b-0386c834cd46 - - - - - -] Attempt 1 to provision port a6623744-cad9-41d2-8675-d85ebd16cab2
2026-04-28 05:37:36.099 6 INFO neutron.db.ovn_revision_numbers_db [None req-22ffd329-a7c7-48b8-a2e9-8e1600ad8ccf 62b5acab9fe74493ab0282239e384d75 ccfcf43c515d463c8e4d3ca70a51f599 - - default default] Successfully bumped revision number for resource a6623744-cad9-41d2-8675-d85ebd16cab2 (type: router_ports) to 1
2026-04-28 05:37:36.166 6 INFO neutron.db.ovn_revision_numbers_db [None req-22ffd329-a7c7-48b8-a2e9-8e1600ad8ccf 62b5acab9fe74493ab0282239e384d75 ccfcf43c515d463c8e4d3ca70a51f599 - - default default] Successfully bumped revision number for resource 0663beb3-cccf-4934-a75c-0c636104cdc9 (type: routers) to 2 [pid: 6|app: 0|req: 1584/3134] 10.0.0.123 () {34 vars in 669 bytes} [Tue Apr 28 05:37:34 2026] POST /v2.0/routers => generated 935 bytes in 1397 msecs (HTTP/1.1 201) 4 headers in 162 bytes (1 switches on core 0)
2026-04-28 05:37:36.370 6 INFO neutron.plugins.ml2.drivers.ovn.mech_driver.mech_driver [None req-ea76a1d9-59eb-4438-9ffb-c87388b174bb - - - - - -] OVN reports status down for port: 1bc6f5fd-51ee-44ae-b87d-342a8d283b90
2026-04-28 05:37:36.508 6 INFO neutron.notifiers.nova [-] Nova event matching ['req-c647b177-a365-47b9-9db3-e070552f9f7f'] response: {'server_uuid': '9c8089f4-fd38-4a15-87d4-62efafaae7d1', 'name': 'network-vif-unplugged', 'status': 'completed', 'tag': '1bc6f5fd-51ee-44ae-b87d-342a8d283b90', 'code': 200}
2026-04-28 05:37:36.634 6 INFO neutron.db.ovn_revision_numbers_db [None req-ea76a1d9-59eb-4438-9ffb-c87388b174bb - - - - - -] Successfully bumped revision number for resource 1bc6f5fd-51ee-44ae-b87d-342a8d283b90 (type: ports) to 6
2026-04-28 05:37:36.714 7 WARNING neutron.scheduler.dhcp_agent_scheduler [None req-403f40ed-375f-4d72-9623-c142db502b43 62b5acab9fe74493ab0282239e384d75 ccfcf43c515d463c8e4d3ca70a51f599 - - default default] No more DHCP agents
2026-04-28 05:37:36.715 7 WARNING neutron.api.rpc.agentnotifiers.dhcp_rpc_agent_api [None req-403f40ed-375f-4d72-9623-c142db502b43 62b5acab9fe74493ab0282239e384d75 ccfcf43c515d463c8e4d3ca70a51f599 - - default default] Unable to schedule network 63d95c05-fb63-4660-9632-0272939848aa: no agents available; will retry on subsequent port and subnet creation events.
2026-04-28 05:37:36.842 6 INFO neutron.plugins.ml2.drivers.ovn.mech_driver.mech_driver [None req-1419877d-20c0-4c24-b556-bf03a461d1a9 - - - - - -] OVN reports status down for port: 211e2b60-794e-4068-86b0-859df9a1b200
2026-04-28 05:37:36.862 7 INFO neutron.db.ovn_revision_numbers_db [None req-403f40ed-375f-4d72-9623-c142db502b43 62b5acab9fe74493ab0282239e384d75 ccfcf43c515d463c8e4d3ca70a51f599 - - default default] Successfully bumped revision number for resource 211e2b60-794e-4068-86b0-859df9a1b200 (type: ports) to 1
2026-04-28 05:37:37.505 6 INFO neutron.plugins.ml2.drivers.ovn.mech_driver.mech_driver [None req-1419877d-20c0-4c24-b556-bf03a461d1a9 - - - - - -] OVN reports status up for port: 211e2b60-794e-4068-86b0-859df9a1b200
2026-04-28 05:37:37.517 6 INFO neutron.plugins.ml2.plugin [None req-1419877d-20c0-4c24-b556-bf03a461d1a9 - - - - - -] Attempt 1 to provision port 211e2b60-794e-4068-86b0-859df9a1b200 /var/lib/openstack/lib/python3.12/site-packages/pycadf/identifier.py:70: UserWarning: Invalid uuid: neutron. To ensure interoperability, identifiers should be a valid uuid. warnings.warn(('Invalid uuid: %s. To ensure interoperability, '
2026-04-28 05:37:37.582 7 WARNING neutron.scheduler.dhcp_agent_scheduler [None req-403f40ed-375f-4d72-9623-c142db502b43 62b5acab9fe74493ab0282239e384d75 ccfcf43c515d463c8e4d3ca70a51f599 - - default default] No more DHCP agents
2026-04-28 05:37:37.583 7 WARNING neutron.api.rpc.agentnotifiers.dhcp_rpc_agent_api [None req-403f40ed-375f-4d72-9623-c142db502b43 62b5acab9fe74493ab0282239e384d75 ccfcf43c515d463c8e4d3ca70a51f599 - - default default] Unable to schedule network 63d95c05-fb63-4660-9632-0272939848aa: no agents available; will retry on subsequent port and subnet creation events. [pid: 6|app: 0|req: 1585/3135] 199.204.45.65 () {34 vars in 993 bytes} [Tue Apr 28 05:37:37 2026] GET /v2.0/ports?device_id=9c8089f4-fd38-4a15-87d4-62efafaae7d1 => generated 1198 bytes in 152 msecs (HTTP/1.1 200) 4 headers in 158 bytes (1 switches on core 0)
2026-04-28 05:37:37.914 7 INFO neutron.db.ovn_revision_numbers_db [None req-403f40ed-375f-4d72-9623-c142db502b43 62b5acab9fe74493ab0282239e384d75 ccfcf43c515d463c8e4d3ca70a51f599 - - default default] Successfully bumped revision number for resource 211e2b60-794e-4068-86b0-859df9a1b200 (type: router_ports) to 1 [pid: 7|app: 0|req: 1551/3136] 10.0.0.123 () {34 vars in 783 bytes} [Tue Apr 28 05:37:36 2026] PUT /v2.0/routers/0663beb3-cccf-4934-a75c-0c636104cdc9/add_router_interface => generated 309 bytes in 1733 msecs (HTTP/1.1 200) 4 headers in 157 bytes (1 switches on core 0)
2026-04-28 05:37:38.003 6 INFO neutron_taas.services.taas.taas_plugin [req-fa2bc8bf-b540-4439-9feb-4841e471dfd2 req-60284cc0-89b2-4cc7-9330-ddcfcd1da162 92674fed772f4ad3bfa9fe13ea0e2f37 f09f75af6d904b888506a9fc23d52c8e - - default default] TaaS: Handle Delete Port: 1bc6f5fd-51ee-44ae-b87d-342a8d283b90
2026-04-28 05:37:38.009 6 INFO neutron_taas.services.taas.tap_mirror_plugin [req-fa2bc8bf-b540-4439-9feb-4841e471dfd2 req-60284cc0-89b2-4cc7-9330-ddcfcd1da162 92674fed772f4ad3bfa9fe13ea0e2f37 f09f75af6d904b888506a9fc23d52c8e - - default default] Tap Mirror: Handle Delete Port: 1bc6f5fd-51ee-44ae-b87d-342a8d283b90
2026-04-28 05:37:38.267 6 INFO neutron.db.ovn_revision_numbers_db [None req-1419877d-20c0-4c24-b556-bf03a461d1a9 - - - - - -] Successfully bumped revision number for resource 211e2b60-794e-4068-86b0-859df9a1b200 (type: ports) to 2 [pid: 6|app: 0|req: 1586/3137] 199.204.45.65 () {36 vars in 996 bytes} [Tue Apr 28 05:37:37 2026] DELETE /v2.0/ports/1bc6f5fd-51ee-44ae-b87d-342a8d283b90 => generated 0 bytes in 593 msecs (HTTP/1.1 204) 3 headers in 131 bytes (1 switches on core 0)
2026-04-28 05:37:38.488 7 WARNING neutron.scheduler.dhcp_agent_scheduler [None req-2d356682-24d8-4201-ac24-ad4fb3163315 - - - - - -] No more DHCP agents
2026-04-28 05:37:38.489 7 WARNING neutron.api.rpc.agentnotifiers.dhcp_rpc_agent_api [None req-2d356682-24d8-4201-ac24-ad4fb3163315 - - - - - -] Unable to schedule network 7eaf043e-b4e7-40cb-a6f4-05d231e11f0b: no agents available; will retry on subsequent port and subnet creation events.
2026-04-28 05:37:38.541 6 INFO neutron.notifiers.nova [-] Nova event matching ['req-de6e2f45-5e9a-4b6c-b2b5-9de39686f36a'] response: {'server_uuid': '9c8089f4-fd38-4a15-87d4-62efafaae7d1', 'name': 'network-vif-unplugged', 'status': 'completed', 'tag': '1bc6f5fd-51ee-44ae-b87d-342a8d283b90', 'code': 200}
2026-04-28 05:37:38.541 6 INFO neutron.notifiers.nova [-] Nova event matching ['req-de6e2f45-5e9a-4b6c-b2b5-9de39686f36a'] response: {'server_uuid': '9c8089f4-fd38-4a15-87d4-62efafaae7d1', 'name': 'network-vif-deleted', 'tag': '1bc6f5fd-51ee-44ae-b87d-342a8d283b90', 'status': 'completed', 'code': 200}
2026-04-28 05:37:38.652 7 INFO neutron.db.ovn_revision_numbers_db [None req-2d356682-24d8-4201-ac24-ad4fb3163315 - - - - - -] Successfully bumped revision number for resource 18eb4d17-89dc-4efe-adac-82d5f0ff1c5c (type: ports) to 1
2026-04-28 05:37:38.870 7 INFO neutron.db.ovn_revision_numbers_db [None req-2d356682-24d8-4201-ac24-ad4fb3163315 - - - - - -] Successfully bumped revision number for resource 18eb4d17-89dc-4efe-adac-82d5f0ff1c5c (type: ports) to 3
2026-04-28 05:37:38.936 7 INFO neutron.db.segments_db [None req-2d356682-24d8-4201-ac24-ad4fb3163315 - - - - - -] Added segment 5949930b-f3ba-4e26-9d72-81617fb4f6cf of type geneve for network ecd658ca-cd47-4679-ac3c-c50d23422390
2026-04-28 05:37:39.066 7 INFO neutron.db.ovn_revision_numbers_db [None req-fd184d23-9751-45ed-91b3-d7bff0fa6f43 - - - - - -] Successfully bumped revision number for resource ecd658ca-cd47-4679-ac3c-c50d23422390 (type: networks) to 1
2026-04-28 05:37:39.212 7 WARNING neutron.scheduler.dhcp_agent_scheduler [None req-fd184d23-9751-45ed-91b3-d7bff0fa6f43 - - - - - -] No more DHCP agents
2026-04-28 05:37:39.213 7 WARNING neutron.api.rpc.agentnotifiers.dhcp_rpc_agent_api [None req-fd184d23-9751-45ed-91b3-d7bff0fa6f43 - - - - - -] Unable to schedule network ecd658ca-cd47-4679-ac3c-c50d23422390: no agents available; will retry on subsequent port and subnet creation events.
2026-04-28 05:37:39.301 7 INFO neutron.db.ovn_revision_numbers_db [None req-fd184d23-9751-45ed-91b3-d7bff0fa6f43 - - - - - -] Successfully bumped revision number for resource 9951bb73-a04e-4e10-bd9d-b4fbbf96c824 (type: ports) to 1
2026-04-28 05:37:39.396 7 WARNING neutron.scheduler.dhcp_agent_scheduler [None req-fd184d23-9751-45ed-91b3-d7bff0fa6f43 - - - - - -] No more DHCP agents
2026-04-28 05:37:39.397 7 WARNING neutron.api.rpc.agentnotifiers.dhcp_rpc_agent_api [None req-fd184d23-9751-45ed-91b3-d7bff0fa6f43 - - - - - -] Unable to schedule network ecd658ca-cd47-4679-ac3c-c50d23422390: no agents available; will retry on subsequent port and subnet creation events.
2026-04-28 05:37:39.419 7 INFO neutron.db.ovn_revision_numbers_db [None req-fd184d23-9751-45ed-91b3-d7bff0fa6f43 - - - - - -] Successfully bumped revision number for resource 1ff9268b-d9a1-4dce-8056-40e61fcaea8b (type: subnets) to 0
2026-04-28 05:37:39.762 7 WARNING neutron.scheduler.dhcp_agent_scheduler [None req-fd184d23-9751-45ed-91b3-d7bff0fa6f43 - - - - - -] No more DHCP agents
2026-04-28 05:37:39.763 7 WARNING neutron.api.rpc.agentnotifiers.dhcp_rpc_agent_api [None req-fd184d23-9751-45ed-91b3-d7bff0fa6f43 - - - - - -] Unable to schedule network ecd658ca-cd47-4679-ac3c-c50d23422390: no agents available; will retry on subsequent port and subnet creation events.
2026-04-28 05:37:39.894 7 INFO neutron.db.ovn_revision_numbers_db [None req-fd184d23-9751-45ed-91b3-d7bff0fa6f43 - - - - - -] Successfully bumped revision number for resource 5696c7d2-f495-4738-ab0b-9175302f68a3 (type: ports) to 1
2026-04-28 05:37:40.506 7 WARNING neutron.scheduler.dhcp_agent_scheduler [None req-fd184d23-9751-45ed-91b3-d7bff0fa6f43 - - - - - -] No more DHCP agents
2026-04-28 05:37:40.507 7 WARNING neutron.api.rpc.agentnotifiers.dhcp_rpc_agent_api [None req-fd184d23-9751-45ed-91b3-d7bff0fa6f43 - - - - - -] Unable to schedule network ecd658ca-cd47-4679-ac3c-c50d23422390: no agents available; will retry on subsequent port and subnet creation events. [pid: 6|app: 0|req: 1587/3138] 10.0.0.120 () {34 vars in 990 bytes} [Tue Apr 28 05:37:40 2026] GET /v2.0/ports?device_id=9c8089f4-fd38-4a15-87d4-62efafaae7d1 => generated 12 bytes in 20 msecs (HTTP/1.1 200) 4 headers in 156 bytes (1 switches on core 0)
2026-04-28 05:37:40.939 7 INFO neutron.db.ovn_revision_numbers_db [None req-fd184d23-9751-45ed-91b3-d7bff0fa6f43 - - - - - -] Successfully bumped revision number for resource 5696c7d2-f495-4738-ab0b-9175302f68a3 (type: router_ports) to 1
2026-04-28 05:37:41.121 7 WARNING neutron.scheduler.dhcp_agent_scheduler [None req-fd184d23-9751-45ed-91b3-d7bff0fa6f43 - - - - - -] No more DHCP agents
2026-04-28 05:37:41.122 7 WARNING neutron.api.rpc.agentnotifiers.dhcp_rpc_agent_api [None req-fd184d23-9751-45ed-91b3-d7bff0fa6f43 - - - - - -] Unable to schedule network ecd658ca-cd47-4679-ac3c-c50d23422390: no agents available; will retry on subsequent port and subnet creation events.
2026-04-28 05:37:41.254 7 INFO neutron.db.ovn_revision_numbers_db [None req-fd184d23-9751-45ed-91b3-d7bff0fa6f43 - - - - - -] Successfully bumped revision number for resource cd5bda18-43c9-4fce-bf5c-4801c3061461 (type: ports) to 1
2026-04-28 05:37:41.436 7 WARNING neutron.plugins.ml2.drivers.ovn.mech_driver.ovsdb.ovn_client [None req-11b996d9-4d45-4594-b00b-0386c834cd46 - - - - - -] No hosting information found for port a6623744-cad9-41d2-8675-d85ebd16cab2: RuntimeError: No hosting information found for port a6623744-cad9-41d2-8675-d85ebd16cab2
2026-04-28 05:37:41.438 7 INFO neutron.plugins.ml2.drivers.ovn.mech_driver.mech_driver [None req-11b996d9-4d45-4594-b00b-0386c834cd46 - - - - - -] OVN reports status down for port: 9951bb73-a04e-4e10-bd9d-b4fbbf96c824
2026-04-28 05:37:41.551 7 INFO neutron.db.ovn_revision_numbers_db [None req-fd184d23-9751-45ed-91b3-d7bff0fa6f43 - - - - - -] Successfully bumped revision number for resource cd5bda18-43c9-4fce-bf5c-4801c3061461 (type: ports) to 3 [pid: 7|app: 0|req: 1552/3139] 10.0.0.123 () {34 vars in 685 bytes} [Tue Apr 28 05:37:37 2026] POST /v2.0/vpn/vpnservices => generated 457 bytes in 3789 msecs (HTTP/1.1 201) 4 headers in 162 bytes (1 switches on core 0) [pid: 6|app: 0|req: 1588/3140] 10.0.0.123 () {32 vars in 663 bytes} [Tue Apr 28 05:37:41 2026] GET /v2.0/vpn/vpnservices => generated 1304 bytes in 14 msecs (HTTP/1.1 200) 4 headers in 158 bytes (1 switches on core 0)
2026-04-28 05:37:41.964 7 INFO neutron_taas.services.taas.taas_plugin [None req-f9ba6c5f-af1b-4ce2-8909-911a1144efca 62b5acab9fe74493ab0282239e384d75 ccfcf43c515d463c8e4d3ca70a51f599 - - default default] TaaS: Handle Delete Port: 18eb4d17-89dc-4efe-adac-82d5f0ff1c5c
2026-04-28 05:37:41.967 7 INFO neutron_taas.services.taas.tap_mirror_plugin [None req-f9ba6c5f-af1b-4ce2-8909-911a1144efca 62b5acab9fe74493ab0282239e384d75 ccfcf43c515d463c8e4d3ca70a51f599 - - default default] Tap Mirror: Handle Delete Port: 18eb4d17-89dc-4efe-adac-82d5f0ff1c5c
2026-04-28 05:37:42.202 7 INFO neutron_taas.services.taas.taas_plugin [None req-47bbc6ee-e9fc-4513-8460-52ac709ea526 - - - - - -] TaaS: Handle Delete Port: cd5bda18-43c9-4fce-bf5c-4801c3061461
2026-04-28 05:37:42.205 7 INFO neutron_taas.services.taas.tap_mirror_plugin [None req-47bbc6ee-e9fc-4513-8460-52ac709ea526 - - - - - -] Tap Mirror: Handle Delete Port: cd5bda18-43c9-4fce-bf5c-4801c3061461
2026-04-28 05:37:42.544 7 INFO neutron_taas.services.taas.taas_plugin [None req-f88aee2a-b1e7-4d6d-9324-4589fb68530e - - - - - -] TaaS: Handle Delete Port: 5696c7d2-f495-4738-ab0b-9175302f68a3
2026-04-28 05:37:42.547 7 INFO neutron_taas.services.taas.tap_mirror_plugin [None req-f88aee2a-b1e7-4d6d-9324-4589fb68530e - - - - - -] Tap Mirror: Handle Delete Port: 5696c7d2-f495-4738-ab0b-9175302f68a3
2026-04-28 05:37:43.221 7 INFO neutron_taas.services.taas.taas_plugin [None req-f88aee2a-b1e7-4d6d-9324-4589fb68530e - - - - - -] TaaS: Handle Delete Port: 9951bb73-a04e-4e10-bd9d-b4fbbf96c824
2026-04-28 05:37:43.225 7 INFO neutron_taas.services.taas.tap_mirror_plugin [None req-f88aee2a-b1e7-4d6d-9324-4589fb68530e - - - - - -] Tap Mirror: Handle Delete Port: 9951bb73-a04e-4e10-bd9d-b4fbbf96c824
2026-04-28 05:37:43.363 6 WARNING neutron.plugins.ml2.drivers.ovn.mech_driver.ovsdb.ovn_client [None req-4c970f52-dbba-453c-a93d-8d1807b403f9 - - - - - -] No hosting information found for port 211e2b60-794e-4068-86b0-859df9a1b200: RuntimeError: No hosting information found for port 211e2b60-794e-4068-86b0-859df9a1b200
2026-04-28 05:37:43.398 7 INFO neutron.services.segments.plugin [-] Segment 5949930b-f3ba-4e26-9d72-81617fb4f6cf resource provider aggregate not found
2026-04-28 05:37:43.406 7 INFO neutron.services.segments.plugin [-] Segment 5949930b-f3ba-4e26-9d72-81617fb4f6cf resource provider aggregate not found
2026-04-28 05:37:43.418 7 INFO neutron.services.segments.plugin [-] Segment 5949930b-f3ba-4e26-9d72-81617fb4f6cf resource provider not found; error: Placement Client Error (4xx): {"errors": [{"status": 404, "title": "Not Found", "detail": "The resource could not be found.\n\n No resource provider with uuid 5949930b-f3ba-4e26-9d72-81617fb4f6cf found for delete ", "request_id": "req-e5e84e11-658c-44e0-a178-fbd80f42c38d"}]}
2026-04-28 05:37:43.421 7 INFO neutron.services.segments.plugin [-] Segment 5949930b-f3ba-4e26-9d72-81617fb4f6cf resource provider not found; error: Placement Client Error (4xx): {"errors": [{"status": 404, "title": "Not Found", "detail": "The resource could not be found.\n\n No resource provider with uuid 5949930b-f3ba-4e26-9d72-81617fb4f6cf found for delete ", "request_id": "req-76942dfc-25f8-49d8-8c90-b9be039a2eef"}]} [pid: 7|app: 0|req: 1553/3141] 10.0.0.123 () {32 vars in 740 bytes} [Tue Apr 28 05:37:41 2026] DELETE /v2.0/vpn/vpnservices/91509397-657b-49a6-8149-7c46d1b6c2a3 => generated 0 bytes in 1722 msecs (HTTP/1.1 204) 2 headers in 112 bytes (1 switches on core 0) [pid: 6|app: 0|req: 1589/3142] 10.0.0.123 () {32 vars in 663 bytes} [Tue Apr 28 05:37:43 2026] GET /v2.0/vpn/vpnservices => generated 861 bytes in 22 msecs (HTTP/1.1 200) 4 headers in 157 bytes (1 switches on core 0)
2026-04-28 05:37:43.488 6 INFO neutron.db.ovn_revision_numbers_db [None req-4c970f52-dbba-453c-a93d-8d1807b403f9 - - - - - -] Successfully bumped revision number for resource 211e2b60-794e-4068-86b0-859df9a1b200 (type: router_ports) to 2 /var/lib/openstack/lib/python3.12/site-packages/pycadf/identifier.py:70: UserWarning: Invalid uuid: neutron. To ensure interoperability, identifiers should be a valid uuid. warnings.warn(('Invalid uuid: %s. To ensure interoperability, '
2026-04-28 05:37:43.543 6 INFO neutron.plugins.ml2.drivers.ovn.mech_driver.mech_driver [None req-4c970f52-dbba-453c-a93d-8d1807b403f9 - - - - - -] OVN reports status down for port: 18eb4d17-89dc-4efe-adac-82d5f0ff1c5c
2026-04-28 05:37:43.551 7 INFO neutron.api.v2.resource [None req-4c273e40-a18b-4e5e-8cdf-003483ee080d 62b5acab9fe74493ab0282239e384d75 ccfcf43c515d463c8e4d3ca70a51f599 - - default default] create failed (client error): The server could not comply with the request since it is either malformed or otherwise incorrect.
2026-04-28 05:37:43.552 6 INFO neutron.plugins.ml2.drivers.ovn.mech_driver.mech_driver [None req-4c970f52-dbba-453c-a93d-8d1807b403f9 - - - - - -] OVN reports status down for port: 5696c7d2-f495-4738-ab0b-9175302f68a3 [pid: 7|app: 0|req: 1554/3143] 10.0.0.123 () {34 vars in 707 bytes} [Tue Apr 28 05:37:43 2026] POST /v2.0/vpn/ipsec-site-connections => generated 127 bytes in 55 msecs (HTTP/1.1 400) 4 headers in 166 bytes (1 switches on core 0)
2026-04-28 05:37:43.567 6 INFO neutron.plugins.ml2.drivers.ovn.mech_driver.mech_driver [None req-4c970f52-dbba-453c-a93d-8d1807b403f9 - - - - - -] OVN reports status up for port: 5696c7d2-f495-4738-ab0b-9175302f68a3
2026-04-28 05:37:43.599 6 INFO neutron.plugins.ml2.drivers.ovn.mech_driver.mech_driver [None req-4c970f52-dbba-453c-a93d-8d1807b403f9 - - - - - -] OVN reports status down for port: cd5bda18-43c9-4fce-bf5c-4801c3061461
2026-04-28 05:37:43.648 6 INFO neutron.api.v2.resource [None req-61292490-95b5-4111-9a98-5e9b735eae85 62b5acab9fe74493ab0282239e384d75 ccfcf43c515d463c8e4d3ca70a51f599 - - default default] create failed (client error): The server could not comply with the request since it is either malformed or otherwise incorrect. [pid: 6|app: 0|req: 1590/3144] 10.0.0.123 () {34 vars in 707 bytes} [Tue Apr 28 05:37:43 2026] POST /v2.0/vpn/ipsec-site-connections => generated 136 bytes in 91 msecs (HTTP/1.1 400) 4 headers in 166 bytes (1 switches on core 0)
2026-04-28 05:37:43.668 7 WARNING neutron.api.v2.base [None req-9b3d3603-b681-4cc5-beb4-7eb79c65c774 62b5acab9fe74493ab0282239e384d75 ccfcf43c515d463c8e4d3ca70a51f599 - - default default] An exception happened while processing the request body. The exception message is [Invalid input for dpd. Reason: '59' is not a dictionary.].: webob.exc.HTTPBadRequest: Invalid input for dpd. Reason: '59' is not a dictionary.
2026-04-28 05:37:43.669 7 INFO neutron.api.v2.resource [None req-9b3d3603-b681-4cc5-beb4-7eb79c65c774 62b5acab9fe74493ab0282239e384d75 ccfcf43c515d463c8e4d3ca70a51f599 - - default default] create failed (client error): Invalid input for dpd. Reason: '59' is not a dictionary. [pid: 7|app: 0|req: 1555/3145] 10.0.0.123 () {34 vars in 707 bytes} [Tue Apr 28 05:37:43 2026] POST /v2.0/vpn/ipsec-site-connections => generated 129 bytes in 9 msecs (HTTP/1.1 400) 4 headers in 166 bytes (1 switches on core 0) [pid: 6|app: 0|req: 1591/3146] 10.0.0.123 () {34 vars in 693 bytes} [Tue Apr 28 05:37:43 2026] POST /v2.0/vpn/endpoint-groups => generated 294 bytes in 45 msecs (HTTP/1.1 201) 4 headers in 162 bytes (1 switches on core 0)
2026-04-28 05:37:43.768 7 INFO neutron.api.v2.resource [None req-9f86fe94-be6d-46bd-8a28-f061a6e6f276 62b5acab9fe74493ab0282239e384d75 ccfcf43c515d463c8e4d3ca70a51f599 - - default default] create failed (client error): The server could not comply with the request since it is either malformed or otherwise incorrect. [pid: 7|app: 0|req: 1556/3147] 10.0.0.123 () {34 vars in 707 bytes} [Tue Apr 28 05:37:43 2026] POST /v2.0/vpn/ipsec-site-connections => generated 149 bytes in 44 msecs (HTTP/1.1 400) 4 headers in 166 bytes (1 switches on core 0) [pid: 6|app: 0|req: 1592/3148] 10.0.0.123 () {32 vars in 671 bytes} [Tue Apr 28 05:37:43 2026] GET /v2.0/vpn/endpoint-groups => generated 909 bytes in 13 msecs (HTTP/1.1 200) 4 headers in 157 bytes (1 switches on core 0) [pid: 7|app: 0|req: 1557/3149] 10.0.0.123 () {32 vars in 748 bytes} [Tue Apr 28 05:37:43 2026] DELETE /v2.0/vpn/endpoint-groups/bbb28b5e-f16e-4d16-b648-93921e34c072 => generated 0 bytes in 33 msecs (HTTP/1.1 204) 2 headers in 112 bytes (1 switches on core 0) [pid: 6|app: 0|req: 1593/3150] 10.0.0.123 () {32 vars in 671 bytes} [Tue Apr 28 05:37:43 2026] GET /v2.0/vpn/endpoint-groups => generated 633 bytes in 8 msecs (HTTP/1.1 200) 4 headers in 157 bytes (1 switches on core 0) [pid: 7|app: 0|req: 1558/3151] 10.0.0.123 () {34 vars in 693 bytes} [Tue Apr 28 05:37:43 2026] POST /v2.0/vpn/endpoint-groups => generated 302 bytes in 59 msecs (HTTP/1.1 201) 4 headers in 162 bytes (1 switches on core 0)
2026-04-28 05:37:43.956 6 INFO neutron.api.v2.resource [None req-480bcb15-457b-49c2-9c52-e00a3a73d819 62b5acab9fe74493ab0282239e384d75 ccfcf43c515d463c8e4d3ca70a51f599 - - default default] create failed (client error): The server could not comply with the request since it is either malformed or otherwise incorrect. [pid: 6|app: 0|req: 1594/3152] 10.0.0.123 () {34 vars in 707 bytes} [Tue Apr 28 05:37:43 2026] POST /v2.0/vpn/ipsec-site-connections => generated 148 bytes in 44 msecs (HTTP/1.1 400) 4 headers in 166 bytes (1 switches on core 0) [pid: 7|app: 0|req: 1559/3153] 10.0.0.123 () {32 vars in 671 bytes} [Tue Apr 28 05:37:43 2026] GET /v2.0/vpn/endpoint-groups => generated 917 bytes in 22 msecs (HTTP/1.1 200) 4 headers in 157 bytes (1 switches on core 0) [pid: 6|app: 0|req: 1595/3154] 10.0.0.123 () {32 vars in 748 bytes} [Tue Apr 28 05:37:43 2026] DELETE /v2.0/vpn/endpoint-groups/2e6f551c-1af8-41fa-85c6-50cad06b4a15 => generated 0 bytes in 31 msecs (HTTP/1.1 204) 2 headers in 112 bytes (1 switches on core 0) [pid: 7|app: 0|req: 1560/3155] 10.0.0.123 () {32 vars in 671 bytes} [Tue Apr 28 05:37:44 2026] GET /v2.0/vpn/endpoint-groups => generated 633 bytes in 13 msecs (HTTP/1.1 200) 4 headers in 157 bytes (1 switches on core 0)
2026-04-28 05:37:44.063 6 WARNING neutron.api.v2.base [None req-8909628c-02f9-4804-9afe-07a248f279b0 62b5acab9fe74493ab0282239e384d75 ccfcf43c515d463c8e4d3ca70a51f599 - - default default] An exception happened while processing the request body. The exception message is [Invalid input for peer_cidrs. Reason: '1.0.0.0/33' is not a valid IP subnet.].: webob.exc.HTTPBadRequest: Invalid input for peer_cidrs. Reason: '1.0.0.0/33' is not a valid IP subnet.
2026-04-28 05:37:44.063 6 INFO neutron.api.v2.resource [None req-8909628c-02f9-4804-9afe-07a248f279b0 62b5acab9fe74493ab0282239e384d75 ccfcf43c515d463c8e4d3ca70a51f599 - - default default] create failed (client error): Invalid input for peer_cidrs. Reason: '1.0.0.0/33' is not a valid IP subnet. [pid: 6|app: 0|req: 1596/3156] 10.0.0.123 () {34 vars in 707 bytes} [Tue Apr 28 05:37:44 2026] POST /v2.0/vpn/ipsec-site-connections => generated 149 bytes in 12 msecs (HTTP/1.1 400) 4 headers in 166 bytes (1 switches on core 0)
2026-04-28 05:37:44.178 7 INFO neutron.db.segments_db [None req-1cbc5b97-8353-4362-8383-7ae6cc30db28 62b5acab9fe74493ab0282239e384d75 ccfcf43c515d463c8e4d3ca70a51f599 - - default default] Added segment 4c7bd9bb-4002-449a-b2fc-81515763dee7 of type geneve for network 1f24fa25-c9e2-49d8-9b6c-f4b88b4b070e
2026-04-28 05:37:44.286 7 INFO neutron.db.ovn_revision_numbers_db [None req-1cbc5b97-8353-4362-8383-7ae6cc30db28 62b5acab9fe74493ab0282239e384d75 ccfcf43c515d463c8e4d3ca70a51f599 - - default default] Successfully bumped revision number for resource 1f24fa25-c9e2-49d8-9b6c-f4b88b4b070e (type: networks) to 1
2026-04-28 05:37:44.462 7 WARNING neutron.scheduler.dhcp_agent_scheduler [None req-1cbc5b97-8353-4362-8383-7ae6cc30db28 62b5acab9fe74493ab0282239e384d75 ccfcf43c515d463c8e4d3ca70a51f599 - - default default] No more DHCP agents
2026-04-28 05:37:44.463 7 WARNING neutron.api.rpc.agentnotifiers.dhcp_rpc_agent_api [None req-1cbc5b97-8353-4362-8383-7ae6cc30db28 62b5acab9fe74493ab0282239e384d75 ccfcf43c515d463c8e4d3ca70a51f599 - - default default] Unable to schedule network 1f24fa25-c9e2-49d8-9b6c-f4b88b4b070e: no agents available; will retry on subsequent port and subnet creation events.
2026-04-28 05:37:44.523 7 INFO neutron.plugins.ml2.drivers.ovn.mech_driver.mech_driver [None req-11b996d9-4d45-4594-b00b-0386c834cd46 - - - - - -] OVN reports status down for port: 10387393-227e-4347-9fba-27c4fc5ba418
2026-04-28 05:37:44.606 7 INFO neutron.db.ovn_revision_numbers_db [None req-1cbc5b97-8353-4362-8383-7ae6cc30db28 62b5acab9fe74493ab0282239e384d75 ccfcf43c515d463c8e4d3ca70a51f599 - - default default] Successfully bumped revision number for resource 10387393-227e-4347-9fba-27c4fc5ba418 (type: ports) to 1 [pid: 7|app: 0|req: 1561/3157] 10.0.0.123 () {34 vars in 670 bytes} [Tue Apr 28 05:37:44 2026] POST /v2.0/networks => generated 651 bytes in 580 msecs (HTTP/1.1 201) 4 headers in 162 bytes (1 switches on core 0)
2026-04-28 05:37:44.842 6 WARNING neutron.scheduler.dhcp_agent_scheduler [None req-12796d98-31e4-452b-9247-cbb5b6ab56e2 62b5acab9fe74493ab0282239e384d75 ccfcf43c515d463c8e4d3ca70a51f599 - - default default] No more DHCP agents
2026-04-28 05:37:44.843 6 WARNING neutron.api.rpc.agentnotifiers.dhcp_rpc_agent_api [None req-12796d98-31e4-452b-9247-cbb5b6ab56e2 62b5acab9fe74493ab0282239e384d75 ccfcf43c515d463c8e4d3ca70a51f599 - - default default] Unable to schedule network 1f24fa25-c9e2-49d8-9b6c-f4b88b4b070e: no agents available; will retry on subsequent port and subnet creation events.
2026-04-28 05:37:45.247 6 INFO neutron.db.ovn_revision_numbers_db [None req-4bf2035e-b0a0-40dd-a460-1cd54257ac09 - - - - - -] Successfully bumped revision number for resource 10387393-227e-4347-9fba-27c4fc5ba418 (type: ports) to 2
2026-04-28 05:37:45.279 6 INFO neutron.db.ovn_revision_numbers_db [None req-4bf2035e-b0a0-40dd-a460-1cd54257ac09 - - - - - -] Successfully bumped revision number for resource 7aa6a3f5-2e2e-4bcb-b424-7704de2a772c (type: subnets) to 0 [pid: 6|app: 0|req: 1597/3158] 10.0.0.123 () {34 vars in 669 bytes} [Tue Apr 28 05:37:44 2026] POST /v2.0/subnets => generated 629 bytes in 639 msecs (HTTP/1.1 201) 4 headers in 162 bytes (1 switches on core 0)
2026-04-28 05:37:45.748 7 WARNING neutron.scheduler.dhcp_agent_scheduler [None req-a5feacc7-d9f5-4b2f-ace1-3193bcfda6ef 62b5acab9fe74493ab0282239e384d75 ccfcf43c515d463c8e4d3ca70a51f599 - - default default] No more DHCP agents
2026-04-28 05:37:45.749 7 WARNING neutron.api.rpc.agentnotifiers.dhcp_rpc_agent_api [None req-a5feacc7-d9f5-4b2f-ace1-3193bcfda6ef 62b5acab9fe74493ab0282239e384d75 ccfcf43c515d463c8e4d3ca70a51f599 - - default default] Unable to schedule network 7eaf043e-b4e7-40cb-a6f4-05d231e11f0b: no agents available; will retry on subsequent port and subnet creation events. [pid: 6|app: 0|req: 1598/3159] 10.0.0.123 () {32 vars in 750 bytes} [Tue Apr 28 05:37:45 2026] DELETE /v2.0/security-group-rules/98158600-df88-4214-90b4-aed699c1fffc => generated 0 bytes in 149 msecs (HTTP/1.1 204) 2 headers in 112 bytes (1 switches on core 0)
2026-04-28 05:37:45.788 6 INFO neutron.api.v2.resource [None req-bcf2eb05-e021-445a-bc28-32a4c19d9496 92674fed772f4ad3bfa9fe13ea0e2f37 f09f75af6d904b888506a9fc23d52c8e - - default default] show failed (client error): The resource could not be found. [pid: 6|app: 0|req: 1599/3160] 10.0.0.123 () {32 vars in 747 bytes} [Tue Apr 28 05:37:45 2026] GET /v2.0/security-group-rules/98158600-df88-4214-90b4-aed699c1fffc => generated 155 bytes in 19 msecs (HTTP/1.1 404) 4 headers in 164 bytes (1 switches on core 0)
2026-04-28 05:37:45.865 6 INFO neutron.plugins.ml2.drivers.ovn.mech_driver.mech_driver [None req-4c970f52-dbba-453c-a93d-8d1807b403f9 - - - - - -] OVN reports status down for port: c1a04476-9eae-4be0-9208-14c324f20e37
2026-04-28 05:37:45.892 7 INFO neutron.db.ovn_revision_numbers_db [None req-a5feacc7-d9f5-4b2f-ace1-3193bcfda6ef 62b5acab9fe74493ab0282239e384d75 ccfcf43c515d463c8e4d3ca70a51f599 - - default default] Successfully bumped revision number for resource c1a04476-9eae-4be0-9208-14c324f20e37 (type: ports) to 1 [pid: 6|app: 0|req: 1600/3161] 10.0.0.123 () {32 vars in 750 bytes} [Tue Apr 28 05:37:45 2026] DELETE /v2.0/security-group-rules/e7329b13-767e-438f-b59e-08ef931a7912 => generated 0 bytes in 193 msecs (HTTP/1.1 204) 2 headers in 112 bytes (1 switches on core 0)
2026-04-28 05:37:46.002 6 INFO neutron.api.v2.resource [None req-08f236b6-788d-4051-9771-33a73d096fc3 92674fed772f4ad3bfa9fe13ea0e2f37 f09f75af6d904b888506a9fc23d52c8e - - default default] show failed (client error): The resource could not be found. [pid: 6|app: 0|req: 1603/3164] 10.0.0.123 () {32 vars in 747 bytes} [Tue Apr 28 05:37:45 2026] GET /v2.0/security-group-rules/e7329b13-767e-438f-b59e-08ef931a7912 => generated 155 bytes in 10 msecs (HTTP/1.1 404) 4 headers in 164 bytes (1 switches on core 0) [pid: 6|app: 0|req: 1604/3165] 10.0.0.123 () {32 vars in 750 bytes} [Tue Apr 28 05:37:46 2026] DELETE /v2.0/security-group-rules/6bd0895e-a267-429f-a1dc-791aa1cee4d6 => generated 0 bytes in 137 msecs (HTTP/1.1 204) 2 headers in 112 bytes (1 switches on core 0)
2026-04-28 05:37:46.157 6 INFO neutron.api.v2.resource [None req-3897682d-36ee-4994-b3d2-84759ced0287 92674fed772f4ad3bfa9fe13ea0e2f37 f09f75af6d904b888506a9fc23d52c8e - - default default] show failed (client error): The resource could not be found. [pid: 6|app: 0|req: 1605/3166] 10.0.0.123 () {32 vars in 747 bytes} [Tue Apr 28 05:37:46 2026] GET /v2.0/security-group-rules/6bd0895e-a267-429f-a1dc-791aa1cee4d6 => generated 155 bytes in 10 msecs (HTTP/1.1 404) 4 headers in 164 bytes (1 switches on core 0) [pid: 6|app: 0|req: 1606/3167] 10.0.0.123 () {32 vars in 750 bytes} [Tue Apr 28 05:37:46 2026] DELETE /v2.0/security-group-rules/823265b9-17d4-4f5c-a576-3af0bf53be17 => generated 0 bytes in 129 msecs (HTTP/1.1 204) 2 headers in 112 bytes (1 switches on core 0)
2026-04-28 05:37:46.303 6 INFO neutron.api.v2.resource [None req-543cb245-99ec-4920-b8e8-48bf5edf5e86 92674fed772f4ad3bfa9fe13ea0e2f37 f09f75af6d904b888506a9fc23d52c8e - - default default] show failed (client error): The resource could not be found. [pid: 6|app: 0|req: 1607/3168] 10.0.0.123 () {32 vars in 747 bytes} [Tue Apr 28 05:37:46 2026] GET /v2.0/security-group-rules/823265b9-17d4-4f5c-a576-3af0bf53be17 => generated 155 bytes in 9 msecs (HTTP/1.1 404) 4 headers in 164 bytes (1 switches on core 0) [pid: 6|app: 0|req: 1608/3169] 10.0.0.123 () {32 vars in 750 bytes} [Tue Apr 28 05:37:46 2026] DELETE /v2.0/security-group-rules/dd75a7e6-b46b-45fb-8df1-481dfc4d5602 => generated 0 bytes in 122 msecs (HTTP/1.1 204) 2 headers in 112 bytes (1 switches on core 0)
2026-04-28 05:37:46.443 6 INFO neutron.api.v2.resource [None req-25681b02-b7e7-4559-83c1-37d76e70ba5f 92674fed772f4ad3bfa9fe13ea0e2f37 f09f75af6d904b888506a9fc23d52c8e - - default default] show failed (client error): The resource could not be found. [pid: 6|app: 0|req: 1609/3170] 10.0.0.123 () {32 vars in 747 bytes} [Tue Apr 28 05:37:46 2026] GET /v2.0/security-group-rules/dd75a7e6-b46b-45fb-8df1-481dfc4d5602 => generated 155 bytes in 9 msecs (HTTP/1.1 404) 4 headers in 164 bytes (1 switches on core 0)
2026-04-28 05:37:46.511 7 INFO neutron.plugins.ml2.drivers.ovn.mech_driver.ovsdb.commands [None req-671ce554-2635-4c60-bcbf-1810d7fed1ec - - - - - -] Schedule LRP lrp-c1a04476-9eae-4be0-9208-14c324f20e37 on gateway b523b3b1-fe82-41b9-9f31-0b2158f52464 with priority 1
2026-04-28 05:37:46.546 6 INFO neutron.plugins.ml2.drivers.ovn.mech_driver.mech_driver [None req-4c970f52-dbba-453c-a93d-8d1807b403f9 - - - - - -] OVN reports status up for port: c1a04476-9eae-4be0-9208-14c324f20e37
2026-04-28 05:37:46.564 6 INFO neutron.plugins.ml2.plugin [None req-4c970f52-dbba-453c-a93d-8d1807b403f9 - - - - - -] Attempt 1 to provision port c1a04476-9eae-4be0-9208-14c324f20e37
2026-04-28 05:37:46.581 7 INFO neutron.db.ovn_revision_numbers_db [None req-a5feacc7-d9f5-4b2f-ace1-3193bcfda6ef 62b5acab9fe74493ab0282239e384d75 ccfcf43c515d463c8e4d3ca70a51f599 - - default default] Successfully bumped revision number for resource c1a04476-9eae-4be0-9208-14c324f20e37 (type: router_ports) to 1 [pid: 6|app: 0|req: 1610/3171] 10.0.0.123 () {32 vars in 750 bytes} [Tue Apr 28 05:37:46 2026] DELETE /v2.0/security-group-rules/c130a3f4-1881-4f92-8dcc-32798822e97b => generated 0 bytes in 189 msecs (HTTP/1.1 204) 2 headers in 112 bytes (1 switches on core 0)
2026-04-28 05:37:46.643 7 INFO neutron.db.ovn_revision_numbers_db [None req-a5feacc7-d9f5-4b2f-ace1-3193bcfda6ef 62b5acab9fe74493ab0282239e384d75 ccfcf43c515d463c8e4d3ca70a51f599 - - default default] Successfully bumped revision number for resource e51c01ad-48d8-4fd0-9754-4fbb446a28c7 (type: routers) to 2
2026-04-28 05:37:46.654 6 INFO neutron.api.v2.resource [None req-bdd77249-513b-4fbf-8f51-48c10340cba1 92674fed772f4ad3bfa9fe13ea0e2f37 f09f75af6d904b888506a9fc23d52c8e - - default default] show failed (client error): The resource could not be found. [pid: 6|app: 0|req: 1611/3172] 10.0.0.123 () {32 vars in 747 bytes} [Tue Apr 28 05:37:46 2026] GET /v2.0/security-group-rules/c130a3f4-1881-4f92-8dcc-32798822e97b => generated 155 bytes in 19 msecs (HTTP/1.1 404) 4 headers in 164 bytes (1 switches on core 0) [pid: 7|app: 0|req: 1562/3173] 10.0.0.123 () {34 vars in 669 bytes} [Tue Apr 28 05:37:45 2026] POST /v2.0/routers => generated 937 bytes in 1360 msecs (HTTP/1.1 201) 4 headers in 162 bytes (1 switches on core 0)
2026-04-28 05:37:46.768 7 INFO neutron.api.v2.resource [None req-af60bc54-c361-46a0-aa79-09fce7b5719e e0b3cfef963e40b3bceaeee0dd5f7205 71eba927b6cf4303bf47404ad1bc56da - - default default] create failed (client error): The server could not comply with the request since it is either malformed or otherwise incorrect. [pid: 7|app: 0|req: 1563/3174] 10.0.0.123 () {34 vars in 685 bytes} [Tue Apr 28 05:37:46 2026] POST /v2.0/vpn/vpnservices => generated 194 bytes in 106 msecs (HTTP/1.1 400) 4 headers in 166 bytes (1 switches on core 0) [pid: 6|app: 0|req: 1612/3175] 10.0.0.123 () {32 vars in 750 bytes} [Tue Apr 28 05:37:46 2026] DELETE /v2.0/security-group-rules/8be615f9-b3e2-47e8-a10e-e94cc98fb53d => generated 0 bytes in 126 msecs (HTTP/1.1 204) 2 headers in 112 bytes (1 switches on core 0)
2026-04-28 05:37:46.799 6 INFO neutron.api.v2.resource [None req-ee35b77c-930b-426c-b392-002ac6aeabfa 92674fed772f4ad3bfa9fe13ea0e2f37 f09f75af6d904b888506a9fc23d52c8e - - default default] show failed (client error): The resource could not be found. [pid: 6|app: 0|req: 1613/3176] 10.0.0.123 () {32 vars in 747 bytes} [Tue Apr 28 05:37:46 2026] GET /v2.0/security-group-rules/8be615f9-b3e2-47e8-a10e-e94cc98fb53d => generated 155 bytes in 10 msecs (HTTP/1.1 404) 4 headers in 164 bytes (1 switches on core 0) [pid: 6|app: 0|req: 1614/3177] 10.0.0.123 () {32 vars in 750 bytes} [Tue Apr 28 05:37:46 2026] DELETE /v2.0/security-group-rules/ed2a0bb9-688d-42fb-a600-bb860020623c => generated 0 bytes in 109 msecs (HTTP/1.1 204) 2 headers in 112 bytes (1 switches on core 0)
2026-04-28 05:37:46.913 7 INFO neutron_taas.services.taas.taas_plugin [None req-044a521c-5a75-41f8-a656-9ee846c86c5c e0b3cfef963e40b3bceaeee0dd5f7205 71eba927b6cf4303bf47404ad1bc56da - - default default] TaaS: Handle Delete Port: 10387393-227e-4347-9fba-27c4fc5ba418
2026-04-28 05:37:46.917 7 INFO neutron_taas.services.taas.tap_mirror_plugin [None req-044a521c-5a75-41f8-a656-9ee846c86c5c e0b3cfef963e40b3bceaeee0dd5f7205 71eba927b6cf4303bf47404ad1bc56da - - default default] Tap Mirror: Handle Delete Port: 10387393-227e-4347-9fba-27c4fc5ba418
2026-04-28 05:37:46.926 6 INFO neutron.api.v2.resource [None req-a530c983-d687-4654-b848-156a4ee26b50 92674fed772f4ad3bfa9fe13ea0e2f37 f09f75af6d904b888506a9fc23d52c8e - - default default] show failed (client error): The resource could not be found. [pid: 6|app: 0|req: 1615/3178] 10.0.0.123 () {32 vars in 747 bytes} [Tue Apr 28 05:37:46 2026] GET /v2.0/security-group-rules/ed2a0bb9-688d-42fb-a600-bb860020623c => generated 155 bytes in 9 msecs (HTTP/1.1 404) 4 headers in 164 bytes (1 switches on core 0) [pid: 6|app: 0|req: 1616/3179] 10.0.0.123 () {32 vars in 750 bytes} [Tue Apr 28 05:37:46 2026] DELETE /v2.0/security-group-rules/4cbeaedb-dd1b-45dc-832b-1141d1409d55 => generated 0 bytes in 104 msecs (HTTP/1.1 204) 2 headers in 112 bytes (1 switches on core 0)
