2026-04-28 05:23:41.996 7 INFO neutron.api.extensions [None req-20827b41-0bae-476b-8806-6eed42e048b0 - - - - - -] Extension local_ip not supported by any of loaded plugins
2026-04-28 05:23:41.997 7 INFO neutron.api.extensions [None req-20827b41-0bae-476b-8806-6eed42e048b0 - - - - - -] Loaded extension: logging
2026-04-28 05:23:41.997 6 INFO neutron.api.extensions [None req-74e1ece9-0561-4de9-b784-f6528edcfecc - - - - - -] Loaded extension: vpnaas
2026-04-28 05:23:41.998 7 INFO neutron.api.extensions [None req-20827b41-0bae-476b-8806-6eed42e048b0 - - - - - -] Extension metering not supported by any of loaded plugins
2026-04-28 05:23:41.999 6 INFO neutron.api.extensions [None req-74e1ece9-0561-4de9-b784-f6528edcfecc - - - - - -] Loaded extension: taas
2026-04-28 05:23:41.999 7 INFO neutron.api.extensions [None req-20827b41-0bae-476b-8806-6eed42e048b0 - - - - - -] Extension metering_source_and_destination_fields not supported by any of loaded plugins
2026-04-28 05:23:42.000 7 INFO neutron.api.extensions [None req-20827b41-0bae-476b-8806-6eed42e048b0 - - - - - -] Loaded extension: multi-provider
2026-04-28 05:23:42.000 6 INFO neutron.api.extensions [None req-74e1ece9-0561-4de9-b784-f6528edcfecc - - - - - -] Loaded extension: tap-mirror
2026-04-28 05:23:42.000 7 INFO neutron.api.extensions [None req-20827b41-0bae-476b-8806-6eed42e048b0 - - - - - -] Loaded extension: net-mtu
2026-04-28 05:23:42.000 6 INFO neutron.api.extensions [None req-74e1ece9-0561-4de9-b784-f6528edcfecc - - - - - -] Loaded extension: taas-vlan-filter
2026-04-28 05:23:42.001 7 INFO neutron.api.extensions [None req-20827b41-0bae-476b-8806-6eed42e048b0 - - - - - -] Loaded extension: net-mtu-writable
2026-04-28 05:23:42.001 7 INFO neutron.api.extensions [None req-20827b41-0bae-476b-8806-6eed42e048b0 - - - - - -] Loaded extension: network_availability_zone
2026-04-28 05:23:42.002 7 INFO neutron.api.extensions [None req-20827b41-0bae-476b-8806-6eed42e048b0 - - - - - -] Extension network_ha not supported by any of loaded plugins
2026-04-28 05:23:42.002 7 INFO neutron.api.extensions [None req-20827b41-0bae-476b-8806-6eed42e048b0 - - - - - -] Loaded extension: network-ip-availability
2026-04-28 05:23:42.003 6 INFO neutron.quota.resource_registry [None req-74e1ece9-0561-4de9-b784-f6528edcfecc - - - - - -] Creating instance of TrackedResource for resource:network
2026-04-28 05:23:42.003 6 INFO neutron.quota.resource_registry [None req-74e1ece9-0561-4de9-b784-f6528edcfecc - - - - - -] Creating instance of TrackedResource for resource:subnet
2026-04-28 05:23:42.003 6 INFO neutron.quota.resource_registry [None req-74e1ece9-0561-4de9-b784-f6528edcfecc - - - - - -] Creating instance of TrackedResource for resource:subnetpool
2026-04-28 05:23:42.003 6 INFO neutron.quota.resource_registry [None req-74e1ece9-0561-4de9-b784-f6528edcfecc - - - - - -] Creating instance of TrackedResource for resource:port
2026-04-28 05:23:42.003 7 INFO neutron.api.extensions [None req-20827b41-0bae-476b-8806-6eed42e048b0 - - - - - -] Extension network-segment-range not supported by any of loaded plugins
2026-04-28 05:23:42.004 7 INFO neutron.api.extensions [None req-20827b41-0bae-476b-8806-6eed42e048b0 - - - - - -] Loaded extension: pagination
2026-04-28 05:23:42.004 7 INFO neutron.api.extensions [None req-20827b41-0bae-476b-8806-6eed42e048b0 - - - - - -] Loaded extension: port-device-profile
2026-04-28 05:23:42.005 7 INFO neutron.api.extensions [None req-20827b41-0bae-476b-8806-6eed42e048b0 - - - - - -] Extension port-hardware-offload-type not supported by any of loaded plugins
2026-04-28 05:23:42.005 7 INFO neutron.api.extensions [None req-20827b41-0bae-476b-8806-6eed42e048b0 - - - - - -] Extension port-hint-ovs-tx-steering not supported by any of loaded plugins
2026-04-28 05:23:42.006 7 INFO neutron.api.extensions [None req-20827b41-0bae-476b-8806-6eed42e048b0 - - - - - -] Extension port-hints not supported by any of loaded plugins
2026-04-28 05:23:42.006 6 INFO neutron.quota.resource_registry [None req-74e1ece9-0561-4de9-b784-f6528edcfecc - - - - - -] Creating instance of TrackedResource for resource:router
2026-04-28 05:23:42.006 7 INFO neutron.api.extensions [None req-20827b41-0bae-476b-8806-6eed42e048b0 - - - - - -] Extension port-mac-override not supported by any of loaded plugins
2026-04-28 05:23:42.006 6 INFO neutron.quota.resource_registry [None req-74e1ece9-0561-4de9-b784-f6528edcfecc - - - - - -] Creating instance of TrackedResource for resource:floatingip
2026-04-28 05:23:42.007 7 INFO neutron.api.extensions [None req-20827b41-0bae-476b-8806-6eed42e048b0 - - - - - -] Loaded extension: port-mac-address-regenerate
2026-04-28 05:23:42.007 7 INFO neutron.api.extensions [None req-20827b41-0bae-476b-8806-6eed42e048b0 - - - - - -] Loaded extension: port-numa-affinity-policy
2026-04-28 05:23:42.008 7 INFO neutron.api.extensions [None req-20827b41-0bae-476b-8806-6eed42e048b0 - - - - - -] Loaded extension: port-numa-affinity-policy-socket
2026-04-28 05:23:42.009 7 INFO neutron.api.extensions [None req-20827b41-0bae-476b-8806-6eed42e048b0 - - - - - -] Loaded extension: port-resource-request
2026-04-28 05:23:42.009 7 INFO neutron.api.extensions [None req-20827b41-0bae-476b-8806-6eed42e048b0 - - - - - -] Loaded extension: port-resource-request-groups
2026-04-28 05:23:42.010 7 INFO neutron.api.extensions [None req-20827b41-0bae-476b-8806-6eed42e048b0 - - - - - -] Extension port-trusted-vif not supported by any of loaded plugins
2026-04-28 05:23:42.011 7 INFO neutron.api.extensions [None req-20827b41-0bae-476b-8806-6eed42e048b0 - - - - - -] Loaded extension: binding
2026-04-28 05:23:42.011 6 INFO neutron.quota.resource_registry [None req-74e1ece9-0561-4de9-b784-f6528edcfecc - - - - - -] Creating instance of CountableResource for resource:rbac_policy
2026-04-28 05:23:42.012 7 INFO neutron.api.extensions [None req-20827b41-0bae-476b-8806-6eed42e048b0 - - - - - -] Loaded extension: binding-extended
2026-04-28 05:23:42.012 7 INFO neutron.api.extensions [None req-20827b41-0bae-476b-8806-6eed42e048b0 - - - - - -] Loaded extension: port-security
2026-04-28 05:23:42.012 6 INFO neutron.quota.resource_registry [None req-74e1ece9-0561-4de9-b784-f6528edcfecc - - - - - -] Creating instance of TrackedResource for resource:security_group
2026-04-28 05:23:42.012 6 INFO neutron.quota.resource_registry [None req-74e1ece9-0561-4de9-b784-f6528edcfecc - - - - - -] Creating instance of TrackedResource for resource:security_group_rule
2026-04-28 05:23:42.012 7 INFO neutron.api.extensions [None req-20827b41-0bae-476b-8806-6eed42e048b0 - - - - - -] Loaded extension: project-id
2026-04-28 05:23:42.013 7 INFO neutron.api.extensions [None req-20827b41-0bae-476b-8806-6eed42e048b0 - - - - - -] Loaded extension: provider
2026-04-28 05:23:42.013 6 INFO neutron.quota.resource_registry [None req-74e1ece9-0561-4de9-b784-f6528edcfecc - - - - - -] Creating instance of TrackedResource for resource:subnetpool
2026-04-28 05:23:42.014 6 WARNING neutron.quota.resource_registry [None req-74e1ece9-0561-4de9-b784-f6528edcfecc - - - - - -] subnetpool is already registered
2026-04-28 05:23:42.014 7 INFO neutron.api.extensions [None req-20827b41-0bae-476b-8806-6eed42e048b0 - - - - - -] Loaded extension: qinq
2026-04-28 05:23:42.014 6 INFO neutron.quota.resource_registry [None req-74e1ece9-0561-4de9-b784-f6528edcfecc - - - - - -] Creating instance of CountableResource for resource:trunk
2026-04-28 05:23:42.014 6 INFO neutron.quota.resource_registry [None req-74e1ece9-0561-4de9-b784-f6528edcfecc - - - - - -] Creating instance of CountableResource for resource:ikepolicy
2026-04-28 05:23:42.015 6 INFO neutron.quota.resource_registry [None req-74e1ece9-0561-4de9-b784-f6528edcfecc - - - - - -] Creating instance of CountableResource for resource:ipsecpolicy
2026-04-28 05:23:42.015 6 INFO neutron.quota.resource_registry [None req-74e1ece9-0561-4de9-b784-f6528edcfecc - - - - - -] Creating instance of CountableResource for resource:endpoint_group
2026-04-28 05:23:42.015 6 INFO neutron.quota.resource_registry [None req-74e1ece9-0561-4de9-b784-f6528edcfecc - - - - - -] Creating instance of CountableResource for resource:vpnservice
2026-04-28 05:23:42.016 7 INFO neutron.api.extensions [None req-20827b41-0bae-476b-8806-6eed42e048b0 - - - - - -] Loaded extension: qos
2026-04-28 05:23:42.016 6 INFO neutron.quota.resource_registry [None req-74e1ece9-0561-4de9-b784-f6528edcfecc - - - - - -] Creating instance of CountableResource for resource:ipsec_site_connection
2026-04-28 05:23:42.016 6 INFO neutron.quota.resource_registry [None req-74e1ece9-0561-4de9-b784-f6528edcfecc - - - - - -] Creating instance of CountableResource for resource:ipsecpolicy
2026-04-28 05:23:42.016 6 WARNING neutron.quota.resource_registry [None req-74e1ece9-0561-4de9-b784-f6528edcfecc - - - - - -] ipsecpolicy is already registered
2026-04-28 05:23:42.017 7 INFO neutron.api.extensions [None req-20827b41-0bae-476b-8806-6eed42e048b0 - - - - - -] Loaded extension: qos-bw-limit-direction
2026-04-28 05:23:42.017 6 INFO neutron.quota.resource_registry [None req-74e1ece9-0561-4de9-b784-f6528edcfecc - - - - - -] Creating instance of CountableResource for resource:ikepolicy
2026-04-28 05:23:42.017 6 WARNING neutron.quota.resource_registry [None req-74e1ece9-0561-4de9-b784-f6528edcfecc - - - - - -] ikepolicy is already registered
2026-04-28 05:23:42.017 7 INFO neutron.api.extensions [None req-20827b41-0bae-476b-8806-6eed42e048b0 - - - - - -] Loaded extension: qos-bw-minimum-ingress
2026-04-28 05:23:42.018 7 INFO neutron.api.extensions [None req-20827b41-0bae-476b-8806-6eed42e048b0 - - - - - -] Loaded extension: qos-default
2026-04-28 05:23:42.018 7 INFO neutron.api.extensions [None req-20827b41-0bae-476b-8806-6eed42e048b0 - - - - - -] Loaded extension: qos-fip
2026-04-28 05:23:42.019 7 INFO neutron.api.extensions [None req-20827b41-0bae-476b-8806-6eed42e048b0 - - - - - -] Extension qos-fip-network-policy not supported by any of loaded plugins
2026-04-28 05:23:42.019 7 INFO neutron.api.extensions [None req-20827b41-0bae-476b-8806-6eed42e048b0 - - - - - -] Loaded extension: qos-gateway-ip
2026-04-28 05:23:42.020 7 INFO neutron.api.extensions [None req-20827b41-0bae-476b-8806-6eed42e048b0 - - - - - -] Loaded extension: qos-port-network-policy
2026-04-28 05:23:42.020 7 INFO neutron.api.extensions [None req-20827b41-0bae-476b-8806-6eed42e048b0 - - - - - -] Loaded extension: qos-pps-minimum
2026-04-28 05:23:42.021 7 INFO neutron.api.extensions [None req-20827b41-0bae-476b-8806-6eed42e048b0 - - - - - -] Loaded extension: qos-pps-minimum-rule-alias
2026-04-28 05:23:42.021 6 INFO neutron.quota.resource_registry [None req-74e1ece9-0561-4de9-b784-f6528edcfecc - - - - - -] Creating instance of TrackedResource for resource:router
2026-04-28 05:23:42.021 6 WARNING neutron.quota.resource_registry [None req-74e1ece9-0561-4de9-b784-f6528edcfecc - - - - - -] router is already registered
2026-04-28 05:23:42.022 7 INFO neutron.api.extensions [None req-20827b41-0bae-476b-8806-6eed42e048b0 - - - - - -] Loaded extension: qos-pps
2026-04-28 05:23:42.022 6 INFO neutron.quota.resource_registry [None req-74e1ece9-0561-4de9-b784-f6528edcfecc - - - - - -] Creating instance of TrackedResource for resource:floatingip
2026-04-28 05:23:42.022 6 WARNING neutron.quota.resource_registry [None req-74e1ece9-0561-4de9-b784-f6528edcfecc - - - - - -] floatingip is already registered
2026-04-28 05:23:42.022 7 INFO neutron.api.extensions [None req-20827b41-0bae-476b-8806-6eed42e048b0 - - - - - -] Loaded extension: qos-rule-type-details
2026-04-28 05:23:42.023 7 INFO neutron.api.extensions [None req-20827b41-0bae-476b-8806-6eed42e048b0 - - - - - -] Loaded extension: qos-rule-type-filter
2026-04-28 05:23:42.023 7 INFO neutron.api.extensions [None req-20827b41-0bae-476b-8806-6eed42e048b0 - - - - - -] Loaded extension: qos-rules-alias
2026-04-28 05:23:42.024 7 INFO neutron.api.extensions [None req-20827b41-0bae-476b-8806-6eed42e048b0 - - - - - -] Loaded extension: quota-check-limit
2026-04-28 05:23:42.024 7 INFO neutron.api.extensions [None req-20827b41-0bae-476b-8806-6eed42e048b0 - - - - - -] Loaded extension: quota-check-limit-default
2026-04-28 05:23:42.026 6 INFO neutron.quota.resource_registry [None req-74e1ece9-0561-4de9-b784-f6528edcfecc - - - - - -] Creating instance of CountableResource for resource:rbac_policy
2026-04-28 05:23:42.026 6 WARNING neutron.quota.resource_registry [None req-74e1ece9-0561-4de9-b784-f6528edcfecc - - - - - -] rbac_policy is already registered
2026-04-28 05:23:42.027 7 INFO neutron.api.extensions [None req-20827b41-0bae-476b-8806-6eed42e048b0 - - - - - -] Loaded extension: quotas
2026-04-28 05:23:42.027 6 INFO neutron.quota.resource_registry [None req-74e1ece9-0561-4de9-b784-f6528edcfecc - - - - - -] Creating instance of TrackedResource for resource:security_group
2026-04-28 05:23:42.027 6 WARNING neutron.quota.resource_registry [None req-74e1ece9-0561-4de9-b784-f6528edcfecc - - - - - -] security_group is already registered
2026-04-28 05:23:42.027 6 INFO neutron.quota.resource_registry [None req-74e1ece9-0561-4de9-b784-f6528edcfecc - - - - - -] Creating instance of TrackedResource for resource:security_group_rule
2026-04-28 05:23:42.027 6 WARNING neutron.quota.resource_registry [None req-74e1ece9-0561-4de9-b784-f6528edcfecc - - - - - -] security_group_rule is already registered
2026-04-28 05:23:42.028 7 INFO neutron.api.extensions [None req-20827b41-0bae-476b-8806-6eed42e048b0 - - - - - -] Loaded extension: quota_details
2026-04-28 05:23:42.028 6 INFO neutron.quota.resource_registry [None req-74e1ece9-0561-4de9-b784-f6528edcfecc - - - - - -] Creating instance of TrackedResource for resource:subnetpool
2026-04-28 05:23:42.028 6 WARNING neutron.quota.resource_registry [None req-74e1ece9-0561-4de9-b784-f6528edcfecc - - - - - -] subnetpool is already registered
2026-04-28 05:23:42.029 6 INFO neutron.quota.resource_registry [None req-74e1ece9-0561-4de9-b784-f6528edcfecc - - - - - -] Creating instance of CountableResource for resource:trunk
2026-04-28 05:23:42.029 6 WARNING neutron.quota.resource_registry [None req-74e1ece9-0561-4de9-b784-f6528edcfecc - - - - - -] trunk is already registered
2026-04-28 05:23:42.029 7 INFO neutron.api.extensions [None req-20827b41-0bae-476b-8806-6eed42e048b0 - - - - - -] Loaded extension: rbac-policies
2026-04-28 05:23:42.029 6 INFO neutron.quota.resource_registry [None req-74e1ece9-0561-4de9-b784-f6528edcfecc - - - - - -] Creating instance of CountableResource for resource:ikepolicy
2026-04-28 05:23:42.029 6 WARNING neutron.quota.resource_registry [None req-74e1ece9-0561-4de9-b784-f6528edcfecc - - - - - -] ikepolicy is already registered
2026-04-28 05:23:42.030 7 INFO neutron.api.extensions [None req-20827b41-0bae-476b-8806-6eed42e048b0 - - - - - -] Extension rbac-address-group not supported by any of loaded plugins
2026-04-28 05:23:42.030 7 INFO neutron.api.extensions [None req-20827b41-0bae-476b-8806-6eed42e048b0 - - - - - -] Loaded extension: rbac-address-scope
2026-04-28 05:23:42.030 6 INFO neutron.quota.resource_registry [None req-74e1ece9-0561-4de9-b784-f6528edcfecc - - - - - -] Creating instance of CountableResource for resource:ipsecpolicy
2026-04-28 05:23:42.031 6 WARNING neutron.quota.resource_registry [None req-74e1ece9-0561-4de9-b784-f6528edcfecc - - - - - -] ipsecpolicy is already registered
2026-04-28 05:23:42.031 7 INFO neutron.api.extensions [None req-20827b41-0bae-476b-8806-6eed42e048b0 - - - - - -] Loaded extension: rbac-security-groups
2026-04-28 05:23:42.031 6 INFO neutron.quota.resource_registry [None req-74e1ece9-0561-4de9-b784-f6528edcfecc - - - - - -] Creating instance of CountableResource for resource:endpoint_group
2026-04-28 05:23:42.031 7 INFO neutron.api.extensions [None req-20827b41-0bae-476b-8806-6eed42e048b0 - - - - - -] Extension rbac-subnetpool not supported by any of loaded plugins
2026-04-28 05:23:42.031 6 WARNING neutron.quota.resource_registry [None req-74e1ece9-0561-4de9-b784-f6528edcfecc - - - - - -] endpoint_group is already registered
2026-04-28 05:23:42.032 6 INFO neutron.quota.resource_registry [None req-74e1ece9-0561-4de9-b784-f6528edcfecc - - - - - -] Creating instance of CountableResource for resource:vpnservice
2026-04-28 05:23:42.032 6 WARNING neutron.quota.resource_registry [None req-74e1ece9-0561-4de9-b784-f6528edcfecc - - - - - -] vpnservice is already registered
2026-04-28 05:23:42.032 7 INFO neutron.api.extensions [None req-20827b41-0bae-476b-8806-6eed42e048b0 - - - - - -] Loaded extension: revision-if-match
2026-04-28 05:23:42.032 6 INFO neutron.quota.resource_registry [None req-74e1ece9-0561-4de9-b784-f6528edcfecc - - - - - -] Creating instance of CountableResource for resource:ipsec_site_connection
2026-04-28 05:23:42.032 6 WARNING neutron.quota.resource_registry [None req-74e1ece9-0561-4de9-b784-f6528edcfecc - - - - - -] ipsec_site_connection is already registered
2026-04-28 05:23:42.033 7 INFO neutron.api.extensions [None req-20827b41-0bae-476b-8806-6eed42e048b0 - - - - - -] Loaded extension: standard-attr-revisions
2026-04-28 05:23:42.033 6 INFO neutron.quota.resource_registry [None req-74e1ece9-0561-4de9-b784-f6528edcfecc - - - - - -] Creating instance of CountableResource for resource:ipsecpolicy
2026-04-28 05:23:42.033 6 WARNING neutron.quota.resource_registry [None req-74e1ece9-0561-4de9-b784-f6528edcfecc - - - - - -] ipsecpolicy is already registered
2026-04-28 05:23:42.033 7 INFO neutron.api.extensions [None req-20827b41-0bae-476b-8806-6eed42e048b0 - - - - - -] Loaded extension: router_availability_zone
2026-04-28 05:23:42.033 6 INFO neutron.quota.resource_registry [None req-74e1ece9-0561-4de9-b784-f6528edcfecc - - - - - -] Creating instance of CountableResource for resource:ikepolicy
2026-04-28 05:23:42.034 6 WARNING neutron.quota.resource_registry [None req-74e1ece9-0561-4de9-b784-f6528edcfecc - - - - - -] ikepolicy is already registered
2026-04-28 05:23:42.034 7 INFO neutron.api.extensions [None req-20827b41-0bae-476b-8806-6eed42e048b0 - - - - - -] Extension router-service-type not supported by any of loaded plugins
2026-04-28 05:23:42.036 7 INFO neutron.api.extensions [None req-20827b41-0bae-476b-8806-6eed42e048b0 - - - - - -] Loaded extension: security-groups-default-rules
2026-04-28 05:23:42.037 7 INFO neutron.api.extensions [None req-20827b41-0bae-476b-8806-6eed42e048b0 - - - - - -] Loaded extension: security-groups-normalized-cidr
2026-04-28 05:23:42.037 7 INFO neutron.api.extensions [None req-20827b41-0bae-476b-8806-6eed42e048b0 - - - - - -] Extension port-security-groups-filtering not supported by any of loaded plugins
2026-04-28 05:23:42.038 7 INFO neutron.api.extensions [None req-20827b41-0bae-476b-8806-6eed42e048b0 - - - - - -] Loaded extension: security-groups-remote-address-group
2026-04-28 05:23:42.038 7 INFO neutron.api.extensions [None req-20827b41-0bae-476b-8806-6eed42e048b0 - - - - - -] Loaded extension: security-groups-rules-belongs-to-default-sg
2026-04-28 05:23:42.039 7 INFO neutron.api.extensions [None req-20827b41-0bae-476b-8806-6eed42e048b0 - - - - - -] Loaded extension: security-groups-shared-filtering
2026-04-28 05:23:42.043 7 INFO neutron.api.extensions [None req-20827b41-0bae-476b-8806-6eed42e048b0 - - - - - -] Loaded extension: security-group
2026-04-28 05:23:42.044 7 INFO neutron.api.extensions [None req-20827b41-0bae-476b-8806-6eed42e048b0 - - - - - -] Loaded extension: segment
2026-04-28 05:23:42.045 7 INFO neutron.api.extensions [None req-20827b41-0bae-476b-8806-6eed42e048b0 - - - - - -] Loaded extension: segments-peer-subnet-host-routes
2026-04-28 05:23:42.046 7 INFO neutron.api.extensions [None req-20827b41-0bae-476b-8806-6eed42e048b0 - - - - - -] Loaded extension: service-type
2026-04-28 05:23:42.046 7 INFO neutron.api.extensions [None req-20827b41-0bae-476b-8806-6eed42e048b0 - - - - - -] Loaded extension: sorting
2026-04-28 05:23:42.047 7 INFO neutron.api.extensions [None req-20827b41-0bae-476b-8806-6eed42e048b0 - - - - - -] Loaded extension: standard-attr-segment
2026-04-28 05:23:42.048 7 INFO neutron.api.extensions [None req-20827b41-0bae-476b-8806-6eed42e048b0 - - - - - -] Loaded extension: standard-attr-description
2026-04-28 05:23:42.049 7 INFO neutron.api.extensions [None req-20827b41-0bae-476b-8806-6eed42e048b0 - - - - - -] Loaded extension: stateful-security-group
2026-04-28 05:23:42.049 7 WARNING neutron.api.extensions [None req-20827b41-0bae-476b-8806-6eed42e048b0 - - - - - -] Did not find expected name "Stdattrs_common" in /var/lib/openstack/lib/python3.12/site-packages/neutron/extensions/stdattrs_common.py
2026-04-28 05:23:42.050 7 INFO neutron.api.extensions [None req-20827b41-0bae-476b-8806-6eed42e048b0 - - - - - -] Loaded extension: subnet-dns-publish-fixed-ip
2026-04-28 05:23:42.050 7 INFO neutron.api.extensions [None req-20827b41-0bae-476b-8806-6eed42e048b0 - - - - - -] Loaded extension: subnet-external-network
2026-04-28 05:23:42.051 7 INFO neutron.api.extensions [None req-20827b41-0bae-476b-8806-6eed42e048b0 - - - - - -] Extension subnet_onboard not supported by any of loaded plugins
2026-04-28 05:23:42.051 7 INFO neutron.api.extensions [None req-20827b41-0bae-476b-8806-6eed42e048b0 - - - - - -] Loaded extension: subnet-segmentid-writable
2026-04-28 05:23:42.052 7 INFO neutron.api.extensions [None req-20827b41-0bae-476b-8806-6eed42e048b0 - - - - - -] Loaded extension: subnet-service-types
2026-04-28 05:23:42.053 7 INFO neutron.api.extensions [None req-20827b41-0bae-476b-8806-6eed42e048b0 - - - - - -] Loaded extension: subnet_allocation
2026-04-28 05:23:42.053 7 INFO neutron.api.extensions [None req-20827b41-0bae-476b-8806-6eed42e048b0 - - - - - -] Loaded extension: subnetpool-prefix-ops
2026-04-28 05:23:42.054 7 INFO neutron.api.extensions [None req-20827b41-0bae-476b-8806-6eed42e048b0 - - - - - -] Loaded extension: tag-creation
2026-04-28 05:23:42.054 7 INFO neutron.api.extensions [None req-20827b41-0bae-476b-8806-6eed42e048b0 - - - - - -] Extension tag-ports-during-bulk-creation not supported by any of loaded plugins
2026-04-28 05:23:42.059 7 INFO neutron.api.extensions [None req-20827b41-0bae-476b-8806-6eed42e048b0 - - - - - -] Loaded extension: standard-attr-tag
2026-04-28 05:23:42.060 7 INFO neutron.api.extensions [None req-20827b41-0bae-476b-8806-6eed42e048b0 - - - - - -] Loaded extension: standard-attr-timestamp
2026-04-28 05:23:42.060 7 INFO neutron.api.extensions [None req-20827b41-0bae-476b-8806-6eed42e048b0 - - - - - -] Loaded extension: trunk
2026-04-28 05:23:42.061 7 INFO neutron.api.extensions [None req-20827b41-0bae-476b-8806-6eed42e048b0 - - - - - -] Loaded extension: trunk-details
2026-04-28 05:23:42.061 7 INFO neutron.api.extensions [None req-20827b41-0bae-476b-8806-6eed42e048b0 - - - - - -] Extension uplink-status-propagation not supported by any of loaded plugins
2026-04-28 05:23:42.062 7 INFO neutron.api.extensions [None req-20827b41-0bae-476b-8806-6eed42e048b0 - - - - - -] Extension uplink-status-propagation-updatable not supported by any of loaded plugins
2026-04-28 05:23:42.063 7 INFO neutron.api.extensions [None req-20827b41-0bae-476b-8806-6eed42e048b0 - - - - - -] Loaded extension: vlan-transparent
2026-04-28 05:23:42.063 7 INFO neutron.api.extensions [None req-20827b41-0bae-476b-8806-6eed42e048b0 - - - - - -] Loaded extension: vpn-aes-ctr
2026-04-28 05:23:42.066 7 INFO neutron.api.extensions [None req-20827b41-0bae-476b-8806-6eed42e048b0 - - - - - -] Loaded extension: vpn-agent-scheduler
2026-04-28 05:23:42.067 7 INFO neutron.api.extensions [None req-20827b41-0bae-476b-8806-6eed42e048b0 - - - - - -] Loaded extension: vpn-endpoint-groups
2026-04-28 05:23:42.068 7 INFO neutron.api.extensions [None req-20827b41-0bae-476b-8806-6eed42e048b0 - - - - - -] Loaded extension: vpn-flavors
2026-04-28 05:23:42.070 6 WARNING keystonemiddleware._common.config [None req-74e1ece9-0561-4de9-b784-f6528edcfecc - - - - - -] The option "audit_map_file" is not known to keystonemiddleware
2026-04-28 05:23:42.070 7 INFO neutron.api.extensions [None req-20827b41-0bae-476b-8806-6eed42e048b0 - - - - - -] Loaded extension: vpnaas
2026-04-28 05:23:42.072 7 INFO neutron.api.extensions [None req-20827b41-0bae-476b-8806-6eed42e048b0 - - - - - -] Loaded extension: taas
2026-04-28 05:23:42.074 7 INFO neutron.api.extensions [None req-20827b41-0bae-476b-8806-6eed42e048b0 - - - - - -] Loaded extension: tap-mirror
2026-04-28 05:23:42.074 7 INFO neutron.api.extensions [None req-20827b41-0bae-476b-8806-6eed42e048b0 - - - - - -] Loaded extension: taas-vlan-filter
2026-04-28 05:23:42.076 6 WARNING oslo_config.cfg [None req-74e1ece9-0561-4de9-b784-f6528edcfecc - - - - - -] Deprecated: Option "auth_uri" from group "keystone_authtoken" is deprecated. Use option "www_authenticate_uri" from group "keystone_authtoken".
2026-04-28 05:23:42.077 7 INFO neutron.quota.resource_registry [None req-20827b41-0bae-476b-8806-6eed42e048b0 - - - - - -] Creating instance of TrackedResource for resource:network
2026-04-28 05:23:42.077 7 INFO neutron.quota.resource_registry [None req-20827b41-0bae-476b-8806-6eed42e048b0 - - - - - -] Creating instance of TrackedResource for resource:subnet
2026-04-28 05:23:42.077 7 INFO neutron.quota.resource_registry [None req-20827b41-0bae-476b-8806-6eed42e048b0 - - - - - -] Creating instance of TrackedResource for resource:subnetpool
2026-04-28 05:23:42.078 7 INFO neutron.quota.resource_registry [None req-20827b41-0bae-476b-8806-6eed42e048b0 - - - - - -] Creating instance of TrackedResource for resource:port
2026-04-28 05:23:42.081 7 INFO neutron.quota.resource_registry [None req-20827b41-0bae-476b-8806-6eed42e048b0 - - - - - -] Creating instance of TrackedResource for resource:router
2026-04-28 05:23:42.081 7 INFO neutron.quota.resource_registry [None req-20827b41-0bae-476b-8806-6eed42e048b0 - - - - - -] Creating instance of TrackedResource for resource:floatingip
2026-04-28 05:23:42.086 7 INFO neutron.quota.resource_registry [None req-20827b41-0bae-476b-8806-6eed42e048b0 - - - - - -] Creating instance of CountableResource for resource:rbac_policy
2026-04-28 05:23:42.087 7 INFO neutron.quota.resource_registry [None req-20827b41-0bae-476b-8806-6eed42e048b0 - - - - - -] Creating instance of TrackedResource for resource:security_group
2026-04-28 05:23:42.087 7 INFO neutron.quota.resource_registry [None req-20827b41-0bae-476b-8806-6eed42e048b0 - - - - - -] Creating instance of TrackedResource for resource:security_group_rule
2026-04-28 05:23:42.088 7 INFO neutron.quota.resource_registry [None req-20827b41-0bae-476b-8806-6eed42e048b0 - - - - - -] Creating instance of TrackedResource for resource:subnetpool
2026-04-28 05:23:42.088 7 WARNING neutron.quota.resource_registry [None req-20827b41-0bae-476b-8806-6eed42e048b0 - - - - - -] subnetpool is already registered
2026-04-28 05:23:42.089 7 INFO neutron.quota.resource_registry [None req-20827b41-0bae-476b-8806-6eed42e048b0 - - - - - -] Creating instance of CountableResource for resource:trunk
2026-04-28 05:23:42.089 7 INFO neutron.quota.resource_registry [None req-20827b41-0bae-476b-8806-6eed42e048b0 - - - - - -] Creating instance of CountableResource for resource:ikepolicy
2026-04-28 05:23:42.089 7 INFO neutron.quota.resource_registry [None req-20827b41-0bae-476b-8806-6eed42e048b0 - - - - - -] Creating instance of CountableResource for resource:ipsecpolicy
2026-04-28 05:23:42.090 7 INFO neutron.quota.resource_registry [None req-20827b41-0bae-476b-8806-6eed42e048b0 - - - - - -] Creating instance of CountableResource for resource:endpoint_group
2026-04-28 05:23:42.090 7 INFO neutron.quota.resource_registry [None req-20827b41-0bae-476b-8806-6eed42e048b0 - - - - - -] Creating instance of CountableResource for resource:vpnservice
2026-04-28 05:23:42.091 7 INFO neutron.quota.resource_registry [None req-20827b41-0bae-476b-8806-6eed42e048b0 - - - - - -] Creating instance of CountableResource for resource:ipsec_site_connection
2026-04-28 05:23:42.091 7 INFO neutron.quota.resource_registry [None req-20827b41-0bae-476b-8806-6eed42e048b0 - - - - - -] Creating instance of CountableResource for resource:ipsecpolicy
2026-04-28 05:23:42.091 7 WARNING neutron.quota.resource_registry [None req-20827b41-0bae-476b-8806-6eed42e048b0 - - - - - -] ipsecpolicy is already registered
2026-04-28 05:23:42.091 7 INFO neutron.quota.resource_registry [None req-20827b41-0bae-476b-8806-6eed42e048b0 - - - - - -] Creating instance of CountableResource for resource:ikepolicy
2026-04-28 05:23:42.092 7 WARNING neutron.quota.resource_registry [None req-20827b41-0bae-476b-8806-6eed42e048b0 - - - - - -] ikepolicy is already registered
2026-04-28 05:23:42.096 7 INFO neutron.quota.resource_registry [None req-20827b41-0bae-476b-8806-6eed42e048b0 - - - - - -] Creating instance of TrackedResource for resource:router
2026-04-28 05:23:42.096 7 WARNING neutron.quota.resource_registry [None req-20827b41-0bae-476b-8806-6eed42e048b0 - - - - - -] router is already registered
2026-04-28 05:23:42.097 7 INFO neutron.quota.resource_registry [None req-20827b41-0bae-476b-8806-6eed42e048b0 - - - - - -] Creating instance of TrackedResource for resource:floatingip
2026-04-28 05:23:42.097 7 WARNING neutron.quota.resource_registry [None req-20827b41-0bae-476b-8806-6eed42e048b0 - - - - - -] floatingip is already registered
2026-04-28 05:23:42.098 6 WARNING neutron.plugins.ml2.drivers.ovn.mech_driver.mech_driver [None req-74e1ece9-0561-4de9-b784-f6528edcfecc - - - - - -] uWSGI must provide a start time using the configuration parameter "start-time %t" in the configuration file
2026-04-28 05:23:42.101 7 INFO neutron.quota.resource_registry [None req-20827b41-0bae-476b-8806-6eed42e048b0 - - - - - -] Creating instance of CountableResource for resource:rbac_policy
2026-04-28 05:23:42.101 7 WARNING neutron.quota.resource_registry [None req-20827b41-0bae-476b-8806-6eed42e048b0 - - - - - -] rbac_policy is already registered
2026-04-28 05:23:42.101 7 INFO neutron.quota.resource_registry [None req-20827b41-0bae-476b-8806-6eed42e048b0 - - - - - -] Creating instance of TrackedResource for resource:security_group
2026-04-28 05:23:42.102 7 WARNING neutron.quota.resource_registry [None req-20827b41-0bae-476b-8806-6eed42e048b0 - - - - - -] security_group is already registered
2026-04-28 05:23:42.102 7 INFO neutron.quota.resource_registry [None req-20827b41-0bae-476b-8806-6eed42e048b0 - - - - - -] Creating instance of TrackedResource for resource:security_group_rule
2026-04-28 05:23:42.102 7 WARNING neutron.quota.resource_registry [None req-20827b41-0bae-476b-8806-6eed42e048b0 - - - - - -] security_group_rule is already registered
2026-04-28 05:23:42.103 7 INFO neutron.quota.resource_registry [None req-20827b41-0bae-476b-8806-6eed42e048b0 - - - - - -] Creating instance of TrackedResource for resource:subnetpool
2026-04-28 05:23:42.103 7 WARNING neutron.quota.resource_registry [None req-20827b41-0bae-476b-8806-6eed42e048b0 - - - - - -] subnetpool is already registered
2026-04-28 05:23:42.103 7 INFO neutron.quota.resource_registry [None req-20827b41-0bae-476b-8806-6eed42e048b0 - - - - - -] Creating instance of CountableResource for resource:trunk
2026-04-28 05:23:42.104 7 WARNING neutron.quota.resource_registry [None req-20827b41-0bae-476b-8806-6eed42e048b0 - - - - - -] trunk is already registered
2026-04-28 05:23:42.104 7 INFO neutron.quota.resource_registry [None req-20827b41-0bae-476b-8806-6eed42e048b0 - - - - - -] Creating instance of CountableResource for resource:ikepolicy
2026-04-28 05:23:42.104 7 WARNING neutron.quota.resource_registry [None req-20827b41-0bae-476b-8806-6eed42e048b0 - - - - - -] ikepolicy is already registered
2026-04-28 05:23:42.105 7 INFO neutron.quota.resource_registry [None req-20827b41-0bae-476b-8806-6eed42e048b0 - - - - - -] Creating instance of CountableResource for resource:ipsecpolicy
2026-04-28 05:23:42.105 7 WARNING neutron.quota.resource_registry [None req-20827b41-0bae-476b-8806-6eed42e048b0 - - - - - -] ipsecpolicy is already registered
2026-04-28 05:23:42.106 7 INFO neutron.quota.resource_registry [None req-20827b41-0bae-476b-8806-6eed42e048b0 - - - - - -] Creating instance of CountableResource for resource:endpoint_group
2026-04-28 05:23:42.106 7 WARNING neutron.quota.resource_registry [None req-20827b41-0bae-476b-8806-6eed42e048b0 - - - - - -] endpoint_group is already registered
2026-04-28 05:23:42.106 7 INFO neutron.quota.resource_registry [None req-20827b41-0bae-476b-8806-6eed42e048b0 - - - - - -] Creating instance of CountableResource for resource:vpnservice
2026-04-28 05:23:42.106 7 WARNING neutron.quota.resource_registry [None req-20827b41-0bae-476b-8806-6eed42e048b0 - - - - - -] vpnservice is already registered
2026-04-28 05:23:42.107 7 INFO neutron.quota.resource_registry [None req-20827b41-0bae-476b-8806-6eed42e048b0 - - - - - -] Creating instance of CountableResource for resource:ipsec_site_connection
2026-04-28 05:23:42.107 7 WARNING neutron.quota.resource_registry [None req-20827b41-0bae-476b-8806-6eed42e048b0 - - - - - -] ipsec_site_connection is already registered
2026-04-28 05:23:42.107 7 INFO neutron.quota.resource_registry [None req-20827b41-0bae-476b-8806-6eed42e048b0 - - - - - -] Creating instance of CountableResource for resource:ipsecpolicy
2026-04-28 05:23:42.107 7 WARNING neutron.quota.resource_registry [None req-20827b41-0bae-476b-8806-6eed42e048b0 - - - - - -] ipsecpolicy is already registered
2026-04-28 05:23:42.108 7 INFO neutron.quota.resource_registry [None req-20827b41-0bae-476b-8806-6eed42e048b0 - - - - - -] Creating instance of CountableResource for resource:ikepolicy
2026-04-28 05:23:42.108 7 WARNING neutron.quota.resource_registry [None req-20827b41-0bae-476b-8806-6eed42e048b0 - - - - - -] ikepolicy is already registered
2026-04-28 05:23:42.115 6 INFO neutron.db.ovn_hash_ring_db [None req-74e1ece9-0561-4de9-b784-f6528edcfecc - - - - - -] Nodes from host "neutron-server-5948db899f-jzhzn" and group "mechanism_driver" removed from the Hash Ring created at
2026-04-28 05:23:42+00:00
2026-04-28 05:23:42.118 6 INFO neutron.db.ovn_hash_ring_db [None req-74e1ece9-0561-4de9-b784-f6528edcfecc - - - - - -] Node 09947c48e2d5538ba2456cd12b16a1b8 from host "neutron-server-5948db899f-jzhzn" and group "mechanism_driver" added to the Hash Ring
2026-04-28 05:23:42.125 6 INFO neutron.plugins.ml2.drivers.ovn.mech_driver.mech_driver [None req-74e1ece9-0561-4de9-b784-f6528edcfecc - - - - - -] Hash Ring probing thread for node 09947c48e2d5538ba2456cd12b16a1b8 has started
2026-04-28 05:23:42.125 6 INFO neutron.plugins.ml2.drivers.ovn.mech_driver.ovsdb.impl_idl_ovn [None req-74e1ece9-0561-4de9-b784-f6528edcfecc - - - - - -] Getting OvsdbNbOvnIdl for WorkerService with retry
2026-04-28 05:23:42.144 7 WARNING keystonemiddleware._common.config [None req-20827b41-0bae-476b-8806-6eed42e048b0 - - - - - -] The option "audit_map_file" is not known to keystonemiddleware
2026-04-28 05:23:42.151 7 WARNING oslo_config.cfg [None req-20827b41-0bae-476b-8806-6eed42e048b0 - - - - - -] Deprecated: Option "auth_uri" from group "keystone_authtoken" is deprecated. Use option "www_authenticate_uri" from group "keystone_authtoken".
2026-04-28 05:23:42.159 6 INFO ovsdbapp.backend.ovs_idl.vlog [None req-74e1ece9-0561-4de9-b784-f6528edcfecc - - - - - -] tcp:10.111.93.124:6641: connecting...
2026-04-28 05:23:42.160 6 INFO ovsdbapp.backend.ovs_idl.vlog [None req-74e1ece9-0561-4de9-b784-f6528edcfecc - - - - - -] tcp:10.111.93.124:6641: connected
2026-04-28 05:23:42.171 7 WARNING neutron.plugins.ml2.drivers.ovn.mech_driver.mech_driver [None req-20827b41-0bae-476b-8806-6eed42e048b0 - - - - - -] uWSGI must provide a start time using the configuration parameter "start-time %t" in the configuration file
2026-04-28 05:23:42.184 7 INFO neutron.db.ovn_hash_ring_db [None req-20827b41-0bae-476b-8806-6eed42e048b0 - - - - - -] Nodes from host "neutron-server-5948db899f-jzhzn" and group "mechanism_driver" removed from the Hash Ring created at
2026-04-28 05:23:42+00:00
2026-04-28 05:23:42.187 7 INFO neutron.db.ovn_hash_ring_db [None req-20827b41-0bae-476b-8806-6eed42e048b0 - - - - - -] Node d3ed498ecbb7587e8eb11d1037ac1082 from host "neutron-server-5948db899f-jzhzn" and group "mechanism_driver" added to the Hash Ring
2026-04-28 05:23:42.200 7 INFO neutron.plugins.ml2.drivers.ovn.mech_driver.mech_driver [None req-20827b41-0bae-476b-8806-6eed42e048b0 - - - - - -] Hash Ring probing thread for node d3ed498ecbb7587e8eb11d1037ac1082 has started
2026-04-28 05:23:42.201 7 INFO neutron.plugins.ml2.drivers.ovn.mech_driver.ovsdb.impl_idl_ovn [None req-20827b41-0bae-476b-8806-6eed42e048b0 - - - - - -] Getting OvsdbNbOvnIdl for WorkerService with retry
2026-04-28 05:23:42.209 6 INFO neutron.plugins.ml2.drivers.ovn.mech_driver.ovsdb.impl_idl_ovn [None req-74e1ece9-0561-4de9-b784-f6528edcfecc - - - - - -] Getting OvsdbSbOvnIdl for WorkerService with retry
2026-04-28 05:23:42.229 6 INFO ovsdbapp.backend.ovs_idl.vlog [None req-74e1ece9-0561-4de9-b784-f6528edcfecc - - - - - -] tcp:10.99.135.16:6642: connecting...
2026-04-28 05:23:42.230 6 INFO ovsdbapp.backend.ovs_idl.vlog [None req-74e1ece9-0561-4de9-b784-f6528edcfecc - - - - - -] tcp:10.99.135.16:6642: connected
2026-04-28 05:23:42.233 7 INFO ovsdbapp.backend.ovs_idl.vlog [None req-20827b41-0bae-476b-8806-6eed42e048b0 - - - - - -] tcp:10.111.93.124:6641: connecting...
2026-04-28 05:23:42.233 7 INFO ovsdbapp.backend.ovs_idl.vlog [None req-20827b41-0bae-476b-8806-6eed42e048b0 - - - - - -] tcp:10.111.93.124:6641: connected
2026-04-28 05:23:42.258 6 INFO neutron.plugins.ml2.drivers.ovn.mech_driver.mech_driver [None req-74e1ece9-0561-4de9-b784-f6528edcfecc - - - - - -] WorkerService process has finished the post initialization
2026-04-28 05:23:42.259 6 INFO neutron.plugins.ml2.drivers.ovn.mech_driver.ovsdb.extensions.qos [-] Starting OVNClientQosExtension
2026-04-28 05:23:42.259 6 INFO neutron.plugins.ml2.drivers.ovn.mech_driver.ovsdb.extensions.placement [-] Starting OVNClientPlacementExtension
2026-04-28 05:23:42.272 7 INFO neutron.plugins.ml2.drivers.ovn.mech_driver.ovsdb.impl_idl_ovn [None req-20827b41-0bae-476b-8806-6eed42e048b0 - - - - - -] Getting OvsdbSbOvnIdl for WorkerService with retry
2026-04-28 05:23:42.283 6 INFO ovsdbapp.backend.ovs_idl.vlog [None req-74e1ece9-0561-4de9-b784-f6528edcfecc - - - - - -] tcp:10.111.93.124:6641: connecting...
2026-04-28 05:23:42.283 6 INFO ovsdbapp.backend.ovs_idl.vlog [None req-74e1ece9-0561-4de9-b784-f6528edcfecc - - - - - -] tcp:10.111.93.124:6641: connected
2026-04-28 05:23:42.292 7 INFO ovsdbapp.backend.ovs_idl.vlog [None req-20827b41-0bae-476b-8806-6eed42e048b0 - - - - - -] tcp:10.99.135.16:6642: connecting...
2026-04-28 05:23:42.292 7 INFO ovsdbapp.backend.ovs_idl.vlog [None req-20827b41-0bae-476b-8806-6eed42e048b0 - - - - - -] tcp:10.99.135.16:6642: connected
2026-04-28 05:23:42.324 6 INFO ovsdbapp.backend.ovs_idl.vlog [None req-74e1ece9-0561-4de9-b784-f6528edcfecc - - - - - -] tcp:10.111.93.124:6641: connecting...
2026-04-28 05:23:42.325 6 INFO ovsdbapp.backend.ovs_idl.vlog [None req-74e1ece9-0561-4de9-b784-f6528edcfecc - - - - - -] tcp:10.111.93.124:6641: connected
2026-04-28 05:23:42.326 7 INFO neutron.plugins.ml2.drivers.ovn.mech_driver.mech_driver [None req-20827b41-0bae-476b-8806-6eed42e048b0 - - - - - -] WorkerService process has finished the post initialization WSGI app 0 (mountpoint='') ready in 10 seconds on interpreter 0x7f9f0e435668 pid: 6 (default app)
2026-04-28 05:23:42.345 7 INFO ovsdbapp.backend.ovs_idl.vlog [None req-20827b41-0bae-476b-8806-6eed42e048b0 - - - - - -] tcp:10.111.93.124:6641: connecting...
2026-04-28 05:23:42.345 7 INFO ovsdbapp.backend.ovs_idl.vlog [None req-20827b41-0bae-476b-8806-6eed42e048b0 - - - - - -] tcp:10.111.93.124:6641: connected
2026-04-28 05:23:42.384 7 INFO ovsdbapp.backend.ovs_idl.vlog [None req-20827b41-0bae-476b-8806-6eed42e048b0 - - - - - -] tcp:10.111.93.124:6641: connecting...
2026-04-28 05:23:42.384 7 INFO ovsdbapp.backend.ovs_idl.vlog [None req-20827b41-0bae-476b-8806-6eed42e048b0 - - - - - -] tcp:10.111.93.124:6641: connected WSGI app 0 (mountpoint='') ready in 10 seconds on interpreter 0x7f9f0e435668 pid: 7 (default app) /var/lib/openstack/lib/python3.12/site-packages/pycadf/identifier.py:70: UserWarning: Invalid uuid: unknown. To ensure interoperability, identifiers should be a valid uuid. warnings.warn(('Invalid uuid: %s. To ensure interoperability, '
2026-04-28 05:23:43.580 6 INFO neutron.pecan_wsgi.hooks.translation [None req-cca4e329-9184-4372-9403-de68b9a26d9f 98dcfea1c4be4543a73ee8063f402e71 63a019f751a048729a385d802bc88954 - - default default] GET failed (client error): The resource could not be found. [pid: 6|app: 0|req: 3/3] 199.204.45.65 () {44 vars in 923 bytes} [Tue Apr 28 05:23:42 2026] GET /v2.0/networks/public => generated 108 bytes in 769 msecs (HTTP/1.1 404) 4 headers in 164 bytes (1 switches on core 0) /var/lib/openstack/lib/python3.12/site-packages/pycadf/identifier.py:70: UserWarning: Invalid uuid: unknown. To ensure interoperability, identifiers should be a valid uuid. warnings.warn(('Invalid uuid: %s. To ensure interoperability, ' [pid: 7|app: 0|req: 1/4] 199.204.45.65 () {44 vars in 945 bytes} [Tue Apr 28 05:23:43 2026] GET /v2.0/networks?name=public => generated 15 bytes in 353 msecs (HTTP/1.1 200) 4 headers in 156 bytes (1 switches on core 0)
2026-04-28 05:23:44.313 6 INFO neutron.db.ovn_revision_numbers_db [None req-5c62638f-43fe-4457-8bc8-d9a89af1e267 98dcfea1c4be4543a73ee8063f402e71 63a019f751a048729a385d802bc88954 - - default default] Successfully bumped revision number for resource 613fa5f7-3daf-4472-99a1-cdea1645a293 (type: security_groups) to 1
2026-04-28 05:23:44.327 6 INFO neutron.db.ovn_revision_numbers_db [None req-5c62638f-43fe-4457-8bc8-d9a89af1e267 98dcfea1c4be4543a73ee8063f402e71 63a019f751a048729a385d802bc88954 - - default default] Successfully bumped revision number for resource 6788e4ff-f7e1-4a26-9c22-c947b87a539e (type: security_group_rules) to 0
2026-04-28 05:23:44.339 6 INFO neutron.db.ovn_revision_numbers_db [None req-5c62638f-43fe-4457-8bc8-d9a89af1e267 98dcfea1c4be4543a73ee8063f402e71 63a019f751a048729a385d802bc88954 - - default default] Successfully bumped revision number for resource 8716c4c2-de2f-43b1-9002-6645fe3f0359 (type: security_group_rules) to 0
2026-04-28 05:23:44.354 6 INFO neutron.db.ovn_revision_numbers_db [None req-5c62638f-43fe-4457-8bc8-d9a89af1e267 98dcfea1c4be4543a73ee8063f402e71 63a019f751a048729a385d802bc88954 - - default default] Successfully bumped revision number for resource e090054e-e55b-4837-859c-63fcec679ed0 (type: security_group_rules) to 0
2026-04-28 05:23:44.365 6 INFO neutron.db.ovn_revision_numbers_db [None req-5c62638f-43fe-4457-8bc8-d9a89af1e267 98dcfea1c4be4543a73ee8063f402e71 63a019f751a048729a385d802bc88954 - - default default] Successfully bumped revision number for resource ffd4f832-52ec-4542-a110-4c2df6a98a39 (type: security_group_rules) to 0
2026-04-28 05:23:44.449 6 WARNING neutron.services.revisions.revision_plugin [None req-5c62638f-43fe-4457-8bc8-d9a89af1e267 98dcfea1c4be4543a73ee8063f402e71 63a019f751a048729a385d802bc88954 - - default default] Could not find related network for resource to bump revision.
2026-04-28 05:23:44.482 6 INFO neutron.db.segments_db [None req-5c62638f-43fe-4457-8bc8-d9a89af1e267 98dcfea1c4be4543a73ee8063f402e71 63a019f751a048729a385d802bc88954 - - default default] Added segment f437625c-7c65-4dfb-ab15-680a6434440b of type flat for network 7eaf043e-b4e7-40cb-a6f4-05d231e11f0b
2026-04-28 05:23:44.598 6 INFO neutron.plugins.ml2.drivers.ovn.mech_driver.mech_driver [-] OVN reports status down for port: provnet-f437625c-7c65-4dfb-ab15-680a6434440b
2026-04-28 05:23:44.600 7 INFO neutron.plugins.ml2.drivers.ovn.mech_driver.mech_driver [-] OVN reports status down for port: provnet-f437625c-7c65-4dfb-ab15-680a6434440b
2026-04-28 05:23:44.651 6 INFO neutron.db.ovn_revision_numbers_db [None req-5c62638f-43fe-4457-8bc8-d9a89af1e267 98dcfea1c4be4543a73ee8063f402e71 63a019f751a048729a385d802bc88954 - - default default] Successfully bumped revision number for resource 7eaf043e-b4e7-40cb-a6f4-05d231e11f0b (type: networks) to 1
2026-04-28 05:23:44.922 6 WARNING neutron.scheduler.dhcp_agent_scheduler [None req-5c62638f-43fe-4457-8bc8-d9a89af1e267 98dcfea1c4be4543a73ee8063f402e71 63a019f751a048729a385d802bc88954 - - default default] No more DHCP agents
2026-04-28 05:23:44.923 6 WARNING neutron.api.rpc.agentnotifiers.dhcp_rpc_agent_api [None req-5c62638f-43fe-4457-8bc8-d9a89af1e267 98dcfea1c4be4543a73ee8063f402e71 63a019f751a048729a385d802bc88954 - - default default] Unable to schedule network 7eaf043e-b4e7-40cb-a6f4-05d231e11f0b: no agents available; will retry on subsequent port and subnet creation events.
2026-04-28 05:23:45.181 6 INFO neutron.plugins.ml2.drivers.ovn.mech_driver.mech_driver [None req-36102bc4-53b4-4e14-b770-342fa3d06e8c - - - - - -] OVN reports status down for port: 97e091c5-7f93-4db8-b552-e83034cefa88
2026-04-28 05:23:45.276 6 INFO neutron.db.ovn_revision_numbers_db [None req-5c62638f-43fe-4457-8bc8-d9a89af1e267 98dcfea1c4be4543a73ee8063f402e71 63a019f751a048729a385d802bc88954 - - default default] Successfully bumped revision number for resource 97e091c5-7f93-4db8-b552-e83034cefa88 (type: ports) to 1 [pid: 6|app: 0|req: 4/5] 199.204.45.65 () {48 vars in 963 bytes} [Tue Apr 28 05:23:43 2026] POST /v2.0/networks => generated 744 bytes in 1406 msecs (HTTP/1.1 201) 4 headers in 162 bytes (1 switches on core 0)
2026-04-28 05:23:46.486 6 INFO neutron.pecan_wsgi.hooks.translation [None req-a0cea986-a33f-4542-9745-f857a808b12b 98dcfea1c4be4543a73ee8063f402e71 63a019f751a048729a385d802bc88954 - - default default] GET failed (client error): The resource could not be found. [pid: 6|app: 0|req: 5/7] 199.204.45.65 () {44 vars in 923 bytes} [Tue Apr 28 05:23:46 2026] GET /v2.0/networks/public => generated 108 bytes in 39 msecs (HTTP/1.1 404) 4 headers in 164 bytes (1 switches on core 0) [pid: 7|app: 0|req: 3/8] 199.204.45.65 () {44 vars in 945 bytes} [Tue Apr 28 05:23:46 2026] GET /v2.0/networks?name=public => generated 753 bytes in 203 msecs (HTTP/1.1 200) 4 headers in 157 bytes (1 switches on core 0)
2026-04-28 05:23:46.728 6 INFO neutron.pecan_wsgi.hooks.translation [None req-b78299bc-eb4b-4ba4-9cb9-337b64d76446 98dcfea1c4be4543a73ee8063f402e71 63a019f751a048729a385d802bc88954 - - default default] GET failed (client error): The resource could not be found. [pid: 6|app: 0|req: 6/9] 199.204.45.65 () {44 vars in 1030 bytes} [Tue Apr 28 05:23:46 2026] GET /v2.0/subnets/public-subnet?network_id=7eaf043e-b4e7-40cb-a6f4-05d231e11f0b => generated 113 bytes in 26 msecs (HTTP/1.1 404) 4 headers in 164 bytes (1 switches on core 0) [pid: 7|app: 0|req: 4/10] 199.204.45.65 () {44 vars in 1053 bytes} [Tue Apr 28 05:23:46 2026] GET /v2.0/subnets?name=public-subnet&network_id=7eaf043e-b4e7-40cb-a6f4-05d231e11f0b => generated 14 bytes in 23 msecs (HTTP/1.1 200) 4 headers in 156 bytes (1 switches on core 0)
2026-04-28 05:23:46.979 6 WARNING neutron.scheduler.dhcp_agent_scheduler [None req-394fdbbc-e142-43d2-aa02-f3d510f8377c 98dcfea1c4be4543a73ee8063f402e71 63a019f751a048729a385d802bc88954 - - default default] No more DHCP agents
2026-04-28 05:23:46.979 6 WARNING neutron.api.rpc.agentnotifiers.dhcp_rpc_agent_api [None req-394fdbbc-e142-43d2-aa02-f3d510f8377c 98dcfea1c4be4543a73ee8063f402e71 63a019f751a048729a385d802bc88954 - - default default] Unable to schedule network 7eaf043e-b4e7-40cb-a6f4-05d231e11f0b: no agents available; will retry on subsequent port and subnet creation events.
2026-04-28 05:23:47.523 6 INFO neutron.db.ovn_revision_numbers_db [None req-e1729f2f-22e7-4aa1-99e6-eba3433af6b1 - - - - - -] Successfully bumped revision number for resource 97e091c5-7f93-4db8-b552-e83034cefa88 (type: ports) to 2
