2026-04-28 05:33:29.994 7 INFO neutron.db.ovn_revision_numbers_db [None req-d1e11efb-79bd-4e0f-bd8c-5f5cb0fd0854 5e7dca16166c44ea8d311d34491c8491 b762b0395d8944dc8aaf5307896693fa - - default default] Successfully bumped revision number for resource 8a613e0f-cfe7-42f9-a5ad-c6806cbcb7b4 (type: floatingips) to 1
2026-04-28 05:33:30.097 7 INFO neutron.db.ovn_revision_numbers_db [None req-d1e11efb-79bd-4e0f-bd8c-5f5cb0fd0854 5e7dca16166c44ea8d311d34491c8491 b762b0395d8944dc8aaf5307896693fa - - default default] Successfully bumped revision number for resource 8a613e0f-cfe7-42f9-a5ad-c6806cbcb7b4 (type: floatingips) to 2
2026-04-28 05:33:30.098 7 INFO neutron.db.l3_db [None req-d1e11efb-79bd-4e0f-bd8c-5f5cb0fd0854 5e7dca16166c44ea8d311d34491c8491 b762b0395d8944dc8aaf5307896693fa - - default default] Floating IP 8a613e0f-cfe7-42f9-a5ad-c6806cbcb7b4 associated. External IP: 10.96.250.204, port: ddb52a8a-c839-471c-84c4-bcf0942d6ea0. [pid: 7|app: 0|req: 839/1768] 10.0.0.123 () {34 vars in 749 bytes} [Tue Apr 28 05:33:29 2026] PUT /v2.0/floatingips/8a613e0f-cfe7-42f9-a5ad-c6806cbcb7b4 => generated 855 bytes in 646 msecs (HTTP/1.1 200) 4 headers in 157 bytes (1 switches on core 0)
2026-04-28 05:33:30.184 6 INFO neutron.db.ovn_revision_numbers_db [None req-8af2a630-b6da-462e-b78e-097c1bd49fe8 - - - - - -] Successfully bumped revision number for resource c1728700-3088-492c-a198-d5138bbeaab4 (type: ports) to 2
2026-04-28 05:33:30.235 6 INFO neutron.db.ovn_revision_numbers_db [None req-8af2a630-b6da-462e-b78e-097c1bd49fe8 - - - - - -] Successfully bumped revision number for resource 9b311817-4ff4-412b-bc50-122e00d3f9ea (type: subnets) to 0 [pid: 6|app: 0|req: 930/1769] 10.0.0.123 () {34 vars in 669 bytes} [Tue Apr 28 05:33:29 2026] POST /v2.0/subnets => generated 656 bytes in 817 msecs (HTTP/1.1 201) 4 headers in 162 bytes (1 switches on core 0)
2026-04-28 05:33:30.485 7 WARNING neutron.scheduler.dhcp_agent_scheduler [None req-f8c0eb59-7ba7-42bb-868b-2869472d5eac 92674fed772f4ad3bfa9fe13ea0e2f37 f09f75af6d904b888506a9fc23d52c8e - - default default] No more DHCP agents
2026-04-28 05:33:30.486 7 WARNING neutron.api.rpc.agentnotifiers.dhcp_rpc_agent_api [None req-f8c0eb59-7ba7-42bb-868b-2869472d5eac 92674fed772f4ad3bfa9fe13ea0e2f37 f09f75af6d904b888506a9fc23d52c8e - - default default] Unable to schedule network 60df42ff-ab9c-472d-8d6d-79fdd56b79f8: no agents available; will retry on subsequent port and subnet creation events.
2026-04-28 05:33:30.543 7 INFO neutron.db.ovn_revision_numbers_db [None req-f8c0eb59-7ba7-42bb-868b-2869472d5eac 92674fed772f4ad3bfa9fe13ea0e2f37 f09f75af6d904b888506a9fc23d52c8e - - default default] Successfully bumped revision number for resource 212d5535-c33c-450a-bea5-9c74561db8b8 (type: subnets) to 0 [pid: 7|app: 0|req: 840/1770] 10.0.0.123 () {34 vars in 669 bytes} [Tue Apr 28 05:33:30 2026] POST /v2.0/subnets => generated 728 bytes in 291 msecs (HTTP/1.1 201) 4 headers in 162 bytes (1 switches on core 0) /var/lib/openstack/lib/python3.12/site-packages/pycadf/identifier.py:70: UserWarning: Invalid uuid: neutron. To ensure interoperability, identifiers should be a valid uuid. warnings.warn(('Invalid uuid: %s. To ensure interoperability, '
2026-04-28 05:33:30.990 6 WARNING neutron.scheduler.dhcp_agent_scheduler [None req-3ed4e658-9360-408b-b8a5-0da7b2c2aec6 92674fed772f4ad3bfa9fe13ea0e2f37 f09f75af6d904b888506a9fc23d52c8e - - default default] No more DHCP agents
2026-04-28 05:33:30.992 6 WARNING neutron.api.rpc.agentnotifiers.dhcp_rpc_agent_api [None req-3ed4e658-9360-408b-b8a5-0da7b2c2aec6 92674fed772f4ad3bfa9fe13ea0e2f37 f09f75af6d904b888506a9fc23d52c8e - - default default] Unable to schedule network 7eaf043e-b4e7-40cb-a6f4-05d231e11f0b: no agents available; will retry on subsequent port and subnet creation events.
2026-04-28 05:33:31.136 6 INFO neutron.plugins.ml2.drivers.ovn.mech_driver.mech_driver [None req-fc850d43-8737-4c65-bd73-b047f7bd0d9c - - - - - -] OVN reports status down for port: 7e4e92a2-bf0c-4a30-8901-8f0b66561c1e
2026-04-28 05:33:31.203 7 INFO neutron.db.ovn_revision_numbers_db [None req-8e5bc4aa-6572-4419-8d51-c264bc56fcdf f47d3a9032284fd48b191bfffc8e0728 bb253d05ee02469d908f924fa0d3a646 - - default default] Successfully bumped revision number for resource 69f08817-45d9-406e-b71c-d0d19fc1ce31 (type: security_groups) to 1
2026-04-28 05:33:31.215 7 INFO neutron.db.ovn_revision_numbers_db [None req-8e5bc4aa-6572-4419-8d51-c264bc56fcdf f47d3a9032284fd48b191bfffc8e0728 bb253d05ee02469d908f924fa0d3a646 - - default default] Successfully bumped revision number for resource 1947cd01-a3f3-45ba-81ef-6773d613bf45 (type: security_group_rules) to 0
2026-04-28 05:33:31.228 7 INFO neutron.db.ovn_revision_numbers_db [None req-8e5bc4aa-6572-4419-8d51-c264bc56fcdf f47d3a9032284fd48b191bfffc8e0728 bb253d05ee02469d908f924fa0d3a646 - - default default] Successfully bumped revision number for resource 2003c187-2957-49a1-9a34-31959d75761a (type: security_group_rules) to 0
2026-04-28 05:33:31.228 6 INFO neutron.db.ovn_revision_numbers_db [None req-3ed4e658-9360-408b-b8a5-0da7b2c2aec6 92674fed772f4ad3bfa9fe13ea0e2f37 f09f75af6d904b888506a9fc23d52c8e - - default default] Successfully bumped revision number for resource 7e4e92a2-bf0c-4a30-8901-8f0b66561c1e (type: ports) to 1
2026-04-28 05:33:31.241 7 INFO neutron.db.ovn_revision_numbers_db [None req-8e5bc4aa-6572-4419-8d51-c264bc56fcdf f47d3a9032284fd48b191bfffc8e0728 bb253d05ee02469d908f924fa0d3a646 - - default default] Successfully bumped revision number for resource 211380f3-3c58-4a35-b60f-82bc5de28cdf (type: security_group_rules) to 0
2026-04-28 05:33:31.253 7 INFO neutron.db.ovn_revision_numbers_db [None req-8e5bc4aa-6572-4419-8d51-c264bc56fcdf f47d3a9032284fd48b191bfffc8e0728 bb253d05ee02469d908f924fa0d3a646 - - default default] Successfully bumped revision number for resource df64c4aa-c191-40ff-be4f-8139b5e8d961 (type: security_group_rules) to 0
2026-04-28 05:33:31.337 7 INFO neutron.db.segments_db [None req-8e5bc4aa-6572-4419-8d51-c264bc56fcdf f47d3a9032284fd48b191bfffc8e0728 bb253d05ee02469d908f924fa0d3a646 - - default default] Added segment 68cfb35b-b7d2-488c-84a1-4e4bf0f27d4f of type geneve for network fb167d17-f104-439d-b5b7-38e0f29e6967
2026-04-28 05:33:31.456 7 INFO neutron.db.ovn_revision_numbers_db [None req-8e5bc4aa-6572-4419-8d51-c264bc56fcdf f47d3a9032284fd48b191bfffc8e0728 bb253d05ee02469d908f924fa0d3a646 - - default default] Successfully bumped revision number for resource fb167d17-f104-439d-b5b7-38e0f29e6967 (type: networks) to 1
2026-04-28 05:33:31.482 7 INFO neutron.notifiers.nova [-] Nova event matching ['req-abf5520b-ec82-4020-b3c4-1b53c84b99d3'] response: {'name': 'network-changed', 'server_uuid': 'dd8a6086-383e-4505-a333-4e84e2e3ec88', 'tag': 'ddb52a8a-c839-471c-84c4-bcf0942d6ea0', 'status': 'completed', 'code': 200}
2026-04-28 05:33:31.608 7 WARNING neutron.scheduler.dhcp_agent_scheduler [None req-8e5bc4aa-6572-4419-8d51-c264bc56fcdf f47d3a9032284fd48b191bfffc8e0728 bb253d05ee02469d908f924fa0d3a646 - - default default] No more DHCP agents
2026-04-28 05:33:31.609 7 WARNING neutron.api.rpc.agentnotifiers.dhcp_rpc_agent_api [None req-8e5bc4aa-6572-4419-8d51-c264bc56fcdf f47d3a9032284fd48b191bfffc8e0728 bb253d05ee02469d908f924fa0d3a646 - - default default] Unable to schedule network fb167d17-f104-439d-b5b7-38e0f29e6967: no agents available; will retry on subsequent port and subnet creation events.
2026-04-28 05:33:31.666 7 INFO neutron.plugins.ml2.drivers.ovn.mech_driver.mech_driver [None req-0e838724-62c6-43a1-8508-153a6b664cd3 - - - - - -] OVN reports status down for port: 5b880575-7258-45f9-8023-c7900e73de2b
2026-04-28 05:33:31.715 7 INFO neutron.db.ovn_revision_numbers_db [None req-8e5bc4aa-6572-4419-8d51-c264bc56fcdf f47d3a9032284fd48b191bfffc8e0728 bb253d05ee02469d908f924fa0d3a646 - - default default] Successfully bumped revision number for resource 5b880575-7258-45f9-8023-c7900e73de2b (type: ports) to 1 [pid: 7|app: 0|req: 841/1771] 10.0.0.123 () {34 vars in 670 bytes} [Tue Apr 28 05:33:30 2026] POST /v2.0/networks => generated 662 bytes in 902 msecs (HTTP/1.1 201) 4 headers in 162 bytes (1 switches on core 0)
2026-04-28 05:33:31.807 6 INFO neutron.plugins.ml2.drivers.ovn.mech_driver.ovsdb.commands [None req-1f1d0cbc-b5e1-41a1-8008-2825ddc754e8 - - - - - -] Schedule LRP lrp-7e4e92a2-bf0c-4a30-8901-8f0b66561c1e on gateway b523b3b1-fe82-41b9-9f31-0b2158f52464 with priority 1
2026-04-28 05:33:31.842 6 INFO neutron.plugins.ml2.drivers.ovn.mech_driver.mech_driver [None req-fc850d43-8737-4c65-bd73-b047f7bd0d9c - - - - - -] OVN reports status up for port: 7e4e92a2-bf0c-4a30-8901-8f0b66561c1e
2026-04-28 05:33:31.880 6 INFO neutron.plugins.ml2.plugin [None req-fc850d43-8737-4c65-bd73-b047f7bd0d9c - - - - - -] Attempt 1 to provision port 7e4e92a2-bf0c-4a30-8901-8f0b66561c1e
2026-04-28 05:33:31.883 7 INFO neutron.plugins.ml2.drivers.ovn.mech_driver.ovsdb.ovsdb_monitor [None req-d5ba2fdd-9c93-4ae7-8d6f-539754fcafec - - - - - -] Router ae1d6db1-6f63-4ba7-a0f1-2018be49926f is bound to host instance
2026-04-28 05:33:31.903 6 INFO neutron.db.ovn_revision_numbers_db [None req-3ed4e658-9360-408b-b8a5-0da7b2c2aec6 92674fed772f4ad3bfa9fe13ea0e2f37 f09f75af6d904b888506a9fc23d52c8e - - default default] Successfully bumped revision number for resource 7e4e92a2-bf0c-4a30-8901-8f0b66561c1e (type: router_ports) to 1
2026-04-28 05:33:32.020 6 INFO neutron.db.ovn_revision_numbers_db [None req-3ed4e658-9360-408b-b8a5-0da7b2c2aec6 92674fed772f4ad3bfa9fe13ea0e2f37 f09f75af6d904b888506a9fc23d52c8e - - default default] Successfully bumped revision number for resource ae1d6db1-6f63-4ba7-a0f1-2018be49926f (type: routers) to 2 [pid: 6|app: 0|req: 931/1774] 10.0.0.123 () {34 vars in 669 bytes} [Tue Apr 28 05:33:30 2026] POST /v2.0/routers => generated 944 bytes in 1487 msecs (HTTP/1.1 201) 4 headers in 162 bytes (1 switches on core 0) [pid: 6|app: 0|req: 932/1775] 199.204.45.65 () {34 vars in 1079 bytes} [Tue Apr 28 05:33:32 2026] GET /v2.0/ports?tenant_id=b762b0395d8944dc8aaf5307896693fa&device_id=dd8a6086-383e-4505-a333-4e84e2e3ec88 => generated 1248 bytes in 51 msecs (HTTP/1.1 200) 4 headers in 158 bytes (1 switches on core 0)
2026-04-28 05:33:32.145 7 WARNING neutron.scheduler.dhcp_agent_scheduler [None req-01f874a0-a484-4c5b-a644-2e1b01e84d7d f47d3a9032284fd48b191bfffc8e0728 bb253d05ee02469d908f924fa0d3a646 - - default default] No more DHCP agents
2026-04-28 05:33:32.150 7 WARNING neutron.api.rpc.agentnotifiers.dhcp_rpc_agent_api [None req-01f874a0-a484-4c5b-a644-2e1b01e84d7d f47d3a9032284fd48b191bfffc8e0728 bb253d05ee02469d908f924fa0d3a646 - - default default] Unable to schedule network fb167d17-f104-439d-b5b7-38e0f29e6967: no agents available; will retry on subsequent port and subnet creation events.
2026-04-28 05:33:32.515 6 WARNING neutron.scheduler.dhcp_agent_scheduler [None req-958b87e1-1c27-43e6-b677-76849cc0b27c 92674fed772f4ad3bfa9fe13ea0e2f37 f09f75af6d904b888506a9fc23d52c8e - - default default] No more DHCP agents
2026-04-28 05:33:32.516 6 WARNING neutron.api.rpc.agentnotifiers.dhcp_rpc_agent_api [None req-958b87e1-1c27-43e6-b677-76849cc0b27c 92674fed772f4ad3bfa9fe13ea0e2f37 f09f75af6d904b888506a9fc23d52c8e - - default default] Unable to schedule network 1d8d8bdc-9a0e-44dc-a677-73212e822a5f: no agents available; will retry on subsequent port and subnet creation events.
2026-04-28 05:33:32.649 6 INFO neutron.db.ovn_revision_numbers_db [None req-958b87e1-1c27-43e6-b677-76849cc0b27c 92674fed772f4ad3bfa9fe13ea0e2f37 f09f75af6d904b888506a9fc23d52c8e - - default default] Successfully bumped revision number for resource e95783b5-a1c0-411c-94ba-8efd59f55715 (type: ports) to 1
2026-04-28 05:33:32.655 7 INFO neutron.plugins.ml2.drivers.ovn.mech_driver.mech_driver [None req-0e838724-62c6-43a1-8508-153a6b664cd3 - - - - - -] OVN reports status down for port: e95783b5-a1c0-411c-94ba-8efd59f55715
2026-04-28 05:33:32.959 7 INFO neutron.db.ovn_revision_numbers_db [None req-73670ae7-38b3-4fc4-a053-21bb66da9b2c - - - - - -] Successfully bumped revision number for resource 5b880575-7258-45f9-8023-c7900e73de2b (type: ports) to 2
2026-04-28 05:33:33.027 7 INFO neutron.db.ovn_revision_numbers_db [None req-73670ae7-38b3-4fc4-a053-21bb66da9b2c - - - - - -] Successfully bumped revision number for resource 231726b6-0268-4f4e-ae68-49dde0aa2843 (type: subnets) to 0 [pid: 7|app: 0|req: 844/1776] 10.0.0.123 () {34 vars in 669 bytes} [Tue Apr 28 05:33:31 2026] POST /v2.0/subnets => generated 641 bytes in 1264 msecs (HTTP/1.1 201) 4 headers in 162 bytes (1 switches on core 0) [pid: 7|app: 0|req: 845/1777] 199.204.45.65 () {34 vars in 985 bytes} [Tue Apr 28 05:33:33 2026] GET /v2.0/networks?id=414f29ae-bd54-466c-b516-1977a29f22f2 => generated 809 bytes in 80 msecs (HTTP/1.1 200) 4 headers in 157 bytes (1 switches on core 0)
2026-04-28 05:33:33.217 7 INFO neutron.db.ovn_revision_numbers_db [None req-7e5bc8a9-7fa8-42ce-91a1-973f5ba20526 - - - - - -] Successfully bumped revision number for resource 7e4e92a2-bf0c-4a30-8901-8f0b66561c1e (type: ports) to 4
2026-04-28 05:33:33.302 7 INFO neutron.db.segments_db [None req-dbce024e-6643-4ce5-8768-799fcca20998 f47d3a9032284fd48b191bfffc8e0728 bb253d05ee02469d908f924fa0d3a646 - - default default] Added segment b69d0afd-6742-4a81-b5ca-8404e7551f1a of type geneve for network e01d1666-ee6c-46b9-a9ee-467455669bb9
2026-04-28 05:33:33.315 7 INFO neutron.plugins.ml2.drivers.ovn.mech_driver.mech_driver [None req-0e838724-62c6-43a1-8508-153a6b664cd3 - - - - - -] OVN reports status up for port: e95783b5-a1c0-411c-94ba-8efd59f55715
2026-04-28 05:33:33.356 6 WARNING neutron.scheduler.dhcp_agent_scheduler [None req-958b87e1-1c27-43e6-b677-76849cc0b27c 92674fed772f4ad3bfa9fe13ea0e2f37 f09f75af6d904b888506a9fc23d52c8e - - default default] No more DHCP agents
2026-04-28 05:33:33.357 6 WARNING neutron.api.rpc.agentnotifiers.dhcp_rpc_agent_api [None req-958b87e1-1c27-43e6-b677-76849cc0b27c 92674fed772f4ad3bfa9fe13ea0e2f37 f09f75af6d904b888506a9fc23d52c8e - - default default] Unable to schedule network 1d8d8bdc-9a0e-44dc-a677-73212e822a5f: no agents available; will retry on subsequent port and subnet creation events.
2026-04-28 05:33:33.381 7 INFO neutron.plugins.ml2.plugin [None req-0e838724-62c6-43a1-8508-153a6b664cd3 - - - - - -] Attempt 1 to provision port e95783b5-a1c0-411c-94ba-8efd59f55715
2026-04-28 05:33:33.652 7 INFO neutron.db.ovn_revision_numbers_db [None req-dbce024e-6643-4ce5-8768-799fcca20998 f47d3a9032284fd48b191bfffc8e0728 bb253d05ee02469d908f924fa0d3a646 - - default default] Successfully bumped revision number for resource e01d1666-ee6c-46b9-a9ee-467455669bb9 (type: networks) to 1
2026-04-28 05:33:33.699 6 INFO neutron.db.ovn_revision_numbers_db [None req-958b87e1-1c27-43e6-b677-76849cc0b27c 92674fed772f4ad3bfa9fe13ea0e2f37 f09f75af6d904b888506a9fc23d52c8e - - default default] Successfully bumped revision number for resource e95783b5-a1c0-411c-94ba-8efd59f55715 (type: router_ports) to 1 [pid: 6|app: 0|req: 933/1778] 10.0.0.123 () {34 vars in 783 bytes} [Tue Apr 28 05:33:32 2026] PUT /v2.0/routers/ae1d6db1-6f63-4ba7-a0f1-2018be49926f/add_router_interface => generated 309 bytes in 1606 msecs (HTTP/1.1 200) 4 headers in 157 bytes (1 switches on core 0) [pid: 6|app: 0|req: 934/1779] 199.204.45.65 () {34 vars in 1057 bytes} [Tue Apr 28 05:33:33 2026] GET /v2.0/floatingips?fixed_ip_address=10.100.0.6&port_id=ddb52a8a-c839-471c-84c4-bcf0942d6ea0 => generated 860 bytes in 36 msecs (HTTP/1.1 200) 4 headers in 157 bytes (1 switches on core 0)
2026-04-28 05:33:34.242 7 WARNING neutron.scheduler.dhcp_agent_scheduler [None req-dbce024e-6643-4ce5-8768-799fcca20998 f47d3a9032284fd48b191bfffc8e0728 bb253d05ee02469d908f924fa0d3a646 - - default default] No more DHCP agents
2026-04-28 05:33:34.251 7 WARNING neutron.api.rpc.agentnotifiers.dhcp_rpc_agent_api [None req-dbce024e-6643-4ce5-8768-799fcca20998 f47d3a9032284fd48b191bfffc8e0728 bb253d05ee02469d908f924fa0d3a646 - - default default] Unable to schedule network e01d1666-ee6c-46b9-a9ee-467455669bb9: no agents available; will retry on subsequent port and subnet creation events.
2026-04-28 05:33:34.295 6 WARNING neutron.scheduler.dhcp_agent_scheduler [None req-ffb9a994-322e-4f8b-ab25-f31e63391c49 92674fed772f4ad3bfa9fe13ea0e2f37 f09f75af6d904b888506a9fc23d52c8e - - default default] No more DHCP agents
2026-04-28 05:33:34.297 6 WARNING neutron.api.rpc.agentnotifiers.dhcp_rpc_agent_api [None req-ffb9a994-322e-4f8b-ab25-f31e63391c49 92674fed772f4ad3bfa9fe13ea0e2f37 f09f75af6d904b888506a9fc23d52c8e - - default default] Unable to schedule network 61f7dc63-b55d-4e3e-adc8-abae341316c0: no agents available; will retry on subsequent port and subnet creation events.
2026-04-28 05:33:34.386 7 INFO neutron.db.ovn_revision_numbers_db [None req-7e5bc8a9-7fa8-42ce-91a1-973f5ba20526 - - - - - -] Successfully bumped revision number for resource 7e4e92a2-bf0c-4a30-8901-8f0b66561c1e (type: ports) to 5
2026-04-28 05:33:34.446 6 INFO neutron.db.ovn_revision_numbers_db [None req-ffb9a994-322e-4f8b-ab25-f31e63391c49 92674fed772f4ad3bfa9fe13ea0e2f37 f09f75af6d904b888506a9fc23d52c8e - - default default] Successfully bumped revision number for resource ba830283-901e-4678-b8bb-dd3a5df11972 (type: ports) to 1
2026-04-28 05:33:34.538 7 INFO neutron.db.ovn_revision_numbers_db [None req-dbce024e-6643-4ce5-8768-799fcca20998 f47d3a9032284fd48b191bfffc8e0728 bb253d05ee02469d908f924fa0d3a646 - - default default] Successfully bumped revision number for resource 47c3da96-ef94-4cb1-8acd-13ad28a4dc80 (type: ports) to 1 [pid: 7|app: 0|req: 846/1780] 10.0.0.123 () {34 vars in 670 bytes} [Tue Apr 28 05:33:33 2026] POST /v2.0/networks => generated 663 bytes in 1467 msecs (HTTP/1.1 201) 4 headers in 162 bytes (1 switches on core 0) [pid: 7|app: 0|req: 847/1781] 199.204.45.65 () {34 vars in 983 bytes} [Tue Apr 28 05:33:34 2026] GET /v2.0/subnets?id=2deb5463-1093-4773-a6f1-b36b28db9aca => generated 690 bytes in 56 msecs (HTTP/1.1 200) 4 headers in 157 bytes (1 switches on core 0)
2026-04-28 05:33:34.680 7 INFO neutron.db.ovn_revision_numbers_db [None req-0e838724-62c6-43a1-8508-153a6b664cd3 - - - - - -] Successfully bumped revision number for resource e95783b5-a1c0-411c-94ba-8efd59f55715 (type: ports) to 2
2026-04-28 05:33:34.865 7 INFO neutron.db.ovn_revision_numbers_db [None req-a97d0939-d1a3-4d50-a63d-696cac9be2bd f47d3a9032284fd48b191bfffc8e0728 bb253d05ee02469d908f924fa0d3a646 - - default default] Successfully bumped revision number for resource e01d1666-ee6c-46b9-a9ee-467455669bb9 (type: networks) to 2 [pid: 7|app: 0|req: 848/1782] 10.0.0.123 () {34 vars in 743 bytes} [Tue Apr 28 05:33:34 2026] PUT /v2.0/networks/e01d1666-ee6c-46b9-a9ee-467455669bb9 => generated 636 bytes in 213 msecs (HTTP/1.1 200) 4 headers in 157 bytes (1 switches on core 0) [pid: 7|app: 0|req: 849/1783] 199.204.45.65 () {34 vars in 1051 bytes} [Tue Apr 28 05:33:34 2026] GET /v2.0/ports?network_id=414f29ae-bd54-466c-b516-1977a29f22f2&device_owner=network%3Adhcp => generated 12 bytes in 16 msecs (HTTP/1.1 200) 4 headers in 156 bytes (1 switches on core 0)
2026-04-28 05:33:35.056 7 WARNING neutron.scheduler.dhcp_agent_scheduler [None req-669e8469-9cac-4a4e-b3cb-6a37cdacff50 f47d3a9032284fd48b191bfffc8e0728 bb253d05ee02469d908f924fa0d3a646 - - default default] No more DHCP agents
2026-04-28 05:33:35.057 7 WARNING neutron.api.rpc.agentnotifiers.dhcp_rpc_agent_api [None req-669e8469-9cac-4a4e-b3cb-6a37cdacff50 f47d3a9032284fd48b191bfffc8e0728 bb253d05ee02469d908f924fa0d3a646 - - default default] Unable to schedule network e01d1666-ee6c-46b9-a9ee-467455669bb9: no agents available; will retry on subsequent port and subnet creation events.
2026-04-28 05:33:35.185 6 WARNING neutron.scheduler.dhcp_agent_scheduler [None req-ffb9a994-322e-4f8b-ab25-f31e63391c49 92674fed772f4ad3bfa9fe13ea0e2f37 f09f75af6d904b888506a9fc23d52c8e - - default default] No more DHCP agents
2026-04-28 05:33:35.187 6 WARNING neutron.api.rpc.agentnotifiers.dhcp_rpc_agent_api [None req-ffb9a994-322e-4f8b-ab25-f31e63391c49 92674fed772f4ad3bfa9fe13ea0e2f37 f09f75af6d904b888506a9fc23d52c8e - - default default] Unable to schedule network 61f7dc63-b55d-4e3e-adc8-abae341316c0: no agents available; will retry on subsequent port and subnet creation events.
2026-04-28 05:33:35.508 7 INFO neutron.db.ovn_revision_numbers_db [None req-ffca4d3d-1229-428a-bd45-b18b86329b49 - - - - - -] Successfully bumped revision number for resource 47c3da96-ef94-4cb1-8acd-13ad28a4dc80 (type: ports) to 2
2026-04-28 05:33:35.533 7 INFO neutron.db.ovn_revision_numbers_db [None req-ffca4d3d-1229-428a-bd45-b18b86329b49 - - - - - -] Successfully bumped revision number for resource 9ad6f671-fba7-4898-9273-c9563d998af8 (type: subnets) to 0 [pid: 7|app: 0|req: 850/1784] 10.0.0.123 () {34 vars in 669 bytes} [Tue Apr 28 05:33:34 2026] POST /v2.0/subnets => generated 626 bytes in 661 msecs (HTTP/1.1 201) 4 headers in 162 bytes (1 switches on core 0) [pid: 7|app: 0|req: 851/1785] 199.204.45.65 () {34 vars in 1011 bytes} [Tue Apr 28 05:33:35 2026] GET /v2.0/networks/414f29ae-bd54-466c-b516-1977a29f22f2?fields=segments => generated 14 bytes in 36 msecs (HTTP/1.1 200) 4 headers in 156 bytes (1 switches on core 0)
2026-04-28 05:33:35.804 7 INFO neutron.db.ovn_revision_numbers_db [None req-e7b640c3-a389-4c10-8da4-8f62038de2e7 f47d3a9032284fd48b191bfffc8e0728 bb253d05ee02469d908f924fa0d3a646 - - default default] Successfully bumped revision number for resource 9ad6f671-fba7-4898-9273-c9563d998af8 (type: subnets) to 1 [pid: 7|app: 0|req: 852/1786] 10.0.0.123 () {34 vars in 741 bytes} [Tue Apr 28 05:33:35 2026] PUT /v2.0/subnets/9ad6f671-fba7-4898-9273-c9563d998af8 => generated 636 bytes in 222 msecs (HTTP/1.1 200) 4 headers in 157 bytes (1 switches on core 0) [pid: 7|app: 0|req: 853/1787] 199.204.45.65 () {34 vars in 1111 bytes} [Tue Apr 28 05:33:35 2026] GET /v2.0/networks/414f29ae-bd54-466c-b516-1977a29f22f2?fields=provider%3Aphysical_network&fields=provider%3Anetwork_type => generated 79 bytes in 42 msecs (HTTP/1.1 200) 4 headers in 156 bytes (1 switches on core 0)
2026-04-28 05:33:35.994 6 INFO neutron.db.ovn_revision_numbers_db [None req-ffb9a994-322e-4f8b-ab25-f31e63391c49 92674fed772f4ad3bfa9fe13ea0e2f37 f09f75af6d904b888506a9fc23d52c8e - - default default] Successfully bumped revision number for resource ba830283-901e-4678-b8bb-dd3a5df11972 (type: router_ports) to 1 [pid: 6|app: 0|req: 935/1788] 10.0.0.123 () {34 vars in 783 bytes} [Tue Apr 28 05:33:33 2026] PUT /v2.0/routers/ae1d6db1-6f63-4ba7-a0f1-2018be49926f/add_router_interface => generated 309 bytes in 2255 msecs (HTTP/1.1 200) 4 headers in 157 bytes (1 switches on core 0)
2026-04-28 05:33:36.063 7 INFO neutron_taas.services.taas.taas_plugin [None req-7912d736-e76f-411f-969e-df7b9a9a46c6 f47d3a9032284fd48b191bfffc8e0728 bb253d05ee02469d908f924fa0d3a646 - - default default] TaaS: Handle Delete Port: 47c3da96-ef94-4cb1-8acd-13ad28a4dc80
2026-04-28 05:33:36.065 7 INFO neutron_taas.services.taas.tap_mirror_plugin [None req-7912d736-e76f-411f-969e-df7b9a9a46c6 f47d3a9032284fd48b191bfffc8e0728 bb253d05ee02469d908f924fa0d3a646 - - default default] Tap Mirror: Handle Delete Port: 47c3da96-ef94-4cb1-8acd-13ad28a4dc80
2026-04-28 05:33:36.360 7 INFO neutron.services.segments.plugin [-] Segment b69d0afd-6742-4a81-b5ca-8404e7551f1a resource provider aggregate not found
2026-04-28 05:33:36.360 7 INFO neutron.services.segments.plugin [-] Segment b69d0afd-6742-4a81-b5ca-8404e7551f1a resource provider aggregate not found
2026-04-28 05:33:36.382 7 INFO neutron.services.segments.plugin [-] Segment b69d0afd-6742-4a81-b5ca-8404e7551f1a resource provider not found; error: Placement Client Error (4xx): {"errors": [{"status": 404, "title": "Not Found", "detail": "The resource could not be found.\n\n No resource provider with uuid b69d0afd-6742-4a81-b5ca-8404e7551f1a found for delete ", "request_id": "req-9eafc9f6-d68a-4c1b-82ab-3323741aaba4"}]}
2026-04-28 05:33:36.384 7 INFO neutron.services.segments.plugin [-] Segment b69d0afd-6742-4a81-b5ca-8404e7551f1a resource provider not found; error: Placement Client Error (4xx): {"errors": [{"status": 404, "title": "Not Found", "detail": "The resource could not be found.\n\n No resource provider with uuid b69d0afd-6742-4a81-b5ca-8404e7551f1a found for delete ", "request_id": "req-00799e58-ba7e-477b-8f83-9d8ac8a59315"}]} [pid: 7|app: 0|req: 854/1789] 10.0.0.123 () {32 vars in 726 bytes} [Tue Apr 28 05:33:35 2026] DELETE /v2.0/networks/e01d1666-ee6c-46b9-a9ee-467455669bb9 => generated 0 bytes in 550 msecs (HTTP/1.1 204) 3 headers in 131 bytes (1 switches on core 0)
2026-04-28 05:33:36.419 7 INFO neutron.pecan_wsgi.hooks.translation [None req-08854c58-c106-43ab-955f-5644e12ea48d f47d3a9032284fd48b191bfffc8e0728 bb253d05ee02469d908f924fa0d3a646 - - default default] DELETE failed (client error): The resource could not be found. [pid: 7|app: 0|req: 855/1790] 10.0.0.123 () {32 vars in 726 bytes} [Tue Apr 28 05:33:36 2026] DELETE /v2.0/networks/e01d1666-ee6c-46b9-a9ee-467455669bb9 => generated 138 bytes in 15 msecs (HTTP/1.1 404) 4 headers in 164 bytes (1 switches on core 0) [pid: 7|app: 0|req: 856/1791] 10.0.0.123 () {32 vars in 694 bytes} [Tue Apr 28 05:33:36 2026] GET /v2.0/networks?router%3Aexternal=True => generated 689 bytes in 52 msecs (HTTP/1.1 200) 4 headers in 157 bytes (1 switches on core 0) [pid: 7|app: 0|req: 857/1792] 10.0.0.123 () {32 vars in 742 bytes} [Tue Apr 28 05:33:36 2026] GET /v2.0/subnets?network_id=7eaf043e-b4e7-40cb-a6f4-05d231e11f0b => generated 649 bytes in 26 msecs (HTTP/1.1 200) 4 headers in 157 bytes (1 switches on core 0)
2026-04-28 05:33:36.514 6 WARNING neutron.scheduler.dhcp_agent_scheduler [None req-3f10f36a-fd1e-466a-9b44-d51e4d52a9b7 92674fed772f4ad3bfa9fe13ea0e2f37 f09f75af6d904b888506a9fc23d52c8e - - default default] No more DHCP agents
2026-04-28 05:33:36.515 6 WARNING neutron.api.rpc.agentnotifiers.dhcp_rpc_agent_api [None req-3f10f36a-fd1e-466a-9b44-d51e4d52a9b7 92674fed772f4ad3bfa9fe13ea0e2f37 f09f75af6d904b888506a9fc23d52c8e - - default default] Unable to schedule network 60df42ff-ab9c-472d-8d6d-79fdd56b79f8: no agents available; will retry on subsequent port and subnet creation events. [pid: 7|app: 0|req: 858/1793] 10.0.0.123 () {32 vars in 653 bytes} [Tue Apr 28 05:33:36 2026] GET /v2.0/extensions => generated 20541 bytes in 6 msecs (HTTP/1.1 200) 4 headers in 159 bytes (1 switches on core 0) [pid: 7|app: 0|req: 859/1794] 10.0.0.123 () {32 vars in 649 bytes} [Tue Apr 28 05:33:36 2026] GET /v2.0/networks => generated 1384 bytes in 52 msecs (HTTP/1.1 200) 4 headers in 158 bytes (1 switches on core 0)
2026-04-28 05:33:36.609 6 INFO neutron.plugins.ml2.drivers.ovn.mech_driver.mech_driver [None req-fc850d43-8737-4c65-bd73-b047f7bd0d9c - - - - - -] OVN reports status down for port: 26f3158e-7faa-4401-8401-ead592d0c342 [pid: 7|app: 0|req: 860/1795] 10.0.0.123 () {32 vars in 647 bytes} [Tue Apr 28 05:33:36 2026] GET /v2.0/subnets => generated 1280 bytes in 37 msecs (HTTP/1.1 200) 4 headers in 158 bytes (1 switches on core 0)
2026-04-28 05:33:36.660 6 INFO neutron.db.ovn_revision_numbers_db [None req-3f10f36a-fd1e-466a-9b44-d51e4d52a9b7 92674fed772f4ad3bfa9fe13ea0e2f37 f09f75af6d904b888506a9fc23d52c8e - - default default] Successfully bumped revision number for resource 26f3158e-7faa-4401-8401-ead592d0c342 (type: ports) to 1 [pid: 7|app: 0|req: 861/1796] 10.0.0.123 () {32 vars in 723 bytes} [Tue Apr 28 05:33:36 2026] GET /v2.0/networks/fb167d17-f104-439d-b5b7-38e0f29e6967 => generated 706 bytes in 46 msecs (HTTP/1.1 200) 4 headers in 157 bytes (1 switches on core 0) [pid: 7|app: 0|req: 862/1797] 10.0.0.123 () {32 vars in 721 bytes} [Tue Apr 28 05:33:36 2026] GET /v2.0/subnets/231726b6-0268-4f4e-ae68-49dde0aa2843 => generated 641 bytes in 25 msecs (HTTP/1.1 200) 4 headers in 157 bytes (1 switches on core 0)
2026-04-28 05:33:36.724 7 INFO neutron.pecan_wsgi.hooks.translation [None req-1f0908b1-2654-45e5-b810-d67f72a2b823 f47d3a9032284fd48b191bfffc8e0728 bb253d05ee02469d908f924fa0d3a646 - - default default] DELETE failed (client error): The resource could not be found. [pid: 7|app: 0|req: 863/1798] 10.0.0.123 () {32 vars in 724 bytes} [Tue Apr 28 05:33:36 2026] DELETE /v2.0/subnets/9ad6f671-fba7-4898-9273-c9563d998af8 => generated 136 bytes in 10 msecs (HTTP/1.1 404) 4 headers in 164 bytes (1 switches on core 0)
2026-04-28 05:33:36.736 7 INFO neutron.pecan_wsgi.hooks.translation [None req-33ef9db5-b564-4ed5-8dbf-7c7bb8dc1afc f47d3a9032284fd48b191bfffc8e0728 bb253d05ee02469d908f924fa0d3a646 - - default default] DELETE failed (client error): The resource could not be found. [pid: 7|app: 0|req: 864/1799] 10.0.0.123 () {32 vars in 726 bytes} [Tue Apr 28 05:33:36 2026] DELETE /v2.0/networks/e01d1666-ee6c-46b9-a9ee-467455669bb9 => generated 138 bytes in 9 msecs (HTTP/1.1 404) 4 headers in 164 bytes (1 switches on core 0) [pid: 7|app: 0|req: 865/1800] 10.0.0.123 () {32 vars in 724 bytes} [Tue Apr 28 05:33:36 2026] DELETE /v2.0/subnets/231726b6-0268-4f4e-ae68-49dde0aa2843 => generated 0 bytes in 155 msecs (HTTP/1.1 204) 3 headers in 131 bytes (1 switches on core 0)
2026-04-28 05:33:37.018 7 INFO neutron_taas.services.taas.taas_plugin [None req-9543979c-00d1-4566-9569-6509a4b2a897 f47d3a9032284fd48b191bfffc8e0728 bb253d05ee02469d908f924fa0d3a646 - - default default] TaaS: Handle Delete Port: 5b880575-7258-45f9-8023-c7900e73de2b
2026-04-28 05:33:37.020 7 INFO neutron_taas.services.taas.tap_mirror_plugin [None req-9543979c-00d1-4566-9569-6509a4b2a897 f47d3a9032284fd48b191bfffc8e0728 bb253d05ee02469d908f924fa0d3a646 - - default default] Tap Mirror: Handle Delete Port: 5b880575-7258-45f9-8023-c7900e73de2b [pid: 7|app: 0|req: 866/1801] 10.0.0.123 () {32 vars in 726 bytes} [Tue Apr 28 05:33:36 2026] DELETE /v2.0/networks/fb167d17-f104-439d-b5b7-38e0f29e6967 => generated 0 bytes in 315 msecs (HTTP/1.1 204) 3 headers in 131 bytes (1 switches on core 0)
2026-04-28 05:33:37.349 6 INFO neutron.plugins.ml2.drivers.ovn.mech_driver.mech_driver [None req-fc850d43-8737-4c65-bd73-b047f7bd0d9c - - - - - -] OVN reports status up for port: 26f3158e-7faa-4401-8401-ead592d0c342
2026-04-28 05:33:37.380 6 INFO neutron.plugins.ml2.plugin [None req-fc850d43-8737-4c65-bd73-b047f7bd0d9c - - - - - -] Attempt 1 to provision port 26f3158e-7faa-4401-8401-ead592d0c342
2026-04-28 05:33:37.469 6 WARNING neutron.scheduler.dhcp_agent_scheduler [None req-3f10f36a-fd1e-466a-9b44-d51e4d52a9b7 92674fed772f4ad3bfa9fe13ea0e2f37 f09f75af6d904b888506a9fc23d52c8e - - default default] No more DHCP agents
2026-04-28 05:33:37.476 6 WARNING neutron.api.rpc.agentnotifiers.dhcp_rpc_agent_api [None req-3f10f36a-fd1e-466a-9b44-d51e4d52a9b7 92674fed772f4ad3bfa9fe13ea0e2f37 f09f75af6d904b888506a9fc23d52c8e - - default default] Unable to schedule network 60df42ff-ab9c-472d-8d6d-79fdd56b79f8: no agents available; will retry on subsequent port and subnet creation events. [pid: 7|app: 0|req: 867/1802] 10.0.0.120 () {34 vars in 990 bytes} [Tue Apr 28 05:33:37 2026] GET /v2.0/ports?device_id=dd8a6086-383e-4505-a333-4e84e2e3ec88 => generated 1010 bytes in 79 msecs (HTTP/1.1 200) 4 headers in 158 bytes (1 switches on core 0) [pid: 7|app: 0|req: 868/1803] 10.0.0.120 () {34 vars in 1120 bytes} [Tue Apr 28 05:33:37 2026] GET /v2.0/security-groups?id=9645e03d-e54b-47a3-b01d-965fe7352fbe&id=a3419f0c-0742-4076-bad1-c3b861f96073&fields=id&fields=name => generated 205 bytes in 33 msecs (HTTP/1.1 200) 4 headers in 157 bytes (1 switches on core 0) [pid: 7|app: 0|req: 869/1804] 10.0.0.123 () {32 vars in 736 bytes} [Tue Apr 28 05:33:37 2026] GET /v2.0/ports?device_id=dd8a6086-383e-4505-a333-4e84e2e3ec88 => generated 1248 bytes in 223 msecs (HTTP/1.1 200) 4 headers in 158 bytes (1 switches on core 0) [pid: 7|app: 0|req: 870/1805] 10.0.0.123 () {32 vars in 774 bytes} [Tue Apr 28 05:33:37 2026] GET /v2.0/security-groups?tenant_id=bb253d05ee02469d908f924fa0d3a646&name=default => generated 2925 bytes in 53 msecs (HTTP/1.1 200) 4 headers in 158 bytes (1 switches on core 0) [pid: 7|app: 0|req: 871/1806] 10.0.0.123 () {32 vars in 858 bytes} [Tue Apr 28 05:33:37 2026] GET /v2.0/floatingips?floating_network_id=7eaf043e-b4e7-40cb-a6f4-05d231e11f0b&port_id=ddb52a8a-c839-471c-84c4-bcf0942d6ea0 => generated 860 bytes in 66 msecs (HTTP/1.1 200) 4 headers in 157 bytes (1 switches on core 0)
2026-04-28 05:33:38.022 6 INFO neutron.db.ovn_revision_numbers_db [None req-fc850d43-8737-4c65-bd73-b047f7bd0d9c - - - - - -] Successfully bumped revision number for resource 26f3158e-7faa-4401-8401-ead592d0c342 (type: ports) to 2
2026-04-28 05:33:38.116 6 INFO neutron.db.ovn_revision_numbers_db [None req-3f10f36a-fd1e-466a-9b44-d51e4d52a9b7 92674fed772f4ad3bfa9fe13ea0e2f37 f09f75af6d904b888506a9fc23d52c8e - - default default] Successfully bumped revision number for resource 26f3158e-7faa-4401-8401-ead592d0c342 (type: router_ports) to 1 [pid: 6|app: 0|req: 936/1807] 10.0.0.123 () {34 vars in 783 bytes} [Tue Apr 28 05:33:36 2026] PUT /v2.0/routers/ae1d6db1-6f63-4ba7-a0f1-2018be49926f/add_router_interface => generated 309 bytes in 2119 msecs (HTTP/1.1 200) 4 headers in 157 bytes (1 switches on core 0) [pid: 6|app: 0|req: 937/1808] 10.0.0.76 () {34 vars in 989 bytes} [Tue Apr 28 05:33:38 2026] GET /v2.0/ports?device_id=dd8a6086-383e-4505-a333-4e84e2e3ec88 => generated 1248 bytes in 51 msecs (HTTP/1.1 200) 4 headers in 158 bytes (1 switches on core 0) [pid: 7|app: 0|req: 872/1809] 10.0.0.123 () {32 vars in 740 bytes} [Tue Apr 28 05:33:37 2026] DELETE /v2.0/security-groups/69f08817-45d9-406e-b71c-d0d19fc1ce31 => generated 0 bytes in 281 msecs (HTTP/1.1 204) 2 headers in 112 bytes (1 switches on core 0) [pid: 7|app: 0|req: 873/1810] 10.0.0.76 () {34 vars in 1119 bytes} [Tue Apr 28 05:33:38 2026] GET /v2.0/security-groups?id=9645e03d-e54b-47a3-b01d-965fe7352fbe&id=a3419f0c-0742-4076-bad1-c3b861f96073&fields=id&fields=name => generated 205 bytes in 28 msecs (HTTP/1.1 200) 4 headers in 157 bytes (1 switches on core 0)
2026-04-28 05:33:38.350 6 INFO neutron.db.ovn_revision_numbers_db [None req-f2bf305c-a59b-455f-adb8-6c9b43aa5df6 92674fed772f4ad3bfa9fe13ea0e2f37 f09f75af6d904b888506a9fc23d52c8e - - default default] Successfully bumped revision number for resource 7f2f2b2c-0e23-4a9a-a8b6-cf313af4d38d (type: security_groups) to 1
2026-04-28 05:33:38.363 6 INFO neutron.db.ovn_revision_numbers_db [None req-f2bf305c-a59b-455f-adb8-6c9b43aa5df6 92674fed772f4ad3bfa9fe13ea0e2f37 f09f75af6d904b888506a9fc23d52c8e - - default default] Successfully bumped revision number for resource 3bfbfa7c-72b2-44b2-8421-85f3de461a42 (type: security_group_rules) to 0
2026-04-28 05:33:38.374 6 INFO neutron.db.ovn_revision_numbers_db [None req-f2bf305c-a59b-455f-adb8-6c9b43aa5df6 92674fed772f4ad3bfa9fe13ea0e2f37 f09f75af6d904b888506a9fc23d52c8e - - default default] Successfully bumped revision number for resource f85c8c88-e6c1-4152-af97-aef63df6f448 (type: security_group_rules) to 0
2026-04-28 05:33:38.401 7 INFO neutron.services.segments.plugin [-] Segment 68cfb35b-b7d2-488c-84a1-4e4bf0f27d4f resource provider aggregate not found
2026-04-28 05:33:38.406 7 INFO neutron.services.segments.plugin [-] Segment 68cfb35b-b7d2-488c-84a1-4e4bf0f27d4f resource provider aggregate not found [pid: 6|app: 0|req: 938/1811] 10.0.0.123 () {34 vars in 684 bytes} [Tue Apr 28 05:33:38 2026] POST /v2.0/security-groups => generated 1628 bytes in 186 msecs (HTTP/1.1 201) 4 headers in 163 bytes (1 switches on core 0)
2026-04-28 05:33:38.415 7 INFO neutron.services.segments.plugin [-] Segment 68cfb35b-b7d2-488c-84a1-4e4bf0f27d4f resource provider not found; error: Placement Client Error (4xx): {"errors": [{"status": 404, "title": "Not Found", "detail": "The resource could not be found.\n\n No resource provider with uuid 68cfb35b-b7d2-488c-84a1-4e4bf0f27d4f found for delete ", "request_id": "req-143f2b5c-7113-442e-b5ff-d1c155850c1b"}]}
2026-04-28 05:33:38.422 7 INFO neutron.services.segments.plugin [-] Segment 68cfb35b-b7d2-488c-84a1-4e4bf0f27d4f resource provider not found; error: Placement Client Error (4xx): {"errors": [{"status": 404, "title": "Not Found", "detail": "The resource could not be found.\n\n No resource provider with uuid 68cfb35b-b7d2-488c-84a1-4e4bf0f27d4f found for delete ", "request_id": "req-a1789fb9-5abf-46f7-84d5-ebb0b504f4d5"}]}
2026-04-28 05:33:38.575 7 INFO neutron.db.ovn_revision_numbers_db [None req-8f0c4e5f-b188-4979-aacd-b7f500876995 92674fed772f4ad3bfa9fe13ea0e2f37 f09f75af6d904b888506a9fc23d52c8e - - default default] Successfully bumped revision number for resource de3118c2-d12d-43cf-a21e-cbd5fc4db3c9 (type: security_group_rules) to 0 [pid: 7|app: 0|req: 874/1812] 10.0.0.123 () {34 vars in 695 bytes} [Tue Apr 28 05:33:38 2026] POST /v2.0/security-group-rules => generated 597 bytes in 184 msecs (HTTP/1.1 201) 4 headers in 162 bytes (1 switches on core 0)
2026-04-28 05:33:38.733 6 INFO neutron.db.ovn_revision_numbers_db [None req-3b6704ef-309f-435b-8a8d-ceec7d5a4f6d 92674fed772f4ad3bfa9fe13ea0e2f37 f09f75af6d904b888506a9fc23d52c8e - - default default] Successfully bumped revision number for resource 4a3c6c69-ad8a-4bbf-be5b-f80abef84752 (type: security_group_rules) to 0 [pid: 6|app: 0|req: 939/1813] 10.0.0.123 () {34 vars in 695 bytes} [Tue Apr 28 05:33:38 2026] POST /v2.0/security-group-rules => generated 597 bytes in 152 msecs (HTTP/1.1 201) 4 headers in 162 bytes (1 switches on core 0)
2026-04-28 05:33:38.905 7 INFO neutron.db.ovn_revision_numbers_db [None req-244b1357-c61a-46da-b20f-7e673f0a9bbc 92674fed772f4ad3bfa9fe13ea0e2f37 f09f75af6d904b888506a9fc23d52c8e - - default default] Successfully bumped revision number for resource 4cbeaedb-dd1b-45dc-832b-1141d1409d55 (type: security_group_rules) to 0 [pid: 7|app: 0|req: 875/1814] 10.0.0.123 () {34 vars in 695 bytes} [Tue Apr 28 05:33:38 2026] POST /v2.0/security-group-rules => generated 599 bytes in 184 msecs (HTTP/1.1 201) 4 headers in 162 bytes (1 switches on core 0)
2026-04-28 05:33:39.099 6 INFO neutron.db.ovn_revision_numbers_db [None req-cb5f338f-22a9-451b-b489-50ef6644d432 92674fed772f4ad3bfa9fe13ea0e2f37 f09f75af6d904b888506a9fc23d52c8e - - default default] Successfully bumped revision number for resource ed2a0bb9-688d-42fb-a600-bb860020623c (type: security_group_rules) to 0 [pid: 6|app: 0|req: 940/1815] 10.0.0.123 () {34 vars in 695 bytes} [Tue Apr 28 05:33:38 2026] POST /v2.0/security-group-rules => generated 601 bytes in 174 msecs (HTTP/1.1 201) 4 headers in 162 bytes (1 switches on core 0)
2026-04-28 05:33:39.294 7 INFO neutron.db.ovn_revision_numbers_db [None req-26e5f2ed-40f8-4456-a376-f61712c6c407 92674fed772f4ad3bfa9fe13ea0e2f37 f09f75af6d904b888506a9fc23d52c8e - - default default] Successfully bumped revision number for resource 8be615f9-b3e2-47e8-a10e-e94cc98fb53d (type: security_group_rules) to 0 [pid: 7|app: 0|req: 876/1816] 10.0.0.123 () {34 vars in 695 bytes} [Tue Apr 28 05:33:39 2026] POST /v2.0/security-group-rules => generated 601 bytes in 184 msecs (HTTP/1.1 201) 4 headers in 162 bytes (1 switches on core 0)
2026-04-28 05:33:39.471 6 INFO neutron.db.ovn_revision_numbers_db [None req-e7490ce2-cdb4-48cf-bb7a-538caeeb14ac 92674fed772f4ad3bfa9fe13ea0e2f37 f09f75af6d904b888506a9fc23d52c8e - - default default] Successfully bumped revision number for resource c130a3f4-1881-4f92-8dcc-32798822e97b (type: security_group_rules) to 0 [pid: 6|app: 0|req: 941/1817] 10.0.0.123 () {34 vars in 695 bytes} [Tue Apr 28 05:33:39 2026] POST /v2.0/security-group-rules => generated 597 bytes in 174 msecs (HTTP/1.1 201) 4 headers in 162 bytes (1 switches on core 0)
2026-04-28 05:33:39.662 7 INFO neutron.db.ovn_revision_numbers_db [None req-c635ab5d-b56f-4dbf-8d53-aea8961c1538 92674fed772f4ad3bfa9fe13ea0e2f37 f09f75af6d904b888506a9fc23d52c8e - - default default] Successfully bumped revision number for resource dd75a7e6-b46b-45fb-8df1-481dfc4d5602 (type: security_group_rules) to 0 [pid: 7|app: 0|req: 877/1818] 10.0.0.123 () {34 vars in 695 bytes} [Tue Apr 28 05:33:39 2026] POST /v2.0/security-group-rules => generated 597 bytes in 195 msecs (HTTP/1.1 201) 4 headers in 162 bytes (1 switches on core 0)
2026-04-28 05:33:39.870 6 INFO neutron.db.ovn_revision_numbers_db [None req-23727db3-302b-4237-80d3-41c615e67a76 92674fed772f4ad3bfa9fe13ea0e2f37 f09f75af6d904b888506a9fc23d52c8e - - default default] Successfully bumped revision number for resource 823265b9-17d4-4f5c-a576-3af0bf53be17 (type: security_group_rules) to 0 [pid: 6|app: 0|req: 942/1819] 10.0.0.123 () {34 vars in 695 bytes} [Tue Apr 28 05:33:39 2026] POST /v2.0/security-group-rules => generated 597 bytes in 197 msecs (HTTP/1.1 201) 4 headers in 162 bytes (1 switches on core 0)
2026-04-28 05:33:40.075 6 INFO neutron.db.ovn_revision_numbers_db [None req-fdd0e9ce-b88a-414e-a420-3cf96fdc85a8 92674fed772f4ad3bfa9fe13ea0e2f37 f09f75af6d904b888506a9fc23d52c8e - - default default] Successfully bumped revision number for resource 6bd0895e-a267-429f-a1dc-791aa1cee4d6 (type: security_group_rules) to 0 [pid: 6|app: 0|req: 943/1820] 10.0.0.123 () {34 vars in 695 bytes} [Tue Apr 28 05:33:39 2026] POST /v2.0/security-group-rules => generated 599 bytes in 198 msecs (HTTP/1.1 201) 4 headers in 162 bytes (1 switches on core 0)
2026-04-28 05:33:40.192 7 INFO neutron.db.ovn_revision_numbers_db [None req-01da9002-1f74-4193-8972-fafcbe1c7187 fbaf89b2078245c0aca29d5eae2d2b93 93646b73c0c340ea8da38d2ddafc17d6 - - default default] Successfully bumped revision number for resource 24d84951-95db-422e-9bfb-e4f325885d2f (type: security_groups) to 1
2026-04-28 05:33:40.206 7 INFO neutron.db.ovn_revision_numbers_db [None req-01da9002-1f74-4193-8972-fafcbe1c7187 fbaf89b2078245c0aca29d5eae2d2b93 93646b73c0c340ea8da38d2ddafc17d6 - - default default] Successfully bumped revision number for resource 631f6301-d1d4-4504-be32-2d9f9b9d6925 (type: security_group_rules) to 0
2026-04-28 05:33:40.219 7 INFO neutron.db.ovn_revision_numbers_db [None req-01da9002-1f74-4193-8972-fafcbe1c7187 fbaf89b2078245c0aca29d5eae2d2b93 93646b73c0c340ea8da38d2ddafc17d6 - - default default] Successfully bumped revision number for resource 680ea370-e4a5-4f70-985f-565ac22192d4 (type: security_group_rules) to 0
2026-04-28 05:33:40.256 7 INFO neutron.db.ovn_revision_numbers_db [None req-01da9002-1f74-4193-8972-fafcbe1c7187 fbaf89b2078245c0aca29d5eae2d2b93 93646b73c0c340ea8da38d2ddafc17d6 - - default default] Successfully bumped revision number for resource 82ef79fe-8128-4490-9e99-1eeef0b1f7dd (type: security_group_rules) to 0
2026-04-28 05:33:40.272 7 INFO neutron.db.ovn_revision_numbers_db [None req-01da9002-1f74-4193-8972-fafcbe1c7187 fbaf89b2078245c0aca29d5eae2d2b93 93646b73c0c340ea8da38d2ddafc17d6 - - default default] Successfully bumped revision number for resource bd2c02ab-68dd-4c3e-a199-8a3050a0dd82 (type: security_group_rules) to 0
2026-04-28 05:33:40.327 7 WARNING neutron.plugins.ml2.drivers.ovn.mech_driver.ovsdb.ovn_client [None req-b7ae93ff-5bf1-42d6-971b-732d6b17a06f - - - - - -] No hosting information found for port e95783b5-a1c0-411c-94ba-8efd59f55715: RuntimeError: No hosting information found for port e95783b5-a1c0-411c-94ba-8efd59f55715
2026-04-28 05:33:40.331 6 INFO neutron.db.ovn_revision_numbers_db [None req-4e38c9f0-ef5c-4d00-89bd-5dbdf8d5aa69 92674fed772f4ad3bfa9fe13ea0e2f37 f09f75af6d904b888506a9fc23d52c8e - - default default] Successfully bumped revision number for resource e7329b13-767e-438f-b59e-08ef931a7912 (type: security_group_rules) to 0 [pid: 6|app: 0|req: 944/1821] 10.0.0.123 () {34 vars in 695 bytes} [Tue Apr 28 05:33:40 2026] POST /v2.0/security-group-rules => generated 601 bytes in 262 msecs (HTTP/1.1 201) 4 headers in 162 bytes (1 switches on core 0)
2026-04-28 05:33:40.380 7 INFO neutron.db.segments_db [None req-01da9002-1f74-4193-8972-fafcbe1c7187 fbaf89b2078245c0aca29d5eae2d2b93 93646b73c0c340ea8da38d2ddafc17d6 - - default default] Added segment afd97a82-df81-4bbf-a42a-dd3677440863 of type geneve for network 46264a3d-6604-4345-bfd9-0d1bb7ee6ba5 [pid: 6|app: 0|req: 945/1822] 10.0.0.120 () {34 vars in 990 bytes} [Tue Apr 28 05:33:40 2026] GET /v2.0/ports?device_id=dd8a6086-383e-4505-a333-4e84e2e3ec88 => generated 1010 bytes in 74 msecs (HTTP/1.1 200) 4 headers in 158 bytes (1 switches on core 0)
2026-04-28 05:33:40.466 7 INFO neutron.db.ovn_revision_numbers_db [None req-b7ae93ff-5bf1-42d6-971b-732d6b17a06f - - - - - -] Successfully bumped revision number for resource e95783b5-a1c0-411c-94ba-8efd59f55715 (type: router_ports) to 2
2026-04-28 05:33:40.466 7 INFO neutron.plugins.ml2.drivers.ovn.mech_driver.mech_driver [None req-b7ae93ff-5bf1-42d6-971b-732d6b17a06f - - - - - -] OVN reports status down for port: 47c3da96-ef94-4cb1-8acd-13ad28a4dc80
2026-04-28 05:33:40.478 7 INFO neutron.plugins.ml2.drivers.ovn.mech_driver.mech_driver [None req-b7ae93ff-5bf1-42d6-971b-732d6b17a06f - - - - - -] OVN reports status down for port: ba830283-901e-4678-b8bb-dd3a5df11972
2026-04-28 05:33:40.591 7 WARNING neutron.plugins.ml2.drivers.ovn.mech_driver.ovsdb.ovn_client [None req-b7ae93ff-5bf1-42d6-971b-732d6b17a06f - - - - - -] Logical_Switch_Port %s host information not removed, the port state is up
2026-04-28 05:33:40.592 7 INFO neutron.db.ovn_revision_numbers_db [None req-01da9002-1f74-4193-8972-fafcbe1c7187 fbaf89b2078245c0aca29d5eae2d2b93 93646b73c0c340ea8da38d2ddafc17d6 - - default default] Successfully bumped revision number for resource 46264a3d-6604-4345-bfd9-0d1bb7ee6ba5 (type: networks) to 1
2026-04-28 05:33:40.615 6 INFO neutron.db.ovn_revision_numbers_db [None req-92d9d54d-c084-453c-a111-fbd479f20127 92674fed772f4ad3bfa9fe13ea0e2f37 f09f75af6d904b888506a9fc23d52c8e - - default default] Successfully bumped revision number for resource 98158600-df88-4214-90b4-aed699c1fffc (type: security_group_rules) to 0 [pid: 6|app: 0|req: 946/1823] 10.0.0.123 () {34 vars in 695 bytes} [Tue Apr 28 05:33:40 2026] POST /v2.0/security-group-rules => generated 597 bytes in 191 msecs (HTTP/1.1 201) 4 headers in 162 bytes (1 switches on core 0) [pid: 6|app: 0|req: 947/1824] 10.0.0.120 () {34 vars in 1120 bytes} [Tue Apr 28 05:33:40 2026] GET /v2.0/security-groups?id=9645e03d-e54b-47a3-b01d-965fe7352fbe&id=a3419f0c-0742-4076-bad1-c3b861f96073&fields=id&fields=name => generated 205 bytes in 25 msecs (HTTP/1.1 200) 4 headers in 157 bytes (1 switches on core 0)
2026-04-28 05:33:40.702 7 INFO neutron.plugins.ml2.drivers.ovn.mech_driver.mech_driver [None req-b7ae93ff-5bf1-42d6-971b-732d6b17a06f - - - - - -] OVN reports status up for port: ba830283-901e-4678-b8bb-dd3a5df11972
2026-04-28 05:33:40.721 7 INFO neutron.plugins.ml2.plugin [None req-b7ae93ff-5bf1-42d6-971b-732d6b17a06f - - - - - -] Attempt 1 to provision port ba830283-901e-4678-b8bb-dd3a5df11972
2026-04-28 05:33:40.888 7 WARNING neutron.scheduler.dhcp_agent_scheduler [None req-01da9002-1f74-4193-8972-fafcbe1c7187 fbaf89b2078245c0aca29d5eae2d2b93 93646b73c0c340ea8da38d2ddafc17d6 - - default default] No more DHCP agents
2026-04-28 05:33:40.891 7 WARNING neutron.api.rpc.agentnotifiers.dhcp_rpc_agent_api [None req-01da9002-1f74-4193-8972-fafcbe1c7187 fbaf89b2078245c0aca29d5eae2d2b93 93646b73c0c340ea8da38d2ddafc17d6 - - default default] Unable to schedule network 46264a3d-6604-4345-bfd9-0d1bb7ee6ba5: no agents available; will retry on subsequent port and subnet creation events. [pid: 6|app: 0|req: 948/1825] 10.0.0.120 () {34 vars in 1096 bytes} [Tue Apr 28 05:33:40 2026] GET /v2.0/security-groups?name=tempest-lb_member_SG-2066867329&fields=id&tenant_id=f09f75af6d904b888506a9fc23d52c8e => generated 69 bytes in 37 msecs (HTTP/1.1 200) 4 headers in 156 bytes (1 switches on core 0)
2026-04-28 05:33:41.027 7 INFO neutron.db.ovn_revision_numbers_db [None req-01da9002-1f74-4193-8972-fafcbe1c7187 fbaf89b2078245c0aca29d5eae2d2b93 93646b73c0c340ea8da38d2ddafc17d6 - - default default] Successfully bumped revision number for resource 20bf2ad8-409f-485c-82fc-f8cffbd3e815 (type: ports) to 1 [pid: 6|app: 0|req: 949/1826] 10.0.0.120 () {34 vars in 982 bytes} [Tue Apr 28 05:33:41 2026] GET /v2.0/networks?id=61f7dc63-b55d-4e3e-adc8-abae341316c0 => generated 741 bytes in 44 msecs (HTTP/1.1 200) 4 headers in 157 bytes (1 switches on core 0) [pid: 7|app: 0|req: 878/1827] 10.0.0.123 () {34 vars in 670 bytes} [Tue Apr 28 05:33:39 2026] POST /v2.0/networks => generated 648 bytes in 1195 msecs (HTTP/1.1 201) 4 headers in 162 bytes (1 switches on core 0) [pid: 6|app: 0|req: 950/1828] 10.0.0.120 () {34 vars in 965 bytes} [Tue Apr 28 05:33:41 2026] GET /v2.0/quotas/f09f75af6d904b888506a9fc23d52c8e => generated 292 bytes in 13 msecs (HTTP/1.1 200) 4 headers in 157 bytes (1 switches on core 0)
2026-04-28 05:33:41.201 7 INFO neutron.db.segments_db [None req-f43be838-fd87-41b5-86e4-2f96480cbf2c fbaf89b2078245c0aca29d5eae2d2b93 93646b73c0c340ea8da38d2ddafc17d6 - - default default] Added segment 4460e161-3ba2-46fe-9cf0-1b98f613ed01 of type geneve for network 8e6b127b-7171-465f-9619-3c9bcd92aa8b [pid: 6|app: 0|req: 951/1829] 10.0.0.120 () {34 vars in 1002 bytes} [Tue Apr 28 05:33:41 2026] GET /v2.0/ports?tenant_id=f09f75af6d904b888506a9fc23d52c8e&fields=id => generated 287 bytes in 171 msecs (HTTP/1.1 200) 4 headers in 157 bytes (1 switches on core 0) [pid: 6|app: 0|req: 952/1830] 10.0.0.120 () {34 vars in 1008 bytes} [Tue Apr 28 05:33:41 2026] GET /v2.0/networks/61f7dc63-b55d-4e3e-adc8-abae341316c0?fields=segments => generated 14 bytes in 45 msecs (HTTP/1.1 200) 4 headers in 156 bytes (1 switches on core 0)
2026-04-28 05:33:41.357 7 INFO neutron.db.ovn_revision_numbers_db [None req-b7ae93ff-5bf1-42d6-971b-732d6b17a06f - - - - - -] Successfully bumped revision number for resource ba830283-901e-4678-b8bb-dd3a5df11972 (type: ports) to 2 [pid: 6|app: 0|req: 953/1831] 10.0.0.120 () {34 vars in 1108 bytes} [Tue Apr 28 05:33:41 2026] GET /v2.0/networks/61f7dc63-b55d-4e3e-adc8-abae341316c0?fields=provider%3Aphysical_network&fields=provider%3Anetwork_type => generated 79 bytes in 53 msecs (HTTP/1.1 200) 4 headers in 156 bytes (1 switches on core 0)
