2026-04-28 05:34:06.126 7 INFO cinder.api.openstack.wsgi [None req-36a4e774-cca5-47d6-979e-762ea57a9739 98dcfea1c4be4543a73ee8063f402e71 63a019f751a048729a385d802bc88954 - - default default] GET http://cinder-api.openstack.svc.cluster.local:8776/v3/63a019f751a048729a385d802bc88954/snapshots?all_tenants=true
2026-04-28 05:34:06.131 7 INFO cinder.volume.api [None req-36a4e774-cca5-47d6-979e-762ea57a9739 98dcfea1c4be4543a73ee8063f402e71 63a019f751a048729a385d802bc88954 - - default default] Get all snapshots completed successfully.
2026-04-28 05:34:06.131 7 INFO cinder.api.openstack.wsgi [None req-36a4e774-cca5-47d6-979e-762ea57a9739 98dcfea1c4be4543a73ee8063f402e71 63a019f751a048729a385d802bc88954 - - default default] http://cinder-api.openstack.svc.cluster.local:8776/v3/63a019f751a048729a385d802bc88954/snapshots?all_tenants=true returned with HTTP 200 [pid: 7|app: 0|req: 203/400] 10.0.0.28 () {28 vars in 673 bytes} [Tue Apr 28 05:34:05 2026] GET /v3/63a019f751a048729a385d802bc88954/snapshots?all_tenants=true => generated 17 bytes in 152 msecs (HTTP/1.1 200) 7 headers in 284 bytes (1 switches on core 0)
2026-04-28 05:34:06.144 8 INFO cinder.api.openstack.wsgi [None req-83327a09-c915-4b7b-ac85-8acc337f0edd 98dcfea1c4be4543a73ee8063f402e71 63a019f751a048729a385d802bc88954 - - default default] GET http://cinder-api.openstack.svc.cluster.local:8776/v3/63a019f751a048729a385d802bc88954/os-services
2026-04-28 05:34:06.150 8 INFO cinder.api.openstack.wsgi [None req-83327a09-c915-4b7b-ac85-8acc337f0edd 98dcfea1c4be4543a73ee8063f402e71 63a019f751a048729a385d802bc88954 - - default default] http://cinder-api.openstack.svc.cluster.local:8776/v3/63a019f751a048729a385d802bc88954/os-services returned with HTTP 200 [pid: 8|app: 0|req: 198/401] 10.0.0.28 () {28 vars in 644 bytes} [Tue Apr 28 05:34:06 2026] GET /v3/63a019f751a048729a385d802bc88954/os-services => generated 646 bytes in 13 msecs (HTTP/1.1 200) 7 headers in 285 bytes (1 switches on core 0)
2026-04-28 05:34:06.159 7 INFO cinder.api.openstack.wsgi [None req-881f3ad4-ca7c-4ee9-98a9-31bc7048e0d2 98dcfea1c4be4543a73ee8063f402e71 63a019f751a048729a385d802bc88954 - - default default] GET http://cinder-api.openstack.svc.cluster.local:8776/v3/63a019f751a048729a385d802bc88954/volumes/detail?all_tenants=true
2026-04-28 05:34:06.167 7 INFO cinder.volume.api [None req-881f3ad4-ca7c-4ee9-98a9-31bc7048e0d2 98dcfea1c4be4543a73ee8063f402e71 63a019f751a048729a385d802bc88954 - - default default] Get all volumes completed successfully.
2026-04-28 05:34:06.169 7 INFO cinder.api.openstack.wsgi [None req-881f3ad4-ca7c-4ee9-98a9-31bc7048e0d2 98dcfea1c4be4543a73ee8063f402e71 63a019f751a048729a385d802bc88954 - - default default] http://cinder-api.openstack.svc.cluster.local:8776/v3/63a019f751a048729a385d802bc88954/volumes/detail?all_tenants=true returned with HTTP 200 [pid: 7|app: 0|req: 204/402] 10.0.0.28 () {28 vars in 683 bytes} [Tue Apr 28 05:34:06 2026] GET /v3/63a019f751a048729a385d802bc88954/volumes/detail?all_tenants=true => generated 15 bytes in 16 msecs (HTTP/1.1 200) 7 headers in 284 bytes (1 switches on core 0)
2026-04-28 05:34:06.180 8 INFO cinder.api.openstack.wsgi [None req-aead769e-d9d6-49b0-9a0a-1bb175319b80 98dcfea1c4be4543a73ee8063f402e71 63a019f751a048729a385d802bc88954 - - default default] GET http://cinder-api.openstack.svc.cluster.local:8776/v3/63a019f751a048729a385d802bc88954/volumes/detail?all_tenants=true
2026-04-28 05:34:06.192 8 INFO cinder.volume.api [None req-aead769e-d9d6-49b0-9a0a-1bb175319b80 98dcfea1c4be4543a73ee8063f402e71 63a019f751a048729a385d802bc88954 - - default default] Get all volumes completed successfully.
2026-04-28 05:34:06.194 8 INFO cinder.api.openstack.wsgi [None req-aead769e-d9d6-49b0-9a0a-1bb175319b80 98dcfea1c4be4543a73ee8063f402e71 63a019f751a048729a385d802bc88954 - - default default] http://cinder-api.openstack.svc.cluster.local:8776/v3/63a019f751a048729a385d802bc88954/volumes/detail?all_tenants=true returned with HTTP 200 [pid: 8|app: 0|req: 199/403] 10.0.0.28 () {28 vars in 683 bytes} [Tue Apr 28 05:34:06 2026] GET /v3/63a019f751a048729a385d802bc88954/volumes/detail?all_tenants=true => generated 15 bytes in 21 msecs (HTTP/1.1 200) 7 headers in 284 bytes (1 switches on core 0)
2026-04-28 05:34:06.311 7 INFO cinder.api.openstack.wsgi [None req-3640091b-0c9e-49d7-98dd-246c5d98a7fb 98dcfea1c4be4543a73ee8063f402e71 63a019f751a048729a385d802bc88954 - - default default] GET http://cinder-api.openstack.svc.cluster.local:8776/v3/63a019f751a048729a385d802bc88954/os-quota-sets/07b5ed6bcc2e401ead36cc7d570be8ac?usage=true
2026-04-28 05:34:06.340 7 INFO cinder.api.openstack.wsgi [None req-3640091b-0c9e-49d7-98dd-246c5d98a7fb 98dcfea1c4be4543a73ee8063f402e71 63a019f751a048729a385d802bc88954 - - default default] http://cinder-api.openstack.svc.cluster.local:8776/v3/63a019f751a048729a385d802bc88954/os-quota-sets/07b5ed6bcc2e401ead36cc7d570be8ac?usage=true returned with HTTP 200 [pid: 7|app: 0|req: 205/404] 10.0.0.28 () {28 vars in 735 bytes} [Tue Apr 28 05:34:06 2026] GET /v3/63a019f751a048729a385d802bc88954/os-quota-sets/07b5ed6bcc2e401ead36cc7d570be8ac?usage=true => generated 847 bytes in 36 msecs (HTTP/1.1 200) 7 headers in 285 bytes (1 switches on core 0)
2026-04-28 05:34:06.349 8 INFO cinder.api.openstack.wsgi [None req-e7419f11-8ddb-4915-875f-e6d2b351c9e3 98dcfea1c4be4543a73ee8063f402e71 63a019f751a048729a385d802bc88954 - - default default] GET http://cinder-api.openstack.svc.cluster.local:8776/v3/63a019f751a048729a385d802bc88954/os-quota-sets/20b0a69d72a2420da863e22fc136ffe4?usage=true
2026-04-28 05:34:06.379 8 INFO cinder.api.openstack.wsgi [None req-e7419f11-8ddb-4915-875f-e6d2b351c9e3 98dcfea1c4be4543a73ee8063f402e71 63a019f751a048729a385d802bc88954 - - default default] http://cinder-api.openstack.svc.cluster.local:8776/v3/63a019f751a048729a385d802bc88954/os-quota-sets/20b0a69d72a2420da863e22fc136ffe4?usage=true returned with HTTP 200 [pid: 8|app: 0|req: 200/405] 10.0.0.28 () {28 vars in 735 bytes} [Tue Apr 28 05:34:06 2026] GET /v3/63a019f751a048729a385d802bc88954/os-quota-sets/20b0a69d72a2420da863e22fc136ffe4?usage=true => generated 847 bytes in 38 msecs (HTTP/1.1 200) 7 headers in 285 bytes (1 switches on core 0)
2026-04-28 05:34:06.390 7 INFO cinder.api.openstack.wsgi [None req-a8be9e48-2b45-4715-8245-c44a5ecf193a 98dcfea1c4be4543a73ee8063f402e71 63a019f751a048729a385d802bc88954 - - default default] GET http://cinder-api.openstack.svc.cluster.local:8776/v3/63a019f751a048729a385d802bc88954/os-quota-sets/359f503a649d4a3db3455bb78792f3a1?usage=true
2026-04-28 05:34:06.412 7 INFO cinder.api.openstack.wsgi [None req-a8be9e48-2b45-4715-8245-c44a5ecf193a 98dcfea1c4be4543a73ee8063f402e71 63a019f751a048729a385d802bc88954 - - default default] http://cinder-api.openstack.svc.cluster.local:8776/v3/63a019f751a048729a385d802bc88954/os-quota-sets/359f503a649d4a3db3455bb78792f3a1?usage=true returned with HTTP 200 [pid: 7|app: 0|req: 206/406] 10.0.0.28 () {28 vars in 735 bytes} [Tue Apr 28 05:34:06 2026] GET /v3/63a019f751a048729a385d802bc88954/os-quota-sets/359f503a649d4a3db3455bb78792f3a1?usage=true => generated 847 bytes in 28 msecs (HTTP/1.1 200) 7 headers in 285 bytes (1 switches on core 0)
2026-04-28 05:34:06.426 8 INFO cinder.api.openstack.wsgi [None req-cf824006-bbef-4729-b963-d5f5a4bae95e 98dcfea1c4be4543a73ee8063f402e71 63a019f751a048729a385d802bc88954 - - default default] GET http://cinder-api.openstack.svc.cluster.local:8776/v3/63a019f751a048729a385d802bc88954/os-quota-sets/446967c32b994152af930166cc421fa1?usage=true
2026-04-28 05:34:06.448 8 INFO cinder.api.openstack.wsgi [None req-cf824006-bbef-4729-b963-d5f5a4bae95e 98dcfea1c4be4543a73ee8063f402e71 63a019f751a048729a385d802bc88954 - - default default] http://cinder-api.openstack.svc.cluster.local:8776/v3/63a019f751a048729a385d802bc88954/os-quota-sets/446967c32b994152af930166cc421fa1?usage=true returned with HTTP 200 [pid: 8|app: 0|req: 201/407] 10.0.0.28 () {28 vars in 735 bytes} [Tue Apr 28 05:34:06 2026] GET /v3/63a019f751a048729a385d802bc88954/os-quota-sets/446967c32b994152af930166cc421fa1?usage=true => generated 845 bytes in 34 msecs (HTTP/1.1 200) 7 headers in 285 bytes (1 switches on core 0)
2026-04-28 05:34:06.462 7 INFO cinder.api.openstack.wsgi [None req-817acf87-43ee-4f42-8282-c2b4625f3494 98dcfea1c4be4543a73ee8063f402e71 63a019f751a048729a385d802bc88954 - - default default] GET http://cinder-api.openstack.svc.cluster.local:8776/v3/63a019f751a048729a385d802bc88954/os-quota-sets/47e8ae6b4ab34b20b04e5e5916b5ea11?usage=true
2026-04-28 05:34:06.481 7 INFO cinder.api.openstack.wsgi [None req-817acf87-43ee-4f42-8282-c2b4625f3494 98dcfea1c4be4543a73ee8063f402e71 63a019f751a048729a385d802bc88954 - - default default] http://cinder-api.openstack.svc.cluster.local:8776/v3/63a019f751a048729a385d802bc88954/os-quota-sets/47e8ae6b4ab34b20b04e5e5916b5ea11?usage=true returned with HTTP 200 [pid: 7|app: 0|req: 207/408] 10.0.0.28 () {28 vars in 735 bytes} [Tue Apr 28 05:34:06 2026] GET /v3/63a019f751a048729a385d802bc88954/os-quota-sets/47e8ae6b4ab34b20b04e5e5916b5ea11?usage=true => generated 847 bytes in 28 msecs (HTTP/1.1 200) 7 headers in 285 bytes (1 switches on core 0)
2026-04-28 05:34:06.493 8 INFO cinder.api.openstack.wsgi [None req-14515a4a-0e5c-461d-989b-01b274996501 98dcfea1c4be4543a73ee8063f402e71 63a019f751a048729a385d802bc88954 - - default default] GET http://cinder-api.openstack.svc.cluster.local:8776/v3/63a019f751a048729a385d802bc88954/os-quota-sets/4ab0121af2ef4693920367096157572c?usage=true
2026-04-28 05:34:06.518 8 INFO cinder.api.openstack.wsgi [None req-14515a4a-0e5c-461d-989b-01b274996501 98dcfea1c4be4543a73ee8063f402e71 63a019f751a048729a385d802bc88954 - - default default] http://cinder-api.openstack.svc.cluster.local:8776/v3/63a019f751a048729a385d802bc88954/os-quota-sets/4ab0121af2ef4693920367096157572c?usage=true returned with HTTP 200 [pid: 8|app: 0|req: 202/409] 10.0.0.28 () {28 vars in 735 bytes} [Tue Apr 28 05:34:06 2026] GET /v3/63a019f751a048729a385d802bc88954/os-quota-sets/4ab0121af2ef4693920367096157572c?usage=true => generated 847 bytes in 34 msecs (HTTP/1.1 200) 7 headers in 285 bytes (1 switches on core 0)
2026-04-28 05:34:06.530 7 INFO cinder.api.openstack.wsgi [None req-31ef6817-317a-4803-825f-37e4520841ee 98dcfea1c4be4543a73ee8063f402e71 63a019f751a048729a385d802bc88954 - - default default] GET http://cinder-api.openstack.svc.cluster.local:8776/v3/63a019f751a048729a385d802bc88954/os-quota-sets/552f0e99bbe441e6839d765915049afd?usage=true
2026-04-28 05:34:06.549 7 INFO cinder.api.openstack.wsgi [None req-31ef6817-317a-4803-825f-37e4520841ee 98dcfea1c4be4543a73ee8063f402e71 63a019f751a048729a385d802bc88954 - - default default] http://cinder-api.openstack.svc.cluster.local:8776/v3/63a019f751a048729a385d802bc88954/os-quota-sets/552f0e99bbe441e6839d765915049afd?usage=true returned with HTTP 200 [pid: 7|app: 0|req: 208/410] 10.0.0.28 () {28 vars in 735 bytes} [Tue Apr 28 05:34:06 2026] GET /v3/63a019f751a048729a385d802bc88954/os-quota-sets/552f0e99bbe441e6839d765915049afd?usage=true => generated 847 bytes in 26 msecs (HTTP/1.1 200) 7 headers in 285 bytes (1 switches on core 0)
2026-04-28 05:34:06.569 8 INFO cinder.api.openstack.wsgi [None req-cd686e2a-a37c-415b-84b8-50cfb3667dea 98dcfea1c4be4543a73ee8063f402e71 63a019f751a048729a385d802bc88954 - - default default] GET http://cinder-api.openstack.svc.cluster.local:8776/v3/63a019f751a048729a385d802bc88954/os-quota-sets/63a019f751a048729a385d802bc88954?usage=true
2026-04-28 05:34:06.592 8 INFO cinder.api.openstack.wsgi [None req-cd686e2a-a37c-415b-84b8-50cfb3667dea 98dcfea1c4be4543a73ee8063f402e71 63a019f751a048729a385d802bc88954 - - default default] http://cinder-api.openstack.svc.cluster.local:8776/v3/63a019f751a048729a385d802bc88954/os-quota-sets/63a019f751a048729a385d802bc88954?usage=true returned with HTTP 200 [pid: 8|app: 0|req: 203/411] 10.0.0.28 () {28 vars in 735 bytes} [Tue Apr 28 05:34:06 2026] GET /v3/63a019f751a048729a385d802bc88954/os-quota-sets/63a019f751a048729a385d802bc88954?usage=true => generated 845 bytes in 32 msecs (HTTP/1.1 200) 7 headers in 285 bytes (1 switches on core 0)
2026-04-28 05:34:06.604 7 INFO cinder.api.openstack.wsgi [None req-426da6c8-6410-4ac8-88d8-c031b98fe642 98dcfea1c4be4543a73ee8063f402e71 63a019f751a048729a385d802bc88954 - - default default] GET http://cinder-api.openstack.svc.cluster.local:8776/v3/63a019f751a048729a385d802bc88954/os-quota-sets/99bbfa03ea614659b5f35d436c71c3f1?usage=true
2026-04-28 05:34:06.631 7 INFO cinder.api.openstack.wsgi [None req-426da6c8-6410-4ac8-88d8-c031b98fe642 98dcfea1c4be4543a73ee8063f402e71 63a019f751a048729a385d802bc88954 - - default default] http://cinder-api.openstack.svc.cluster.local:8776/v3/63a019f751a048729a385d802bc88954/os-quota-sets/99bbfa03ea614659b5f35d436c71c3f1?usage=true returned with HTTP 200 [pid: 7|app: 0|req: 209/412] 10.0.0.28 () {28 vars in 735 bytes} [Tue Apr 28 05:34:06 2026] GET /v3/63a019f751a048729a385d802bc88954/os-quota-sets/99bbfa03ea614659b5f35d436c71c3f1?usage=true => generated 847 bytes in 36 msecs (HTTP/1.1 200) 7 headers in 285 bytes (1 switches on core 0)
2026-04-28 05:34:06.639 8 INFO cinder.api.openstack.wsgi [None req-81e6cc20-b0e2-4d0c-98b5-3b6ed69b5653 98dcfea1c4be4543a73ee8063f402e71 63a019f751a048729a385d802bc88954 - - default default] GET http://cinder-api.openstack.svc.cluster.local:8776/v3/63a019f751a048729a385d802bc88954/os-quota-sets/a1586b29dc80442da25b661569643802?usage=true
2026-04-28 05:34:06.656 8 INFO cinder.api.openstack.wsgi [None req-81e6cc20-b0e2-4d0c-98b5-3b6ed69b5653 98dcfea1c4be4543a73ee8063f402e71 63a019f751a048729a385d802bc88954 - - default default] http://cinder-api.openstack.svc.cluster.local:8776/v3/63a019f751a048729a385d802bc88954/os-quota-sets/a1586b29dc80442da25b661569643802?usage=true returned with HTTP 200 [pid: 8|app: 0|req: 204/413] 10.0.0.28 () {28 vars in 735 bytes} [Tue Apr 28 05:34:06 2026] GET /v3/63a019f751a048729a385d802bc88954/os-quota-sets/a1586b29dc80442da25b661569643802?usage=true => generated 847 bytes in 21 msecs (HTTP/1.1 200) 7 headers in 285 bytes (1 switches on core 0)
2026-04-28 05:34:06.666 7 INFO cinder.api.openstack.wsgi [None req-4dfa2abf-be99-49e8-b4df-d8761261874c 98dcfea1c4be4543a73ee8063f402e71 63a019f751a048729a385d802bc88954 - - default default] GET http://cinder-api.openstack.svc.cluster.local:8776/v3/63a019f751a048729a385d802bc88954/os-quota-sets/ae599cd2cb734612931bc42464dcee09?usage=true
2026-04-28 05:34:06.685 7 INFO cinder.api.openstack.wsgi [None req-4dfa2abf-be99-49e8-b4df-d8761261874c 98dcfea1c4be4543a73ee8063f402e71 63a019f751a048729a385d802bc88954 - - default default] http://cinder-api.openstack.svc.cluster.local:8776/v3/63a019f751a048729a385d802bc88954/os-quota-sets/ae599cd2cb734612931bc42464dcee09?usage=true returned with HTTP 200 [pid: 7|app: 0|req: 210/414] 10.0.0.28 () {28 vars in 735 bytes} [Tue Apr 28 05:34:06 2026] GET /v3/63a019f751a048729a385d802bc88954/os-quota-sets/ae599cd2cb734612931bc42464dcee09?usage=true => generated 847 bytes in 27 msecs (HTTP/1.1 200) 7 headers in 285 bytes (1 switches on core 0)
2026-04-28 05:34:06.695 8 INFO cinder.api.openstack.wsgi [None req-7b990f0a-32b0-4fe8-beee-731ba1e57569 98dcfea1c4be4543a73ee8063f402e71 63a019f751a048729a385d802bc88954 - - default default] GET http://cinder-api.openstack.svc.cluster.local:8776/v3/63a019f751a048729a385d802bc88954/os-quota-sets/d1527f6bbcc746af841c3bda723a0890?usage=true
2026-04-28 05:34:06.712 8 INFO cinder.api.openstack.wsgi [None req-7b990f0a-32b0-4fe8-beee-731ba1e57569 98dcfea1c4be4543a73ee8063f402e71 63a019f751a048729a385d802bc88954 - - default default] http://cinder-api.openstack.svc.cluster.local:8776/v3/63a019f751a048729a385d802bc88954/os-quota-sets/d1527f6bbcc746af841c3bda723a0890?usage=true returned with HTTP 200 [pid: 8|app: 0|req: 205/415] 10.0.0.28 () {28 vars in 735 bytes} [Tue Apr 28 05:34:06 2026] GET /v3/63a019f751a048729a385d802bc88954/os-quota-sets/d1527f6bbcc746af841c3bda723a0890?usage=true => generated 847 bytes in 22 msecs (HTTP/1.1 200) 7 headers in 285 bytes (1 switches on core 0)
2026-04-28 05:34:06.724 7 INFO cinder.api.openstack.wsgi [None req-fc292e62-a1aa-4817-8ec6-1d4a3939294b 98dcfea1c4be4543a73ee8063f402e71 63a019f751a048729a385d802bc88954 - - default default] GET http://cinder-api.openstack.svc.cluster.local:8776/v3/63a019f751a048729a385d802bc88954/os-quota-sets/e602123a780e4095915e29572b72a8bb?usage=true
2026-04-28 05:34:06.754 7 INFO cinder.api.openstack.wsgi [None req-fc292e62-a1aa-4817-8ec6-1d4a3939294b 98dcfea1c4be4543a73ee8063f402e71 63a019f751a048729a385d802bc88954 - - default default] http://cinder-api.openstack.svc.cluster.local:8776/v3/63a019f751a048729a385d802bc88954/os-quota-sets/e602123a780e4095915e29572b72a8bb?usage=true returned with HTTP 200 [pid: 7|app: 0|req: 211/416] 10.0.0.28 () {28 vars in 735 bytes} [Tue Apr 28 05:34:06 2026] GET /v3/63a019f751a048729a385d802bc88954/os-quota-sets/e602123a780e4095915e29572b72a8bb?usage=true => generated 847 bytes in 38 msecs (HTTP/1.1 200) 7 headers in 285 bytes (1 switches on core 0)
2026-04-28 05:34:06.764 8 INFO cinder.api.openstack.wsgi [None req-19648960-f1e2-4d0d-9278-3f4988b7609e 98dcfea1c4be4543a73ee8063f402e71 63a019f751a048729a385d802bc88954 - - default default] GET http://cinder-api.openstack.svc.cluster.local:8776/v3/63a019f751a048729a385d802bc88954/os-quota-sets/f09f75af6d904b888506a9fc23d52c8e?usage=true
2026-04-28 05:34:06.781 8 INFO cinder.api.openstack.wsgi [None req-19648960-f1e2-4d0d-9278-3f4988b7609e 98dcfea1c4be4543a73ee8063f402e71 63a019f751a048729a385d802bc88954 - - default default] http://cinder-api.openstack.svc.cluster.local:8776/v3/63a019f751a048729a385d802bc88954/os-quota-sets/f09f75af6d904b888506a9fc23d52c8e?usage=true returned with HTTP 200 [pid: 8|app: 0|req: 206/417] 10.0.0.28 () {28 vars in 735 bytes} [Tue Apr 28 05:34:06 2026] GET /v3/63a019f751a048729a385d802bc88954/os-quota-sets/f09f75af6d904b888506a9fc23d52c8e?usage=true => generated 847 bytes in 22 msecs (HTTP/1.1 200) 7 headers in 285 bytes (1 switches on core 0)
2026-04-28 05:34:06.792 7 INFO cinder.api.openstack.wsgi [None req-4adfa40b-d191-41d2-9397-99551d4b3d7a 98dcfea1c4be4543a73ee8063f402e71 63a019f751a048729a385d802bc88954 - - default default] GET http://cinder-api.openstack.svc.cluster.local:8776/v3/63a019f751a048729a385d802bc88954/scheduler-stats/get_pools?detail=true
2026-04-28 05:34:07.297 7 INFO cinder.api.openstack.wsgi [None req-4adfa40b-d191-41d2-9397-99551d4b3d7a 98dcfea1c4be4543a73ee8063f402e71 63a019f751a048729a385d802bc88954 - - default default] http://cinder-api.openstack.svc.cluster.local:8776/v3/63a019f751a048729a385d802bc88954/scheduler-stats/get_pools?detail=true returned with HTTP 200 [pid: 7|app: 0|req: 212/418] 10.0.0.28 () {28 vars in 695 bytes} [Tue Apr 28 05:34:06 2026] GET /v3/63a019f751a048729a385d802bc88954/scheduler-stats/get_pools?detail=true => generated 670 bytes in 513 msecs (HTTP/1.1 200) 7 headers in 285 bytes (1 switches on core 0)
2026-04-28 05:34:14.181 8 INFO cinder.api.openstack.wsgi [None req-19648960-f1e2-4d0d-9278-3f4988b7609e 98dcfea1c4be4543a73ee8063f402e71 63a019f751a048729a385d802bc88954 - - default default] GET http://10.0.0.52:8776/
2026-04-28 05:34:14.181 7 INFO cinder.api.openstack.wsgi [None req-4adfa40b-d191-41d2-9397-99551d4b3d7a 98dcfea1c4be4543a73ee8063f402e71 63a019f751a048729a385d802bc88954 - - default default] GET http://10.0.0.52:8776/
2026-04-28 05:34:14.182 8 INFO cinder.api.openstack.wsgi [None req-19648960-f1e2-4d0d-9278-3f4988b7609e 98dcfea1c4be4543a73ee8063f402e71 63a019f751a048729a385d802bc88954 - - default default] http://10.0.0.52:8776/ returned with HTTP 300
2026-04-28 05:34:14.183 7 INFO cinder.api.openstack.wsgi [None req-4adfa40b-d191-41d2-9397-99551d4b3d7a 98dcfea1c4be4543a73ee8063f402e71 63a019f751a048729a385d802bc88954 - - default default] http://10.0.0.52:8776/ returned with HTTP 300
2026-04-28 05:34:19.749 8 INFO cinder.api.openstack.wsgi [None req-7b62e4a8-5bb3-449d-b596-416c896d6a74 f64c31db172e43e398b3e718bde56ad2 f8c14de0e7464926a50132fd310c1dd3 - - default default] POST http://cinder-api.openstack.svc.cluster.local:8776/v3/f8c14de0e7464926a50132fd310c1dd3/volumes
2026-04-28 05:34:19.751 8 INFO cinder.api.v3.volumes [None req-7b62e4a8-5bb3-449d-b596-416c896d6a74 f64c31db172e43e398b3e718bde56ad2 f8c14de0e7464926a50132fd310c1dd3 - - default default] Create volume of 1 GB
2026-04-28 05:34:19.757 8 INFO cinder.volume.api [None req-7b62e4a8-5bb3-449d-b596-416c896d6a74 f64c31db172e43e398b3e718bde56ad2 f8c14de0e7464926a50132fd310c1dd3 - - default default] Availability Zones retrieved successfully.
2026-04-28 05:34:19.893 8 INFO cinder.volume.api [None req-7b62e4a8-5bb3-449d-b596-416c896d6a74 f64c31db172e43e398b3e718bde56ad2 f8c14de0e7464926a50132fd310c1dd3 - - default default] Create volume request issued successfully.
2026-04-28 05:34:19.894 8 INFO cinder.api.openstack.wsgi [None req-7b62e4a8-5bb3-449d-b596-416c896d6a74 f64c31db172e43e398b3e718bde56ad2 f8c14de0e7464926a50132fd310c1dd3 - - default default] http://cinder-api.openstack.svc.cluster.local:8776/v3/f8c14de0e7464926a50132fd310c1dd3/volumes returned with HTTP 202 [pid: 8|app: 0|req: 208/421] 10.0.0.123 () {34 vars in 722 bytes} [Tue Apr 28 05:34:19 2026] POST /v3/f8c14de0e7464926a50132fd310c1dd3/volumes => generated 860 bytes in 286 msecs (HTTP/1.1 202) 7 headers in 291 bytes (1 switches on core 0)
2026-04-28 05:34:19.917 7 INFO cinder.api.openstack.wsgi [None req-85272e95-05a7-43fb-9bc8-96c3c531803c f64c31db172e43e398b3e718bde56ad2 f8c14de0e7464926a50132fd310c1dd3 - - default default] GET http://cinder-api.openstack.svc.cluster.local:8776/v3/f8c14de0e7464926a50132fd310c1dd3/volumes/fe3391ae-dead-4f26-8d16-1b0fc4bd09fd /var/lib/openstack/lib/python3.12/site-packages/oslo_context/context.py:101: DeprecationWarning: Policy enforcement is depending on the value of is_admin. This key is deprecated. Please update your policy file to use the standard policy values. warnings.warn(
2026-04-28 05:34:19.930 7 INFO cinder.volume.api [None req-85272e95-05a7-43fb-9bc8-96c3c531803c f64c31db172e43e398b3e718bde56ad2 f8c14de0e7464926a50132fd310c1dd3 - - default default] Volume info retrieved successfully.
2026-04-28 05:34:19.935 7 INFO cinder.api.openstack.wsgi [None req-85272e95-05a7-43fb-9bc8-96c3c531803c f64c31db172e43e398b3e718bde56ad2 f8c14de0e7464926a50132fd310c1dd3 - - default default] http://cinder-api.openstack.svc.cluster.local:8776/v3/f8c14de0e7464926a50132fd310c1dd3/volumes/fe3391ae-dead-4f26-8d16-1b0fc4bd09fd returned with HTTP 200 [pid: 7|app: 0|req: 214/422] 10.0.0.123 () {32 vars in 775 bytes} [Tue Apr 28 05:34:19 2026] GET /v3/f8c14de0e7464926a50132fd310c1dd3/volumes/fe3391ae-dead-4f26-8d16-1b0fc4bd09fd => generated 928 bytes in 25 msecs (HTTP/1.1 200) 7 headers in 285 bytes (1 switches on core 0) /var/lib/openstack/lib/python3.12/site-packages/pycadf/identifier.py:70: UserWarning: Invalid uuid: cinderv3. To ensure interoperability, identifiers should be a valid uuid. warnings.warn(('Invalid uuid: %s. To ensure interoperability, '
2026-04-28 05:34:20.955 8 INFO cinder.api.openstack.wsgi [None req-a3175a26-0128-4133-b4b3-62a990c97828 f64c31db172e43e398b3e718bde56ad2 f8c14de0e7464926a50132fd310c1dd3 - - default default] GET http://cinder-api.openstack.svc.cluster.local:8776/v3/f8c14de0e7464926a50132fd310c1dd3/volumes/fe3391ae-dead-4f26-8d16-1b0fc4bd09fd /var/lib/openstack/lib/python3.12/site-packages/oslo_context/context.py:101: DeprecationWarning: Policy enforcement is depending on the value of is_admin. This key is deprecated. Please update your policy file to use the standard policy values. warnings.warn(
2026-04-28 05:34:20.980 8 INFO cinder.volume.api [None req-a3175a26-0128-4133-b4b3-62a990c97828 f64c31db172e43e398b3e718bde56ad2 f8c14de0e7464926a50132fd310c1dd3 - - default default] Volume info retrieved successfully.
2026-04-28 05:34:20.985 8 INFO cinder.api.openstack.wsgi [None req-a3175a26-0128-4133-b4b3-62a990c97828 f64c31db172e43e398b3e718bde56ad2 f8c14de0e7464926a50132fd310c1dd3 - - default default] http://cinder-api.openstack.svc.cluster.local:8776/v3/f8c14de0e7464926a50132fd310c1dd3/volumes/fe3391ae-dead-4f26-8d16-1b0fc4bd09fd returned with HTTP 200 [pid: 8|app: 0|req: 209/423] 10.0.0.123 () {32 vars in 775 bytes} [Tue Apr 28 05:34:20 2026] GET /v3/f8c14de0e7464926a50132fd310c1dd3/volumes/fe3391ae-dead-4f26-8d16-1b0fc4bd09fd => generated 953 bytes in 38 msecs (HTTP/1.1 200) 7 headers in 285 bytes (1 switches on core 0)
2026-04-28 05:34:24.181 8 INFO cinder.api.openstack.wsgi [None req-a3175a26-0128-4133-b4b3-62a990c97828 f64c31db172e43e398b3e718bde56ad2 f8c14de0e7464926a50132fd310c1dd3 - - default default] GET http://10.0.0.52:8776/
2026-04-28 05:34:24.181 7 INFO cinder.api.openstack.wsgi [None req-85272e95-05a7-43fb-9bc8-96c3c531803c f64c31db172e43e398b3e718bde56ad2 f8c14de0e7464926a50132fd310c1dd3 - - default default] GET http://10.0.0.52:8776/
2026-04-28 05:34:24.182 8 INFO cinder.api.openstack.wsgi [None req-a3175a26-0128-4133-b4b3-62a990c97828 f64c31db172e43e398b3e718bde56ad2 f8c14de0e7464926a50132fd310c1dd3 - - default default] http://10.0.0.52:8776/ returned with HTTP 300
2026-04-28 05:34:24.182 7 INFO cinder.api.openstack.wsgi [None req-85272e95-05a7-43fb-9bc8-96c3c531803c f64c31db172e43e398b3e718bde56ad2 f8c14de0e7464926a50132fd310c1dd3 - - default default] http://10.0.0.52:8776/ returned with HTTP 300 /var/lib/openstack/lib/python3.12/site-packages/pycadf/identifier.py:70: UserWarning: Invalid uuid: cinderv3. To ensure interoperability, identifiers should be a valid uuid. warnings.warn(('Invalid uuid: %s. To ensure interoperability, '
2026-04-28 05:34:33.329 8 INFO cinder.api.openstack.wsgi [None req-c062e989-bb14-486b-90d9-12abc7e4f6ca 98dcfea1c4be4543a73ee8063f402e71 63a019f751a048729a385d802bc88954 - - default default] POST http://cinder-api.openstack.svc.cluster.local:8776/v3/63a019f751a048729a385d802bc88954/volumes
2026-04-28 05:34:33.443 8 INFO cinder.api.v3.volumes [None req-c062e989-bb14-486b-90d9-12abc7e4f6ca 98dcfea1c4be4543a73ee8063f402e71 63a019f751a048729a385d802bc88954 - - default default] Create volume of 16 GB
2026-04-28 05:34:33.449 8 INFO cinder.volume.api [None req-c062e989-bb14-486b-90d9-12abc7e4f6ca 98dcfea1c4be4543a73ee8063f402e71 63a019f751a048729a385d802bc88954 - - default default] Availability Zones retrieved successfully.
2026-04-28 05:34:33.678 8 INFO cinder.volume.api [None req-c062e989-bb14-486b-90d9-12abc7e4f6ca 98dcfea1c4be4543a73ee8063f402e71 63a019f751a048729a385d802bc88954 - - default default] Create volume request issued successfully.
2026-04-28 05:34:33.680 8 INFO cinder.api.openstack.wsgi [None req-c062e989-bb14-486b-90d9-12abc7e4f6ca 98dcfea1c4be4543a73ee8063f402e71 63a019f751a048729a385d802bc88954 - - default default] http://cinder-api.openstack.svc.cluster.local:8776/v3/63a019f751a048729a385d802bc88954/volumes returned with HTTP 202 [pid: 8|app: 0|req: 211/426] 199.204.45.65 () {34 vars in 733 bytes} [Tue Apr 28 05:34:33 2026] POST /v3/63a019f751a048729a385d802bc88954/volumes => generated 846 bytes in 451 msecs (HTTP/1.1 202) 7 headers in 291 bytes (1 switches on core 0) /var/lib/openstack/lib/python3.12/site-packages/pycadf/identifier.py:70: UserWarning: Invalid uuid: cinderv3. To ensure interoperability, identifiers should be a valid uuid. warnings.warn(('Invalid uuid: %s. To ensure interoperability, '
2026-04-28 05:34:33.691 7 INFO cinder.api.openstack.wsgi [req-c062e989-bb14-486b-90d9-12abc7e4f6ca req-ff820671-cec6-4a4a-9bfc-76c6cb173573 98dcfea1c4be4543a73ee8063f402e71 63a019f751a048729a385d802bc88954 - - default default] GET http://cinder-api.openstack.svc.cluster.local:8776/v3/63a019f751a048729a385d802bc88954/volumes/5cdf53c3-7386-4ce6-83bd-83d5b26ca710 /var/lib/openstack/lib/python3.12/site-packages/oslo_context/context.py:101: DeprecationWarning: Policy enforcement is depending on the value of is_admin. This key is deprecated. Please update your policy file to use the standard policy values. warnings.warn(
2026-04-28 05:34:33.730 7 INFO cinder.volume.api [req-c062e989-bb14-486b-90d9-12abc7e4f6ca req-ff820671-cec6-4a4a-9bfc-76c6cb173573 98dcfea1c4be4543a73ee8063f402e71 63a019f751a048729a385d802bc88954 - - default default] Volume info retrieved successfully.
2026-04-28 05:34:33.739 7 INFO cinder.api.openstack.wsgi [req-c062e989-bb14-486b-90d9-12abc7e4f6ca req-ff820671-cec6-4a4a-9bfc-76c6cb173573 98dcfea1c4be4543a73ee8063f402e71 63a019f751a048729a385d802bc88954 - - default default] http://cinder-api.openstack.svc.cluster.local:8776/v3/63a019f751a048729a385d802bc88954/volumes/5cdf53c3-7386-4ce6-83bd-83d5b26ca710 returned with HTTP 200 [pid: 7|app: 0|req: 216/427] 199.204.45.65 () {32 vars in 824 bytes} [Tue Apr 28 05:34:33 2026] GET /v3/63a019f751a048729a385d802bc88954/volumes/5cdf53c3-7386-4ce6-83bd-83d5b26ca710 => generated 1025 bytes in 53 msecs (HTTP/1.1 200) 7 headers in 286 bytes (1 switches on core 0)
2026-04-28 05:34:34.182 8 INFO cinder.api.openstack.wsgi [None req-c062e989-bb14-486b-90d9-12abc7e4f6ca 98dcfea1c4be4543a73ee8063f402e71 63a019f751a048729a385d802bc88954 - - default default] GET http://10.0.0.52:8776/
2026-04-28 05:34:34.182 8 INFO cinder.api.openstack.wsgi [None req-c062e989-bb14-486b-90d9-12abc7e4f6ca 98dcfea1c4be4543a73ee8063f402e71 63a019f751a048729a385d802bc88954 - - default default] http://10.0.0.52:8776/ returned with HTTP 300
2026-04-28 05:34:34.183 7 INFO cinder.api.openstack.wsgi [req-c062e989-bb14-486b-90d9-12abc7e4f6ca req-ff820671-cec6-4a4a-9bfc-76c6cb173573 98dcfea1c4be4543a73ee8063f402e71 63a019f751a048729a385d802bc88954 - - default default] GET http://10.0.0.52:8776/
2026-04-28 05:34:34.186 7 INFO cinder.api.openstack.wsgi [req-c062e989-bb14-486b-90d9-12abc7e4f6ca req-ff820671-cec6-4a4a-9bfc-76c6cb173573 98dcfea1c4be4543a73ee8063f402e71 63a019f751a048729a385d802bc88954 - - default default] http://10.0.0.52:8776/ returned with HTTP 300 /var/lib/openstack/lib/python3.12/site-packages/pycadf/identifier.py:70: UserWarning: Invalid uuid: cinderv3. To ensure interoperability, identifiers should be a valid uuid. warnings.warn(('Invalid uuid: %s. To ensure interoperability, '
2026-04-28 05:34:34.396 8 INFO cinder.api.openstack.wsgi [None req-476ed351-bbfb-45f8-9773-460ce0e86ceb f64c31db172e43e398b3e718bde56ad2 f8c14de0e7464926a50132fd310c1dd3 - - default default] POST http://cinder-api.openstack.svc.cluster.local:8776/v3/f8c14de0e7464926a50132fd310c1dd3/volumes/fe3391ae-dead-4f26-8d16-1b0fc4bd09fd/action /var/lib/openstack/lib/python3.12/site-packages/oslo_context/context.py:101: DeprecationWarning: Policy enforcement is depending on the value of is_admin. This key is deprecated. Please update your policy file to use the standard policy values. warnings.warn(
2026-04-28 05:34:34.532 8 INFO cinder.volume.api [None req-476ed351-bbfb-45f8-9773-460ce0e86ceb f64c31db172e43e398b3e718bde56ad2 f8c14de0e7464926a50132fd310c1dd3 - - default default] Volume info retrieved successfully.
2026-04-28 05:34:34.542 8 INFO cinder.volume.api [None req-476ed351-bbfb-45f8-9773-460ce0e86ceb f64c31db172e43e398b3e718bde56ad2 f8c14de0e7464926a50132fd310c1dd3 - - default default] Update volume admin metadata completed successfully.
2026-04-28 05:34:35.047 8 INFO cinder.volume.api [None req-476ed351-bbfb-45f8-9773-460ce0e86ceb f64c31db172e43e398b3e718bde56ad2 f8c14de0e7464926a50132fd310c1dd3 - - default default] Attach volume completed successfully.
2026-04-28 05:34:35.048 8 INFO cinder.api.openstack.wsgi [None req-476ed351-bbfb-45f8-9773-460ce0e86ceb f64c31db172e43e398b3e718bde56ad2 f8c14de0e7464926a50132fd310c1dd3 - - default default] http://cinder-api.openstack.svc.cluster.local:8776/v3/f8c14de0e7464926a50132fd310c1dd3/volumes/fe3391ae-dead-4f26-8d16-1b0fc4bd09fd/action returned with HTTP 202 [pid: 8|app: 0|req: 213/430] 10.0.0.123 () {34 vars in 810 bytes} [Tue Apr 28 05:34:34 2026] POST /v3/f8c14de0e7464926a50132fd310c1dd3/volumes/fe3391ae-dead-4f26-8d16-1b0fc4bd09fd/action => generated 0 bytes in 662 msecs (HTTP/1.1 202) 7 headers in 289 bytes (1 switches on core 0) /var/lib/openstack/lib/python3.12/site-packages/pycadf/identifier.py:70: UserWarning: Invalid uuid: cinderv3. To ensure interoperability, identifiers should be a valid uuid. warnings.warn(('Invalid uuid: %s. To ensure interoperability, '
2026-04-28 05:34:35.060 7 INFO cinder.api.openstack.wsgi [None req-f9590149-41af-47d9-888b-c166cc3ba8d1 f64c31db172e43e398b3e718bde56ad2 f8c14de0e7464926a50132fd310c1dd3 - - default default] GET http://cinder-api.openstack.svc.cluster.local:8776/v3/f8c14de0e7464926a50132fd310c1dd3/volumes/fe3391ae-dead-4f26-8d16-1b0fc4bd09fd /var/lib/openstack/lib/python3.12/site-packages/oslo_context/context.py:101: DeprecationWarning: Policy enforcement is depending on the value of is_admin. This key is deprecated. Please update your policy file to use the standard policy values. warnings.warn(
2026-04-28 05:34:35.077 7 INFO cinder.volume.api [None req-f9590149-41af-47d9-888b-c166cc3ba8d1 f64c31db172e43e398b3e718bde56ad2 f8c14de0e7464926a50132fd310c1dd3 - - default default] Volume info retrieved successfully.
2026-04-28 05:34:35.085 7 INFO cinder.api.openstack.wsgi [None req-f9590149-41af-47d9-888b-c166cc3ba8d1 f64c31db172e43e398b3e718bde56ad2 f8c14de0e7464926a50132fd310c1dd3 - - default default] http://cinder-api.openstack.svc.cluster.local:8776/v3/f8c14de0e7464926a50132fd310c1dd3/volumes/fe3391ae-dead-4f26-8d16-1b0fc4bd09fd returned with HTTP 200 [pid: 7|app: 0|req: 218/431] 10.0.0.123 () {32 vars in 775 bytes} [Tue Apr 28 05:34:35 2026] GET /v3/f8c14de0e7464926a50132fd310c1dd3/volumes/fe3391ae-dead-4f26-8d16-1b0fc4bd09fd => generated 1287 bytes in 32 msecs (HTTP/1.1 200) 7 headers in 286 bytes (1 switches on core 0) /var/lib/openstack/lib/python3.12/site-packages/pycadf/identifier.py:70: UserWarning: Invalid uuid: cinderv3. To ensure interoperability, identifiers should be a valid uuid. warnings.warn(('Invalid uuid: %s. To ensure interoperability, '
2026-04-28 05:34:35.106 8 INFO cinder.api.openstack.wsgi [None req-79ce2366-c9b9-4fd1-864b-5f7723e671ea f64c31db172e43e398b3e718bde56ad2 f8c14de0e7464926a50132fd310c1dd3 - - default default] POST http://cinder-api.openstack.svc.cluster.local:8776/v3/f8c14de0e7464926a50132fd310c1dd3/volumes/fe3391ae-dead-4f26-8d16-1b0fc4bd09fd/action /var/lib/openstack/lib/python3.12/site-packages/oslo_context/context.py:101: DeprecationWarning: Policy enforcement is depending on the value of is_admin. This key is deprecated. Please update your policy file to use the standard policy values. warnings.warn(
2026-04-28 05:34:35.122 8 INFO cinder.volume.api [None req-79ce2366-c9b9-4fd1-864b-5f7723e671ea f64c31db172e43e398b3e718bde56ad2 f8c14de0e7464926a50132fd310c1dd3 - - default default] Volume info retrieved successfully.
2026-04-28 05:34:35.626 8 INFO cinder.volume.api [None req-79ce2366-c9b9-4fd1-864b-5f7723e671ea f64c31db172e43e398b3e718bde56ad2 f8c14de0e7464926a50132fd310c1dd3 - - default default] Detach volume completed successfully.
2026-04-28 05:34:35.627 8 INFO cinder.api.openstack.wsgi [None req-79ce2366-c9b9-4fd1-864b-5f7723e671ea f64c31db172e43e398b3e718bde56ad2 f8c14de0e7464926a50132fd310c1dd3 - - default default] http://cinder-api.openstack.svc.cluster.local:8776/v3/f8c14de0e7464926a50132fd310c1dd3/volumes/fe3391ae-dead-4f26-8d16-1b0fc4bd09fd/action returned with HTTP 202 [pid: 8|app: 0|req: 214/432] 10.0.0.123 () {34 vars in 810 bytes} [Tue Apr 28 05:34:35 2026] POST /v3/f8c14de0e7464926a50132fd310c1dd3/volumes/fe3391ae-dead-4f26-8d16-1b0fc4bd09fd/action => generated 0 bytes in 528 msecs (HTTP/1.1 202) 7 headers in 289 bytes (1 switches on core 0) /var/lib/openstack/lib/python3.12/site-packages/pycadf/identifier.py:70: UserWarning: Invalid uuid: cinderv3. To ensure interoperability, identifiers should be a valid uuid. warnings.warn(('Invalid uuid: %s. To ensure interoperability, '
2026-04-28 05:34:35.642 7 INFO cinder.api.openstack.wsgi [None req-26f3875b-5bc1-4a75-beac-955fc6f02b55 f64c31db172e43e398b3e718bde56ad2 f8c14de0e7464926a50132fd310c1dd3 - - default default] GET http://cinder-api.openstack.svc.cluster.local:8776/v3/f8c14de0e7464926a50132fd310c1dd3/volumes/fe3391ae-dead-4f26-8d16-1b0fc4bd09fd /var/lib/openstack/lib/python3.12/site-packages/oslo_context/context.py:101: DeprecationWarning: Policy enforcement is depending on the value of is_admin. This key is deprecated. Please update your policy file to use the standard policy values. warnings.warn(
2026-04-28 05:34:35.658 7 INFO cinder.volume.api [None req-26f3875b-5bc1-4a75-beac-955fc6f02b55 f64c31db172e43e398b3e718bde56ad2 f8c14de0e7464926a50132fd310c1dd3 - - default default] Volume info retrieved successfully.
2026-04-28 05:34:35.665 7 INFO cinder.api.openstack.wsgi [None req-26f3875b-5bc1-4a75-beac-955fc6f02b55 f64c31db172e43e398b3e718bde56ad2 f8c14de0e7464926a50132fd310c1dd3 - - default default] http://cinder-api.openstack.svc.cluster.local:8776/v3/f8c14de0e7464926a50132fd310c1dd3/volumes/fe3391ae-dead-4f26-8d16-1b0fc4bd09fd returned with HTTP 200 [pid: 7|app: 0|req: 219/433] 10.0.0.123 () {32 vars in 775 bytes} [Tue Apr 28 05:34:35 2026] GET /v3/f8c14de0e7464926a50132fd310c1dd3/volumes/fe3391ae-dead-4f26-8d16-1b0fc4bd09fd => generated 972 bytes in 29 msecs (HTTP/1.1 200) 7 headers in 285 bytes (1 switches on core 0) /var/lib/openstack/lib/python3.12/site-packages/pycadf/identifier.py:70: UserWarning: Invalid uuid: cinderv3. To ensure interoperability, identifiers should be a valid uuid. warnings.warn(('Invalid uuid: %s. To ensure interoperability, '
2026-04-28 05:34:38.754 8 INFO cinder.api.openstack.wsgi [req-c062e989-bb14-486b-90d9-12abc7e4f6ca req-8d853398-1831-4c4d-901c-f35b457c71e3 98dcfea1c4be4543a73ee8063f402e71 63a019f751a048729a385d802bc88954 - - default default] GET http://cinder-api.openstack.svc.cluster.local:8776/v3/63a019f751a048729a385d802bc88954/volumes/5cdf53c3-7386-4ce6-83bd-83d5b26ca710 /var/lib/openstack/lib/python3.12/site-packages/oslo_context/context.py:101: DeprecationWarning: Policy enforcement is depending on the value of is_admin. This key is deprecated. Please update your policy file to use the standard policy values. warnings.warn(
2026-04-28 05:34:38.769 8 INFO cinder.volume.api [req-c062e989-bb14-486b-90d9-12abc7e4f6ca req-8d853398-1831-4c4d-901c-f35b457c71e3 98dcfea1c4be4543a73ee8063f402e71 63a019f751a048729a385d802bc88954 - - default default] Volume info retrieved successfully.
2026-04-28 05:34:38.775 8 INFO cinder.api.openstack.wsgi [req-c062e989-bb14-486b-90d9-12abc7e4f6ca req-8d853398-1831-4c4d-901c-f35b457c71e3 98dcfea1c4be4543a73ee8063f402e71 63a019f751a048729a385d802bc88954 - - default default] http://cinder-api.openstack.svc.cluster.local:8776/v3/63a019f751a048729a385d802bc88954/volumes/5cdf53c3-7386-4ce6-83bd-83d5b26ca710 returned with HTTP 200 [pid: 8|app: 0|req: 215/434] 199.204.45.65 () {32 vars in 824 bytes} [Tue Apr 28 05:34:38 2026] GET /v3/63a019f751a048729a385d802bc88954/volumes/5cdf53c3-7386-4ce6-83bd-83d5b26ca710 => generated 1489 bytes in 26 msecs (HTTP/1.1 200) 7 headers in 286 bytes (1 switches on core 0) /var/lib/openstack/lib/python3.12/site-packages/pycadf/identifier.py:70: UserWarning: Invalid uuid: cinderv3. To ensure interoperability, identifiers should be a valid uuid. warnings.warn(('Invalid uuid: %s. To ensure interoperability, '
2026-04-28 05:34:39.238 7 INFO cinder.api.openstack.wsgi [req-8e67bafe-a400-421e-9a29-234d2f5ed5d4 req-113d7ff1-86b0-463c-92d3-48ae3a76ad2c 98dcfea1c4be4543a73ee8063f402e71 63a019f751a048729a385d802bc88954 - - default default] GET http://cinder-api.openstack.svc.cluster.local:8776/v3/63a019f751a048729a385d802bc88954/volumes/5cdf53c3-7386-4ce6-83bd-83d5b26ca710 /var/lib/openstack/lib/python3.12/site-packages/oslo_context/context.py:101: DeprecationWarning: Policy enforcement is depending on the value of is_admin. This key is deprecated. Please update your policy file to use the standard policy values. warnings.warn(
2026-04-28 05:34:39.251 7 INFO cinder.volume.api [req-8e67bafe-a400-421e-9a29-234d2f5ed5d4 req-113d7ff1-86b0-463c-92d3-48ae3a76ad2c 98dcfea1c4be4543a73ee8063f402e71 63a019f751a048729a385d802bc88954 - - default default] Volume info retrieved successfully.
2026-04-28 05:34:39.256 7 INFO cinder.api.openstack.wsgi [req-8e67bafe-a400-421e-9a29-234d2f5ed5d4 req-113d7ff1-86b0-463c-92d3-48ae3a76ad2c 98dcfea1c4be4543a73ee8063f402e71 63a019f751a048729a385d802bc88954 - - default default] http://cinder-api.openstack.svc.cluster.local:8776/v3/63a019f751a048729a385d802bc88954/volumes/5cdf53c3-7386-4ce6-83bd-83d5b26ca710 returned with HTTP 200 [pid: 7|app: 0|req: 220/435] 10.0.0.120 () {34 vars in 1028 bytes} [Tue Apr 28 05:34:39 2026] GET /v3/63a019f751a048729a385d802bc88954/volumes/5cdf53c3-7386-4ce6-83bd-83d5b26ca710 => generated 1489 bytes in 27 msecs (HTTP/1.1 200) 7 headers in 286 bytes (1 switches on core 0) /var/lib/openstack/lib/python3.12/site-packages/pycadf/identifier.py:70: UserWarning: Invalid uuid: cinderv3. To ensure interoperability, identifiers should be a valid uuid. warnings.warn(('Invalid uuid: %s. To ensure interoperability, '
2026-04-28 05:34:39.629 8 INFO cinder.api.openstack.wsgi [req-8e67bafe-a400-421e-9a29-234d2f5ed5d4 req-b5c335bc-7788-4b2a-89b8-2e315b7273eb 98dcfea1c4be4543a73ee8063f402e71 63a019f751a048729a385d802bc88954 - - default default] GET http://cinder-api.openstack.svc.cluster.local:8776/v3/63a019f751a048729a385d802bc88954/volumes/5cdf53c3-7386-4ce6-83bd-83d5b26ca710 /var/lib/openstack/lib/python3.12/site-packages/oslo_context/context.py:101: DeprecationWarning: Policy enforcement is depending on the value of is_admin. This key is deprecated. Please update your policy file to use the standard policy values. warnings.warn(
2026-04-28 05:34:39.642 8 INFO cinder.volume.api [req-8e67bafe-a400-421e-9a29-234d2f5ed5d4 req-b5c335bc-7788-4b2a-89b8-2e315b7273eb 98dcfea1c4be4543a73ee8063f402e71 63a019f751a048729a385d802bc88954 - - default default] Volume info retrieved successfully.
2026-04-28 05:34:39.648 8 INFO cinder.api.openstack.wsgi [req-8e67bafe-a400-421e-9a29-234d2f5ed5d4 req-b5c335bc-7788-4b2a-89b8-2e315b7273eb 98dcfea1c4be4543a73ee8063f402e71 63a019f751a048729a385d802bc88954 - - default default] http://cinder-api.openstack.svc.cluster.local:8776/v3/63a019f751a048729a385d802bc88954/volumes/5cdf53c3-7386-4ce6-83bd-83d5b26ca710 returned with HTTP 200 [pid: 8|app: 0|req: 216/436] 10.0.0.120 () {34 vars in 1028 bytes} [Tue Apr 28 05:34:39 2026] GET /v3/63a019f751a048729a385d802bc88954/volumes/5cdf53c3-7386-4ce6-83bd-83d5b26ca710 => generated 1489 bytes in 27 msecs (HTTP/1.1 200) 7 headers in 286 bytes (1 switches on core 0)
2026-04-28 05:34:39.657 7 INFO cinder.api.openstack.wsgi [req-8e67bafe-a400-421e-9a29-234d2f5ed5d4 req-113d7ff1-86b0-463c-92d3-48ae3a76ad2c 98dcfea1c4be4543a73ee8063f402e71 63a019f751a048729a385d802bc88954 - - default default] GET http://cinder-api.openstack.svc.cluster.local:8776/
2026-04-28 05:34:39.657 7 INFO cinder.api.openstack.wsgi [req-8e67bafe-a400-421e-9a29-234d2f5ed5d4 req-113d7ff1-86b0-463c-92d3-48ae3a76ad2c 98dcfea1c4be4543a73ee8063f402e71 63a019f751a048729a385d802bc88954 - - default default] http://cinder-api.openstack.svc.cluster.local:8776/ returned with HTTP 300 [pid: 7|app: 0|req: 221/437] 10.0.0.120 () {32 vars in 829 bytes} [Tue Apr 28 05:34:39 2026] GET / => generated 411 bytes in 1 msecs (HTTP/1.1 300) 5 headers in 169 bytes (1 switches on core 0) /var/lib/openstack/lib/python3.12/site-packages/pycadf/identifier.py:70: UserWarning: Invalid uuid: cinderv3. To ensure interoperability, identifiers should be a valid uuid. warnings.warn(('Invalid uuid: %s. To ensure interoperability, '
2026-04-28 05:34:39.669 8 INFO cinder.api.openstack.wsgi [req-8e67bafe-a400-421e-9a29-234d2f5ed5d4 req-3adf82de-e4be-4bbc-aad7-0c6ea7e77b07 98dcfea1c4be4543a73ee8063f402e71 63a019f751a048729a385d802bc88954 - - default default] POST http://cinder-api.openstack.svc.cluster.local:8776/v3/63a019f751a048729a385d802bc88954/attachments /var/lib/openstack/lib/python3.12/site-packages/oslo_context/context.py:101: DeprecationWarning: Policy enforcement is depending on the value of is_admin. This key is deprecated. Please update your policy file to use the standard policy values. warnings.warn(
2026-04-28 05:34:39.726 8 INFO cinder.api.openstack.wsgi [req-8e67bafe-a400-421e-9a29-234d2f5ed5d4 req-3adf82de-e4be-4bbc-aad7-0c6ea7e77b07 98dcfea1c4be4543a73ee8063f402e71 63a019f751a048729a385d802bc88954 - - default default] http://cinder-api.openstack.svc.cluster.local:8776/v3/63a019f751a048729a385d802bc88954/attachments returned with HTTP 200 [pid: 8|app: 0|req: 217/438] 10.0.0.120 () {40 vars in 1057 bytes} [Tue Apr 28 05:34:39 2026] POST /v3/63a019f751a048729a385d802bc88954/attachments => generated 273 bytes in 64 msecs (HTTP/1.1 200) 7 headers in 286 bytes (1 switches on core 0) /var/lib/openstack/lib/python3.12/site-packages/pycadf/identifier.py:70: UserWarning: Invalid uuid: cinderv3. To ensure interoperability, identifiers should be a valid uuid. warnings.warn(('Invalid uuid: %s. To ensure interoperability, '
2026-04-28 05:34:42.581 7 INFO cinder.api.openstack.wsgi [None req-0c9d328c-6c12-4e0b-81db-8874a3cb0f53 f64c31db172e43e398b3e718bde56ad2 f8c14de0e7464926a50132fd310c1dd3 - - default default] GET http://cinder-api.openstack.svc.cluster.local:8776/v3/f8c14de0e7464926a50132fd310c1dd3/volumes/fe3391ae-dead-4f26-8d16-1b0fc4bd09fd /var/lib/openstack/lib/python3.12/site-packages/oslo_context/context.py:101: DeprecationWarning: Policy enforcement is depending on the value of is_admin. This key is deprecated. Please update your policy file to use the standard policy values. warnings.warn(
2026-04-28 05:34:42.596 7 INFO cinder.volume.api [None req-0c9d328c-6c12-4e0b-81db-8874a3cb0f53 f64c31db172e43e398b3e718bde56ad2 f8c14de0e7464926a50132fd310c1dd3 - - default default] Volume info retrieved successfully.
2026-04-28 05:34:42.601 7 INFO cinder.api.openstack.wsgi [None req-0c9d328c-6c12-4e0b-81db-8874a3cb0f53 f64c31db172e43e398b3e718bde56ad2 f8c14de0e7464926a50132fd310c1dd3 - - default default] http://cinder-api.openstack.svc.cluster.local:8776/v3/f8c14de0e7464926a50132fd310c1dd3/volumes/fe3391ae-dead-4f26-8d16-1b0fc4bd09fd returned with HTTP 200 [pid: 7|app: 0|req: 222/439] 10.0.0.123 () {32 vars in 775 bytes} [Tue Apr 28 05:34:42 2026] GET /v3/f8c14de0e7464926a50132fd310c1dd3/volumes/fe3391ae-dead-4f26-8d16-1b0fc4bd09fd => generated 972 bytes in 28 msecs (HTTP/1.1 200) 7 headers in 285 bytes (1 switches on core 0) /var/lib/openstack/lib/python3.12/site-packages/pycadf/identifier.py:70: UserWarning: Invalid uuid: cinderv3. To ensure interoperability, identifiers should be a valid uuid. warnings.warn(('Invalid uuid: %s. To ensure interoperability, '
2026-04-28 05:34:42.625 8 INFO cinder.api.openstack.wsgi [None req-8f926a65-ae81-4c4f-94d7-9aeffd12b7f1 f64c31db172e43e398b3e718bde56ad2 f8c14de0e7464926a50132fd310c1dd3 - - default default] DELETE http://cinder-api.openstack.svc.cluster.local:8776/v3/f8c14de0e7464926a50132fd310c1dd3/volumes/fe3391ae-dead-4f26-8d16-1b0fc4bd09fd
2026-04-28 05:34:42.625 8 INFO cinder.api.v3.volumes [None req-8f926a65-ae81-4c4f-94d7-9aeffd12b7f1 f64c31db172e43e398b3e718bde56ad2 f8c14de0e7464926a50132fd310c1dd3 - - default default] Delete volume with id: fe3391ae-dead-4f26-8d16-1b0fc4bd09fd /var/lib/openstack/lib/python3.12/site-packages/oslo_context/context.py:101: DeprecationWarning: Policy enforcement is depending on the value of is_admin. This key is deprecated. Please update your policy file to use the standard policy values. warnings.warn(
2026-04-28 05:34:42.635 8 INFO cinder.volume.api [None req-8f926a65-ae81-4c4f-94d7-9aeffd12b7f1 f64c31db172e43e398b3e718bde56ad2 f8c14de0e7464926a50132fd310c1dd3 - - default default] Volume info retrieved successfully.
2026-04-28 05:34:42.656 8 INFO cinder.volume.api [None req-8f926a65-ae81-4c4f-94d7-9aeffd12b7f1 f64c31db172e43e398b3e718bde56ad2 f8c14de0e7464926a50132fd310c1dd3 - - default default] Delete volume request issued successfully.
2026-04-28 05:34:42.656 8 INFO cinder.api.openstack.wsgi [None req-8f926a65-ae81-4c4f-94d7-9aeffd12b7f1 f64c31db172e43e398b3e718bde56ad2 f8c14de0e7464926a50132fd310c1dd3 - - default default] http://cinder-api.openstack.svc.cluster.local:8776/v3/f8c14de0e7464926a50132fd310c1dd3/volumes/fe3391ae-dead-4f26-8d16-1b0fc4bd09fd returned with HTTP 202 [pid: 8|app: 0|req: 218/440] 10.0.0.123 () {32 vars in 778 bytes} [Tue Apr 28 05:34:42 2026] DELETE /v3/f8c14de0e7464926a50132fd310c1dd3/volumes/fe3391ae-dead-4f26-8d16-1b0fc4bd09fd => generated 0 bytes in 38 msecs (HTTP/1.1 202) 6 headers in 233 bytes (1 switches on core 0) /var/lib/openstack/lib/python3.12/site-packages/pycadf/identifier.py:70: UserWarning: Invalid uuid: cinderv3. To ensure interoperability, identifiers should be a valid uuid. warnings.warn(('Invalid uuid: %s. To ensure interoperability, '
2026-04-28 05:34:42.669 7 INFO cinder.api.openstack.wsgi [None req-ee28e467-d95e-459d-96dc-1c0c02f599b5 f64c31db172e43e398b3e718bde56ad2 f8c14de0e7464926a50132fd310c1dd3 - - default default] GET http://cinder-api.openstack.svc.cluster.local:8776/v3/f8c14de0e7464926a50132fd310c1dd3/volumes/fe3391ae-dead-4f26-8d16-1b0fc4bd09fd /var/lib/openstack/lib/python3.12/site-packages/oslo_context/context.py:101: DeprecationWarning: Policy enforcement is depending on the value of is_admin. This key is deprecated. Please update your policy file to use the standard policy values. warnings.warn(
2026-04-28 05:34:42.683 7 INFO cinder.volume.api [None req-ee28e467-d95e-459d-96dc-1c0c02f599b5 f64c31db172e43e398b3e718bde56ad2 f8c14de0e7464926a50132fd310c1dd3 - - default default] Volume info retrieved successfully.
