2026-09-18 03:42:49.338 7 INFO placement.requestlog [None req-7e374c49-a63b-42bf-aa08-3f276d01ad4c c5924e162b46464a973b0b309b1d253e d322ad178de84cf69e98ac7c17aee41d - - 00e89733e79e4c99a748078deec788c6 00e89733e79e4c99a748078deec788c6] 10.0.0.194 "DELETE /resource_providers/8b5511c6-f683-4cdc-b391-b23cc58f7538" status: 404 len: 246 microversion: 1.1
2026-09-18 03:42:49.338 8 INFO placement.requestlog [None req-0e298708-38cf-472b-85ae-a150ffc376ca c5924e162b46464a973b0b309b1d253e d322ad178de84cf69e98ac7c17aee41d - - 00e89733e79e4c99a748078deec788c6 00e89733e79e4c99a748078deec788c6] 10.0.0.194 "GET /resource_providers/8b5511c6-f683-4cdc-b391-b23cc58f7538/aggregates" status: 404 len: 235 microversion: 1.1 [pid: 8|app: 0|req: 515/1033] 10.0.0.194 () {32 vars in 824 bytes} [Fri Sep 18 03:42:49 2026] GET /resource_providers/8b5511c6-f683-4cdc-b391-b23cc58f7538/aggregates => generated 235 bytes in 11 msecs (HTTP/1.1 404) 5 headers in 202 bytes (1 switches on core 0) [pid: 7|app: 0|req: 519/1034] 10.0.0.194 () {34 vars in 824 bytes} [Fri Sep 18 03:42:49 2026] DELETE /resource_providers/8b5511c6-f683-4cdc-b391-b23cc58f7538 => generated 246 bytes in 11 msecs (HTTP/1.1 404) 6 headers in 231 bytes (1 switches on core 0)
2026-09-18 03:42:49.352 8 INFO placement.requestlog [None req-364a19ec-1f38-43f0-aeeb-f1dfc119a514 c5924e162b46464a973b0b309b1d253e d322ad178de84cf69e98ac7c17aee41d - - 00e89733e79e4c99a748078deec788c6 00e89733e79e4c99a748078deec788c6] 10.0.0.194 "DELETE /resource_providers/8b5511c6-f683-4cdc-b391-b23cc58f7538" status: 404 len: 246 microversion: 1.1 [pid: 8|app: 0|req: 516/1035] 10.0.0.194 () {34 vars in 824 bytes} [Fri Sep 18 03:42:49 2026] DELETE /resource_providers/8b5511c6-f683-4cdc-b391-b23cc58f7538 => generated 246 bytes in 7 msecs (HTTP/1.1 404) 6 headers in 231 bytes (1 switches on core 0)
2026-09-18 03:42:54.196 7 INFO placement.requestlog [req-fa65ca37-9124-44c9-b268-5dd92f5b3c16 req-0762d071-3bfd-4b2b-9992-10d186740d8e 4e865c8654f244e893b1ab0f85bcae9c d322ad178de84cf69e98ac7c17aee41d - - 00e89733e79e4c99a748078deec788c6 00e89733e79e4c99a748078deec788c6] 162.253.55.197 "GET /resource_providers/4f83dcf1-afbe-4c7f-a1e1-e58ac27c4fc4/allocations" status: 200 len: 153 microversion: 1.0 [pid: 7|app: 0|req: 520/1036] 162.253.55.197 () {32 vars in 856 bytes} [Fri Sep 18 03:42:54 2026] GET /resource_providers/4f83dcf1-afbe-4c7f-a1e1-e58ac27c4fc4/allocations => generated 153 bytes in 22 msecs (HTTP/1.1 200) 6 headers in 224 bytes (1 switches on core 0)
2026-09-18 03:42:54.216 8 INFO placement.requestlog [req-fa65ca37-9124-44c9-b268-5dd92f5b3c16 req-aafa83b3-509e-4f12-8abb-d74938419ffe 4e865c8654f244e893b1ab0f85bcae9c d322ad178de84cf69e98ac7c17aee41d - - 00e89733e79e4c99a748078deec788c6 00e89733e79e4c99a748078deec788c6] 162.253.55.197 "GET /resource_providers/4f83dcf1-afbe-4c7f-a1e1-e58ac27c4fc4/allocations" status: 200 len: 153 microversion: 1.0 [pid: 8|app: 0|req: 517/1037] 162.253.55.197 () {32 vars in 856 bytes} [Fri Sep 18 03:42:54 2026] GET /resource_providers/4f83dcf1-afbe-4c7f-a1e1-e58ac27c4fc4/allocations => generated 153 bytes in 15 msecs (HTTP/1.1 200) 6 headers in 224 bytes (1 switches on core 0)
2026-09-18 03:42:54.237 7 INFO placement.requestlog [req-fa65ca37-9124-44c9-b268-5dd92f5b3c16 req-7186c040-9a38-4bf7-b808-fe50a9582ba7 4e865c8654f244e893b1ab0f85bcae9c d322ad178de84cf69e98ac7c17aee41d - - 00e89733e79e4c99a748078deec788c6 00e89733e79e4c99a748078deec788c6] 162.253.55.197 "GET /allocations/2b24c253-1065-40b7-b751-0e1364db45cb" status: 200 len: 258 microversion: 1.28 [pid: 7|app: 0|req: 521/1038] 162.253.55.197 () {34 vars in 862 bytes} [Fri Sep 18 03:42:54 2026] GET /allocations/2b24c253-1065-40b7-b751-0e1364db45cb => generated 258 bytes in 16 msecs (HTTP/1.1 200) 8 headers in 296 bytes (1 switches on core 0)
2026-09-18 03:42:55.545 8 INFO placement.requestlog [None req-b09ff2e8-2de7-41e6-a9d0-956a4eb285c2 - - - - - -] 10.0.0.186 "GET /" status: 200 len: 136 microversion: 1.0
2026-09-18 03:42:55.546 7 INFO placement.requestlog [None req-9e750a8f-9bf2-46af-9180-7dcad4007173 - - - - - -] 10.0.0.186 "GET /" status: 200 len: 136 microversion: 1.0
2026-09-18 03:43:03.424 7 INFO placement.requestlog [None req-e072df3a-f500-4e94-ae6d-a1c485f49c42 c5924e162b46464a973b0b309b1d253e d322ad178de84cf69e98ac7c17aee41d - - 00e89733e79e4c99a748078deec788c6 00e89733e79e4c99a748078deec788c6] 10.0.0.194 "GET /resource_providers/4818e354-cc4d-442d-b013-efcbb83a8224/aggregates" status: 404 len: 235 microversion: 1.1 [pid: 7|app: 0|req: 523/1041] 10.0.0.194 () {32 vars in 824 bytes} [Fri Sep 18 03:43:03 2026] GET /resource_providers/4818e354-cc4d-442d-b013-efcbb83a8224/aggregates => generated 235 bytes in 10 msecs (HTTP/1.1 404) 5 headers in 202 bytes (1 switches on core 0)
2026-09-18 03:43:03.429 8 INFO placement.requestlog [None req-352fcc02-01ce-4d2c-90fe-651af84ebf2a c5924e162b46464a973b0b309b1d253e d322ad178de84cf69e98ac7c17aee41d - - 00e89733e79e4c99a748078deec788c6 00e89733e79e4c99a748078deec788c6] 10.0.0.194 "GET /resource_providers/4818e354-cc4d-442d-b013-efcbb83a8224/aggregates" status: 404 len: 235 microversion: 1.1 [pid: 8|app: 0|req: 519/1042] 10.0.0.194 () {32 vars in 824 bytes} [Fri Sep 18 03:43:03 2026] GET /resource_providers/4818e354-cc4d-442d-b013-efcbb83a8224/aggregates => generated 235 bytes in 15 msecs (HTTP/1.1 404) 5 headers in 202 bytes (1 switches on core 0)
2026-09-18 03:43:03.450 7 INFO placement.requestlog [None req-0d123ad2-3123-4110-8b72-23f596acf734 c5924e162b46464a973b0b309b1d253e d322ad178de84cf69e98ac7c17aee41d - - 00e89733e79e4c99a748078deec788c6 00e89733e79e4c99a748078deec788c6] 10.0.0.194 "DELETE /resource_providers/4818e354-cc4d-442d-b013-efcbb83a8224" status: 404 len: 246 microversion: 1.1 [pid: 7|app: 0|req: 524/1043] 10.0.0.194 () {34 vars in 824 bytes} [Fri Sep 18 03:43:03 2026] DELETE /resource_providers/4818e354-cc4d-442d-b013-efcbb83a8224 => generated 246 bytes in 10 msecs (HTTP/1.1 404) 6 headers in 231 bytes (1 switches on core 0)
2026-09-18 03:43:03.451 8 INFO placement.requestlog [None req-a6ccd8ca-1cbe-4128-acec-5daa2de5f00b c5924e162b46464a973b0b309b1d253e d322ad178de84cf69e98ac7c17aee41d - - 00e89733e79e4c99a748078deec788c6 00e89733e79e4c99a748078deec788c6] 10.0.0.194 "DELETE /resource_providers/4818e354-cc4d-442d-b013-efcbb83a8224" status: 404 len: 246 microversion: 1.1 [pid: 8|app: 0|req: 520/1044] 10.0.0.194 () {34 vars in 824 bytes} [Fri Sep 18 03:43:03 2026] DELETE /resource_providers/4818e354-cc4d-442d-b013-efcbb83a8224 => generated 246 bytes in 10 msecs (HTTP/1.1 404) 6 headers in 231 bytes (1 switches on core 0)
2026-09-18 03:43:05.545 7 INFO placement.requestlog [None req-4cbea4e0-b5db-48ce-a07d-89f0f4120df8 - - - - - -] 10.0.0.186 "GET /" status: 200 len: 136 microversion: 1.0
2026-09-18 03:43:05.545 8 INFO placement.requestlog [None req-483e75b9-4637-47ee-8968-5672a8934f50 - - - - - -] 10.0.0.186 "GET /" status: 200 len: 136 microversion: 1.0
2026-09-18 03:43:05.899 8 INFO placement.requestlog [req-0e3d2ddc-a51a-49a1-bf1a-9ecc124861fa req-a76d034e-21ea-478c-8c63-b2180ccd4342 4e865c8654f244e893b1ab0f85bcae9c d322ad178de84cf69e98ac7c17aee41d - - 00e89733e79e4c99a748078deec788c6 00e89733e79e4c99a748078deec788c6] 162.253.55.197 "GET /resource_providers/4f83dcf1-afbe-4c7f-a1e1-e58ac27c4fc4/allocations" status: 200 len: 153 microversion: 1.0 [pid: 8|app: 0|req: 522/1047] 162.253.55.197 () {32 vars in 856 bytes} [Fri Sep 18 03:43:05 2026] GET /resource_providers/4f83dcf1-afbe-4c7f-a1e1-e58ac27c4fc4/allocations => generated 153 bytes in 19 msecs (HTTP/1.1 200) 6 headers in 224 bytes (1 switches on core 0)
2026-09-18 03:43:05.922 7 INFO placement.requestlog [req-0e3d2ddc-a51a-49a1-bf1a-9ecc124861fa req-d198ba16-dbbc-4417-9ed1-e44453876d76 4e865c8654f244e893b1ab0f85bcae9c d322ad178de84cf69e98ac7c17aee41d - - 00e89733e79e4c99a748078deec788c6 00e89733e79e4c99a748078deec788c6] 162.253.55.197 "GET /allocations/2b24c253-1065-40b7-b751-0e1364db45cb" status: 200 len: 258 microversion: 1.28 [pid: 7|app: 0|req: 526/1048] 162.253.55.197 () {34 vars in 862 bytes} [Fri Sep 18 03:43:05 2026] GET /allocations/2b24c253-1065-40b7-b751-0e1364db45cb => generated 258 bytes in 18 msecs (HTTP/1.1 200) 8 headers in 296 bytes (1 switches on core 0)
2026-09-18 03:43:05.995 8 INFO placement.requestlog [req-0e3d2ddc-a51a-49a1-bf1a-9ecc124861fa req-c3512ad7-7c37-46aa-9910-9e3ac9539a6d 4e865c8654f244e893b1ab0f85bcae9c d322ad178de84cf69e98ac7c17aee41d - - 00e89733e79e4c99a748078deec788c6 00e89733e79e4c99a748078deec788c6] 162.253.55.197 "DELETE /allocations/2b24c253-1065-40b7-b751-0e1364db45cb" status: 204 len: 0 microversion: 1.0 [pid: 8|app: 0|req: 523/1049] 162.253.55.197 () {34 vars in 840 bytes} [Fri Sep 18 03:43:05 2026] DELETE /allocations/2b24c253-1065-40b7-b751-0e1364db45cb => generated 0 bytes in 25 msecs (HTTP/1.1 204) 5 headers in 198 bytes (1 switches on core 0)
2026-09-18 03:43:10.451 7 INFO placement.requestlog [None req-9a370a91-88c3-49be-a3b7-deea4d7a983d c5924e162b46464a973b0b309b1d253e d322ad178de84cf69e98ac7c17aee41d - - 00e89733e79e4c99a748078deec788c6 00e89733e79e4c99a748078deec788c6] 10.0.0.194 "GET /resource_providers/108a9bd7-40f8-4b6e-b5c8-8a31f7f5729e/aggregates" status: 404 len: 235 microversion: 1.1 [pid: 7|app: 0|req: 527/1050] 10.0.0.194 () {32 vars in 824 bytes} [Fri Sep 18 03:43:10 2026] GET /resource_providers/108a9bd7-40f8-4b6e-b5c8-8a31f7f5729e/aggregates => generated 235 bytes in 11 msecs (HTTP/1.1 404) 5 headers in 202 bytes (1 switches on core 0)
2026-09-18 03:43:10.452 8 INFO placement.requestlog [None req-5dbb6e33-a570-4683-960d-5f647bdb3967 c5924e162b46464a973b0b309b1d253e d322ad178de84cf69e98ac7c17aee41d - - 00e89733e79e4c99a748078deec788c6 00e89733e79e4c99a748078deec788c6] 10.0.0.194 "GET /resource_providers/108a9bd7-40f8-4b6e-b5c8-8a31f7f5729e/aggregates" status: 404 len: 235 microversion: 1.1 [pid: 8|app: 0|req: 524/1051] 10.0.0.194 () {32 vars in 824 bytes} [Fri Sep 18 03:43:10 2026] GET /resource_providers/108a9bd7-40f8-4b6e-b5c8-8a31f7f5729e/aggregates => generated 235 bytes in 12 msecs (HTTP/1.1 404) 5 headers in 202 bytes (1 switches on core 0)
2026-09-18 03:43:10.477 7 INFO placement.requestlog [None req-bdabceef-ceb1-457e-b667-e2f9b13ea2c2 c5924e162b46464a973b0b309b1d253e d322ad178de84cf69e98ac7c17aee41d - - 00e89733e79e4c99a748078deec788c6 00e89733e79e4c99a748078deec788c6] 10.0.0.194 "DELETE /resource_providers/108a9bd7-40f8-4b6e-b5c8-8a31f7f5729e" status: 404 len: 246 microversion: 1.1 [pid: 7|app: 0|req: 528/1052] 10.0.0.194 () {34 vars in 824 bytes} [Fri Sep 18 03:43:10 2026] DELETE /resource_providers/108a9bd7-40f8-4b6e-b5c8-8a31f7f5729e => generated 246 bytes in 12 msecs (HTTP/1.1 404) 6 headers in 231 bytes (1 switches on core 0)
2026-09-18 03:43:10.482 8 INFO placement.requestlog [None req-0f0b6e6d-1101-4e39-9f4e-7abcb25a4e2b c5924e162b46464a973b0b309b1d253e d322ad178de84cf69e98ac7c17aee41d - - 00e89733e79e4c99a748078deec788c6 00e89733e79e4c99a748078deec788c6] 10.0.0.194 "DELETE /resource_providers/108a9bd7-40f8-4b6e-b5c8-8a31f7f5729e" status: 404 len: 246 microversion: 1.1 [pid: 8|app: 0|req: 525/1053] 10.0.0.194 () {34 vars in 824 bytes} [Fri Sep 18 03:43:10 2026] DELETE /resource_providers/108a9bd7-40f8-4b6e-b5c8-8a31f7f5729e => generated 246 bytes in 16 msecs (HTTP/1.1 404) 6 headers in 231 bytes (1 switches on core 0)
2026-09-18 03:43:12.703 7 INFO placement.requestlog [None req-2a507d67-cb87-4734-9bd3-2668fb476689 c5924e162b46464a973b0b309b1d253e d322ad178de84cf69e98ac7c17aee41d - - 00e89733e79e4c99a748078deec788c6 00e89733e79e4c99a748078deec788c6] 10.0.0.194 "GET /resource_providers/ce29fc1d-4810-413d-921c-ad14426f3770/aggregates" status: 404 len: 235 microversion: 1.1 [pid: 7|app: 0|req: 529/1054] 10.0.0.194 () {32 vars in 824 bytes} [Fri Sep 18 03:43:12 2026] GET /resource_providers/ce29fc1d-4810-413d-921c-ad14426f3770/aggregates => generated 235 bytes in 12 msecs (HTTP/1.1 404) 5 headers in 202 bytes (1 switches on core 0)
2026-09-18 03:43:12.705 8 INFO placement.requestlog [None req-813a21e6-b4b3-4bc2-9d73-ab2d8608dc55 c5924e162b46464a973b0b309b1d253e d322ad178de84cf69e98ac7c17aee41d - - 00e89733e79e4c99a748078deec788c6 00e89733e79e4c99a748078deec788c6] 10.0.0.194 "GET /resource_providers/ce29fc1d-4810-413d-921c-ad14426f3770/aggregates" status: 404 len: 235 microversion: 1.1 [pid: 8|app: 0|req: 526/1055] 10.0.0.194 () {32 vars in 824 bytes} [Fri Sep 18 03:43:12 2026] GET /resource_providers/ce29fc1d-4810-413d-921c-ad14426f3770/aggregates => generated 235 bytes in 13 msecs (HTTP/1.1 404) 5 headers in 202 bytes (1 switches on core 0)
2026-09-18 03:43:12.725 8 INFO placement.requestlog [None req-bf6b800d-c003-4fbd-bbc6-24500f2a8631 c5924e162b46464a973b0b309b1d253e d322ad178de84cf69e98ac7c17aee41d - - 00e89733e79e4c99a748078deec788c6 00e89733e79e4c99a748078deec788c6] 10.0.0.194 "DELETE /resource_providers/ce29fc1d-4810-413d-921c-ad14426f3770" status: 404 len: 246 microversion: 1.1 [pid: 8|app: 0|req: 527/1056] 10.0.0.194 () {34 vars in 824 bytes} [Fri Sep 18 03:43:12 2026] DELETE /resource_providers/ce29fc1d-4810-413d-921c-ad14426f3770 => generated 246 bytes in 8 msecs (HTTP/1.1 404) 6 headers in 231 bytes (1 switches on core 0)
2026-09-18 03:43:12.728 7 INFO placement.requestlog [None req-0d28ed8d-d4ef-4a60-b7ab-33fc1e4f6ac0 c5924e162b46464a973b0b309b1d253e d322ad178de84cf69e98ac7c17aee41d - - 00e89733e79e4c99a748078deec788c6 00e89733e79e4c99a748078deec788c6] 10.0.0.194 "DELETE /resource_providers/ce29fc1d-4810-413d-921c-ad14426f3770" status: 404 len: 246 microversion: 1.1 [pid: 7|app: 0|req: 530/1057] 10.0.0.194 () {34 vars in 824 bytes} [Fri Sep 18 03:43:12 2026] DELETE /resource_providers/ce29fc1d-4810-413d-921c-ad14426f3770 => generated 246 bytes in 11 msecs (HTTP/1.1 404) 6 headers in 231 bytes (1 switches on core 0)
2026-09-18 03:43:13.146 8 INFO placement.requestlog [None req-e7bb914c-d82e-4a60-8053-4192b76f38de c5924e162b46464a973b0b309b1d253e d322ad178de84cf69e98ac7c17aee41d - - 00e89733e79e4c99a748078deec788c6 00e89733e79e4c99a748078deec788c6] 10.0.0.194 "GET /resource_providers/a97ca871-41b5-4508-b2bd-ca336e4d41d0/aggregates" status: 404 len: 235 microversion: 1.1 [pid: 8|app: 0|req: 528/1058] 10.0.0.194 () {32 vars in 824 bytes} [Fri Sep 18 03:43:13 2026] GET /resource_providers/a97ca871-41b5-4508-b2bd-ca336e4d41d0/aggregates => generated 235 bytes in 10 msecs (HTTP/1.1 404) 5 headers in 202 bytes (1 switches on core 0)
2026-09-18 03:43:13.154 7 INFO placement.requestlog [None req-95ecb410-b254-4f60-971e-64ebff8870b9 c5924e162b46464a973b0b309b1d253e d322ad178de84cf69e98ac7c17aee41d - - 00e89733e79e4c99a748078deec788c6 00e89733e79e4c99a748078deec788c6] 10.0.0.194 "GET /resource_providers/a97ca871-41b5-4508-b2bd-ca336e4d41d0/aggregates" status: 404 len: 235 microversion: 1.1 [pid: 7|app: 0|req: 531/1059] 10.0.0.194 () {32 vars in 824 bytes} [Fri Sep 18 03:43:13 2026] GET /resource_providers/a97ca871-41b5-4508-b2bd-ca336e4d41d0/aggregates => generated 235 bytes in 13 msecs (HTTP/1.1 404) 5 headers in 202 bytes (1 switches on core 0)
2026-09-18 03:43:13.173 7 INFO placement.requestlog [None req-f9fabaea-6d27-4d63-b7e5-b1b2dae89d37 c5924e162b46464a973b0b309b1d253e d322ad178de84cf69e98ac7c17aee41d - - 00e89733e79e4c99a748078deec788c6 00e89733e79e4c99a748078deec788c6] 10.0.0.194 "DELETE /resource_providers/a97ca871-41b5-4508-b2bd-ca336e4d41d0" status: 404 len: 246 microversion: 1.1
2026-09-18 03:43:13.173 8 INFO placement.requestlog [None req-9d78c922-63c1-417f-b031-09e8a1f3a0b1 c5924e162b46464a973b0b309b1d253e d322ad178de84cf69e98ac7c17aee41d - - 00e89733e79e4c99a748078deec788c6 00e89733e79e4c99a748078deec788c6] 10.0.0.194 "DELETE /resource_providers/a97ca871-41b5-4508-b2bd-ca336e4d41d0" status: 404 len: 246 microversion: 1.1 [pid: 7|app: 0|req: 532/1060] 10.0.0.194 () {34 vars in 824 bytes} [Fri Sep 18 03:43:13 2026] DELETE /resource_providers/a97ca871-41b5-4508-b2bd-ca336e4d41d0 => generated 246 bytes in 12 msecs (HTTP/1.1 404) 6 headers in 231 bytes (1 switches on core 0) [pid: 8|app: 0|req: 529/1061] 10.0.0.194 () {34 vars in 824 bytes} [Fri Sep 18 03:43:13 2026] DELETE /resource_providers/a97ca871-41b5-4508-b2bd-ca336e4d41d0 => generated 246 bytes in 13 msecs (HTTP/1.1 404) 6 headers in 231 bytes (1 switches on core 0)
2026-09-18 03:43:15.545 8 INFO placement.requestlog [None req-7e8d0095-14ec-430b-ab4d-7014e336c083 - - - - - -] 10.0.0.186 "GET /" status: 200 len: 136 microversion: 1.0
2026-09-18 03:43:15.545 7 INFO placement.requestlog [None req-c47c06dd-d386-4194-b300-d449159ab15c - - - - - -] 10.0.0.186 "GET /" status: 200 len: 136 microversion: 1.0
2026-09-18 03:43:20.235 7 INFO placement.requestlog [None req-131f7741-fe54-4a08-8c24-a01b30bf0ba1 c5924e162b46464a973b0b309b1d253e d322ad178de84cf69e98ac7c17aee41d - - 00e89733e79e4c99a748078deec788c6 00e89733e79e4c99a748078deec788c6] 10.0.0.194 "GET /resource_providers/04b2b0b1-4ab7-4e5e-ba9a-a62b4602fe3e/aggregates" status: 404 len: 235 microversion: 1.1 [pid: 7|app: 0|req: 534/1064] 10.0.0.194 () {32 vars in 824 bytes} [Fri Sep 18 03:43:20 2026] GET /resource_providers/04b2b0b1-4ab7-4e5e-ba9a-a62b4602fe3e/aggregates => generated 235 bytes in 14 msecs (HTTP/1.1 404) 5 headers in 202 bytes (1 switches on core 0)
2026-09-18 03:43:20.238 8 INFO placement.requestlog [None req-78fb0dbb-1bbe-41bd-94b4-9c10776ad3d0 c5924e162b46464a973b0b309b1d253e d322ad178de84cf69e98ac7c17aee41d - - 00e89733e79e4c99a748078deec788c6 00e89733e79e4c99a748078deec788c6] 10.0.0.194 "GET /resource_providers/04b2b0b1-4ab7-4e5e-ba9a-a62b4602fe3e/aggregates" status: 404 len: 235 microversion: 1.1 [pid: 8|app: 0|req: 531/1065] 10.0.0.194 () {32 vars in 824 bytes} [Fri Sep 18 03:43:20 2026] GET /resource_providers/04b2b0b1-4ab7-4e5e-ba9a-a62b4602fe3e/aggregates => generated 235 bytes in 18 msecs (HTTP/1.1 404) 5 headers in 202 bytes (1 switches on core 0)
2026-09-18 03:43:20.261 7 INFO placement.requestlog [None req-a7477859-93a3-4966-841d-0c30af34710e c5924e162b46464a973b0b309b1d253e d322ad178de84cf69e98ac7c17aee41d - - 00e89733e79e4c99a748078deec788c6 00e89733e79e4c99a748078deec788c6] 10.0.0.194 "DELETE /resource_providers/04b2b0b1-4ab7-4e5e-ba9a-a62b4602fe3e" status: 404 len: 246 microversion: 1.1 [pid: 7|app: 0|req: 535/1066] 10.0.0.194 () {34 vars in 824 bytes} [Fri Sep 18 03:43:20 2026] DELETE /resource_providers/04b2b0b1-4ab7-4e5e-ba9a-a62b4602fe3e => generated 246 bytes in 11 msecs (HTTP/1.1 404) 6 headers in 231 bytes (1 switches on core 0)
2026-09-18 03:43:20.262 8 INFO placement.requestlog [None req-ae6c98b4-833b-4cb4-a16d-f90e36aa10e0 c5924e162b46464a973b0b309b1d253e d322ad178de84cf69e98ac7c17aee41d - - 00e89733e79e4c99a748078deec788c6 00e89733e79e4c99a748078deec788c6] 10.0.0.194 "DELETE /resource_providers/04b2b0b1-4ab7-4e5e-ba9a-a62b4602fe3e" status: 404 len: 246 microversion: 1.1 [pid: 8|app: 0|req: 532/1067] 10.0.0.194 () {34 vars in 824 bytes} [Fri Sep 18 03:43:20 2026] DELETE /resource_providers/04b2b0b1-4ab7-4e5e-ba9a-a62b4602fe3e => generated 246 bytes in 12 msecs (HTTP/1.1 404) 6 headers in 231 bytes (1 switches on core 0)
2026-09-18 03:43:20.670 8 INFO placement.requestlog [None req-15721836-9a67-4195-a4fe-9d8758c662ce c5924e162b46464a973b0b309b1d253e d322ad178de84cf69e98ac7c17aee41d - - 00e89733e79e4c99a748078deec788c6 00e89733e79e4c99a748078deec788c6] 10.0.0.194 "GET /resource_providers/ea2089c7-184e-4aec-84d9-ad993f464890/aggregates" status: 404 len: 235 microversion: 1.1 [pid: 8|app: 0|req: 533/1068] 10.0.0.194 () {32 vars in 824 bytes} [Fri Sep 18 03:43:20 2026] GET /resource_providers/ea2089c7-184e-4aec-84d9-ad993f464890/aggregates => generated 235 bytes in 10 msecs (HTTP/1.1 404) 5 headers in 202 bytes (1 switches on core 0)
2026-09-18 03:43:20.675 7 INFO placement.requestlog [None req-b8414126-a522-45a4-b156-c2351b9fa9d4 c5924e162b46464a973b0b309b1d253e d322ad178de84cf69e98ac7c17aee41d - - 00e89733e79e4c99a748078deec788c6 00e89733e79e4c99a748078deec788c6] 10.0.0.194 "GET /resource_providers/ea2089c7-184e-4aec-84d9-ad993f464890/aggregates" status: 404 len: 235 microversion: 1.1 [pid: 7|app: 0|req: 536/1069] 10.0.0.194 () {32 vars in 824 bytes} [Fri Sep 18 03:43:20 2026] GET /resource_providers/ea2089c7-184e-4aec-84d9-ad993f464890/aggregates => generated 235 bytes in 16 msecs (HTTP/1.1 404) 5 headers in 202 bytes (1 switches on core 0)
2026-09-18 03:43:20.698 8 INFO placement.requestlog [None req-2d7b26e0-ba55-4db5-b6ff-830e162dd8f6 c5924e162b46464a973b0b309b1d253e d322ad178de84cf69e98ac7c17aee41d - - 00e89733e79e4c99a748078deec788c6 00e89733e79e4c99a748078deec788c6] 10.0.0.194 "DELETE /resource_providers/ea2089c7-184e-4aec-84d9-ad993f464890" status: 404 len: 246 microversion: 1.1 [pid: 8|app: 0|req: 534/1070] 10.0.0.194 () {34 vars in 824 bytes} [Fri Sep 18 03:43:20 2026] DELETE /resource_providers/ea2089c7-184e-4aec-84d9-ad993f464890 => generated 246 bytes in 11 msecs (HTTP/1.1 404) 6 headers in 231 bytes (1 switches on core 0)
2026-09-18 03:43:20.703 7 INFO placement.requestlog [None req-933a4a5a-be0d-47ca-8dcf-265d7e5dbc34 c5924e162b46464a973b0b309b1d253e d322ad178de84cf69e98ac7c17aee41d - - 00e89733e79e4c99a748078deec788c6 00e89733e79e4c99a748078deec788c6] 10.0.0.194 "DELETE /resource_providers/ea2089c7-184e-4aec-84d9-ad993f464890" status: 404 len: 246 microversion: 1.1 [pid: 7|app: 0|req: 537/1071] 10.0.0.194 () {34 vars in 824 bytes} [Fri Sep 18 03:43:20 2026] DELETE /resource_providers/ea2089c7-184e-4aec-84d9-ad993f464890 => generated 246 bytes in 16 msecs (HTTP/1.1 404) 6 headers in 231 bytes (1 switches on core 0)
2026-09-18 03:43:22.717 8 INFO placement.requestlog [None req-28e9179d-4d4a-4012-8b84-b83c6c8baaad c5924e162b46464a973b0b309b1d253e d322ad178de84cf69e98ac7c17aee41d - - 00e89733e79e4c99a748078deec788c6 00e89733e79e4c99a748078deec788c6] 10.0.0.194 "GET /resource_providers/d7e27f04-d101-42bd-9fa0-46a29e2ea69a/aggregates" status: 404 len: 235 microversion: 1.1 [pid: 8|app: 0|req: 535/1072] 10.0.0.194 () {32 vars in 824 bytes} [Fri Sep 18 03:43:22 2026] GET /resource_providers/d7e27f04-d101-42bd-9fa0-46a29e2ea69a/aggregates => generated 235 bytes in 9 msecs (HTTP/1.1 404) 5 headers in 202 bytes (1 switches on core 0)
2026-09-18 03:43:22.723 7 INFO placement.requestlog [None req-595d7c0c-bb16-4375-8600-0fb21328d8bc c5924e162b46464a973b0b309b1d253e d322ad178de84cf69e98ac7c17aee41d - - 00e89733e79e4c99a748078deec788c6 00e89733e79e4c99a748078deec788c6] 10.0.0.194 "GET /resource_providers/d7e27f04-d101-42bd-9fa0-46a29e2ea69a/aggregates" status: 404 len: 235 microversion: 1.1 [pid: 7|app: 0|req: 538/1073] 10.0.0.194 () {32 vars in 824 bytes} [Fri Sep 18 03:43:22 2026] GET /resource_providers/d7e27f04-d101-42bd-9fa0-46a29e2ea69a/aggregates => generated 235 bytes in 10 msecs (HTTP/1.1 404) 5 headers in 202 bytes (1 switches on core 0)
2026-09-18 03:43:22.744 7 INFO placement.requestlog [None req-dd553f85-cfdc-473c-a93c-2a84be902c78 c5924e162b46464a973b0b309b1d253e d322ad178de84cf69e98ac7c17aee41d - - 00e89733e79e4c99a748078deec788c6 00e89733e79e4c99a748078deec788c6] 10.0.0.194 "DELETE /resource_providers/d7e27f04-d101-42bd-9fa0-46a29e2ea69a" status: 404 len: 246 microversion: 1.1 [pid: 7|app: 0|req: 539/1074] 10.0.0.194 () {34 vars in 824 bytes} [Fri Sep 18 03:43:22 2026] DELETE /resource_providers/d7e27f04-d101-42bd-9fa0-46a29e2ea69a => generated 246 bytes in 10 msecs (HTTP/1.1 404) 6 headers in 231 bytes (1 switches on core 0)
2026-09-18 03:43:22.745 8 INFO placement.requestlog [None req-0d095351-e807-427e-953e-10deb360d402 c5924e162b46464a973b0b309b1d253e d322ad178de84cf69e98ac7c17aee41d - - 00e89733e79e4c99a748078deec788c6 00e89733e79e4c99a748078deec788c6] 10.0.0.194 "DELETE /resource_providers/d7e27f04-d101-42bd-9fa0-46a29e2ea69a" status: 404 len: 246 microversion: 1.1 [pid: 8|app: 0|req: 536/1075] 10.0.0.194 () {34 vars in 824 bytes} [Fri Sep 18 03:43:22 2026] DELETE /resource_providers/d7e27f04-d101-42bd-9fa0-46a29e2ea69a => generated 246 bytes in 12 msecs (HTTP/1.1 404) 6 headers in 231 bytes (1 switches on core 0)
2026-09-18 03:43:25.546 7 INFO placement.requestlog [None req-a6ab5718-9a22-444c-b309-4313cebd1362 - - - - - -] 10.0.0.186 "GET /" status: 200 len: 136 microversion: 1.0
2026-09-18 03:43:25.546 8 INFO placement.requestlog [None req-c58496e2-dbf5-44ca-a114-a52603552b94 - - - - - -] 10.0.0.186 "GET /" status: 200 len: 136 microversion: 1.0
2026-09-18 03:43:35.545 8 INFO placement.requestlog [None req-2e5b8bce-46fc-49db-b92a-e30e90ed5d8f - - - - - -] 10.0.0.186 "GET /" status: 200 len: 136 microversion: 1.0
2026-09-18 03:43:35.546 7 INFO placement.requestlog [None req-2f67301a-55fe-4c7a-9efe-19a7da5f2fcb - - - - - -] 10.0.0.186 "GET /" status: 200 len: 136 microversion: 1.0
2026-09-18 03:43:45.546 7 INFO placement.requestlog [None req-16daaea4-c5f2-4eb3-abd5-22a6bf66806b - - - - - -] 10.0.0.186 "GET /" status: 200 len: 136 microversion: 1.0
2026-09-18 03:43:45.548 8 INFO placement.requestlog [None req-693e5df0-659a-4a6c-8486-c0f31f228c22 - - - - - -] 10.0.0.186 "GET /" status: 200 len: 136 microversion: 1.0
2026-09-18 03:43:48.952 7 INFO placement.requestlog [req-28ac3450-2f73-4873-8da6-853b56182078 req-b2a51f13-7b1a-4876-99aa-58c90a798fad 4e865c8654f244e893b1ab0f85bcae9c d322ad178de84cf69e98ac7c17aee41d - - 00e89733e79e4c99a748078deec788c6 00e89733e79e4c99a748078deec788c6] 10.0.0.74 "GET /allocation_candidates?limit=1000&resources=DISK_GB%3A1%2CMEMORY_MB%3A512%2CVCPU%3A1&root_required=%21COMPUTE_STATUS_DISABLED" status: 200 len: 2188 microversion: 1.36 [pid: 7|app: 0|req: 543/1082] 10.0.0.74 () {34 vars in 1010 bytes} [Fri Sep 18 03:43:48 2026] GET /allocation_candidates?limit=1000&resources=DISK_GB%3A1%2CMEMORY_MB%3A512%2CVCPU%3A1&root_required=%21COMPUTE_STATUS_DISABLED => generated 2188 bytes in 70 msecs (HTTP/1.1 200) 8 headers in 297 bytes (1 switches on core 0)
2026-09-18 03:43:48.987 8 INFO placement.requestlog [req-28ac3450-2f73-4873-8da6-853b56182078 req-4914572f-85ba-4996-8d00-4a91d4589b3e 4e865c8654f244e893b1ab0f85bcae9c d322ad178de84cf69e98ac7c17aee41d - - 00e89733e79e4c99a748078deec788c6 00e89733e79e4c99a748078deec788c6] 10.0.0.74 "GET /allocations/a826a57f-6f6a-4a4a-9df4-d2f61107b079" status: 200 len: 19 microversion: 1.28 [pid: 8|app: 0|req: 540/1083] 10.0.0.74 () {34 vars in 859 bytes} [Fri Sep 18 03:43:48 2026] GET /allocations/a826a57f-6f6a-4a4a-9df4-d2f61107b079 => generated 19 bytes in 12 msecs (HTTP/1.1 200) 8 headers in 295 bytes (1 switches on core 0)
2026-09-18 03:43:49.077 7 INFO placement.requestlog [req-28ac3450-2f73-4873-8da6-853b56182078 req-4b90ebb1-b400-4112-b1bd-deb41fea1b0a 4e865c8654f244e893b1ab0f85bcae9c d322ad178de84cf69e98ac7c17aee41d - - 00e89733e79e4c99a748078deec788c6 00e89733e79e4c99a748078deec788c6] 10.0.0.74 "PUT /allocations/a826a57f-6f6a-4a4a-9df4-d2f61107b079" status: 204 len: 0 microversion: 1.36 [pid: 7|app: 0|req: 544/1084] 10.0.0.74 () {38 vars in 912 bytes} [Fri Sep 18 03:43:48 2026] PUT /allocations/a826a57f-6f6a-4a4a-9df4-d2f61107b079 => generated 0 bytes in 84 msecs (HTTP/1.1 204) 5 headers in 199 bytes (1 switches on core 0)
2026-09-18 03:43:49.336 8 INFO placement.requestlog [req-28ac3450-2f73-4873-8da6-853b56182078 req-dd24915f-ba0a-4c41-be29-f33192bfb965 4e865c8654f244e893b1ab0f85bcae9c d322ad178de84cf69e98ac7c17aee41d - - 00e89733e79e4c99a748078deec788c6 00e89733e79e4c99a748078deec788c6] 162.253.55.197 "GET /allocations/a826a57f-6f6a-4a4a-9df4-d2f61107b079" status: 200 len: 258 microversion: 1.28 [pid: 8|app: 0|req: 541/1085] 162.253.55.197 () {34 vars in 862 bytes} [Fri Sep 18 03:43:49 2026] GET /allocations/a826a57f-6f6a-4a4a-9df4-d2f61107b079 => generated 258 bytes in 12 msecs (HTTP/1.1 200) 8 headers in 296 bytes (1 switches on core 0)
2026-09-18 03:43:49.476 7 INFO placement.requestlog [req-28ac3450-2f73-4873-8da6-853b56182078 req-0fc178ca-0580-4497-aec0-e801a722bf50 4e865c8654f244e893b1ab0f85bcae9c d322ad178de84cf69e98ac7c17aee41d - - 00e89733e79e4c99a748078deec788c6 00e89733e79e4c99a748078deec788c6] 162.253.55.197 "GET /resource_providers/4f83dcf1-afbe-4c7f-a1e1-e58ac27c4fc4/allocations" status: 200 len: 153 microversion: 1.0 [pid: 7|app: 0|req: 545/1086] 162.253.55.197 () {32 vars in 856 bytes} [Fri Sep 18 03:43:49 2026] GET /resource_providers/4f83dcf1-afbe-4c7f-a1e1-e58ac27c4fc4/allocations => generated 153 bytes in 18 msecs (HTTP/1.1 200) 6 headers in 224 bytes (1 switches on core 0)
2026-09-18 03:43:49.494 8 INFO placement.requestlog [req-28ac3450-2f73-4873-8da6-853b56182078 req-bfcac3c5-f0dd-45fc-b8e9-db2fe9e71757 4e865c8654f244e893b1ab0f85bcae9c d322ad178de84cf69e98ac7c17aee41d - - 00e89733e79e4c99a748078deec788c6 00e89733e79e4c99a748078deec788c6] 162.253.55.197 "GET /allocations/a826a57f-6f6a-4a4a-9df4-d2f61107b079" status: 200 len: 258 microversion: 1.28 [pid: 8|app: 0|req: 542/1087] 162.253.55.197 () {34 vars in 862 bytes} [Fri Sep 18 03:43:49 2026] GET /allocations/a826a57f-6f6a-4a4a-9df4-d2f61107b079 => generated 258 bytes in 12 msecs (HTTP/1.1 200) 8 headers in 296 bytes (1 switches on core 0)
2026-09-18 03:43:54.033 7 INFO placement.requestlog [req-dfd73860-d71c-466a-9c67-4b45b5274009 req-2dac38b7-69dd-4519-93e0-70908f616030 4e865c8654f244e893b1ab0f85bcae9c d322ad178de84cf69e98ac7c17aee41d - - 00e89733e79e4c99a748078deec788c6 00e89733e79e4c99a748078deec788c6] 162.253.55.197 "GET /resource_providers/4f83dcf1-afbe-4c7f-a1e1-e58ac27c4fc4/allocations" status: 200 len: 153 microversion: 1.0 [pid: 7|app: 0|req: 546/1088] 162.253.55.197 () {32 vars in 856 bytes} [Fri Sep 18 03:43:54 2026] GET /resource_providers/4f83dcf1-afbe-4c7f-a1e1-e58ac27c4fc4/allocations => generated 153 bytes in 27 msecs (HTTP/1.1 200) 6 headers in 224 bytes (1 switches on core 0)
2026-09-18 03:43:54.059 8 INFO placement.requestlog [req-dfd73860-d71c-466a-9c67-4b45b5274009 req-e4341a26-7e02-4d78-ae62-18a2cda872f5 4e865c8654f244e893b1ab0f85bcae9c d322ad178de84cf69e98ac7c17aee41d - - 00e89733e79e4c99a748078deec788c6 00e89733e79e4c99a748078deec788c6] 162.253.55.197 "GET /resource_providers/4f83dcf1-afbe-4c7f-a1e1-e58ac27c4fc4/allocations" status: 200 len: 153 microversion: 1.0 [pid: 8|app: 0|req: 543/1089] 162.253.55.197 () {32 vars in 856 bytes} [Fri Sep 18 03:43:54 2026] GET /resource_providers/4f83dcf1-afbe-4c7f-a1e1-e58ac27c4fc4/allocations => generated 153 bytes in 16 msecs (HTTP/1.1 200) 6 headers in 224 bytes (1 switches on core 0)
2026-09-18 03:43:54.079 7 INFO placement.requestlog [req-dfd73860-d71c-466a-9c67-4b45b5274009 req-988750c6-0e98-44f2-b4e4-bcaecddad703 4e865c8654f244e893b1ab0f85bcae9c d322ad178de84cf69e98ac7c17aee41d - - 00e89733e79e4c99a748078deec788c6 00e89733e79e4c99a748078deec788c6] 162.253.55.197 "GET /allocations/a826a57f-6f6a-4a4a-9df4-d2f61107b079" status: 200 len: 258 microversion: 1.28 [pid: 7|app: 0|req: 547/1090] 162.253.55.197 () {34 vars in 862 bytes} [Fri Sep 18 03:43:54 2026] GET /allocations/a826a57f-6f6a-4a4a-9df4-d2f61107b079 => generated 258 bytes in 15 msecs (HTTP/1.1 200) 8 headers in 296 bytes (1 switches on core 0)
2026-09-18 03:43:55.545 8 INFO placement.requestlog [None req-8a6b4104-0e3f-4c25-aa07-023ff5bd431e - - - - - -] 10.0.0.186 "GET /" status: 200 len: 136 microversion: 1.0
2026-09-18 03:43:55.546 7 INFO placement.requestlog [None req-9b51de56-dd8f-4178-b2f0-fb8bc09f04f6 - - - - - -] 10.0.0.186 "GET /" status: 200 len: 136 microversion: 1.0
2026-09-18 03:43:56.038 8 INFO placement.requestlog [req-49ad4c39-a136-4223-af94-549761ee4650 req-6449be41-6500-4bb9-af62-f3cf20f69c65 4e865c8654f244e893b1ab0f85bcae9c d322ad178de84cf69e98ac7c17aee41d - - 00e89733e79e4c99a748078deec788c6 00e89733e79e4c99a748078deec788c6] 10.0.0.74 "GET /allocation_candidates?limit=1000&resources=DISK_GB%3A1%2CMEMORY_MB%3A512%2CVCPU%3A1&root_required=%21COMPUTE_STATUS_DISABLED" status: 200 len: 2190 microversion: 1.36 [pid: 8|app: 0|req: 545/1093] 10.0.0.74 () {34 vars in 1010 bytes} [Fri Sep 18 03:43:55 2026] GET /allocation_candidates?limit=1000&resources=DISK_GB%3A1%2CMEMORY_MB%3A512%2CVCPU%3A1&root_required=%21COMPUTE_STATUS_DISABLED => generated 2190 bytes in 77 msecs (HTTP/1.1 200) 8 headers in 297 bytes (1 switches on core 0)
2026-09-18 03:43:56.072 7 INFO placement.requestlog [req-49ad4c39-a136-4223-af94-549761ee4650 req-30e90c54-173a-40aa-9f31-ce82bb328fd8 4e865c8654f244e893b1ab0f85bcae9c d322ad178de84cf69e98ac7c17aee41d - - 00e89733e79e4c99a748078deec788c6 00e89733e79e4c99a748078deec788c6] 10.0.0.74 "GET /allocations/d3bf3ef6-7796-45bf-a068-676342528a80" status: 200 len: 19 microversion: 1.28 [pid: 7|app: 0|req: 549/1094] 10.0.0.74 () {34 vars in 859 bytes} [Fri Sep 18 03:43:56 2026] GET /allocations/d3bf3ef6-7796-45bf-a068-676342528a80 => generated 19 bytes in 10 msecs (HTTP/1.1 200) 8 headers in 295 bytes (1 switches on core 0)
2026-09-18 03:43:56.133 8 INFO placement.requestlog [req-49ad4c39-a136-4223-af94-549761ee4650 req-e3a0a95c-a230-48d7-aee3-deb112689992 4e865c8654f244e893b1ab0f85bcae9c d322ad178de84cf69e98ac7c17aee41d - - 00e89733e79e4c99a748078deec788c6 00e89733e79e4c99a748078deec788c6] 10.0.0.74 "PUT /allocations/d3bf3ef6-7796-45bf-a068-676342528a80" status: 204 len: 0 microversion: 1.36 [pid: 8|app: 0|req: 546/1095] 10.0.0.74 () {38 vars in 912 bytes} [Fri Sep 18 03:43:56 2026] PUT /allocations/d3bf3ef6-7796-45bf-a068-676342528a80 => generated 0 bytes in 52 msecs (HTTP/1.1 204) 5 headers in 199 bytes (1 switches on core 0)
2026-09-18 03:43:56.412 7 INFO placement.requestlog [req-49ad4c39-a136-4223-af94-549761ee4650 req-7f54fb5e-50da-417e-bbd0-2e1db39a18f1 4e865c8654f244e893b1ab0f85bcae9c d322ad178de84cf69e98ac7c17aee41d - - 00e89733e79e4c99a748078deec788c6 00e89733e79e4c99a748078deec788c6] 162.253.55.197 "GET /allocations/d3bf3ef6-7796-45bf-a068-676342528a80" status: 200 len: 258 microversion: 1.28 [pid: 7|app: 0|req: 550/1096] 162.253.55.197 () {34 vars in 862 bytes} [Fri Sep 18 03:43:56 2026] GET /allocations/d3bf3ef6-7796-45bf-a068-676342528a80 => generated 258 bytes in 16 msecs (HTTP/1.1 200) 8 headers in 296 bytes (1 switches on core 0)
2026-09-18 03:43:56.518 8 INFO placement.requestlog [req-49ad4c39-a136-4223-af94-549761ee4650 req-e82a0286-721a-48af-8c95-dc18d4fd5834 4e865c8654f244e893b1ab0f85bcae9c d322ad178de84cf69e98ac7c17aee41d - - 00e89733e79e4c99a748078deec788c6 00e89733e79e4c99a748078deec788c6] 162.253.55.197 "GET /resource_providers/4f83dcf1-afbe-4c7f-a1e1-e58ac27c4fc4/allocations" status: 200 len: 253 microversion: 1.0 [pid: 8|app: 0|req: 547/1097] 162.253.55.197 () {32 vars in 856 bytes} [Fri Sep 18 03:43:56 2026] GET /resource_providers/4f83dcf1-afbe-4c7f-a1e1-e58ac27c4fc4/allocations => generated 253 bytes in 21 msecs (HTTP/1.1 200) 6 headers in 224 bytes (1 switches on core 0)
2026-09-18 03:43:56.553 7 INFO placement.requestlog [req-49ad4c39-a136-4223-af94-549761ee4650 req-4dd0d89f-dbcf-4de0-91c9-dbaf23a995c0 4e865c8654f244e893b1ab0f85bcae9c d322ad178de84cf69e98ac7c17aee41d - - 00e89733e79e4c99a748078deec788c6 00e89733e79e4c99a748078deec788c6] 162.253.55.197 "GET /allocations/a826a57f-6f6a-4a4a-9df4-d2f61107b079" status: 200 len: 258 microversion: 1.28 [pid: 7|app: 0|req: 551/1098] 162.253.55.197 () {34 vars in 862 bytes} [Fri Sep 18 03:43:56 2026] GET /allocations/a826a57f-6f6a-4a4a-9df4-d2f61107b079 => generated 258 bytes in 24 msecs (HTTP/1.1 200) 8 headers in 296 bytes (1 switches on core 0)
2026-09-18 03:43:56.588 8 INFO placement.requestlog [req-49ad4c39-a136-4223-af94-549761ee4650 req-575aa840-ce57-4c66-8b81-8dbeeb963c78 4e865c8654f244e893b1ab0f85bcae9c d322ad178de84cf69e98ac7c17aee41d - - 00e89733e79e4c99a748078deec788c6 00e89733e79e4c99a748078deec788c6] 162.253.55.197 "GET /allocations/d3bf3ef6-7796-45bf-a068-676342528a80" status: 200 len: 258 microversion: 1.28 [pid: 8|app: 0|req: 548/1099] 162.253.55.197 () {34 vars in 862 bytes} [Fri Sep 18 03:43:56 2026] GET /allocations/d3bf3ef6-7796-45bf-a068-676342528a80 => generated 258 bytes in 25 msecs (HTTP/1.1 200) 8 headers in 296 bytes (1 switches on core 0)
2026-09-18 03:44:05.546 8 INFO placement.requestlog [None req-ab817242-f9e2-4b50-a782-dadac400d116 - - - - - -] 10.0.0.186 "GET /" status: 200 len: 136 microversion: 1.0
2026-09-18 03:44:05.547 7 INFO placement.requestlog [None req-a59991ed-3f8b-443b-94b1-d15ddca23d16 - - - - - -] 10.0.0.186 "GET /" status: 200 len: 136 microversion: 1.0
2026-09-18 03:44:15.545 8 INFO placement.requestlog [None req-204fe4c4-335c-4766-a5a5-cdb417bee2ac - - - - - -] 10.0.0.186 "GET /" status: 200 len: 136 microversion: 1.0
2026-09-18 03:44:15.546 7 INFO placement.requestlog [None req-8310f812-9295-4557-adb3-e67d43edd9ed - - - - - -] 10.0.0.186 "GET /" status: 200 len: 136 microversion: 1.0
2026-09-18 03:44:25.546 8 INFO placement.requestlog [None req-99b06766-8819-464e-920c-cbdc095db416 - - - - - -] 10.0.0.186 "GET /" status: 200 len: 136 microversion: 1.0
2026-09-18 03:44:25.546 7 INFO placement.requestlog [None req-529fee71-4578-46e3-bb6f-dff1703b297e - - - - - -] 10.0.0.186 "GET /" status: 200 len: 136 microversion: 1.0
2026-09-18 03:44:31.714 8 INFO placement.requestlog [req-6638984e-2528-4d69-a305-6eb037744e4f req-96c106df-dd8a-47cd-9f7d-8d12240b36ae 4e865c8654f244e893b1ab0f85bcae9c d322ad178de84cf69e98ac7c17aee41d - - 00e89733e79e4c99a748078deec788c6 00e89733e79e4c99a748078deec788c6] 10.0.0.74 "GET /allocation_candidates?limit=1000&resources=MEMORY_MB%3A2048%2CVCPU%3A2&root_required=%21COMPUTE_STATUS_DISABLED" status: 200 len: 2178 microversion: 1.36 [pid: 8|app: 0|req: 552/1106] 10.0.0.74 () {34 vars in 984 bytes} [Fri Sep 18 03:44:31 2026] GET /allocation_candidates?limit=1000&resources=MEMORY_MB%3A2048%2CVCPU%3A2&root_required=%21COMPUTE_STATUS_DISABLED => generated 2178 bytes in 258 msecs (HTTP/1.1 200) 8 headers in 297 bytes (1 switches on core 0)
2026-09-18 03:44:31.747 7 INFO placement.requestlog [req-6638984e-2528-4d69-a305-6eb037744e4f req-d9674ec9-5b16-48bd-82cd-aa61f4425cf9 4e865c8654f244e893b1ab0f85bcae9c d322ad178de84cf69e98ac7c17aee41d - - 00e89733e79e4c99a748078deec788c6 00e89733e79e4c99a748078deec788c6] 10.0.0.74 "GET /allocations/1fa43873-ce54-4830-aacf-2bb2187427d4" status: 200 len: 19 microversion: 1.28 [pid: 7|app: 0|req: 555/1107] 10.0.0.74 () {34 vars in 859 bytes} [Fri Sep 18 03:44:31 2026] GET /allocations/1fa43873-ce54-4830-aacf-2bb2187427d4 => generated 19 bytes in 10 msecs (HTTP/1.1 200) 8 headers in 295 bytes (1 switches on core 0)
2026-09-18 03:44:31.837 8 INFO placement.requestlog [req-6638984e-2528-4d69-a305-6eb037744e4f req-5ad9395f-5d28-42b7-a5bb-c87f57792f96 4e865c8654f244e893b1ab0f85bcae9c d322ad178de84cf69e98ac7c17aee41d - - 00e89733e79e4c99a748078deec788c6 00e89733e79e4c99a748078deec788c6] 10.0.0.74 "PUT /allocations/1fa43873-ce54-4830-aacf-2bb2187427d4" status: 204 len: 0 microversion: 1.36 [pid: 8|app: 0|req: 553/1108] 10.0.0.74 () {38 vars in 912 bytes} [Fri Sep 18 03:44:31 2026] PUT /allocations/1fa43873-ce54-4830-aacf-2bb2187427d4 => generated 0 bytes in 80 msecs (HTTP/1.1 204) 5 headers in 199 bytes (1 switches on core 0)
2026-09-18 03:44:32.159 7 INFO placement.requestlog [req-6638984e-2528-4d69-a305-6eb037744e4f req-7dbb17c7-747d-4d96-ada8-93bb277d6c97 4e865c8654f244e893b1ab0f85bcae9c d322ad178de84cf69e98ac7c17aee41d - - 00e89733e79e4c99a748078deec788c6 00e89733e79e4c99a748078deec788c6] 162.253.55.197 "GET /allocations/1fa43873-ce54-4830-aacf-2bb2187427d4" status: 200 len: 245 microversion: 1.28 [pid: 7|app: 0|req: 556/1109] 162.253.55.197 () {34 vars in 862 bytes} [Fri Sep 18 03:44:32 2026] GET /allocations/1fa43873-ce54-4830-aacf-2bb2187427d4 => generated 245 bytes in 21 msecs (HTTP/1.1 200) 8 headers in 296 bytes (1 switches on core 0)
2026-09-18 03:44:32.312 8 INFO placement.requestlog [req-6638984e-2528-4d69-a305-6eb037744e4f req-c7322de4-57a6-435f-9152-851d05e99d29 4e865c8654f244e893b1ab0f85bcae9c d322ad178de84cf69e98ac7c17aee41d - - 00e89733e79e4c99a748078deec788c6 00e89733e79e4c99a748078deec788c6] 162.253.55.197 "GET /resource_providers/4f83dcf1-afbe-4c7f-a1e1-e58ac27c4fc4/allocations" status: 200 len: 340 microversion: 1.0 [pid: 8|app: 0|req: 554/1110] 162.253.55.197 () {32 vars in 856 bytes} [Fri Sep 18 03:44:32 2026] GET /resource_providers/4f83dcf1-afbe-4c7f-a1e1-e58ac27c4fc4/allocations => generated 340 bytes in 20 msecs (HTTP/1.1 200) 6 headers in 224 bytes (1 switches on core 0)
2026-09-18 03:44:32.332 7 INFO placement.requestlog [req-6638984e-2528-4d69-a305-6eb037744e4f req-2d8afd16-1172-4c81-9cf2-c4c93a50396b 4e865c8654f244e893b1ab0f85bcae9c d322ad178de84cf69e98ac7c17aee41d - - 00e89733e79e4c99a748078deec788c6 00e89733e79e4c99a748078deec788c6] 162.253.55.197 "GET /allocations/1fa43873-ce54-4830-aacf-2bb2187427d4" status: 200 len: 245 microversion: 1.28 [pid: 7|app: 0|req: 557/1111] 162.253.55.197 () {34 vars in 862 bytes} [Fri Sep 18 03:44:32 2026] GET /allocations/1fa43873-ce54-4830-aacf-2bb2187427d4 => generated 245 bytes in 13 msecs (HTTP/1.1 200) 8 headers in 296 bytes (1 switches on core 0)
2026-09-18 03:44:32.357 8 INFO placement.requestlog [req-6638984e-2528-4d69-a305-6eb037744e4f req-db47e379-48f9-4a67-a40c-bd73cd4dd787 4e865c8654f244e893b1ab0f85bcae9c d322ad178de84cf69e98ac7c17aee41d - - 00e89733e79e4c99a748078deec788c6 00e89733e79e4c99a748078deec788c6] 162.253.55.197 "GET /allocations/a826a57f-6f6a-4a4a-9df4-d2f61107b079" status: 200 len: 258 microversion: 1.28 [pid: 8|app: 0|req: 555/1112] 162.253.55.197 () {34 vars in 862 bytes} [Fri Sep 18 03:44:32 2026] GET /allocations/a826a57f-6f6a-4a4a-9df4-d2f61107b079 => generated 258 bytes in 15 msecs (HTTP/1.1 200) 8 headers in 296 bytes (1 switches on core 0)
2026-09-18 03:44:32.382 7 INFO placement.requestlog [req-6638984e-2528-4d69-a305-6eb037744e4f req-2f281fee-d833-48a4-a7ff-be7bc4537734 4e865c8654f244e893b1ab0f85bcae9c d322ad178de84cf69e98ac7c17aee41d - - 00e89733e79e4c99a748078deec788c6 00e89733e79e4c99a748078deec788c6] 162.253.55.197 "GET /allocations/d3bf3ef6-7796-45bf-a068-676342528a80" status: 200 len: 258 microversion: 1.28 [pid: 7|app: 0|req: 558/1113] 162.253.55.197 () {34 vars in 862 bytes} [Fri Sep 18 03:44:32 2026] GET /allocations/d3bf3ef6-7796-45bf-a068-676342528a80 => generated 258 bytes in 19 msecs (HTTP/1.1 200) 8 headers in 296 bytes (1 switches on core 0)
2026-09-18 03:44:35.554 8 INFO placement.requestlog [None req-a5245b25-127d-489a-b82b-e2f4e80a0b8b - - - - - -] 10.0.0.186 "GET /" status: 200 len: 136 microversion: 1.0
2026-09-18 03:44:35.554 7 INFO placement.requestlog [None req-2524b407-08df-46bb-ade1-4cf04175dc59 - - - - - -] 10.0.0.186 "GET /" status: 200 len: 136 microversion: 1.0
2026-09-18 03:44:45.546 7 INFO placement.requestlog [None req-8e76500a-3dd4-403f-a6d2-f140d8313da1 - - - - - -] 10.0.0.186 "GET /" status: 200 len: 136 microversion: 1.0
2026-09-18 03:44:45.546 8 INFO placement.requestlog [None req-745a421b-620b-46e9-84b3-12ad60495701 - - - - - -] 10.0.0.186 "GET /" status: 200 len: 136 microversion: 1.0
2026-09-18 03:44:55.276 7 INFO placement.requestlog [req-a0067c20-f373-4988-a4dd-ebfa8c116e78 req-eab83c78-f54d-45c5-99bd-4d8584ab0f83 4e865c8654f244e893b1ab0f85bcae9c d322ad178de84cf69e98ac7c17aee41d - - 00e89733e79e4c99a748078deec788c6 00e89733e79e4c99a748078deec788c6] 162.253.55.197 "GET /resource_providers/4f83dcf1-afbe-4c7f-a1e1-e58ac27c4fc4/allocations" status: 200 len: 340 microversion: 1.0 [pid: 7|app: 0|req: 561/1118] 162.253.55.197 () {32 vars in 856 bytes} [Fri Sep 18 03:44:55 2026] GET /resource_providers/4f83dcf1-afbe-4c7f-a1e1-e58ac27c4fc4/allocations => generated 340 bytes in 16 msecs (HTTP/1.1 200) 6 headers in 224 bytes (1 switches on core 0)
2026-09-18 03:44:55.306 8 INFO placement.requestlog [req-a0067c20-f373-4988-a4dd-ebfa8c116e78 req-02ed461b-768b-4293-8b61-62214de137d2 4e865c8654f244e893b1ab0f85bcae9c d322ad178de84cf69e98ac7c17aee41d - - 00e89733e79e4c99a748078deec788c6 00e89733e79e4c99a748078deec788c6] 162.253.55.197 "GET /resource_providers/4f83dcf1-afbe-4c7f-a1e1-e58ac27c4fc4/allocations" status: 200 len: 340 microversion: 1.0 [pid: 8|app: 0|req: 558/1119] 162.253.55.197 () {32 vars in 856 bytes} [Fri Sep 18 03:44:55 2026] GET /resource_providers/4f83dcf1-afbe-4c7f-a1e1-e58ac27c4fc4/allocations => generated 340 bytes in 23 msecs (HTTP/1.1 200) 6 headers in 224 bytes (1 switches on core 0)
2026-09-18 03:44:55.329 7 INFO placement.requestlog [req-a0067c20-f373-4988-a4dd-ebfa8c116e78 req-da69145a-635d-4f78-acfb-353efa945c4f 4e865c8654f244e893b1ab0f85bcae9c d322ad178de84cf69e98ac7c17aee41d - - 00e89733e79e4c99a748078deec788c6 00e89733e79e4c99a748078deec788c6] 162.253.55.197 "GET /allocations/1fa43873-ce54-4830-aacf-2bb2187427d4" status: 200 len: 245 microversion: 1.28 [pid: 7|app: 0|req: 562/1120] 162.253.55.197 () {34 vars in 862 bytes} [Fri Sep 18 03:44:55 2026] GET /allocations/1fa43873-ce54-4830-aacf-2bb2187427d4 => generated 245 bytes in 17 msecs (HTTP/1.1 200) 8 headers in 296 bytes (1 switches on core 0)
2026-09-18 03:44:55.349 8 INFO placement.requestlog [req-a0067c20-f373-4988-a4dd-ebfa8c116e78 req-8177db4f-a820-4c17-9cf0-29d7c0f92604 4e865c8654f244e893b1ab0f85bcae9c d322ad178de84cf69e98ac7c17aee41d - - 00e89733e79e4c99a748078deec788c6 00e89733e79e4c99a748078deec788c6] 162.253.55.197 "GET /allocations/a826a57f-6f6a-4a4a-9df4-d2f61107b079" status: 200 len: 258 microversion: 1.28 [pid: 8|app: 0|req: 559/1121] 162.253.55.197 () {34 vars in 862 bytes} [Fri Sep 18 03:44:55 2026] GET /allocations/a826a57f-6f6a-4a4a-9df4-d2f61107b079 => generated 258 bytes in 11 msecs (HTTP/1.1 200) 8 headers in 296 bytes (1 switches on core 0)
2026-09-18 03:44:55.372 7 INFO placement.requestlog [req-a0067c20-f373-4988-a4dd-ebfa8c116e78 req-ba2f3f69-e85d-46c2-b9d6-312d282bac6a 4e865c8654f244e893b1ab0f85bcae9c d322ad178de84cf69e98ac7c17aee41d - - 00e89733e79e4c99a748078deec788c6 00e89733e79e4c99a748078deec788c6] 162.253.55.197 "GET /allocations/d3bf3ef6-7796-45bf-a068-676342528a80" status: 200 len: 258 microversion: 1.28 [pid: 7|app: 0|req: 563/1122] 162.253.55.197 () {34 vars in 862 bytes} [Fri Sep 18 03:44:55 2026] GET /allocations/d3bf3ef6-7796-45bf-a068-676342528a80 => generated 258 bytes in 17 msecs (HTTP/1.1 200) 8 headers in 296 bytes (1 switches on core 0)
2026-09-18 03:44:55.546 7 INFO placement.requestlog [None req-37c8b088-9b09-431a-91a4-893f03d639be - - - - - -] 10.0.0.186 "GET /" status: 200 len: 136 microversion: 1.0
2026-09-18 03:44:55.546 8 INFO placement.requestlog [None req-e317f1d2-f98d-4ac5-8c95-b40242e97f18 - - - - - -] 10.0.0.186 "GET /" status: 200 len: 136 microversion: 1.0
2026-09-18 03:45:05.545 8 INFO placement.requestlog [None req-a810302f-ceb9-4366-b048-61a13a39ec88 - - - - - -] 10.0.0.186 "GET /" status: 200 len: 136 microversion: 1.0
2026-09-18 03:45:05.546 7 INFO placement.requestlog [None req-39c2b9fc-851e-43d6-aad4-596b38ea8197 - - - - - -] 10.0.0.186 "GET /" status: 200 len: 136 microversion: 1.0
2026-09-18 03:45:15.545 8 INFO placement.requestlog [None req-bd51af93-5edd-4810-85bb-356ad41d1785 - - - - - -] 10.0.0.186 "GET /" status: 200 len: 136 microversion: 1.0
2026-09-18 03:45:15.546 7 INFO placement.requestlog [None req-9acfc770-6c90-4bc5-a293-76a5d8d6ac0c - - - - - -] 10.0.0.186 "GET /" status: 200 len: 136 microversion: 1.0
2026-09-18 03:45:25.546 7 INFO placement.requestlog [None req-f1066887-065c-4e40-bf5e-31cd07496aad - - - - - -] 10.0.0.186 "GET /" status: 200 len: 136 microversion: 1.0
2026-09-18 03:45:25.546 8 INFO placement.requestlog [None req-3e66ad63-6315-4d46-8386-59316faafb5c - - - - - -] 10.0.0.186 "GET /" status: 200 len: 136 microversion: 1.0
2026-09-18 03:45:35.546 7 INFO placement.requestlog [None req-ea8b9549-7d9a-4f6f-aff3-475e2b69100a - - - - - -] 10.0.0.186 "GET /" status: 200 len: 136 microversion: 1.0
2026-09-18 03:45:35.548 8 INFO placement.requestlog [None req-f1c057d5-0b23-485d-91cd-428981196ca1 - - - - - -] 10.0.0.186 "GET /" status: 200 len: 136 microversion: 1.0
2026-09-18 03:45:45.546 7 INFO placement.requestlog [None req-7360342e-ee87-42d9-8640-0f784869c82b - - - - - -] 10.0.0.186 "GET /" status: 200 len: 136 microversion: 1.0
2026-09-18 03:45:45.546 8 INFO placement.requestlog [None req-c52cec41-bdf7-47ad-a6b8-c10d7d209aa3 - - - - - -] 10.0.0.186 "GET /" status: 200 len: 136 microversion: 1.0
2026-09-18 03:45:55.545 8 INFO placement.requestlog [None req-6a324eb9-7db4-4218-9829-2ed2fb5530b6 - - - - - -] 10.0.0.186 "GET /" status: 200 len: 136 microversion: 1.0
2026-09-18 03:45:55.545 7 INFO placement.requestlog [None req-7a6dde1e-1971-4430-be72-1df5acecd85d - - - - - -] 10.0.0.186 "GET /" status: 200 len: 136 microversion: 1.0
2026-09-18 03:45:56.509 8 INFO placement.requestlog [req-11911bf8-855c-470a-9f46-cfaa5563a8e0 req-b4390152-06fc-4225-980f-7730bb79ef49 4e865c8654f244e893b1ab0f85bcae9c d322ad178de84cf69e98ac7c17aee41d - - 00e89733e79e4c99a748078deec788c6 00e89733e79e4c99a748078deec788c6] 162.253.55.197 "GET /resource_providers/4f83dcf1-afbe-4c7f-a1e1-e58ac27c4fc4/allocations" status: 200 len: 340 microversion: 1.0 [pid: 8|app: 0|req: 567/1137] 162.253.55.197 () {32 vars in 856 bytes} [Fri Sep 18 03:45:56 2026] GET /resource_providers/4f83dcf1-afbe-4c7f-a1e1-e58ac27c4fc4/allocations => generated 340 bytes in 120 msecs (HTTP/1.1 200) 6 headers in 224 bytes (1 switches on core 0)
2026-09-18 03:45:56.545 7 INFO placement.requestlog [req-11911bf8-855c-470a-9f46-cfaa5563a8e0 req-f0814f40-81d7-41b3-9392-cde30ea393ae 4e865c8654f244e893b1ab0f85bcae9c d322ad178de84cf69e98ac7c17aee41d - - 00e89733e79e4c99a748078deec788c6 00e89733e79e4c99a748078deec788c6] 162.253.55.197 "GET /resource_providers?in_tree=4f83dcf1-afbe-4c7f-a1e1-e58ac27c4fc4" status: 200 len: 798 microversion: 1.14 [pid: 7|app: 0|req: 571/1138] 162.253.55.197 () {34 vars in 891 bytes} [Fri Sep 18 03:45:56 2026] GET /resource_providers?in_tree=4f83dcf1-afbe-4c7f-a1e1-e58ac27c4fc4 => generated 798 bytes in 29 msecs (HTTP/1.1 200) 6 headers in 225 bytes (1 switches on core 0)
