2026-06-23 19:55:22.057 10 INFO neutron.wsgi [req-d13e2836-3e8e-4289-b67a-625435592965 req-78e8cfec-67ce-420e-a820-a6c8cec71462 855be17139344c2bafa232e157bfed6b 7f691d76c1524012a51b466dcf28e673 - - 937bc54d18a543028d61db14cb5645ab 937bc54d18a543028d61db14cb5645ab] 199.19.213.169 "GET /v2.0/floatingips?fixed_ip_address=10.100.0.3&port_id=96957dc2-0172-4020-b909-75a42ae28175 HTTP/1.1" status: 200 len: 217 time: 0.0319657
2026-06-23 19:55:22.064 9 INFO neutron.wsgi [None req-1c4fb822-de30-4410-b980-fa74cfffeaa5 c217401e4472443cbbf5f8b058c3985a 253f9370aa1048378f70e3d5eeb2241b - - - -] 10.0.0.52 "DELETE /v2.0/security-groups/00cc1fde-17f1-4871-bac4-aa2c18a6658d HTTP/1.1" status: 204 len: 168 time: 0.1228392
2026-06-23 19:55:22.080 9 INFO neutron.api.v2.resource [None req-6e53fa2e-e459-4f93-9fed-121ef6ae0eb2 c217401e4472443cbbf5f8b058c3985a 253f9370aa1048378f70e3d5eeb2241b - - default default] show failed (client error): The resource could not be found.
2026-06-23 19:55:22.081 9 INFO neutron.wsgi [None req-6e53fa2e-e459-4f93-9fed-121ef6ae0eb2 c217401e4472443cbbf5f8b058c3985a 253f9370aa1048378f70e3d5eeb2241b - - default default] 10.0.0.52 "GET /v2.0/security-groups/00cc1fde-17f1-4871-bac4-aa2c18a6658d HTTP/1.1" status: 404 len: 347 time: 0.0121312
2026-06-23 19:55:22.124 10 INFO neutron.wsgi [req-d13e2836-3e8e-4289-b67a-625435592965 req-489b11c9-7562-4b9c-800f-68fee862409c 855be17139344c2bafa232e157bfed6b 7f691d76c1524012a51b466dcf28e673 - - 937bc54d18a543028d61db14cb5645ab 937bc54d18a543028d61db14cb5645ab] 199.19.213.169 "GET /v2.0/subnets?id=5ce02925-1447-44c8-a266-a4ea32c17d4a HTTP/1.1" status: 200 len: 852 time: 0.0613027
2026-06-23 19:55:22.175 10 INFO neutron.wsgi [req-d13e2836-3e8e-4289-b67a-625435592965 req-d0d7fcff-18f4-4b5f-a65e-c38c91f089c6 855be17139344c2bafa232e157bfed6b 7f691d76c1524012a51b466dcf28e673 - - 937bc54d18a543028d61db14cb5645ab 937bc54d18a543028d61db14cb5645ab] 199.19.213.169 "GET /v2.0/ports?network_id=6bee8c0f-17f6-465d-872a-c646f2b01789&device_owner=network%3Adhcp HTTP/1.1" status: 200 len: 210 time: 0.0309021
2026-06-23 19:55:22.255 10 INFO neutron.wsgi [req-d13e2836-3e8e-4289-b67a-625435592965 req-670f4d98-650d-487a-88b5-85b2495db2e1 855be17139344c2bafa232e157bfed6b 7f691d76c1524012a51b466dcf28e673 - - 937bc54d18a543028d61db14cb5645ab 937bc54d18a543028d61db14cb5645ab] 199.19.213.169 "GET /v2.0/networks/6bee8c0f-17f6-465d-872a-c646f2b01789?fields=segments HTTP/1.1" status: 200 len: 212 time: 0.0699260
2026-06-23 19:55:22.375 10 INFO neutron.wsgi [req-d13e2836-3e8e-4289-b67a-625435592965 req-51f97b1b-cc96-452c-b672-eab2bbda3061 855be17139344c2bafa232e157bfed6b 7f691d76c1524012a51b466dcf28e673 - - 937bc54d18a543028d61db14cb5645ab 937bc54d18a543028d61db14cb5645ab] 199.19.213.169 "GET /v2.0/networks/6bee8c0f-17f6-465d-872a-c646f2b01789?fields=provider%3Aphysical_network&fields=provider%3Anetwork_type HTTP/1.1" status: 200 len: 277 time: 0.1048291
2026-06-23 19:55:22.583 9 INFO neutron.plugins.ml2.drivers.ovn.mech_driver.mech_driver [None req-d2287baf-eecb-4188-aeb7-f1a27a7ace34 - - - - - -] OVN reports status up for port: 96957dc2-0172-4020-b909-75a42ae28175
2026-06-23 19:55:22.600 9 INFO neutron.plugins.ml2.plugin [None req-d2287baf-eecb-4188-aeb7-f1a27a7ace34 - - - - - -] Attempt 1 to provision port 96957dc2-0172-4020-b909-75a42ae28175
2026-06-23 19:55:22.649 9 INFO neutron.wsgi [req-593b3715-e518-40c3-8b2b-646e0ec8b56b req-6911f8cd-30e2-471e-8528-521e813bbacf fd0b792503634166a9c78ffe1376bead 17783136566941888d1c85c5b8fb79e4 - - default default] 10.0.0.84 "GET /v2.0/ports?device_id=b2fa2226-02ca-4249-ab15-bb1c7b617c97 HTTP/1.1" status: 200 len: 1168 time: 0.0299978
2026-06-23 19:55:22.655 10 INFO neutron.wsgi [None req-6f41de91-27e5-4aaf-9079-c1cf6fa89d19 c217401e4472443cbbf5f8b058c3985a 253f9370aa1048378f70e3d5eeb2241b - - - -] 10.0.0.52 "DELETE /v2.0/floatingips/38cfd918-2599-4677-91d8-161e5f832840 HTTP/1.1" status: 204 len: 168 time: 0.5686319
2026-06-23 19:55:22.707 9 INFO neutron.wsgi [req-593b3715-e518-40c3-8b2b-646e0ec8b56b req-3951cb71-9351-4e51-928c-52038c1964d2 fd0b792503634166a9c78ffe1376bead 17783136566941888d1c85c5b8fb79e4 - - default default] 10.0.0.84 "GET /v2.0/security-groups?id=6902a01b-310b-4d5c-b177-4246da4cafbf&fields=id&fields=name HTTP/1.1" status: 200 len: 312 time: 0.0486758
2026-06-23 19:55:22.818 10 INFO neutron.wsgi [None req-cb87a2e2-b127-4fee-a338-6b511040bf94 c217401e4472443cbbf5f8b058c3985a 253f9370aa1048378f70e3d5eeb2241b - - - -] 10.0.0.52 "DELETE /v2.0/security-groups/63acefeb-c702-41a2-974b-472e5aa7494b HTTP/1.1" status: 204 len: 168 time: 0.1468248
2026-06-23 19:55:22.925 10 INFO neutron.notifiers.nova [-] Nova event matching ['req-5dd28212-0a7d-41fe-8956-f090b14965ba'] response: {'name': 'network-changed', 'server_uuid': 'b2fa2226-02ca-4249-ab15-bb1c7b617c97', 'tag': '96957dc2-0172-4020-b909-75a42ae28175', 'status': 'completed', 'code': 200}
2026-06-23 19:55:22.953 9 INFO neutron.db.ovn_revision_numbers_db [None req-d2287baf-eecb-4188-aeb7-f1a27a7ace34 - - - - - -] Successfully bumped revision number for resource 96957dc2-0172-4020-b909-75a42ae28175 (type: ports) to 4
2026-06-23 19:55:23.006 10 INFO neutron.wsgi [req-52b84376-3b3b-4fe7-b7c9-f0fb8d5bd638 req-bb7facf3-4eab-4489-b785-4c2a8ad9019c 855be17139344c2bafa232e157bfed6b 7f691d76c1524012a51b466dcf28e673 - - 937bc54d18a543028d61db14cb5645ab 937bc54d18a543028d61db14cb5645ab] 199.19.213.169 "GET /v2.0/ports?tenant_id=17783136566941888d1c85c5b8fb79e4&device_id=b2fa2226-02ca-4249-ab15-bb1c7b617c97 HTTP/1.1" status: 200 len: 1361 time: 0.0547042
2026-06-23 19:55:23.038 9 INFO neutron.db.ovn_revision_numbers_db [None req-63dce801-5a28-4273-a1af-1ff768299ffa 206f5961ce9d4fb39564efaadb85f7ac 3b33fa1db4464e699d142762f8e4f460 - - - -] Successfully bumped revision number for resource 358d258f-0279-4eed-9559-1edef4f7cca0 (type: security_groups) to 1
2026-06-23 19:55:23.088 9 INFO neutron.db.segments_db [None req-63dce801-5a28-4273-a1af-1ff768299ffa 206f5961ce9d4fb39564efaadb85f7ac 3b33fa1db4464e699d142762f8e4f460 - - - -] Added segment f5b0d58b-1226-4e30-b49e-681a860debec of type geneve for network 74d8c707-0497-473c-a60d-df44eb6bf2a0
2026-06-23 19:55:23.110 10 INFO neutron.wsgi [req-52b84376-3b3b-4fe7-b7c9-f0fb8d5bd638 req-e944e1e9-7eec-41a0-bdb1-c19075db2ca9 855be17139344c2bafa232e157bfed6b 7f691d76c1524012a51b466dcf28e673 - - 937bc54d18a543028d61db14cb5645ab 937bc54d18a543028d61db14cb5645ab] 199.19.213.169 "GET /v2.0/networks?id=6bee8c0f-17f6-465d-872a-c646f2b01789 HTTP/1.1" status: 200 len: 959 time: 0.0960574
2026-06-23 19:55:23.148 10 INFO neutron.wsgi [req-52b84376-3b3b-4fe7-b7c9-f0fb8d5bd638 req-9f3e16ae-5739-4d49-92a3-e21a96c31768 855be17139344c2bafa232e157bfed6b 7f691d76c1524012a51b466dcf28e673 - - 937bc54d18a543028d61db14cb5645ab 937bc54d18a543028d61db14cb5645ab] 199.19.213.169 "GET /v2.0/floatingips?fixed_ip_address=10.100.0.3&port_id=96957dc2-0172-4020-b909-75a42ae28175 HTTP/1.1" status: 200 len: 217 time: 0.0302436
2026-06-23 19:55:23.201 9 INFO neutron.db.ovn_revision_numbers_db [None req-63dce801-5a28-4273-a1af-1ff768299ffa 206f5961ce9d4fb39564efaadb85f7ac 3b33fa1db4464e699d142762f8e4f460 - - - -] Successfully bumped revision number for resource 74d8c707-0497-473c-a60d-df44eb6bf2a0 (type: networks) to 1
2026-06-23 19:55:23.207 10 INFO neutron.wsgi [req-52b84376-3b3b-4fe7-b7c9-f0fb8d5bd638 req-c9a42744-6205-487c-a80e-021e6ef74c5e 855be17139344c2bafa232e157bfed6b 7f691d76c1524012a51b466dcf28e673 - - 937bc54d18a543028d61db14cb5645ab 937bc54d18a543028d61db14cb5645ab] 199.19.213.169 "GET /v2.0/subnets?id=5ce02925-1447-44c8-a266-a4ea32c17d4a HTTP/1.1" status: 200 len: 852 time: 0.0413191
2026-06-23 19:55:23.239 10 INFO neutron.wsgi [req-52b84376-3b3b-4fe7-b7c9-f0fb8d5bd638 req-47d03180-81c0-4910-abdd-2f9ac2d89195 855be17139344c2bafa232e157bfed6b 7f691d76c1524012a51b466dcf28e673 - - 937bc54d18a543028d61db14cb5645ab 937bc54d18a543028d61db14cb5645ab] 199.19.213.169 "GET /v2.0/ports?network_id=6bee8c0f-17f6-465d-872a-c646f2b01789&device_owner=network%3Adhcp HTTP/1.1" status: 200 len: 210 time: 0.0257950
2026-06-23 19:55:23.332 10 INFO neutron.wsgi [req-52b84376-3b3b-4fe7-b7c9-f0fb8d5bd638 req-c32e8063-5964-40fa-9b08-92436f245393 855be17139344c2bafa232e157bfed6b 7f691d76c1524012a51b466dcf28e673 - - 937bc54d18a543028d61db14cb5645ab 937bc54d18a543028d61db14cb5645ab] 199.19.213.169 "GET /v2.0/networks/6bee8c0f-17f6-465d-872a-c646f2b01789?fields=segments HTTP/1.1" status: 200 len: 212 time: 0.0825498
2026-06-23 19:55:23.415 10 INFO neutron.wsgi [req-52b84376-3b3b-4fe7-b7c9-f0fb8d5bd638 req-f623fc8d-eb27-454e-aaf4-ab0555637c77 855be17139344c2bafa232e157bfed6b 7f691d76c1524012a51b466dcf28e673 - - 937bc54d18a543028d61db14cb5645ab 937bc54d18a543028d61db14cb5645ab] 199.19.213.169 "GET /v2.0/networks/6bee8c0f-17f6-465d-872a-c646f2b01789?fields=provider%3Aphysical_network&fields=provider%3Anetwork_type HTTP/1.1" status: 200 len: 277 time: 0.0767972
2026-06-23 19:55:23.420 9 WARNING neutron.scheduler.dhcp_agent_scheduler [None req-63dce801-5a28-4273-a1af-1ff768299ffa 206f5961ce9d4fb39564efaadb85f7ac 3b33fa1db4464e699d142762f8e4f460 - - - -] No more DHCP agents
2026-06-23 19:55:23.424 9 WARNING neutron.api.rpc.agentnotifiers.dhcp_rpc_agent_api [None req-63dce801-5a28-4273-a1af-1ff768299ffa 206f5961ce9d4fb39564efaadb85f7ac 3b33fa1db4464e699d142762f8e4f460 - - - -] Unable to schedule network 74d8c707-0497-473c-a60d-df44eb6bf2a0: no agents available; will retry on subsequent port and subnet creation events.
2026-06-23 19:55:23.507 9 INFO neutron.db.ovn_revision_numbers_db [None req-63dce801-5a28-4273-a1af-1ff768299ffa 206f5961ce9d4fb39564efaadb85f7ac 3b33fa1db4464e699d142762f8e4f460 - - - -] Successfully bumped revision number for resource ffa66491-036a-4f37-8776-419e9b576873 (type: ports) to 1
2026-06-23 19:55:23.527 9 INFO neutron.wsgi [None req-63dce801-5a28-4273-a1af-1ff768299ffa 206f5961ce9d4fb39564efaadb85f7ac 3b33fa1db4464e699d142762f8e4f460 - - - -] 10.0.0.52 "POST /v2.0/networks HTTP/1.1" status: 201 len: 831 time: 0.9312441 /var/lib/openstack/lib/python3.10/site-packages/pycadf/identifier.py:71: UserWarning: Invalid uuid: neutron. To ensure interoperability, identifiers should be a valid uuid. warnings.warn(('Invalid uuid: %s. To ensure interoperability, '
2026-06-23 19:55:23.857 9 INFO neutron.notifiers.nova [-] Nova event matching ['req-90e1b0d6-1bd8-4747-ae5d-0fb5f61cf58f'] response: {'server_uuid': 'b2fa2226-02ca-4249-ab15-bb1c7b617c97', 'name': 'network-vif-plugged', 'status': 'completed', 'tag': '96957dc2-0172-4020-b909-75a42ae28175', 'code': 200}
2026-06-23 19:55:23.858 9 INFO neutron.notifiers.nova [-] Nova event matching ['req-90e1b0d6-1bd8-4747-ae5d-0fb5f61cf58f'] response: {'server_uuid': 'b2fa2226-02ca-4249-ab15-bb1c7b617c97', 'name': 'network-vif-plugged', 'status': 'completed', 'tag': '96957dc2-0172-4020-b909-75a42ae28175', 'code': 200}
2026-06-23 19:55:23.890 9 INFO neutron.wsgi [req-317ef0f5-c7a4-4335-8010-44291ec689e4 req-26a87fc5-742e-451a-a3f4-090950e91a9e fd0b792503634166a9c78ffe1376bead 17783136566941888d1c85c5b8fb79e4 - - default default] 10.0.0.84 "GET /v2.0/ports?device_id=b2fa2226-02ca-4249-ab15-bb1c7b617c97 HTTP/1.1" status: 200 len: 1170 time: 0.0337236
2026-06-23 19:55:23.957 9 INFO neutron.wsgi [req-317ef0f5-c7a4-4335-8010-44291ec689e4 req-1e87eff6-0049-4f90-8a90-18890087d08f fd0b792503634166a9c78ffe1376bead 17783136566941888d1c85c5b8fb79e4 - - default default] 10.0.0.84 "GET /v2.0/security-groups?id=6902a01b-310b-4d5c-b177-4246da4cafbf&fields=id&fields=name HTTP/1.1" status: 200 len: 312 time: 0.0504727
2026-06-23 19:55:24.165 9 WARNING neutron.scheduler.dhcp_agent_scheduler [None req-4313ff0c-e900-4368-9307-97cb26014259 206f5961ce9d4fb39564efaadb85f7ac 3b33fa1db4464e699d142762f8e4f460 - - - -] No more DHCP agents
2026-06-23 19:55:24.168 9 WARNING neutron.api.rpc.agentnotifiers.dhcp_rpc_agent_api [None req-4313ff0c-e900-4368-9307-97cb26014259 206f5961ce9d4fb39564efaadb85f7ac 3b33fa1db4464e699d142762f8e4f460 - - - -] Unable to schedule network 74d8c707-0497-473c-a60d-df44eb6bf2a0: no agents available; will retry on subsequent port and subnet creation events.
2026-06-23 19:55:24.602 9 INFO neutron.db.ovn_revision_numbers_db [None req-4313ff0c-e900-4368-9307-97cb26014259 206f5961ce9d4fb39564efaadb85f7ac 3b33fa1db4464e699d142762f8e4f460 - - - -] Successfully bumped revision number for resource ffa66491-036a-4f37-8776-419e9b576873 (type: ports) to 2
2026-06-23 19:55:24.618 9 INFO neutron.db.ovn_revision_numbers_db [None req-4313ff0c-e900-4368-9307-97cb26014259 206f5961ce9d4fb39564efaadb85f7ac 3b33fa1db4464e699d142762f8e4f460 - - - -] Successfully bumped revision number for resource 2a6e9720-7358-4dae-b2c7-94add0cd8c9e (type: subnets) to 0
2026-06-23 19:55:24.633 9 INFO neutron.wsgi [None req-4313ff0c-e900-4368-9307-97cb26014259 206f5961ce9d4fb39564efaadb85f7ac 3b33fa1db4464e699d142762f8e4f460 - - - -] 10.0.0.52 "POST /v2.0/subnets HTTP/1.1" status: 201 len: 801 time: 1.1005886
2026-06-23 19:55:24.720 9 INFO neutron.wsgi [-] 10.0.0.153 "GET / HTTP/1.1" status: 200 len: 247 time: 0.0020843
2026-06-23 19:55:24.722 9 INFO neutron.wsgi [-] 10.0.0.153 "GET / HTTP/1.1" status: 200 len: 247 time: 0.0016432
2026-06-23 19:55:24.744 9 INFO neutron.db.segments_db [None req-465f6a05-b421-4598-8697-8f28853bd446 206f5961ce9d4fb39564efaadb85f7ac 3b33fa1db4464e699d142762f8e4f460 - - - -] Added segment cac135a8-b608-46d3-8238-d9d56c66989d of type geneve for network f61749d1-54c9-43f9-818b-9a66fbda95ae
2026-06-23 19:55:24.756 10 INFO neutron.wsgi [None req-c08c19cf-da71-44f3-83ea-70c78fc8c8c7 5d23929a18d74fe9a3352a75b245aecc 453c9fb63fbf436cb14a698f59aea67b - - - -] 10.0.0.52 "PUT /v2.0/routers/5b7e527f-e56f-4a3b-b626-8296396217e6/remove_router_interface HTTP/1.1" status: 200 len: 503 time: 1.9004028 /var/lib/openstack/lib/python3.10/site-packages/pycadf/identifier.py:71: UserWarning: Invalid uuid: neutron. To ensure interoperability, identifiers should be a valid uuid. warnings.warn(('Invalid uuid: %s. To ensure interoperability, '
2026-06-23 19:55:24.906 9 INFO neutron.db.ovn_revision_numbers_db [None req-465f6a05-b421-4598-8697-8f28853bd446 206f5961ce9d4fb39564efaadb85f7ac 3b33fa1db4464e699d142762f8e4f460 - - - -] Successfully bumped revision number for resource f61749d1-54c9-43f9-818b-9a66fbda95ae (type: networks) to 1
2026-06-23 19:55:25.144 9 WARNING neutron.scheduler.dhcp_agent_scheduler [None req-465f6a05-b421-4598-8697-8f28853bd446 206f5961ce9d4fb39564efaadb85f7ac 3b33fa1db4464e699d142762f8e4f460 - - - -] No more DHCP agents
2026-06-23 19:55:25.145 9 WARNING neutron.api.rpc.agentnotifiers.dhcp_rpc_agent_api [None req-465f6a05-b421-4598-8697-8f28853bd446 206f5961ce9d4fb39564efaadb85f7ac 3b33fa1db4464e699d142762f8e4f460 - - - -] Unable to schedule network f61749d1-54c9-43f9-818b-9a66fbda95ae: no agents available; will retry on subsequent port and subnet creation events.
2026-06-23 19:55:25.150 9 INFO neutron.wsgi [req-ba28bd39-c402-441c-ae26-4b8e551839d8 req-bfb57c1f-1bf4-4cf0-9671-8f1974ee4c5a fd0b792503634166a9c78ffe1376bead 17783136566941888d1c85c5b8fb79e4 - - default default] 10.0.0.84 "GET /v2.0/ports?device_id=b2fa2226-02ca-4249-ab15-bb1c7b617c97 HTTP/1.1" status: 200 len: 1170 time: 0.1221998
2026-06-23 19:55:25.204 9 INFO neutron.wsgi [req-ba28bd39-c402-441c-ae26-4b8e551839d8 req-40b54ddf-384e-43fb-bb2a-dead77e27336 fd0b792503634166a9c78ffe1376bead 17783136566941888d1c85c5b8fb79e4 - - default default] 10.0.0.84 "GET /v2.0/security-groups?id=6902a01b-310b-4d5c-b177-4246da4cafbf&fields=id&fields=name HTTP/1.1" status: 200 len: 312 time: 0.0456941
2026-06-23 19:55:25.222 9 INFO neutron.db.ovn_revision_numbers_db [None req-465f6a05-b421-4598-8697-8f28853bd446 206f5961ce9d4fb39564efaadb85f7ac 3b33fa1db4464e699d142762f8e4f460 - - - -] Successfully bumped revision number for resource ab3050c1-5f19-4efd-8cfe-0bbca22372c2 (type: ports) to 1
2026-06-23 19:55:25.243 9 INFO neutron.wsgi [None req-465f6a05-b421-4598-8697-8f28853bd446 206f5961ce9d4fb39564efaadb85f7ac 3b33fa1db4464e699d142762f8e4f460 - - - -] 10.0.0.52 "POST /v2.0/networks HTTP/1.1" status: 201 len: 829 time: 0.5989652
2026-06-23 19:55:25.320 9 INFO neutron.wsgi [req-4cfd9588-c19c-4007-a1db-5cab20f2815a req-4b39878b-52a2-42d5-af7c-219df6451a4a fd0b792503634166a9c78ffe1376bead 17783136566941888d1c85c5b8fb79e4 - - default default] 10.0.0.84 "GET /v2.0/ports?device_id=b2fa2226-02ca-4249-ab15-bb1c7b617c97 HTTP/1.1" status: 200 len: 1170 time: 0.0441890
2026-06-23 19:55:25.372 9 INFO neutron.wsgi [req-4cfd9588-c19c-4007-a1db-5cab20f2815a req-1f361d98-2a34-4838-88b1-0fb0531741f1 fd0b792503634166a9c78ffe1376bead 17783136566941888d1c85c5b8fb79e4 - - default default] 10.0.0.84 "GET /v2.0/security-groups?id=6902a01b-310b-4d5c-b177-4246da4cafbf&fields=id&fields=name HTTP/1.1" status: 200 len: 312 time: 0.0436914
2026-06-23 19:55:25.441 10 INFO neutron.wsgi [None req-44cfd2a2-fb43-4b0b-b970-6b6a1bb40ff1 5d23929a18d74fe9a3352a75b245aecc 453c9fb63fbf436cb14a698f59aea67b - - - -] 10.0.0.52 "DELETE /v2.0/routers/5b7e527f-e56f-4a3b-b626-8296396217e6 HTTP/1.1" status: 204 len: 168 time: 0.6794701
2026-06-23 19:55:25.441 9 INFO neutron.wsgi [None req-a52e2efe-50e3-4fb2-9ecb-bb5fa2abf6b5 e87b01366d1c4dfabce1dcdd8ae0ebf6 248798bc87224cf5b46a3e003abf863e - - default default] 10.0.0.52 "GET /v2.0/ports?device_id=b2fa2226-02ca-4249-ab15-bb1c7b617c97 HTTP/1.1" status: 200 len: 1356 time: 0.0339205
2026-06-23 19:55:25.569 9 WARNING neutron.scheduler.dhcp_agent_scheduler [None req-5d1be619-dcf9-4928-8622-7864da78f727 206f5961ce9d4fb39564efaadb85f7ac 3b33fa1db4464e699d142762f8e4f460 - - - -] No more DHCP agents
2026-06-23 19:55:25.572 9 WARNING neutron.api.rpc.agentnotifiers.dhcp_rpc_agent_api [None req-5d1be619-dcf9-4928-8622-7864da78f727 206f5961ce9d4fb39564efaadb85f7ac 3b33fa1db4464e699d142762f8e4f460 - - - -] Unable to schedule network f61749d1-54c9-43f9-818b-9a66fbda95ae: no agents available; will retry on subsequent port and subnet creation events.
2026-06-23 19:55:25.694 10 INFO neutron.wsgi [None req-38e34b0e-da50-4e44-b5cd-e61405cfa7ef 5d23929a18d74fe9a3352a75b245aecc 453c9fb63fbf436cb14a698f59aea67b - - - -] 10.0.0.52 "DELETE /v2.0/subnets/2c129054-86af-4718-a0b6-9a264abcef77 HTTP/1.1" status: 204 len: 168 time: 0.2411830
2026-06-23 19:55:25.756 9 INFO neutron.db.l3_db [None req-11cbad99-1631-4aa5-a3be-895636f4fc53 fd0b792503634166a9c78ffe1376bead 17783136566941888d1c85c5b8fb79e4 - - - -] Floating IP 1be56fc4-43d8-4012-b582-90c730a8b9e4 associated. External IP: 10.96.250.217, port: 96957dc2-0172-4020-b909-75a42ae28175.
2026-06-23 19:55:26.095 9 INFO neutron.db.ovn_revision_numbers_db [None req-11cbad99-1631-4aa5-a3be-895636f4fc53 fd0b792503634166a9c78ffe1376bead 17783136566941888d1c85c5b8fb79e4 - - - -] Successfully bumped revision number for resource 1be56fc4-43d8-4012-b582-90c730a8b9e4 (type: floatingips) to 4
2026-06-23 19:55:26.231 9 INFO neutron.db.ovn_revision_numbers_db [None req-11cbad99-1631-4aa5-a3be-895636f4fc53 fd0b792503634166a9c78ffe1376bead 17783136566941888d1c85c5b8fb79e4 - - - -] Successfully bumped revision number for resource 1be56fc4-43d8-4012-b582-90c730a8b9e4 (type: floatingips) to 5
2026-06-23 19:55:26.276 9 INFO neutron.wsgi [None req-11cbad99-1631-4aa5-a3be-895636f4fc53 fd0b792503634166a9c78ffe1376bead 17783136566941888d1c85c5b8fb79e4 - - - -] 10.0.0.52 "PUT /v2.0/floatingips/1be56fc4-43d8-4012-b582-90c730a8b9e4 HTTP/1.1" status: 200 len: 1049 time: 0.8262393
2026-06-23 19:55:26.327 10 INFO neutron.wsgi [None req-02db3b15-6c5f-41eb-b028-086421f31bd2 fd0b792503634166a9c78ffe1376bead 17783136566941888d1c85c5b8fb79e4 - - default default] 10.0.0.52 "GET /v2.0/floatingips/1be56fc4-43d8-4012-b582-90c730a8b9e4 HTTP/1.1" status: 200 len: 1051 time: 0.0459721
2026-06-23 19:55:26.332 9 INFO neutron.notifiers.nova [-] Nova event matching ['req-a93c81b3-06ae-4954-b9c8-8f48185ce4c6'] response: {'name': 'network-changed', 'server_uuid': 'b2fa2226-02ca-4249-ab15-bb1c7b617c97', 'tag': '96957dc2-0172-4020-b909-75a42ae28175', 'status': 'completed', 'code': 200}
2026-06-23 19:55:26.399 9 INFO neutron.services.segments.plugin [-] Segment 48ef5382-cc86-437e-be35-b3ee9cb15a67 resource provider aggregate not found
2026-06-23 19:55:26.402 10 INFO neutron.wsgi [req-02bf18f3-7583-4aab-b281-bb5f573f3c38 req-b2655519-5586-459d-92d1-80f5a17545a5 855be17139344c2bafa232e157bfed6b 7f691d76c1524012a51b466dcf28e673 - - 937bc54d18a543028d61db14cb5645ab 937bc54d18a543028d61db14cb5645ab] 199.19.213.169 "GET /v2.0/ports?tenant_id=17783136566941888d1c85c5b8fb79e4&device_id=b2fa2226-02ca-4249-ab15-bb1c7b617c97 HTTP/1.1" status: 200 len: 1361 time: 0.0362329
2026-06-23 19:55:26.408 9 INFO neutron.services.segments.plugin [-] Segment 48ef5382-cc86-437e-be35-b3ee9cb15a67 resource provider aggregate not found
2026-06-23 19:55:26.430 9 INFO neutron.services.segments.plugin [-] Segment 48ef5382-cc86-437e-be35-b3ee9cb15a67 resource provider not found; error: Placement Client Error (4xx): {"errors": [{"status": 404, "title": "Not Found", "detail": "The resource could not be found.\n\n No resource provider with uuid 48ef5382-cc86-437e-be35-b3ee9cb15a67 found for delete ", "request_id": "req-eef051ed-cd39-434e-93ec-f1cf068abbf8"}]}
2026-06-23 19:55:26.438 9 INFO neutron.services.segments.plugin [-] Segment 48ef5382-cc86-437e-be35-b3ee9cb15a67 resource provider not found; error: Placement Client Error (4xx): {"errors": [{"status": 404, "title": "Not Found", "detail": "The resource could not be found.\n\n No resource provider with uuid 48ef5382-cc86-437e-be35-b3ee9cb15a67 found for delete ", "request_id": "req-5eb4406c-f0f9-4195-a21e-896ae5a59c56"}]}
2026-06-23 19:55:26.470 9 INFO neutron.wsgi [None req-edd49e1a-6e29-4220-be34-d084339568bb 5d23929a18d74fe9a3352a75b245aecc 453c9fb63fbf436cb14a698f59aea67b - - - -] 10.0.0.52 "DELETE /v2.0/networks/ec586e66-aa5c-4b9c-ba65-76af5b6a042a HTTP/1.1" status: 204 len: 168 time: 0.7682965
2026-06-23 19:55:26.476 10 INFO neutron.wsgi [req-02bf18f3-7583-4aab-b281-bb5f573f3c38 req-3e8e758b-495f-4b36-8e96-675e105211e0 855be17139344c2bafa232e157bfed6b 7f691d76c1524012a51b466dcf28e673 - - 937bc54d18a543028d61db14cb5645ab 937bc54d18a543028d61db14cb5645ab] 199.19.213.169 "GET /v2.0/networks?id=6bee8c0f-17f6-465d-872a-c646f2b01789 HTTP/1.1" status: 200 len: 959 time: 0.0659797
2026-06-23 19:55:26.479 9 INFO neutron.db.ovn_revision_numbers_db [None req-5d1be619-dcf9-4928-8622-7864da78f727 206f5961ce9d4fb39564efaadb85f7ac 3b33fa1db4464e699d142762f8e4f460 - - - -] Successfully bumped revision number for resource ab3050c1-5f19-4efd-8cfe-0bbca22372c2 (type: ports) to 2
2026-06-23 19:55:26.497 9 INFO neutron.db.ovn_revision_numbers_db [None req-5d1be619-dcf9-4928-8622-7864da78f727 206f5961ce9d4fb39564efaadb85f7ac 3b33fa1db4464e699d142762f8e4f460 - - - -] Successfully bumped revision number for resource 4cd6811f-12dd-4b96-8236-08337a3b9fc5 (type: subnets) to 0
2026-06-23 19:55:26.514 9 INFO neutron.wsgi [None req-5d1be619-dcf9-4928-8622-7864da78f727 206f5961ce9d4fb39564efaadb85f7ac 3b33fa1db4464e699d142762f8e4f460 - - - -] 10.0.0.52 "POST /v2.0/subnets HTTP/1.1" status: 201 len: 804 time: 1.2648458 /var/lib/openstack/lib/python3.10/site-packages/pycadf/identifier.py:71: UserWarning: Invalid uuid: neutron. To ensure interoperability, identifiers should be a valid uuid. warnings.warn(('Invalid uuid: %s. To ensure interoperability, '
2026-06-23 19:55:26.565 10 INFO neutron.wsgi [req-02bf18f3-7583-4aab-b281-bb5f573f3c38 req-bc0655e8-5355-4375-8fcd-ee535138eee2 855be17139344c2bafa232e157bfed6b 7f691d76c1524012a51b466dcf28e673 - - 937bc54d18a543028d61db14cb5645ab 937bc54d18a543028d61db14cb5645ab] 199.19.213.169 "GET /v2.0/floatingips?fixed_ip_address=10.100.0.3&port_id=96957dc2-0172-4020-b909-75a42ae28175 HTTP/1.1" status: 200 len: 1059 time: 0.0790246
2026-06-23 19:55:26.613 9 INFO neutron.db.segments_db [None req-376898a3-cec2-42fd-a0e2-360e612005f2 206f5961ce9d4fb39564efaadb85f7ac 3b33fa1db4464e699d142762f8e4f460 - - - -] Added segment c18204c8-b459-46f7-9157-7940cfba383b of type geneve for network a17a7d45-3a84-4c22-89ed-b24536064929
2026-06-23 19:55:26.613 10 INFO neutron.wsgi [req-02bf18f3-7583-4aab-b281-bb5f573f3c38 req-f5022e67-da6e-45d6-b147-18a3de6fc23d 855be17139344c2bafa232e157bfed6b 7f691d76c1524012a51b466dcf28e673 - - 937bc54d18a543028d61db14cb5645ab 937bc54d18a543028d61db14cb5645ab] 199.19.213.169 "GET /v2.0/subnets?id=5ce02925-1447-44c8-a266-a4ea32c17d4a HTTP/1.1" status: 200 len: 852 time: 0.0392015
2026-06-23 19:55:26.665 10 INFO neutron.wsgi [req-02bf18f3-7583-4aab-b281-bb5f573f3c38 req-8c9fa213-01ea-465e-be5d-0961fdbecd7a 855be17139344c2bafa232e157bfed6b 7f691d76c1524012a51b466dcf28e673 - - 937bc54d18a543028d61db14cb5645ab 937bc54d18a543028d61db14cb5645ab] 199.19.213.169 "GET /v2.0/ports?network_id=6bee8c0f-17f6-465d-872a-c646f2b01789&device_owner=network%3Adhcp HTTP/1.1" status: 200 len: 210 time: 0.0422924
2026-06-23 19:55:26.800 10 INFO neutron.wsgi [req-02bf18f3-7583-4aab-b281-bb5f573f3c38 req-51a586a3-da17-4bd3-8f24-309ae1492f69 855be17139344c2bafa232e157bfed6b 7f691d76c1524012a51b466dcf28e673 - - 937bc54d18a543028d61db14cb5645ab 937bc54d18a543028d61db14cb5645ab] 199.19.213.169 "GET /v2.0/networks/6bee8c0f-17f6-465d-872a-c646f2b01789?fields=segments HTTP/1.1" status: 200 len: 212 time: 0.1205449
2026-06-23 19:55:26.892 10 INFO neutron.wsgi [req-02bf18f3-7583-4aab-b281-bb5f573f3c38 req-160f0fb0-6ef4-44af-a71b-b0a990fa71ef 855be17139344c2bafa232e157bfed6b 7f691d76c1524012a51b466dcf28e673 - - 937bc54d18a543028d61db14cb5645ab 937bc54d18a543028d61db14cb5645ab] 199.19.213.169 "GET /v2.0/networks/6bee8c0f-17f6-465d-872a-c646f2b01789?fields=provider%3Aphysical_network&fields=provider%3Anetwork_type HTTP/1.1" status: 200 len: 277 time: 0.0860415
2026-06-23 19:55:27.046 9 INFO neutron.db.ovn_revision_numbers_db [None req-376898a3-cec2-42fd-a0e2-360e612005f2 206f5961ce9d4fb39564efaadb85f7ac 3b33fa1db4464e699d142762f8e4f460 - - - -] Successfully bumped revision number for resource a17a7d45-3a84-4c22-89ed-b24536064929 (type: networks) to 1
2026-06-23 19:55:27.251 9 WARNING neutron.scheduler.dhcp_agent_scheduler [None req-376898a3-cec2-42fd-a0e2-360e612005f2 206f5961ce9d4fb39564efaadb85f7ac 3b33fa1db4464e699d142762f8e4f460 - - - -] No more DHCP agents
2026-06-23 19:55:27.253 9 WARNING neutron.api.rpc.agentnotifiers.dhcp_rpc_agent_api [None req-376898a3-cec2-42fd-a0e2-360e612005f2 206f5961ce9d4fb39564efaadb85f7ac 3b33fa1db4464e699d142762f8e4f460 - - - -] Unable to schedule network a17a7d45-3a84-4c22-89ed-b24536064929: no agents available; will retry on subsequent port and subnet creation events.
2026-06-23 19:55:27.331 9 INFO neutron.db.ovn_revision_numbers_db [None req-376898a3-cec2-42fd-a0e2-360e612005f2 206f5961ce9d4fb39564efaadb85f7ac 3b33fa1db4464e699d142762f8e4f460 - - - -] Successfully bumped revision number for resource 77afcc33-493b-46de-a09c-fe2cd62a8b43 (type: ports) to 1
2026-06-23 19:55:27.358 9 INFO neutron.wsgi [None req-376898a3-cec2-42fd-a0e2-360e612005f2 206f5961ce9d4fb39564efaadb85f7ac 3b33fa1db4464e699d142762f8e4f460 - - - -] 10.0.0.52 "POST /v2.0/networks HTTP/1.1" status: 201 len: 830 time: 0.8376603
2026-06-23 19:55:27.640 9 WARNING neutron.scheduler.dhcp_agent_scheduler [None req-457494b5-ea1f-45bf-9ae3-f9ff7c271d53 206f5961ce9d4fb39564efaadb85f7ac 3b33fa1db4464e699d142762f8e4f460 - - - -] No more DHCP agents
2026-06-23 19:55:27.643 9 WARNING neutron.api.rpc.agentnotifiers.dhcp_rpc_agent_api [None req-457494b5-ea1f-45bf-9ae3-f9ff7c271d53 206f5961ce9d4fb39564efaadb85f7ac 3b33fa1db4464e699d142762f8e4f460 - - - -] Unable to schedule network a17a7d45-3a84-4c22-89ed-b24536064929: no agents available; will retry on subsequent port and subnet creation events.
2026-06-23 19:55:28.152 10 INFO neutron.wsgi [None req-a4256c0a-6dfc-47bc-a6ae-76e2471ade24 5d23929a18d74fe9a3352a75b245aecc 453c9fb63fbf436cb14a698f59aea67b - - - -] 10.0.0.52 "PUT /v2.0/routers/5a9bc135-59d3-4658-a701-e83e87d38ab8/remove_router_interface HTTP/1.1" status: 200 len: 503 time: 1.6713216
2026-06-23 19:55:28.154 9 INFO neutron.db.ovn_revision_numbers_db [None req-457494b5-ea1f-45bf-9ae3-f9ff7c271d53 206f5961ce9d4fb39564efaadb85f7ac 3b33fa1db4464e699d142762f8e4f460 - - - -] Successfully bumped revision number for resource 77afcc33-493b-46de-a09c-fe2cd62a8b43 (type: ports) to 2 /var/lib/openstack/lib/python3.10/site-packages/pycadf/identifier.py:71: UserWarning: Invalid uuid: neutron. To ensure interoperability, identifiers should be a valid uuid. warnings.warn(('Invalid uuid: %s. To ensure interoperability, '
2026-06-23 19:55:28.167 9 INFO neutron.db.ovn_revision_numbers_db [None req-457494b5-ea1f-45bf-9ae3-f9ff7c271d53 206f5961ce9d4fb39564efaadb85f7ac 3b33fa1db4464e699d142762f8e4f460 - - - -] Successfully bumped revision number for resource 64902790-e523-409d-81ce-ef9efc83450b (type: subnets) to 0
2026-06-23 19:55:28.181 9 INFO neutron.wsgi [None req-457494b5-ea1f-45bf-9ae3-f9ff7c271d53 206f5961ce9d4fb39564efaadb85f7ac 3b33fa1db4464e699d142762f8e4f460 - - - -] 10.0.0.52 "POST /v2.0/subnets HTTP/1.1" status: 201 len: 804 time: 0.8173375
2026-06-23 19:55:28.293 10 INFO neutron.db.segments_db [None req-4a22fd79-e35e-46f1-9da4-e69b53c3a5a0 206f5961ce9d4fb39564efaadb85f7ac 3b33fa1db4464e699d142762f8e4f460 - - - -] Added segment 0a1b7020-6f7a-466a-a935-5134a632184b of type geneve for network 199ddad5-913d-45ff-b1da-b8cdd9bb94f5
2026-06-23 19:55:28.464 10 INFO neutron.db.ovn_revision_numbers_db [None req-4a22fd79-e35e-46f1-9da4-e69b53c3a5a0 206f5961ce9d4fb39564efaadb85f7ac 3b33fa1db4464e699d142762f8e4f460 - - - -] Successfully bumped revision number for resource 199ddad5-913d-45ff-b1da-b8cdd9bb94f5 (type: networks) to 1
2026-06-23 19:55:28.746 10 WARNING neutron.scheduler.dhcp_agent_scheduler [None req-4a22fd79-e35e-46f1-9da4-e69b53c3a5a0 206f5961ce9d4fb39564efaadb85f7ac 3b33fa1db4464e699d142762f8e4f460 - - - -] No more DHCP agents
2026-06-23 19:55:28.751 10 WARNING neutron.api.rpc.agentnotifiers.dhcp_rpc_agent_api [None req-4a22fd79-e35e-46f1-9da4-e69b53c3a5a0 206f5961ce9d4fb39564efaadb85f7ac 3b33fa1db4464e699d142762f8e4f460 - - - -] Unable to schedule network 199ddad5-913d-45ff-b1da-b8cdd9bb94f5: no agents available; will retry on subsequent port and subnet creation events.
2026-06-23 19:55:28.852 10 INFO neutron.db.ovn_revision_numbers_db [None req-4a22fd79-e35e-46f1-9da4-e69b53c3a5a0 206f5961ce9d4fb39564efaadb85f7ac 3b33fa1db4464e699d142762f8e4f460 - - - -] Successfully bumped revision number for resource 3d03a0ee-e024-438d-93b7-d2e1ceaaa08a (type: ports) to 1
2026-06-23 19:55:28.883 10 INFO neutron.wsgi [None req-4a22fd79-e35e-46f1-9da4-e69b53c3a5a0 206f5961ce9d4fb39564efaadb85f7ac 3b33fa1db4464e699d142762f8e4f460 - - - -] 10.0.0.52 "POST /v2.0/networks HTTP/1.1" status: 201 len: 830 time: 0.6972430
2026-06-23 19:55:29.044 10 INFO neutron.wsgi [None req-9ef3d654-645e-430c-b152-f1652b7e2648 5d23929a18d74fe9a3352a75b245aecc 453c9fb63fbf436cb14a698f59aea67b - - - -] 10.0.0.52 "DELETE /v2.0/routers/5a9bc135-59d3-4658-a701-e83e87d38ab8 HTTP/1.1" status: 204 len: 168 time: 0.8861299
2026-06-23 19:55:29.182 10 WARNING neutron.scheduler.dhcp_agent_scheduler [None req-e7c37278-967e-491c-81c8-3dedad70b456 206f5961ce9d4fb39564efaadb85f7ac 3b33fa1db4464e699d142762f8e4f460 - - - -] No more DHCP agents
2026-06-23 19:55:29.184 10 WARNING neutron.api.rpc.agentnotifiers.dhcp_rpc_agent_api [None req-e7c37278-967e-491c-81c8-3dedad70b456 206f5961ce9d4fb39564efaadb85f7ac 3b33fa1db4464e699d142762f8e4f460 - - - -] Unable to schedule network 199ddad5-913d-45ff-b1da-b8cdd9bb94f5: no agents available; will retry on subsequent port and subnet creation events.
2026-06-23 19:55:29.255 9 INFO neutron.wsgi [None req-d82dd8ac-9acb-47d3-a6b8-bc9b6222d2a5 5d23929a18d74fe9a3352a75b245aecc 453c9fb63fbf436cb14a698f59aea67b - - - -] 10.0.0.52 "DELETE /v2.0/subnets/6f9eac8f-817c-4cb6-8d5b-3fe49f5a10e2 HTTP/1.1" status: 204 len: 168 time: 0.2067471
2026-06-23 19:55:29.603 10 INFO neutron.db.ovn_revision_numbers_db [None req-e7c37278-967e-491c-81c8-3dedad70b456 206f5961ce9d4fb39564efaadb85f7ac 3b33fa1db4464e699d142762f8e4f460 - - - -] Successfully bumped revision number for resource 3d03a0ee-e024-438d-93b7-d2e1ceaaa08a (type: ports) to 2
2026-06-23 19:55:29.612 9 INFO neutron.services.segments.plugin [-] Segment 6812f36c-4f42-4dda-88eb-b37c2f894f76 resource provider aggregate not found
2026-06-23 19:55:29.618 9 INFO neutron.services.segments.plugin [-] Segment 6812f36c-4f42-4dda-88eb-b37c2f894f76 resource provider aggregate not found
2026-06-23 19:55:29.620 10 INFO neutron.db.ovn_revision_numbers_db [None req-e7c37278-967e-491c-81c8-3dedad70b456 206f5961ce9d4fb39564efaadb85f7ac 3b33fa1db4464e699d142762f8e4f460 - - - -] Successfully bumped revision number for resource 3829e36e-7e63-4f79-8efa-1da6d5f13bd0 (type: subnets) to 0
2026-06-23 19:55:29.637 10 INFO neutron.wsgi [None req-e7c37278-967e-491c-81c8-3dedad70b456 206f5961ce9d4fb39564efaadb85f7ac 3b33fa1db4464e699d142762f8e4f460 - - - -] 10.0.0.52 "POST /v2.0/subnets HTTP/1.1" status: 201 len: 804 time: 0.7481704
2026-06-23 19:55:29.638 9 INFO neutron.services.segments.plugin [-] Segment 6812f36c-4f42-4dda-88eb-b37c2f894f76 resource provider not found; error: Placement Client Error (4xx): {"errors": [{"status": 404, "title": "Not Found", "detail": "The resource could not be found.\n\n No resource provider with uuid 6812f36c-4f42-4dda-88eb-b37c2f894f76 found for delete ", "request_id": "req-57013714-108e-498b-bf21-5bd3edf8e86f"}]}
2026-06-23 19:55:29.638 9 INFO neutron.services.segments.plugin [-] Segment 6812f36c-4f42-4dda-88eb-b37c2f894f76 resource provider not found; error: Placement Client Error (4xx): {"errors": [{"status": 404, "title": "Not Found", "detail": "The resource could not be found.\n\n No resource provider with uuid 6812f36c-4f42-4dda-88eb-b37c2f894f76 found for delete ", "request_id": "req-472b0311-01ad-43b9-8e2c-4597af2d3f71"}]}
2026-06-23 19:55:29.676 9 INFO neutron.wsgi [None req-4fa63244-04dd-4732-80a0-39beeee09d5f 5d23929a18d74fe9a3352a75b245aecc 453c9fb63fbf436cb14a698f59aea67b - - - -] 10.0.0.52 "DELETE /v2.0/networks/65702096-836b-4012-8f61-c3847880fc9d HTTP/1.1" status: 204 len: 168 time: 0.4150095
2026-06-23 19:55:29.744 10 INFO neutron.db.segments_db [None req-d347fbd4-ce04-47ef-a84b-b847e0542556 206f5961ce9d4fb39564efaadb85f7ac 3b33fa1db4464e699d142762f8e4f460 - - - -] Added segment 3b7c9bfd-2f4d-4dd4-8e84-bb07dade5692 of type geneve for network 6c7a8505-7497-43a4-a0e0-723e10c72c33
2026-06-23 19:55:29.911 10 INFO neutron.db.ovn_revision_numbers_db [None req-d347fbd4-ce04-47ef-a84b-b847e0542556 206f5961ce9d4fb39564efaadb85f7ac 3b33fa1db4464e699d142762f8e4f460 - - - -] Successfully bumped revision number for resource 6c7a8505-7497-43a4-a0e0-723e10c72c33 (type: networks) to 1
2026-06-23 19:55:30.049 9 INFO neutron.wsgi [None req-ccf8ee86-a575-4835-9255-82b62f3c461d 5d23929a18d74fe9a3352a75b245aecc 453c9fb63fbf436cb14a698f59aea67b - - default default] 10.0.0.52 "GET /v2.0/security-groups?tenant_id=253f9370aa1048378f70e3d5eeb2241b&name=default HTTP/1.1" status: 200 len: 2996 time: 0.0265849
2026-06-23 19:55:30.123 10 WARNING neutron.scheduler.dhcp_agent_scheduler [None req-d347fbd4-ce04-47ef-a84b-b847e0542556 206f5961ce9d4fb39564efaadb85f7ac 3b33fa1db4464e699d142762f8e4f460 - - - -] No more DHCP agents
2026-06-23 19:55:30.126 10 WARNING neutron.api.rpc.agentnotifiers.dhcp_rpc_agent_api [None req-d347fbd4-ce04-47ef-a84b-b847e0542556 206f5961ce9d4fb39564efaadb85f7ac 3b33fa1db4464e699d142762f8e4f460 - - - -] Unable to schedule network 6c7a8505-7497-43a4-a0e0-723e10c72c33: no agents available; will retry on subsequent port and subnet creation events.
2026-06-23 19:55:30.196 10 INFO neutron.db.ovn_revision_numbers_db [None req-d347fbd4-ce04-47ef-a84b-b847e0542556 206f5961ce9d4fb39564efaadb85f7ac 3b33fa1db4464e699d142762f8e4f460 - - - -] Successfully bumped revision number for resource 831974cb-7301-47d6-bdb4-46b957909fd0 (type: ports) to 1
2026-06-23 19:55:30.223 10 INFO neutron.wsgi [None req-d347fbd4-ce04-47ef-a84b-b847e0542556 206f5961ce9d4fb39564efaadb85f7ac 3b33fa1db4464e699d142762f8e4f460 - - - -] 10.0.0.52 "POST /v2.0/networks HTTP/1.1" status: 201 len: 831 time: 0.5795066
2026-06-23 19:55:30.236 9 INFO neutron.wsgi [None req-731bdef1-06dd-451b-824e-714120f6f91a 5d23929a18d74fe9a3352a75b245aecc 453c9fb63fbf436cb14a698f59aea67b - - - -] 10.0.0.52 "DELETE /v2.0/security-groups/44bf0fd5-be60-49a6-9afb-a915a62a2a35 HTTP/1.1" status: 204 len: 168 time: 0.1821847
2026-06-23 19:55:30.423 9 INFO neutron.wsgi [None req-0dd32edf-d5f9-4add-ad76-8bd02b64565b 5d23929a18d74fe9a3352a75b245aecc 453c9fb63fbf436cb14a698f59aea67b - - default default] 10.0.0.52 "GET /v2.0/security-groups?tenant_id=6c3da5424bcd43bb8efea33d4de88167&name=default HTTP/1.1" status: 200 len: 2996 time: 0.0289891
2026-06-23 19:55:30.501 10 WARNING neutron.scheduler.dhcp_agent_scheduler [None req-03e89b25-dc19-4904-aaab-9a97e44f719c 206f5961ce9d4fb39564efaadb85f7ac 3b33fa1db4464e699d142762f8e4f460 - - - -] No more DHCP agents
2026-06-23 19:55:30.505 10 WARNING neutron.api.rpc.agentnotifiers.dhcp_rpc_agent_api [None req-03e89b25-dc19-4904-aaab-9a97e44f719c 206f5961ce9d4fb39564efaadb85f7ac 3b33fa1db4464e699d142762f8e4f460 - - - -] Unable to schedule network 6c7a8505-7497-43a4-a0e0-723e10c72c33: no agents available; will retry on subsequent port and subnet creation events.
2026-06-23 19:55:30.596 9 INFO neutron.wsgi [None req-d4691801-db24-4535-8c82-98baca792aa9 5d23929a18d74fe9a3352a75b245aecc 453c9fb63fbf436cb14a698f59aea67b - - - -] 10.0.0.52 "DELETE /v2.0/security-groups/93784017-0fd0-461a-bacd-abc3744c679b HTTP/1.1" status: 204 len: 168 time: 0.1676342
2026-06-23 19:55:31.057 10 INFO neutron.db.ovn_revision_numbers_db [None req-03e89b25-dc19-4904-aaab-9a97e44f719c 206f5961ce9d4fb39564efaadb85f7ac 3b33fa1db4464e699d142762f8e4f460 - - - -] Successfully bumped revision number for resource 831974cb-7301-47d6-bdb4-46b957909fd0 (type: ports) to 2
2026-06-23 19:55:31.071 10 INFO neutron.db.ovn_revision_numbers_db [None req-03e89b25-dc19-4904-aaab-9a97e44f719c 206f5961ce9d4fb39564efaadb85f7ac 3b33fa1db4464e699d142762f8e4f460 - - - -] Successfully bumped revision number for resource 192dcb98-4ab6-49f6-b1b7-2c3db25bcb41 (type: subnets) to 0
2026-06-23 19:55:31.101 10 INFO neutron.wsgi [None req-03e89b25-dc19-4904-aaab-9a97e44f719c 206f5961ce9d4fb39564efaadb85f7ac 3b33fa1db4464e699d142762f8e4f460 - - - -] 10.0.0.52 "POST /v2.0/subnets HTTP/1.1" status: 201 len: 804 time: 0.8743479
2026-06-23 19:55:31.166 10 INFO neutron.wsgi [None req-8d52235b-d993-4475-a837-04ce338f25c9 206f5961ce9d4fb39564efaadb85f7ac 3b33fa1db4464e699d142762f8e4f460 - - - -] 10.0.0.52 "PUT /v2.0/subnets/2a6e9720-7358-4dae-b2c7-94add0cd8c9e/tags HTTP/1.1" status: 200 len: 210 time: 0.0611262
2026-06-23 19:55:31.208 10 INFO neutron.wsgi [None req-371131bf-edd8-4a6a-8b94-062820784121 206f5961ce9d4fb39564efaadb85f7ac 3b33fa1db4464e699d142762f8e4f460 - - - -] 10.0.0.52 "PUT /v2.0/subnets/4cd6811f-12dd-4b96-8236-08337a3b9fc5/tags HTTP/1.1" status: 200 len: 218 time: 0.0374327
2026-06-23 19:55:31.260 10 INFO neutron.wsgi [None req-fea003d4-8a6c-42c5-8866-b16acc234fac 206f5961ce9d4fb39564efaadb85f7ac 3b33fa1db4464e699d142762f8e4f460 - - - -] 10.0.0.52 "PUT /v2.0/subnets/64902790-e523-409d-81ce-ef9efc83450b/tags HTTP/1.1" status: 200 len: 227 time: 0.0466375
2026-06-23 19:55:31.303 10 INFO neutron.wsgi [None req-7c2d0e38-24ba-4b92-b224-4c08594f30a8 206f5961ce9d4fb39564efaadb85f7ac 3b33fa1db4464e699d142762f8e4f460 - - - -] 10.0.0.52 "PUT /v2.0/subnets/3829e36e-7e63-4f79-8efa-1da6d5f13bd0/tags HTTP/1.1" status: 200 len: 212 time: 0.0388432
2026-06-23 19:55:31.371 10 INFO neutron.wsgi [None req-f49854db-0304-447f-a44d-227d7ea4769d 206f5961ce9d4fb39564efaadb85f7ac 3b33fa1db4464e699d142762f8e4f460 - - default default] 10.0.0.52 "GET /v2.0/subnets?tags=red HTTP/1.1" status: 200 len: 2027 time: 0.0618556
2026-06-23 19:55:31.438 10 INFO neutron.wsgi [None req-d9224ec9-d56c-4e06-a00b-7e99a5abb68f 206f5961ce9d4fb39564efaadb85f7ac 3b33fa1db4464e699d142762f8e4f460 - - default default] 10.0.0.52 "GET /v2.0/subnets?tags=red%2Cblue HTTP/1.1" status: 200 len: 1430 time: 0.0624795
2026-06-23 19:55:31.507 10 INFO neutron.wsgi [None req-8ef42724-5ed9-401c-aebf-b5631678fc77 206f5961ce9d4fb39564efaadb85f7ac 3b33fa1db4464e699d142762f8e4f460 - - default default] 10.0.0.52 "GET /v2.0/subnets?tags-any=blue HTTP/1.1" status: 200 len: 1430 time: 0.0644498
2026-06-23 19:55:31.876 10 INFO neutron.wsgi [None req-d9c6edc9-b3ee-4683-aa12-0d03afc76474 206f5961ce9d4fb39564efaadb85f7ac 3b33fa1db4464e699d142762f8e4f460 - - default default] 10.0.0.52 "GET /v2.0/subnets?tags-any=red%2Cblue HTTP/1.1" status: 200 len: 2027 time: 0.3643162
2026-06-23 19:55:31.966 9 INFO neutron.wsgi [None req-010969df-1c43-4cd0-94d8-1c9e0946cd3c 206f5961ce9d4fb39564efaadb85f7ac 3b33fa1db4464e699d142762f8e4f460 - - default default] 10.0.0.52 "GET /v2.0/subnets?not-tags=red HTTP/1.1" status: 200 len: 2018 time: 0.0839684
2026-06-23 19:55:32.035 9 INFO neutron.wsgi [None req-4eb057dd-138a-45f2-b0b3-7766057258f9 206f5961ce9d4fb39564efaadb85f7ac 3b33fa1db4464e699d142762f8e4f460 - - default default] 10.0.0.52 "GET /v2.0/subnets?not-tags=red%2Cblue HTTP/1.1" status: 200 len: 2615 time: 0.0644035
2026-06-23 19:55:32.120 9 INFO neutron.wsgi [None req-d3dcf8d7-d2cc-4a93-a8e1-78fa1ea4c98a 206f5961ce9d4fb39564efaadb85f7ac 3b33fa1db4464e699d142762f8e4f460 - - default default] 10.0.0.52 "GET /v2.0/subnets?not-tags-any=blue HTTP/1.1" status: 200 len: 2615 time: 0.0787868
2026-06-23 19:55:32.177 9 INFO neutron.wsgi [None req-e96a044d-93fb-4f69-961c-13db40a5c06a 206f5961ce9d4fb39564efaadb85f7ac 3b33fa1db4464e699d142762f8e4f460 - - default default] 10.0.0.52 "GET /v2.0/subnets?not-tags-any=red%2Cblue HTTP/1.1" status: 200 len: 2018 time: 0.0504723
2026-06-23 19:55:32.411 9 INFO neutron.wsgi [None req-146e3ea2-7591-45c2-9cd8-ea22ea73216f 206f5961ce9d4fb39564efaadb85f7ac 3b33fa1db4464e699d142762f8e4f460 - - - -] 10.0.0.52 "DELETE /v2.0/subnets/2a6e9720-7358-4dae-b2c7-94add0cd8c9e HTTP/1.1" status: 204 len: 168 time: 0.2260971
2026-06-23 19:55:32.651 9 INFO neutron.wsgi [None req-13f4341d-e73d-41c5-9f40-2b51cd742b9e 206f5961ce9d4fb39564efaadb85f7ac 3b33fa1db4464e699d142762f8e4f460 - - - -] 10.0.0.52 "DELETE /v2.0/subnets/4cd6811f-12dd-4b96-8236-08337a3b9fc5 HTTP/1.1" status: 204 len: 168 time: 0.2360039
2026-06-23 19:55:32.916 9 INFO neutron.wsgi [None req-f71e3725-839c-4ed7-9d06-b2d6675d2fce 206f5961ce9d4fb39564efaadb85f7ac 3b33fa1db4464e699d142762f8e4f460 - - - -] 10.0.0.52 "DELETE /v2.0/subnets/64902790-e523-409d-81ce-ef9efc83450b HTTP/1.1" status: 204 len: 168 time: 0.2563341
2026-06-23 19:55:32.968 10 INFO neutron.wsgi [req-e28a499e-e49b-4e8e-b45e-e4feef867e60 req-a3ca6963-b706-4ac0-859c-80acef66f260 855be17139344c2bafa232e157bfed6b 7f691d76c1524012a51b466dcf28e673 - - 937bc54d18a543028d61db14cb5645ab 937bc54d18a543028d61db14cb5645ab] 10.0.0.93 "GET /v2.0/ports?device_id=2376a5b8-6658-4b13-bf88-bc81e5b8c9ad HTTP/1.1" status: 200 len: 1365 time: 0.0321367
2026-06-23 19:55:33.006 10 INFO neutron.wsgi [req-e28a499e-e49b-4e8e-b45e-e4feef867e60 req-cbbc2871-b79d-47b8-9bb8-060f6aa6e80a 855be17139344c2bafa232e157bfed6b 7f691d76c1524012a51b466dcf28e673 - - 937bc54d18a543028d61db14cb5645ab 937bc54d18a543028d61db14cb5645ab] 10.0.0.93 "GET /v2.0/security-groups?id=9d7f50e3-1765-4960-904b-512451d25734&fields=id&fields=name HTTP/1.1" status: 200 len: 313 time: 0.0297098
2026-06-23 19:55:33.144 9 INFO neutron.wsgi [None req-f8aebaa8-b878-492d-8a9d-a119b231fbda 206f5961ce9d4fb39564efaadb85f7ac 3b33fa1db4464e699d142762f8e4f460 - - - -] 10.0.0.52 "DELETE /v2.0/subnets/3829e36e-7e63-4f79-8efa-1da6d5f13bd0 HTTP/1.1" status: 204 len: 168 time: 0.2231753
2026-06-23 19:55:33.388 9 INFO neutron.wsgi [None req-480ffcec-3bac-4510-bd6b-ab96dee4e0fd 206f5961ce9d4fb39564efaadb85f7ac 3b33fa1db4464e699d142762f8e4f460 - - - -] 10.0.0.52 "DELETE /v2.0/subnets/192dcb98-4ab6-49f6-b1b7-2c3db25bcb41 HTTP/1.1" status: 204 len: 168 time: 0.2392204
2026-06-23 19:55:33.806 9 INFO neutron.services.segments.plugin [-] Segment f5b0d58b-1226-4e30-b49e-681a860debec resource provider aggregate not found
2026-06-23 19:55:33.824 9 INFO neutron.services.segments.plugin [-] Segment f5b0d58b-1226-4e30-b49e-681a860debec resource provider aggregate not found
2026-06-23 19:55:33.848 9 INFO neutron.services.segments.plugin [-] Segment f5b0d58b-1226-4e30-b49e-681a860debec resource provider not found; error: Placement Client Error (4xx): {"errors": [{"status": 404, "title": "Not Found", "detail": "The resource could not be found.\n\n No resource provider with uuid f5b0d58b-1226-4e30-b49e-681a860debec found for delete ", "request_id": "req-766ce884-b766-4d23-b445-9813bf919b38"}]}
2026-06-23 19:55:33.865 9 INFO neutron.services.segments.plugin [-] Segment f5b0d58b-1226-4e30-b49e-681a860debec resource provider not found; error: Placement Client Error (4xx): {"errors": [{"status": 404, "title": "Not Found", "detail": "The resource could not be found.\n\n No resource provider with uuid f5b0d58b-1226-4e30-b49e-681a860debec found for delete ", "request_id": "req-055a0bcc-580c-4708-bdd9-1e9a6dc362fe"}]}
2026-06-23 19:55:33.882 9 INFO neutron.wsgi [None req-12be5c86-4bf5-482f-9e06-236638d561a7 206f5961ce9d4fb39564efaadb85f7ac 3b33fa1db4464e699d142762f8e4f460 - - - -] 10.0.0.52 "DELETE /v2.0/networks/74d8c707-0497-473c-a60d-df44eb6bf2a0 HTTP/1.1" status: 204 len: 168 time: 0.4882362
2026-06-23 19:55:34.269 10 INFO neutron.services.segments.plugin [-] Segment cac135a8-b608-46d3-8238-d9d56c66989d resource provider aggregate not found
2026-06-23 19:55:34.276 10 INFO neutron.services.segments.plugin [-] Segment cac135a8-b608-46d3-8238-d9d56c66989d resource provider aggregate not found
2026-06-23 19:55:34.296 10 INFO neutron.services.segments.plugin [-] Segment cac135a8-b608-46d3-8238-d9d56c66989d resource provider not found; error: Placement Client Error (4xx): {"errors": [{"status": 404, "title": "Not Found", "detail": "The resource could not be found.\n\n No resource provider with uuid cac135a8-b608-46d3-8238-d9d56c66989d found for delete ", "request_id": "req-d61faaa9-af5e-42b3-91bf-fb9f0144b980"}]}
2026-06-23 19:55:34.297 10 INFO neutron.services.segments.plugin [-] Segment cac135a8-b608-46d3-8238-d9d56c66989d resource provider not found; error: Placement Client Error (4xx): {"errors": [{"status": 404, "title": "Not Found", "detail": "The resource could not be found.\n\n No resource provider with uuid cac135a8-b608-46d3-8238-d9d56c66989d found for delete ", "request_id": "req-ecce27e3-498a-46cc-9233-8a46663c9f8f"}]}
2026-06-23 19:55:34.330 10 INFO neutron.wsgi [None req-83262409-f3b4-49f4-ad4a-7fa100376f6b 206f5961ce9d4fb39564efaadb85f7ac 3b33fa1db4464e699d142762f8e4f460 - - - -] 10.0.0.52 "DELETE /v2.0/networks/f61749d1-54c9-43f9-818b-9a66fbda95ae HTTP/1.1" status: 204 len: 168 time: 0.4317031
2026-06-23 19:55:34.742 9 INFO neutron.wsgi [None req-98c02aad-272c-4c61-96b5-6addb0b77990 206f5961ce9d4fb39564efaadb85f7ac 3b33fa1db4464e699d142762f8e4f460 - - - -] 10.0.0.52 "DELETE /v2.0/networks/a17a7d45-3a84-4c22-89ed-b24536064929 HTTP/1.1" status: 204 len: 168 time: 0.4065547
2026-06-23 19:55:35.196 10 INFO neutron.wsgi [None req-baac5343-1e97-446b-9e95-c6b933911962 206f5961ce9d4fb39564efaadb85f7ac 3b33fa1db4464e699d142762f8e4f460 - - - -] 10.0.0.52 "DELETE /v2.0/networks/199ddad5-913d-45ff-b1da-b8cdd9bb94f5 HTTP/1.1" status: 204 len: 168 time: 0.4459689
2026-06-23 19:55:35.215 10 INFO neutron.db.ovn_revision_numbers_db [None req-6b9439c4-9454-427a-9f36-89628271bc8f 72fd27c589d845068c41b87336b89f66 733fc052a9a24844b1e99ed0448cd2b2 - - - -] Successfully bumped revision number for resource 789e15b1-4242-4f89-9124-82c6362d994b (type: security_groups) to 1
2026-06-23 19:55:35.273 10 INFO neutron.db.segments_db [None req-6b9439c4-9454-427a-9f36-89628271bc8f 72fd27c589d845068c41b87336b89f66 733fc052a9a24844b1e99ed0448cd2b2 - - - -] Added segment 83e5c7da-7401-40a1-849c-b0435c908b6f of type geneve for network 2ffae1b4-c146-49b3-a94b-203145288763
2026-06-23 19:55:35.397 10 INFO neutron.db.ovn_revision_numbers_db [None req-6b9439c4-9454-427a-9f36-89628271bc8f 72fd27c589d845068c41b87336b89f66 733fc052a9a24844b1e99ed0448cd2b2 - - - -] Successfully bumped revision number for resource 2ffae1b4-c146-49b3-a94b-203145288763 (type: networks) to 1
2026-06-23 19:55:35.577 10 WARNING neutron.scheduler.dhcp_agent_scheduler [None req-6b9439c4-9454-427a-9f36-89628271bc8f 72fd27c589d845068c41b87336b89f66 733fc052a9a24844b1e99ed0448cd2b2 - - - -] No more DHCP agents
2026-06-23 19:55:35.579 10 WARNING neutron.api.rpc.agentnotifiers.dhcp_rpc_agent_api [None req-6b9439c4-9454-427a-9f36-89628271bc8f 72fd27c589d845068c41b87336b89f66 733fc052a9a24844b1e99ed0448cd2b2 - - - -] Unable to schedule network 2ffae1b4-c146-49b3-a94b-203145288763: no agents available; will retry on subsequent port and subnet creation events.
2026-06-23 19:55:35.656 10 INFO neutron.db.ovn_revision_numbers_db [None req-6b9439c4-9454-427a-9f36-89628271bc8f 72fd27c589d845068c41b87336b89f66 733fc052a9a24844b1e99ed0448cd2b2 - - - -] Successfully bumped revision number for resource 46dfcda1-9ed5-4264-8abb-99ad7184f76f (type: ports) to 1
2026-06-23 19:55:35.664 9 INFO neutron.wsgi [None req-e84f88d7-5715-401c-ba50-df162e385195 206f5961ce9d4fb39564efaadb85f7ac 3b33fa1db4464e699d142762f8e4f460 - - - -] 10.0.0.52 "DELETE /v2.0/networks/6c7a8505-7497-43a4-a0e0-723e10c72c33 HTTP/1.1" status: 204 len: 168 time: 0.4634519
2026-06-23 19:55:35.677 10 INFO neutron.wsgi [None req-6b9439c4-9454-427a-9f36-89628271bc8f 72fd27c589d845068c41b87336b89f66 733fc052a9a24844b1e99ed0448cd2b2 - - - -] 10.0.0.52 "POST /v2.0/networks HTTP/1.1" status: 201 len: 928 time: 0.7633986
2026-06-23 19:55:35.872 9 INFO neutron.services.segments.plugin [-] Segment c18204c8-b459-46f7-9157-7940cfba383b resource provider aggregate not found
