2026-06-23 19:54:29.611 10 INFO neutron.wsgi [req-fbde5147-9136-4590-8ec5-fd3c0ebc0871 req-b34c84b9-a0c0-461f-a378-684211bdde22 855be17139344c2bafa232e157bfed6b 7f691d76c1524012a51b466dcf28e673 - - 937bc54d18a543028d61db14cb5645ab 937bc54d18a543028d61db14cb5645ab] 199.19.213.169 "GET /v2.0/subnets?id=5f6cab67-2e7b-4449-9fc7-aafb05405ae1 HTTP/1.1" status: 200 len: 869 time: 0.0623887
2026-06-23 19:54:29.617 9 INFO neutron.db.segments_db [None req-4b0e84a4-258c-43d6-8b9a-ad701182dbe5 fd0b792503634166a9c78ffe1376bead 17783136566941888d1c85c5b8fb79e4 - - - -] Added segment 27709587-7622-4f1e-915d-ed68465ac236 of type geneve for network 6bee8c0f-17f6-465d-872a-c646f2b01789
2026-06-23 19:54:29.625 9 INFO neutron.db.ovn_revision_numbers_db [None req-6860c703-af9e-4f4c-b9f5-e20c8896f97d 5d23929a18d74fe9a3352a75b245aecc 453c9fb63fbf436cb14a698f59aea67b - - - -] Successfully bumped revision number for resource 44bf0fd5-be60-49a6-9afb-a915a62a2a35 (type: security_groups) to 1
2026-06-23 19:54:29.639 10 INFO neutron.wsgi [req-fbde5147-9136-4590-8ec5-fd3c0ebc0871 req-857363e4-31db-4486-bcdb-0f7cf8f849e0 855be17139344c2bafa232e157bfed6b 7f691d76c1524012a51b466dcf28e673 - - 937bc54d18a543028d61db14cb5645ab 937bc54d18a543028d61db14cb5645ab] 199.19.213.169 "GET /v2.0/ports?network_id=c2bd5be3-ec8d-40ff-87cb-2f27c6d7c4bf&device_owner=network%3Adhcp HTTP/1.1" status: 200 len: 210 time: 0.0227327
2026-06-23 19:54:29.722 9 INFO neutron.db.segments_db [None req-6860c703-af9e-4f4c-b9f5-e20c8896f97d 5d23929a18d74fe9a3352a75b245aecc 453c9fb63fbf436cb14a698f59aea67b - - - -] Added segment 48ef5382-cc86-437e-be35-b3ee9cb15a67 of type geneve for network ec586e66-aa5c-4b9c-ba65-76af5b6a042a
2026-06-23 19:54:29.736 10 INFO neutron.wsgi [req-fbde5147-9136-4590-8ec5-fd3c0ebc0871 req-95dfc42a-8bcd-406d-9ee1-a6e8fd0c90d4 855be17139344c2bafa232e157bfed6b 7f691d76c1524012a51b466dcf28e673 - - 937bc54d18a543028d61db14cb5645ab 937bc54d18a543028d61db14cb5645ab] 199.19.213.169 "GET /v2.0/networks/c2bd5be3-ec8d-40ff-87cb-2f27c6d7c4bf?fields=segments HTTP/1.1" status: 200 len: 212 time: 0.0926366
2026-06-23 19:54:29.818 10 INFO neutron.wsgi [req-fbde5147-9136-4590-8ec5-fd3c0ebc0871 req-693d0976-8f27-4ab2-afc1-f8758b591677 855be17139344c2bafa232e157bfed6b 7f691d76c1524012a51b466dcf28e673 - - 937bc54d18a543028d61db14cb5645ab 937bc54d18a543028d61db14cb5645ab] 199.19.213.169 "GET /v2.0/networks/c2bd5be3-ec8d-40ff-87cb-2f27c6d7c4bf?fields=provider%3Aphysical_network&fields=provider%3Anetwork_type HTTP/1.1" status: 200 len: 277 time: 0.0712438
2026-06-23 19:54:29.823 9 INFO neutron.db.ovn_revision_numbers_db [None req-4b0e84a4-258c-43d6-8b9a-ad701182dbe5 fd0b792503634166a9c78ffe1376bead 17783136566941888d1c85c5b8fb79e4 - - - -] Successfully bumped revision number for resource 6bee8c0f-17f6-465d-872a-c646f2b01789 (type: networks) to 1
2026-06-23 19:54:29.919 10 INFO neutron.db.ovn_revision_numbers_db [None req-cd124f05-fe4b-4713-b34a-28e0d1c08eaa - - - - - -] Successfully bumped revision number for resource 03a19206-d9d7-4a9b-9356-40a6bc0f49c4 (type: ports) to 4
2026-06-23 19:54:29.927 9 INFO neutron.db.ovn_revision_numbers_db [None req-6860c703-af9e-4f4c-b9f5-e20c8896f97d 5d23929a18d74fe9a3352a75b245aecc 453c9fb63fbf436cb14a698f59aea67b - - - -] Successfully bumped revision number for resource ec586e66-aa5c-4b9c-ba65-76af5b6a042a (type: networks) to 1 /var/lib/openstack/lib/python3.10/site-packages/pycadf/identifier.py:71: UserWarning: Invalid uuid: neutron. To ensure interoperability, identifiers should be a valid uuid. warnings.warn(('Invalid uuid: %s. To ensure interoperability, '
2026-06-23 19:54:30.132 10 INFO neutron.db.ovn_revision_numbers_db [None req-a2aca903-416c-4ca3-a5f9-9a314ac6a6ed 5d23929a18d74fe9a3352a75b245aecc 453c9fb63fbf436cb14a698f59aea67b - - default default] Successfully bumped revision number for resource ef5c4eb2-2277-4221-95f0-a83613305699 (type: security_groups) to 1
2026-06-23 19:54:30.146 9 WARNING neutron.scheduler.dhcp_agent_scheduler [None req-4b0e84a4-258c-43d6-8b9a-ad701182dbe5 fd0b792503634166a9c78ffe1376bead 17783136566941888d1c85c5b8fb79e4 - - - -] No more DHCP agents
2026-06-23 19:54:30.148 9 WARNING neutron.api.rpc.agentnotifiers.dhcp_rpc_agent_api [None req-4b0e84a4-258c-43d6-8b9a-ad701182dbe5 fd0b792503634166a9c78ffe1376bead 17783136566941888d1c85c5b8fb79e4 - - - -] Unable to schedule network 6bee8c0f-17f6-465d-872a-c646f2b01789: no agents available; will retry on subsequent port and subnet creation events.
2026-06-23 19:54:30.155 10 INFO neutron.wsgi [None req-a2aca903-416c-4ca3-a5f9-9a314ac6a6ed 5d23929a18d74fe9a3352a75b245aecc 453c9fb63fbf436cb14a698f59aea67b - - default default] 10.0.0.52 "GET /v2.0/security-groups?tenant_id=3b1243a7d721445c83bedec07657e777&name=default HTTP/1.1" status: 200 len: 2996 time: 0.2539396
2026-06-23 19:54:30.197 9 WARNING neutron.scheduler.dhcp_agent_scheduler [None req-6860c703-af9e-4f4c-b9f5-e20c8896f97d 5d23929a18d74fe9a3352a75b245aecc 453c9fb63fbf436cb14a698f59aea67b - - - -] No more DHCP agents
2026-06-23 19:54:30.212 9 WARNING neutron.api.rpc.agentnotifiers.dhcp_rpc_agent_api [None req-6860c703-af9e-4f4c-b9f5-e20c8896f97d 5d23929a18d74fe9a3352a75b245aecc 453c9fb63fbf436cb14a698f59aea67b - - - -] Unable to schedule network ec586e66-aa5c-4b9c-ba65-76af5b6a042a: no agents available; will retry on subsequent port and subnet creation events.
2026-06-23 19:54:30.286 9 INFO neutron.wsgi [req-f391371c-48c9-433c-b763-4461da4cf856 req-e60a9e86-2166-489c-8498-ecfae8e85490 423b5371eb8a44c88a32be0e001a8c3e b83ccef9647b41259af1c258cb6fb4a7 - - default default] 10.0.0.84 "GET /v2.0/ports?device_id=396e64bc-044d-410e-8d42-b4a5969da4e6 HTTP/1.1" status: 200 len: 1170 time: 0.0559938
2026-06-23 19:54:30.311 9 INFO neutron.db.ovn_revision_numbers_db [None req-4b0e84a4-258c-43d6-8b9a-ad701182dbe5 fd0b792503634166a9c78ffe1376bead 17783136566941888d1c85c5b8fb79e4 - - - -] Successfully bumped revision number for resource 07a43313-ef8a-4a65-a726-57ae19adf6bf (type: ports) to 1
2026-06-23 19:54:30.355 9 INFO neutron.wsgi [req-f391371c-48c9-433c-b763-4461da4cf856 req-24fcf574-bb9e-4721-9a6e-6581f0fd6245 423b5371eb8a44c88a32be0e001a8c3e b83ccef9647b41259af1c258cb6fb4a7 - - default default] 10.0.0.84 "GET /v2.0/security-groups?id=9cd3d29b-be7a-4752-8901-beebeeeaa6b7&fields=id&fields=name HTTP/1.1" status: 200 len: 312 time: 0.0481987
2026-06-23 19:54:30.356 9 INFO neutron.db.ovn_revision_numbers_db [None req-6860c703-af9e-4f4c-b9f5-e20c8896f97d 5d23929a18d74fe9a3352a75b245aecc 453c9fb63fbf436cb14a698f59aea67b - - - -] Successfully bumped revision number for resource 94e73ddf-52e2-4406-8f87-1fc5d672a18a (type: ports) to 1
2026-06-23 19:54:30.359 9 INFO neutron.wsgi [None req-4b0e84a4-258c-43d6-8b9a-ad701182dbe5 fd0b792503634166a9c78ffe1376bead 17783136566941888d1c85c5b8fb79e4 - - - -] 10.0.0.52 "POST /v2.0/networks HTTP/1.1" status: 201 len: 832 time: 1.1589162
2026-06-23 19:54:30.377 9 INFO neutron.wsgi [None req-6860c703-af9e-4f4c-b9f5-e20c8896f97d 5d23929a18d74fe9a3352a75b245aecc 453c9fb63fbf436cb14a698f59aea67b - - - -] 10.0.0.52 "POST /v2.0/networks HTTP/1.1" status: 201 len: 941 time: 0.9858766
2026-06-23 19:54:30.747 10 INFO neutron.wsgi [None req-aba8faee-1ff6-4d8d-8fcd-587d7f11e7e0 5d23929a18d74fe9a3352a75b245aecc 453c9fb63fbf436cb14a698f59aea67b - - - -] 10.0.0.52 "DELETE /v2.0/security-groups/ef5c4eb2-2277-4221-95f0-a83613305699 HTTP/1.1" status: 204 len: 168 time: 0.5858905
2026-06-23 19:54:30.954 10 WARNING neutron.scheduler.dhcp_agent_scheduler [None req-d7d493bb-f621-49cf-93f9-403af57c0b53 5d23929a18d74fe9a3352a75b245aecc 453c9fb63fbf436cb14a698f59aea67b - - - -] No more DHCP agents
2026-06-23 19:54:30.959 10 WARNING neutron.api.rpc.agentnotifiers.dhcp_rpc_agent_api [None req-d7d493bb-f621-49cf-93f9-403af57c0b53 5d23929a18d74fe9a3352a75b245aecc 453c9fb63fbf436cb14a698f59aea67b - - - -] Unable to schedule network ec586e66-aa5c-4b9c-ba65-76af5b6a042a: no agents available; will retry on subsequent port and subnet creation events.
2026-06-23 19:54:31.092 10 INFO neutron.notifiers.nova [-] Nova event matching ['req-882c20ef-8062-4e07-b9d5-f84069619b23'] response: {'server_uuid': '396e64bc-044d-410e-8d42-b4a5969da4e6', 'name': 'network-vif-plugged', 'status': 'completed', 'tag': '03a19206-d9d7-4a9b-9356-40a6bc0f49c4', 'code': 200}
2026-06-23 19:54:31.092 10 INFO neutron.notifiers.nova [-] Nova event matching ['req-882c20ef-8062-4e07-b9d5-f84069619b23'] response: {'server_uuid': '396e64bc-044d-410e-8d42-b4a5969da4e6', 'name': 'network-vif-plugged', 'status': 'completed', 'tag': '03a19206-d9d7-4a9b-9356-40a6bc0f49c4', 'code': 200}
2026-06-23 19:54:31.338 10 WARNING neutron.scheduler.dhcp_agent_scheduler [None req-a7db262e-cbc3-45b2-ab6c-0971dcf3cab4 fd0b792503634166a9c78ffe1376bead 17783136566941888d1c85c5b8fb79e4 - - - -] No more DHCP agents
2026-06-23 19:54:31.350 10 WARNING neutron.api.rpc.agentnotifiers.dhcp_rpc_agent_api [None req-a7db262e-cbc3-45b2-ab6c-0971dcf3cab4 fd0b792503634166a9c78ffe1376bead 17783136566941888d1c85c5b8fb79e4 - - - -] Unable to schedule network e1a6e66b-46a0-46ba-a1c3-11be58f8f68e: no agents available; will retry on subsequent port and subnet creation events.
2026-06-23 19:54:31.483 9 INFO neutron.wsgi [req-5bb4f022-09cb-4983-8bfe-95fbe94e8a34 req-e3ebdf43-c78b-44f5-9f15-466c889e2908 423b5371eb8a44c88a32be0e001a8c3e b83ccef9647b41259af1c258cb6fb4a7 - - default default] 10.0.0.84 "GET /v2.0/ports?device_id=396e64bc-044d-410e-8d42-b4a5969da4e6 HTTP/1.1" status: 200 len: 1170 time: 0.0617471
2026-06-23 19:54:31.539 10 INFO neutron.db.ovn_revision_numbers_db [None req-a7db262e-cbc3-45b2-ab6c-0971dcf3cab4 fd0b792503634166a9c78ffe1376bead 17783136566941888d1c85c5b8fb79e4 - - - -] Successfully bumped revision number for resource a6ae6d4f-4156-4ea4-8414-b8d9ff0257f4 (type: ports) to 1
2026-06-23 19:54:31.564 9 INFO neutron.wsgi [req-5bb4f022-09cb-4983-8bfe-95fbe94e8a34 req-bf20b785-549c-4222-953f-efffaacc30eb 423b5371eb8a44c88a32be0e001a8c3e b83ccef9647b41259af1c258cb6fb4a7 - - default default] 10.0.0.84 "GET /v2.0/security-groups?id=9cd3d29b-be7a-4752-8901-beebeeeaa6b7&fields=id&fields=name HTTP/1.1" status: 200 len: 312 time: 0.0692098
2026-06-23 19:54:31.636 10 INFO neutron.db.ovn_revision_numbers_db [None req-d7d493bb-f621-49cf-93f9-403af57c0b53 5d23929a18d74fe9a3352a75b245aecc 453c9fb63fbf436cb14a698f59aea67b - - - -] Successfully bumped revision number for resource 94e73ddf-52e2-4406-8f87-1fc5d672a18a (type: ports) to 2
2026-06-23 19:54:31.694 10 INFO neutron.db.ovn_revision_numbers_db [None req-d7d493bb-f621-49cf-93f9-403af57c0b53 5d23929a18d74fe9a3352a75b245aecc 453c9fb63fbf436cb14a698f59aea67b - - - -] Successfully bumped revision number for resource 2c129054-86af-4718-a0b6-9a264abcef77 (type: subnets) to 0
2026-06-23 19:54:31.711 10 INFO neutron.wsgi [None req-d7d493bb-f621-49cf-93f9-403af57c0b53 5d23929a18d74fe9a3352a75b245aecc 453c9fb63fbf436cb14a698f59aea67b - - - -] 10.0.0.52 "POST /v2.0/subnets HTTP/1.1" status: 201 len: 862 time: 1.3271587
2026-06-23 19:54:31.778 9 INFO neutron.wsgi [req-bac7ce9c-e26f-4c71-a4f9-5aa583591cd8 req-5330b78f-35c3-4a3d-b280-42996d1406c5 423b5371eb8a44c88a32be0e001a8c3e b83ccef9647b41259af1c258cb6fb4a7 - - default default] 10.0.0.84 "GET /v2.0/ports?device_id=396e64bc-044d-410e-8d42-b4a5969da4e6 HTTP/1.1" status: 200 len: 1170 time: 0.1286643
2026-06-23 19:54:32.094 10 INFO neutron.db.l3_db [None req-6608799d-c56b-4927-b69e-1751599bbdeb 423b5371eb8a44c88a32be0e001a8c3e b83ccef9647b41259af1c258cb6fb4a7 - - - -] Floating IP c2d8c497-bc84-4e3f-a6b1-93f4a4a9a726 associated. External IP: 10.96.250.210, port: 03a19206-d9d7-4a9b-9356-40a6bc0f49c4.
2026-06-23 19:54:32.270 9 WARNING neutron.scheduler.dhcp_agent_scheduler [None req-1dceb641-3d59-41dc-8782-afb6457777bf 5d23929a18d74fe9a3352a75b245aecc 453c9fb63fbf436cb14a698f59aea67b - - - -] No more DHCP agents
2026-06-23 19:54:32.271 9 WARNING neutron.api.rpc.agentnotifiers.dhcp_rpc_agent_api [None req-1dceb641-3d59-41dc-8782-afb6457777bf 5d23929a18d74fe9a3352a75b245aecc 453c9fb63fbf436cb14a698f59aea67b - - - -] Unable to schedule network e1a6e66b-46a0-46ba-a1c3-11be58f8f68e: no agents available; will retry on subsequent port and subnet creation events.
2026-06-23 19:54:32.423 9 INFO neutron.db.ovn_revision_numbers_db [None req-1dceb641-3d59-41dc-8782-afb6457777bf 5d23929a18d74fe9a3352a75b245aecc 453c9fb63fbf436cb14a698f59aea67b - - - -] Successfully bumped revision number for resource f96bbbb4-11b1-4625-8d5e-8512524c3634 (type: ports) to 1
2026-06-23 19:54:32.573 10 INFO neutron.db.ovn_revision_numbers_db [None req-6608799d-c56b-4927-b69e-1751599bbdeb 423b5371eb8a44c88a32be0e001a8c3e b83ccef9647b41259af1c258cb6fb4a7 - - - -] Successfully bumped revision number for resource c2d8c497-bc84-4e3f-a6b1-93f4a4a9a726 (type: floatingips) to 1
2026-06-23 19:54:32.679 10 INFO neutron.db.ovn_revision_numbers_db [None req-a7db262e-cbc3-45b2-ab6c-0971dcf3cab4 fd0b792503634166a9c78ffe1376bead 17783136566941888d1c85c5b8fb79e4 - - - -] Successfully bumped revision number for resource a6ae6d4f-4156-4ea4-8414-b8d9ff0257f4 (type: router_ports) to 1
2026-06-23 19:54:32.686 10 INFO neutron.db.ovn_revision_numbers_db [None req-6608799d-c56b-4927-b69e-1751599bbdeb 423b5371eb8a44c88a32be0e001a8c3e b83ccef9647b41259af1c258cb6fb4a7 - - - -] Successfully bumped revision number for resource c2d8c497-bc84-4e3f-a6b1-93f4a4a9a726 (type: floatingips) to 2
2026-06-23 19:54:32.696 10 INFO neutron.plugins.ml2.drivers.ovn.mech_driver.ovsdb.ovsdb_monitor [None req-7ffd8fe9-f60e-4749-9f1f-26618821a089 - - - - - -] Router 8581f081-2059-4d53-9b4e-eab2629adc07 is bound to host instance
2026-06-23 19:54:32.787 10 INFO neutron.wsgi [None req-6608799d-c56b-4927-b69e-1751599bbdeb 423b5371eb8a44c88a32be0e001a8c3e b83ccef9647b41259af1c258cb6fb4a7 - - - -] 10.0.0.52 "PUT /v2.0/floatingips/c2d8c497-bc84-4e3f-a6b1-93f4a4a9a726 HTTP/1.1" status: 200 len: 1049 time: 0.9956203
2026-06-23 19:54:32.832 10 INFO neutron.db.ovn_revision_numbers_db [None req-a7db262e-cbc3-45b2-ab6c-0971dcf3cab4 fd0b792503634166a9c78ffe1376bead 17783136566941888d1c85c5b8fb79e4 - - - -] Successfully bumped revision number for resource 8581f081-2059-4d53-9b4e-eab2629adc07 (type: routers) to 3
2026-06-23 19:54:32.867 10 INFO neutron.wsgi [None req-a7db262e-cbc3-45b2-ab6c-0971dcf3cab4 fd0b792503634166a9c78ffe1376bead 17783136566941888d1c85c5b8fb79e4 - - - -] 10.0.0.52 "POST /v2.0/routers HTTP/1.1" status: 201 len: 875 time: 2.5020268 /var/lib/openstack/lib/python3.10/site-packages/pycadf/identifier.py:71: UserWarning: Invalid uuid: neutron. To ensure interoperability, identifiers should be a valid uuid. warnings.warn(('Invalid uuid: %s. To ensure interoperability, '
2026-06-23 19:54:32.895 9 INFO neutron.plugins.ml2.drivers.ovn.mech_driver.mech_driver [None req-d2287baf-eecb-4188-aeb7-f1a27a7ace34 - - - - - -] OVN reports status up for port: a6ae6d4f-4156-4ea4-8414-b8d9ff0257f4
2026-06-23 19:54:32.919 9 INFO neutron.wsgi [req-02eeafa8-5052-4c79-9864-418f9740845b req-ff41a7bb-9cb7-4d2a-807a-d09b2485741c 423b5371eb8a44c88a32be0e001a8c3e b83ccef9647b41259af1c258cb6fb4a7 - - default default] 10.0.0.84 "GET /v2.0/ports?device_id=396e64bc-044d-410e-8d42-b4a5969da4e6 HTTP/1.1" status: 200 len: 1170 time: 0.0763814
2026-06-23 19:54:32.921 9 INFO neutron.plugins.ml2.plugin [None req-d2287baf-eecb-4188-aeb7-f1a27a7ace34 - - - - - -] Attempt 1 to provision port a6ae6d4f-4156-4ea4-8414-b8d9ff0257f4
2026-06-23 19:54:32.991 10 INFO neutron.db.ovn_revision_numbers_db [None req-47c7e400-e05b-42a3-b334-8663232971b3 5d23929a18d74fe9a3352a75b245aecc 453c9fb63fbf436cb14a698f59aea67b - - - -] Successfully bumped revision number for resource cb08f1cb-314a-4e16-a803-7d17da8109a5 (type: security_groups) to 1
2026-06-23 19:54:33.007 10 INFO neutron.wsgi [None req-b6f5ad28-1cbc-470f-a795-bf19946f6710 e87b01366d1c4dfabce1dcdd8ae0ebf6 248798bc87224cf5b46a3e003abf863e - - default default] 10.0.0.52 "GET /v2.0/subnets?project_id=17783136566941888d1c85c5b8fb79e4&cidr=10.100.0.0%2F28 HTTP/1.1" status: 200 len: 207 time: 0.1344917
2026-06-23 19:54:33.028 9 INFO neutron.wsgi [req-02eeafa8-5052-4c79-9864-418f9740845b req-f7691012-aba9-47d2-b40c-1b93530889db 423b5371eb8a44c88a32be0e001a8c3e b83ccef9647b41259af1c258cb6fb4a7 - - default default] 10.0.0.84 "GET /v2.0/security-groups?id=9cd3d29b-be7a-4752-8901-beebeeeaa6b7&fields=id&fields=name HTTP/1.1" status: 200 len: 312 time: 0.0938971
2026-06-23 19:54:33.063 10 INFO neutron.db.segments_db [None req-47c7e400-e05b-42a3-b334-8663232971b3 5d23929a18d74fe9a3352a75b245aecc 453c9fb63fbf436cb14a698f59aea67b - - - -] Added segment 22499aaf-5d58-4184-970d-a4a9340fbd89 of type geneve for network 9eec661a-9179-49a4-9756-62f45947ee74
2026-06-23 19:54:33.136 10 INFO neutron.notifiers.nova [-] Nova event matching ['req-0302e329-dc78-4074-8c62-6bba93fdafee'] response: {'name': 'network-changed', 'server_uuid': '396e64bc-044d-410e-8d42-b4a5969da4e6', 'tag': '03a19206-d9d7-4a9b-9356-40a6bc0f49c4', 'status': 'completed', 'code': 200}
2026-06-23 19:54:33.169 9 INFO neutron.wsgi [None req-1e7d2ec2-481c-42fd-9bf1-8a73950357ce e87b01366d1c4dfabce1dcdd8ae0ebf6 248798bc87224cf5b46a3e003abf863e - - default default] 10.0.0.52 "GET /v2.0/networks?router%3Aexternal=True HTTP/1.1" status: 200 len: 947 time: 0.1554356
2026-06-23 19:54:33.211 9 INFO neutron.wsgi [None req-559e7463-a0f3-4efe-8b71-3b1c6a92fb89 e87b01366d1c4dfabce1dcdd8ae0ebf6 248798bc87224cf5b46a3e003abf863e - - default default] 10.0.0.52 "GET /v2.0/subnets?network_id=e1a6e66b-46a0-46ba-a1c3-11be58f8f68e&cidr=10.100.0.0%2F28 HTTP/1.1" status: 200 len: 207 time: 0.0352068
2026-06-23 19:54:33.240 10 INFO neutron.wsgi [req-1837419c-a828-4cf6-bce0-ec04985db7ff req-1d1569de-39ac-42e5-a57d-df2f6333a488 855be17139344c2bafa232e157bfed6b 7f691d76c1524012a51b466dcf28e673 - - 937bc54d18a543028d61db14cb5645ab 937bc54d18a543028d61db14cb5645ab] 199.19.213.169 "GET /v2.0/ports?tenant_id=b83ccef9647b41259af1c258cb6fb4a7&device_id=396e64bc-044d-410e-8d42-b4a5969da4e6 HTTP/1.1" status: 200 len: 1361 time: 0.0675862
2026-06-23 19:54:33.334 10 INFO neutron.plugins.ml2.drivers.ovn.mech_driver.mech_driver [None req-cd124f05-fe4b-4713-b34a-28e0d1c08eaa - - - - - -] OVN reports status down for port: 03a19206-d9d7-4a9b-9356-40a6bc0f49c4
2026-06-23 19:54:33.361 9 INFO neutron.wsgi [req-aaa6efea-957f-4e13-b485-174b3f6608f5 req-ae3d8306-446c-4a92-837c-edefb00079c4 423b5371eb8a44c88a32be0e001a8c3e b83ccef9647b41259af1c258cb6fb4a7 - - default default] 10.0.0.84 "GET /v2.0/ports?device_id=396e64bc-044d-410e-8d42-b4a5969da4e6 HTTP/1.1" status: 200 len: 1170 time: 0.0483115
2026-06-23 19:54:33.379 10 INFO neutron.db.ovn_revision_numbers_db [None req-47c7e400-e05b-42a3-b334-8663232971b3 5d23929a18d74fe9a3352a75b245aecc 453c9fb63fbf436cb14a698f59aea67b - - - -] Successfully bumped revision number for resource 9eec661a-9179-49a4-9756-62f45947ee74 (type: networks) to 1
2026-06-23 19:54:33.422 9 INFO neutron.wsgi [req-aaa6efea-957f-4e13-b485-174b3f6608f5 req-2c79adef-f79c-48fc-b6d9-5607b02d275a 423b5371eb8a44c88a32be0e001a8c3e b83ccef9647b41259af1c258cb6fb4a7 - - default default] 10.0.0.84 "GET /v2.0/security-groups?id=9cd3d29b-be7a-4752-8901-beebeeeaa6b7&fields=id&fields=name HTTP/1.1" status: 200 len: 312 time: 0.0532191
2026-06-23 19:54:33.432 10 INFO neutron.wsgi [req-1837419c-a828-4cf6-bce0-ec04985db7ff req-0f6d3f02-5475-408f-b6da-e5bf50790183 855be17139344c2bafa232e157bfed6b 7f691d76c1524012a51b466dcf28e673 - - 937bc54d18a543028d61db14cb5645ab 937bc54d18a543028d61db14cb5645ab] 199.19.213.169 "GET /v2.0/networks?id=c2bd5be3-ec8d-40ff-87cb-2f27c6d7c4bf HTTP/1.1" status: 200 len: 974 time: 0.1807926
2026-06-23 19:54:33.595 9 INFO neutron.plugins.ml2.drivers.ovn.mech_driver.mech_driver [None req-d2287baf-eecb-4188-aeb7-f1a27a7ace34 - - - - - -] OVN reports status up for port: f96bbbb4-11b1-4625-8d5e-8512524c3634
2026-06-23 19:54:33.597 10 INFO neutron.wsgi [req-1837419c-a828-4cf6-bce0-ec04985db7ff req-6f52f22a-ad7c-4055-ba8e-ec0c82bdaacf 855be17139344c2bafa232e157bfed6b 7f691d76c1524012a51b466dcf28e673 - - 937bc54d18a543028d61db14cb5645ab 937bc54d18a543028d61db14cb5645ab] 199.19.213.169 "GET /v2.0/floatingips?fixed_ip_address=10.100.0.3&port_id=03a19206-d9d7-4a9b-9356-40a6bc0f49c4 HTTP/1.1" status: 200 len: 1059 time: 0.1506462
2026-06-23 19:54:33.612 9 INFO neutron.plugins.ml2.plugin [None req-d2287baf-eecb-4188-aeb7-f1a27a7ace34 - - - - - -] Attempt 1 to provision port f96bbbb4-11b1-4625-8d5e-8512524c3634
2026-06-23 19:54:33.617 9 INFO neutron.db.ovn_revision_numbers_db [None req-1dceb641-3d59-41dc-8782-afb6457777bf 5d23929a18d74fe9a3352a75b245aecc 453c9fb63fbf436cb14a698f59aea67b - - - -] Successfully bumped revision number for resource f96bbbb4-11b1-4625-8d5e-8512524c3634 (type: router_ports) to 1
2026-06-23 19:54:33.718 10 INFO neutron.wsgi [req-1837419c-a828-4cf6-bce0-ec04985db7ff req-8f0f8760-e768-44ea-aec6-40bb8e0b354d 855be17139344c2bafa232e157bfed6b 7f691d76c1524012a51b466dcf28e673 - - 937bc54d18a543028d61db14cb5645ab 937bc54d18a543028d61db14cb5645ab] 199.19.213.169 "GET /v2.0/subnets?id=5f6cab67-2e7b-4449-9fc7-aafb05405ae1 HTTP/1.1" status: 200 len: 869 time: 0.1022513
2026-06-23 19:54:33.734 9 INFO neutron.db.ovn_revision_numbers_db [None req-1dceb641-3d59-41dc-8782-afb6457777bf 5d23929a18d74fe9a3352a75b245aecc 453c9fb63fbf436cb14a698f59aea67b - - - -] Successfully bumped revision number for resource 5b7e527f-e56f-4a3b-b626-8296396217e6 (type: routers) to 3
2026-06-23 19:54:33.754 9 INFO neutron.wsgi [None req-1dceb641-3d59-41dc-8782-afb6457777bf 5d23929a18d74fe9a3352a75b245aecc 453c9fb63fbf436cb14a698f59aea67b - - - -] 10.0.0.52 "POST /v2.0/routers HTTP/1.1" status: 201 len: 873 time: 2.0371017
2026-06-23 19:54:33.810 10 INFO neutron.wsgi [req-1837419c-a828-4cf6-bce0-ec04985db7ff req-429fb52e-6415-473c-913b-2cd518729a24 855be17139344c2bafa232e157bfed6b 7f691d76c1524012a51b466dcf28e673 - - 937bc54d18a543028d61db14cb5645ab 937bc54d18a543028d61db14cb5645ab] 199.19.213.169 "GET /v2.0/ports?network_id=c2bd5be3-ec8d-40ff-87cb-2f27c6d7c4bf&device_owner=network%3Adhcp HTTP/1.1" status: 200 len: 210 time: 0.0585716
2026-06-23 19:54:33.946 10 WARNING neutron.scheduler.dhcp_agent_scheduler [None req-47c7e400-e05b-42a3-b334-8663232971b3 5d23929a18d74fe9a3352a75b245aecc 453c9fb63fbf436cb14a698f59aea67b - - - -] No more DHCP agents
2026-06-23 19:54:33.954 10 WARNING neutron.api.rpc.agentnotifiers.dhcp_rpc_agent_api [None req-47c7e400-e05b-42a3-b334-8663232971b3 5d23929a18d74fe9a3352a75b245aecc 453c9fb63fbf436cb14a698f59aea67b - - - -] Unable to schedule network 9eec661a-9179-49a4-9756-62f45947ee74: no agents available; will retry on subsequent port and subnet creation events.
2026-06-23 19:54:33.955 10 INFO neutron.db.ovn_revision_numbers_db [None req-7ffd8fe9-f60e-4749-9f1f-26618821a089 - - - - - -] Successfully bumped revision number for resource a6ae6d4f-4156-4ea4-8414-b8d9ff0257f4 (type: ports) to 1
2026-06-23 19:54:33.980 10 INFO neutron.wsgi [req-1837419c-a828-4cf6-bce0-ec04985db7ff req-adfe14d3-143f-426f-a481-a8d40f069905 855be17139344c2bafa232e157bfed6b 7f691d76c1524012a51b466dcf28e673 - - 937bc54d18a543028d61db14cb5645ab 937bc54d18a543028d61db14cb5645ab] 199.19.213.169 "GET /v2.0/networks/c2bd5be3-ec8d-40ff-87cb-2f27c6d7c4bf?fields=segments HTTP/1.1" status: 200 len: 212 time: 0.1618366
2026-06-23 19:54:34.235 9 WARNING neutron.scheduler.dhcp_agent_scheduler [None req-075cdaf5-d118-4847-9093-b5902ee5c2a2 5d23929a18d74fe9a3352a75b245aecc 453c9fb63fbf436cb14a698f59aea67b - - default default] No more DHCP agents
2026-06-23 19:54:34.237 9 WARNING neutron.api.rpc.agentnotifiers.dhcp_rpc_agent_api [None req-075cdaf5-d118-4847-9093-b5902ee5c2a2 5d23929a18d74fe9a3352a75b245aecc 453c9fb63fbf436cb14a698f59aea67b - - default default] Unable to schedule network ec586e66-aa5c-4b9c-ba65-76af5b6a042a: no agents available; will retry on subsequent port and subnet creation events.
2026-06-23 19:54:34.290 10 INFO neutron.wsgi [req-2f804cc5-dd06-45a0-a2ca-fda77509d764 req-37c30b4f-84e9-42ad-955c-560073527e9c 423b5371eb8a44c88a32be0e001a8c3e b83ccef9647b41259af1c258cb6fb4a7 - - default default] 199.19.213.169 "GET /v2.0/ports?device_id=396e64bc-044d-410e-8d42-b4a5969da4e6 HTTP/1.1" status: 200 len: 1168 time: 0.6251564
2026-06-23 19:54:34.342 10 WARNING neutron.scheduler.dhcp_agent_scheduler [None req-4863bb94-68ab-409d-b032-2f6c08415fa7 fd0b792503634166a9c78ffe1376bead 17783136566941888d1c85c5b8fb79e4 - - - -] No more DHCP agents
2026-06-23 19:54:34.366 10 WARNING neutron.api.rpc.agentnotifiers.dhcp_rpc_agent_api [None req-4863bb94-68ab-409d-b032-2f6c08415fa7 fd0b792503634166a9c78ffe1376bead 17783136566941888d1c85c5b8fb79e4 - - - -] Unable to schedule network 6bee8c0f-17f6-465d-872a-c646f2b01789: no agents available; will retry on subsequent port and subnet creation events.
2026-06-23 19:54:34.390 9 INFO neutron.db.ovn_revision_numbers_db [None req-075cdaf5-d118-4847-9093-b5902ee5c2a2 5d23929a18d74fe9a3352a75b245aecc 453c9fb63fbf436cb14a698f59aea67b - - default default] Successfully bumped revision number for resource ea66d96e-8201-4386-ab41-8bad4ece5857 (type: ports) to 1
2026-06-23 19:54:34.479 10 INFO neutron.db.ovn_revision_numbers_db [None req-47c7e400-e05b-42a3-b334-8663232971b3 5d23929a18d74fe9a3352a75b245aecc 453c9fb63fbf436cb14a698f59aea67b - - - -] Successfully bumped revision number for resource ebe42eb3-6f90-4654-aefb-9190730bd722 (type: ports) to 1
2026-06-23 19:54:34.492 10 INFO neutron.wsgi [req-1837419c-a828-4cf6-bce0-ec04985db7ff req-e0c65a92-e2b2-47e5-8fee-6a59509bd2b5 855be17139344c2bafa232e157bfed6b 7f691d76c1524012a51b466dcf28e673 - - 937bc54d18a543028d61db14cb5645ab 937bc54d18a543028d61db14cb5645ab] 199.19.213.169 "GET /v2.0/networks/c2bd5be3-ec8d-40ff-87cb-2f27c6d7c4bf?fields=provider%3Aphysical_network&fields=provider%3Anetwork_type HTTP/1.1" status: 200 len: 277 time: 0.4892776
2026-06-23 19:54:34.553 10 INFO neutron.wsgi [None req-47c7e400-e05b-42a3-b334-8663232971b3 5d23929a18d74fe9a3352a75b245aecc 453c9fb63fbf436cb14a698f59aea67b - - - -] 10.0.0.52 "POST /v2.0/networks HTTP/1.1" status: 201 len: 942 time: 2.0025709
2026-06-23 19:54:34.565 10 INFO neutron.db.ovn_revision_numbers_db [None req-cd124f05-fe4b-4713-b34a-28e0d1c08eaa - - - - - -] Successfully bumped revision number for resource 03a19206-d9d7-4a9b-9356-40a6bc0f49c4 (type: ports) to 5
2026-06-23 19:54:34.591 9 INFO neutron.wsgi [req-5e659818-cf31-4908-9b03-932341a3a0e0 req-ef884488-35aa-47fe-8be0-577b335c4c37 423b5371eb8a44c88a32be0e001a8c3e b83ccef9647b41259af1c258cb6fb4a7 - - default default] 10.0.0.84 "GET /v2.0/ports?device_id=396e64bc-044d-410e-8d42-b4a5969da4e6 HTTP/1.1" status: 200 len: 1168 time: 0.0970969
2026-06-23 19:54:34.678 9 INFO neutron.wsgi [req-5e659818-cf31-4908-9b03-932341a3a0e0 req-0af18632-1d47-4838-8e6f-16dfaa6e9f44 423b5371eb8a44c88a32be0e001a8c3e b83ccef9647b41259af1c258cb6fb4a7 - - default default] 10.0.0.84 "GET /v2.0/security-groups?id=9cd3d29b-be7a-4752-8901-beebeeeaa6b7&fields=id&fields=name HTTP/1.1" status: 200 len: 312 time: 0.0753078
2026-06-23 19:54:34.817 9 WARNING neutron.scheduler.dhcp_agent_scheduler [None req-b5248e31-be6b-4cb9-af7f-557b868d5189 5d23929a18d74fe9a3352a75b245aecc 453c9fb63fbf436cb14a698f59aea67b - - - -] No more DHCP agents
2026-06-23 19:54:34.821 9 WARNING neutron.api.rpc.agentnotifiers.dhcp_rpc_agent_api [None req-b5248e31-be6b-4cb9-af7f-557b868d5189 5d23929a18d74fe9a3352a75b245aecc 453c9fb63fbf436cb14a698f59aea67b - - - -] Unable to schedule network 9eec661a-9179-49a4-9756-62f45947ee74: no agents available; will retry on subsequent port and subnet creation events.
2026-06-23 19:54:34.967 9 INFO neutron.db.ovn_revision_numbers_db [None req-075cdaf5-d118-4847-9093-b5902ee5c2a2 5d23929a18d74fe9a3352a75b245aecc 453c9fb63fbf436cb14a698f59aea67b - - default default] Successfully bumped revision number for resource ea66d96e-8201-4386-ab41-8bad4ece5857 (type: router_ports) to 2
2026-06-23 19:54:35.028 10 INFO neutron.db.ovn_revision_numbers_db [None req-7ffd8fe9-f60e-4749-9f1f-26618821a089 - - - - - -] Successfully bumped revision number for resource a6ae6d4f-4156-4ea4-8414-b8d9ff0257f4 (type: router_ports) to 3
2026-06-23 19:54:35.067 10 INFO neutron.db.l3_db [None req-169ab1f7-d934-4741-8797-032536d87ef3 423b5371eb8a44c88a32be0e001a8c3e b83ccef9647b41259af1c258cb6fb4a7 - - - -] Floating IP c2d8c497-bc84-4e3f-a6b1-93f4a4a9a726 disassociated. External IP: 10.96.250.210, port: 03a19206-d9d7-4a9b-9356-40a6bc0f49c4.
2026-06-23 19:54:35.126 9 INFO neutron.db.ovn_revision_numbers_db [None req-075cdaf5-d118-4847-9093-b5902ee5c2a2 5d23929a18d74fe9a3352a75b245aecc 453c9fb63fbf436cb14a698f59aea67b - - default default] Successfully bumped revision number for resource ea66d96e-8201-4386-ab41-8bad4ece5857 (type: ports) to 2
2026-06-23 19:54:35.189 10 INFO neutron.notifiers.nova [-] Nova event matching ['req-17cdeb3e-57ce-4778-9554-46991c225f65'] response: {'server_uuid': '396e64bc-044d-410e-8d42-b4a5969da4e6', 'name': 'network-vif-unplugged', 'status': 'completed', 'tag': '03a19206-d9d7-4a9b-9356-40a6bc0f49c4', 'code': 200}
2026-06-23 19:54:35.189 10 INFO neutron.notifiers.nova [-] Nova event matching ['req-17cdeb3e-57ce-4778-9554-46991c225f65'] response: {'server_uuid': '396e64bc-044d-410e-8d42-b4a5969da4e6', 'name': 'network-vif-plugged', 'status': 'completed', 'tag': '03a19206-d9d7-4a9b-9356-40a6bc0f49c4', 'code': 200}
2026-06-23 19:54:35.354 10 INFO neutron.db.ovn_revision_numbers_db [None req-7ffd8fe9-f60e-4749-9f1f-26618821a089 - - - - - -] Successfully bumped revision number for resource a6ae6d4f-4156-4ea4-8414-b8d9ff0257f4 (type: ports) to 2
2026-06-23 19:54:35.455 10 INFO neutron.wsgi [None req-169ab1f7-d934-4741-8797-032536d87ef3 423b5371eb8a44c88a32be0e001a8c3e b83ccef9647b41259af1c258cb6fb4a7 - - - -] 199.19.213.169 "DELETE /v2.0/ports/03a19206-d9d7-4a9b-9356-40a6bc0f49c4 HTTP/1.1" status: 204 len: 173 time: 1.1550088
2026-06-23 19:54:35.480 10 INFO neutron.db.ovn_revision_numbers_db [None req-4863bb94-68ab-409d-b032-2f6c08415fa7 fd0b792503634166a9c78ffe1376bead 17783136566941888d1c85c5b8fb79e4 - - - -] Successfully bumped revision number for resource 07a43313-ef8a-4a65-a726-57ae19adf6bf (type: ports) to 2
2026-06-23 19:54:35.514 9 WARNING neutron.scheduler.dhcp_agent_scheduler [None req-075cdaf5-d118-4847-9093-b5902ee5c2a2 5d23929a18d74fe9a3352a75b245aecc 453c9fb63fbf436cb14a698f59aea67b - - default default] No more DHCP agents
2026-06-23 19:54:35.516 9 WARNING neutron.api.rpc.agentnotifiers.dhcp_rpc_agent_api [None req-075cdaf5-d118-4847-9093-b5902ee5c2a2 5d23929a18d74fe9a3352a75b245aecc 453c9fb63fbf436cb14a698f59aea67b - - default default] Unable to schedule network ec586e66-aa5c-4b9c-ba65-76af5b6a042a: no agents available; will retry on subsequent port and subnet creation events.
2026-06-23 19:54:35.521 10 INFO neutron.db.ovn_revision_numbers_db [None req-4863bb94-68ab-409d-b032-2f6c08415fa7 fd0b792503634166a9c78ffe1376bead 17783136566941888d1c85c5b8fb79e4 - - - -] Successfully bumped revision number for resource 5ce02925-1447-44c8-a266-a4ea32c17d4a (type: subnets) to 0
2026-06-23 19:54:35.546 10 INFO neutron.wsgi [None req-4863bb94-68ab-409d-b032-2f6c08415fa7 fd0b792503634166a9c78ffe1376bead 17783136566941888d1c85c5b8fb79e4 - - - -] 10.0.0.52 "POST /v2.0/subnets HTTP/1.1" status: 201 len: 831 time: 2.3240740 /var/lib/openstack/lib/python3.10/site-packages/pycadf/identifier.py:71: UserWarning: Invalid uuid: neutron. To ensure interoperability, identifiers should be a valid uuid. warnings.warn(('Invalid uuid: %s. To ensure interoperability, '
2026-06-23 19:54:35.732 9 INFO neutron.db.ovn_revision_numbers_db [None req-b5248e31-be6b-4cb9-af7f-557b868d5189 5d23929a18d74fe9a3352a75b245aecc 453c9fb63fbf436cb14a698f59aea67b - - - -] Successfully bumped revision number for resource ebe42eb3-6f90-4654-aefb-9190730bd722 (type: ports) to 2
2026-06-23 19:54:35.768 9 INFO neutron.db.ovn_revision_numbers_db [None req-b5248e31-be6b-4cb9-af7f-557b868d5189 5d23929a18d74fe9a3352a75b245aecc 453c9fb63fbf436cb14a698f59aea67b - - - -] Successfully bumped revision number for resource caf35224-19b7-4148-bacc-064636d3c175 (type: subnets) to 0
2026-06-23 19:54:35.801 9 INFO neutron.wsgi [None req-b5248e31-be6b-4cb9-af7f-557b868d5189 5d23929a18d74fe9a3352a75b245aecc 453c9fb63fbf436cb14a698f59aea67b - - - -] 10.0.0.52 "POST /v2.0/subnets HTTP/1.1" status: 201 len: 862 time: 1.2410345
2026-06-23 19:54:35.816 9 INFO neutron.wsgi [req-fc0cfd9d-2018-4fc7-a80b-746c43fe3625 req-9dabf318-87af-4e84-9e4a-589c6b314a72 423b5371eb8a44c88a32be0e001a8c3e b83ccef9647b41259af1c258cb6fb4a7 - - default default] 10.0.0.84 "GET /v2.0/ports?device_id=396e64bc-044d-410e-8d42-b4a5969da4e6 HTTP/1.1" status: 200 len: 210 time: 0.0351987
2026-06-23 19:54:35.998 10 INFO neutron.db.ovn_revision_numbers_db [None req-7ffd8fe9-f60e-4749-9f1f-26618821a089 - - - - - -] Successfully bumped revision number for resource a6ae6d4f-4156-4ea4-8414-b8d9ff0257f4 (type: ports) to 4
2026-06-23 19:54:36.252 10 INFO neutron.db.ovn_revision_numbers_db [None req-7ffd8fe9-f60e-4749-9f1f-26618821a089 - - - - - -] Successfully bumped revision number for resource a6ae6d4f-4156-4ea4-8414-b8d9ff0257f4 (type: router_ports) to 4
2026-06-23 19:54:36.331 10 INFO neutron.plugins.ml2.drivers.ovn.mech_driver.ovsdb.ovsdb_monitor [None req-7ffd8fe9-f60e-4749-9f1f-26618821a089 - - - - - -] Router 5b7e527f-e56f-4a3b-b626-8296396217e6 is bound to host instance
2026-06-23 19:54:36.395 9 INFO neutron.db.ovn_revision_numbers_db [None req-075cdaf5-d118-4847-9093-b5902ee5c2a2 5d23929a18d74fe9a3352a75b245aecc 453c9fb63fbf436cb14a698f59aea67b - - - -] Successfully bumped revision number for resource ea66d96e-8201-4386-ab41-8bad4ece5857 (type: router_ports) to 2
2026-06-23 19:54:36.398 9 INFO neutron.wsgi [None req-075cdaf5-d118-4847-9093-b5902ee5c2a2 5d23929a18d74fe9a3352a75b245aecc 453c9fb63fbf436cb14a698f59aea67b - - - -] 10.0.0.52 "PUT /v2.0/routers/5b7e527f-e56f-4a3b-b626-8296396217e6/add_router_interface HTTP/1.1" status: 200 len: 503 time: 2.6378899
2026-06-23 19:54:36.448 9 WARNING neutron.scheduler.dhcp_agent_scheduler [None req-e32a449a-7c53-42df-a775-5ed676785573 5d23929a18d74fe9a3352a75b245aecc 453c9fb63fbf436cb14a698f59aea67b - - - -] No more DHCP agents
2026-06-23 19:54:36.450 9 WARNING neutron.api.rpc.agentnotifiers.dhcp_rpc_agent_api [None req-e32a449a-7c53-42df-a775-5ed676785573 5d23929a18d74fe9a3352a75b245aecc 453c9fb63fbf436cb14a698f59aea67b - - - -] Unable to schedule network e1a6e66b-46a0-46ba-a1c3-11be58f8f68e: no agents available; will retry on subsequent port and subnet creation events.
2026-06-23 19:54:36.573 10 WARNING neutron.scheduler.dhcp_agent_scheduler [None req-b5c99d27-e4cf-4a51-bf56-4482620dfffc fd0b792503634166a9c78ffe1376bead 17783136566941888d1c85c5b8fb79e4 - - default default] No more DHCP agents
2026-06-23 19:54:36.578 10 WARNING neutron.api.rpc.agentnotifiers.dhcp_rpc_agent_api [None req-b5c99d27-e4cf-4a51-bf56-4482620dfffc fd0b792503634166a9c78ffe1376bead 17783136566941888d1c85c5b8fb79e4 - - default default] Unable to schedule network 6bee8c0f-17f6-465d-872a-c646f2b01789: no agents available; will retry on subsequent port and subnet creation events.
2026-06-23 19:54:36.589 9 INFO neutron.db.ovn_revision_numbers_db [None req-e32a449a-7c53-42df-a775-5ed676785573 5d23929a18d74fe9a3352a75b245aecc 453c9fb63fbf436cb14a698f59aea67b - - - -] Successfully bumped revision number for resource e974d621-1491-48e2-9cca-514b56c64990 (type: ports) to 1
2026-06-23 19:54:36.847 10 INFO neutron.db.ovn_revision_numbers_db [None req-b5c99d27-e4cf-4a51-bf56-4482620dfffc fd0b792503634166a9c78ffe1376bead 17783136566941888d1c85c5b8fb79e4 - - default default] Successfully bumped revision number for resource cd07f3c7-6ac6-4f27-9aea-0a0126c1f87b (type: ports) to 1
2026-06-23 19:54:37.167 10 INFO neutron.wsgi [None req-f180ef4d-ab5d-45d8-b522-ec578a95f898 423b5371eb8a44c88a32be0e001a8c3e b83ccef9647b41259af1c258cb6fb4a7 - - - -] 10.0.0.52 "DELETE /v2.0/security-groups/9cd3d29b-be7a-4752-8901-beebeeeaa6b7 HTTP/1.1" status: 204 len: 168 time: 0.2582850
2026-06-23 19:54:37.181 10 INFO neutron.db.ovn_revision_numbers_db [None req-7ffd8fe9-f60e-4749-9f1f-26618821a089 - - - - - -] Successfully bumped revision number for resource f96bbbb4-11b1-4625-8d5e-8512524c3634 (type: ports) to 1
2026-06-23 19:54:37.187 10 INFO neutron.api.v2.resource [None req-ab521116-9e69-498f-a073-8bf9a0702ad3 423b5371eb8a44c88a32be0e001a8c3e b83ccef9647b41259af1c258cb6fb4a7 - - default default] show failed (client error): The resource could not be found.
2026-06-23 19:54:37.188 10 INFO neutron.wsgi [None req-ab521116-9e69-498f-a073-8bf9a0702ad3 423b5371eb8a44c88a32be0e001a8c3e b83ccef9647b41259af1c258cb6fb4a7 - - default default] 10.0.0.52 "GET /v2.0/security-groups/9cd3d29b-be7a-4752-8901-beebeeeaa6b7 HTTP/1.1" status: 404 len: 347 time: 0.0156207
2026-06-23 19:54:37.239 10 INFO neutron.notifiers.nova [-] Nova event matching ['req-097bedd8-c1c7-4739-bc97-5b774a3c3be2'] response: {'server_uuid': '396e64bc-044d-410e-8d42-b4a5969da4e6', 'name': 'network-vif-deleted', 'tag': '03a19206-d9d7-4a9b-9356-40a6bc0f49c4', 'status': 'completed', 'code': 200}
2026-06-23 19:54:37.265 9 INFO neutron.db.ovn_revision_numbers_db [None req-e32a449a-7c53-42df-a775-5ed676785573 5d23929a18d74fe9a3352a75b245aecc 453c9fb63fbf436cb14a698f59aea67b - - - -] Successfully bumped revision number for resource e974d621-1491-48e2-9cca-514b56c64990 (type: router_ports) to 1
2026-06-23 19:54:37.616 9 INFO neutron.db.ovn_revision_numbers_db [None req-e32a449a-7c53-42df-a775-5ed676785573 5d23929a18d74fe9a3352a75b245aecc 453c9fb63fbf436cb14a698f59aea67b - - - -] Successfully bumped revision number for resource 8fc6edeb-71c0-43b7-b627-47f5352bd7f4 (type: routers) to 3
2026-06-23 19:54:37.641 9 INFO neutron.wsgi [None req-e32a449a-7c53-42df-a775-5ed676785573 5d23929a18d74fe9a3352a75b245aecc 453c9fb63fbf436cb14a698f59aea67b - - - -] 10.0.0.52 "POST /v2.0/routers HTTP/1.1" status: 201 len: 873 time: 1.8281088
2026-06-23 19:54:37.846 10 INFO neutron.plugins.ml2.drivers.ovn.mech_driver.mech_driver [None req-cd124f05-fe4b-4713-b34a-28e0d1c08eaa - - - - - -] OVN reports status up for port: cd07f3c7-6ac6-4f27-9aea-0a0126c1f87b
2026-06-23 19:54:37.849 10 INFO neutron.db.ovn_revision_numbers_db [None req-b5c99d27-e4cf-4a51-bf56-4482620dfffc fd0b792503634166a9c78ffe1376bead 17783136566941888d1c85c5b8fb79e4 - - default default] Successfully bumped revision number for resource cd07f3c7-6ac6-4f27-9aea-0a0126c1f87b (type: router_ports) to 2
2026-06-23 19:54:37.854 10 INFO neutron.db.ovn_revision_numbers_db [None req-7ffd8fe9-f60e-4749-9f1f-26618821a089 - - - - - -] Successfully bumped revision number for resource f96bbbb4-11b1-4625-8d5e-8512524c3634 (type: router_ports) to 3
2026-06-23 19:54:37.874 10 INFO neutron.plugins.ml2.plugin [None req-cd124f05-fe4b-4713-b34a-28e0d1c08eaa - - - - - -] Attempt 1 to provision port cd07f3c7-6ac6-4f27-9aea-0a0126c1f87b
2026-06-23 19:54:37.882 9 INFO neutron.db.ovn_revision_numbers_db [None req-e443df3b-b117-41df-94fa-070ea6fb4fbb 5d23929a18d74fe9a3352a75b245aecc 453c9fb63fbf436cb14a698f59aea67b - - - -] Successfully bumped revision number for resource 93784017-0fd0-461a-bacd-abc3744c679b (type: security_groups) to 1
2026-06-23 19:54:37.972 9 INFO neutron.db.segments_db [None req-e443df3b-b117-41df-94fa-070ea6fb4fbb 5d23929a18d74fe9a3352a75b245aecc 453c9fb63fbf436cb14a698f59aea67b - - - -] Added segment 6812f36c-4f42-4dda-88eb-b37c2f894f76 of type geneve for network 65702096-836b-4012-8f61-c3847880fc9d
2026-06-23 19:54:38.046 9 INFO neutron.wsgi [None req-5e85f755-2f4b-45d6-aab4-7be7f4fe0dce 423b5371eb8a44c88a32be0e001a8c3e b83ccef9647b41259af1c258cb6fb4a7 - - - -] 10.0.0.52 "DELETE /v2.0/floatingips/c2d8c497-bc84-4e3f-a6b1-93f4a4a9a726 HTTP/1.1" status: 204 len: 168 time: 0.8511653
2026-06-23 19:54:38.104 9 INFO neutron.plugins.ml2.drivers.ovn.mech_driver.mech_driver [None req-d2287baf-eecb-4188-aeb7-f1a27a7ace34 - - - - - -] OVN reports status up for port: ea66d96e-8201-4386-ab41-8bad4ece5857
2026-06-23 19:54:38.121 10 INFO neutron.db.ovn_revision_numbers_db [None req-7ffd8fe9-f60e-4749-9f1f-26618821a089 - - - - - -] Successfully bumped revision number for resource f96bbbb4-11b1-4625-8d5e-8512524c3634 (type: ports) to 2
2026-06-23 19:54:38.142 9 INFO neutron.plugins.ml2.plugin [None req-d2287baf-eecb-4188-aeb7-f1a27a7ace34 - - - - - -] Attempt 1 to provision port ea66d96e-8201-4386-ab41-8bad4ece5857
2026-06-23 19:54:38.151 10 INFO neutron.db.ovn_revision_numbers_db [None req-b5c99d27-e4cf-4a51-bf56-4482620dfffc fd0b792503634166a9c78ffe1376bead 17783136566941888d1c85c5b8fb79e4 - - default default] Successfully bumped revision number for resource cd07f3c7-6ac6-4f27-9aea-0a0126c1f87b (type: ports) to 2
2026-06-23 19:54:38.175 9 INFO neutron.db.ovn_revision_numbers_db [None req-e443df3b-b117-41df-94fa-070ea6fb4fbb 5d23929a18d74fe9a3352a75b245aecc 453c9fb63fbf436cb14a698f59aea67b - - - -] Successfully bumped revision number for resource 65702096-836b-4012-8f61-c3847880fc9d (type: networks) to 1
2026-06-23 19:54:38.341 10 WARNING neutron.scheduler.dhcp_agent_scheduler [None req-b5c99d27-e4cf-4a51-bf56-4482620dfffc fd0b792503634166a9c78ffe1376bead 17783136566941888d1c85c5b8fb79e4 - - default default] No more DHCP agents
2026-06-23 19:54:38.348 10 WARNING neutron.api.rpc.agentnotifiers.dhcp_rpc_agent_api [None req-b5c99d27-e4cf-4a51-bf56-4482620dfffc fd0b792503634166a9c78ffe1376bead 17783136566941888d1c85c5b8fb79e4 - - default default] Unable to schedule network 6bee8c0f-17f6-465d-872a-c646f2b01789: no agents available; will retry on subsequent port and subnet creation events.
2026-06-23 19:54:38.384 10 INFO neutron.db.ovn_revision_numbers_db [None req-cd124f05-fe4b-4713-b34a-28e0d1c08eaa - - - - - -] Successfully bumped revision number for resource cd07f3c7-6ac6-4f27-9aea-0a0126c1f87b (type: ports) to 3
2026-06-23 19:54:38.446 9 WARNING neutron.scheduler.dhcp_agent_scheduler [None req-1a090fef-8dda-4b60-8c8c-7c5d973c2182 5d23929a18d74fe9a3352a75b245aecc 453c9fb63fbf436cb14a698f59aea67b - - default default] No more DHCP agents
2026-06-23 19:54:38.449 9 WARNING neutron.api.rpc.agentnotifiers.dhcp_rpc_agent_api [None req-1a090fef-8dda-4b60-8c8c-7c5d973c2182 5d23929a18d74fe9a3352a75b245aecc 453c9fb63fbf436cb14a698f59aea67b - - default default] Unable to schedule network 9eec661a-9179-49a4-9756-62f45947ee74: no agents available; will retry on subsequent port and subnet creation events.
2026-06-23 19:54:38.476 9 WARNING neutron.scheduler.dhcp_agent_scheduler [None req-e443df3b-b117-41df-94fa-070ea6fb4fbb 5d23929a18d74fe9a3352a75b245aecc 453c9fb63fbf436cb14a698f59aea67b - - - -] No more DHCP agents
2026-06-23 19:54:38.484 9 WARNING neutron.api.rpc.agentnotifiers.dhcp_rpc_agent_api [None req-e443df3b-b117-41df-94fa-070ea6fb4fbb 5d23929a18d74fe9a3352a75b245aecc 453c9fb63fbf436cb14a698f59aea67b - - - -] Unable to schedule network 65702096-836b-4012-8f61-c3847880fc9d: no agents available; will retry on subsequent port and subnet creation events.
2026-06-23 19:54:38.614 9 INFO neutron.db.ovn_revision_numbers_db [None req-e443df3b-b117-41df-94fa-070ea6fb4fbb 5d23929a18d74fe9a3352a75b245aecc 453c9fb63fbf436cb14a698f59aea67b - - - -] Successfully bumped revision number for resource b7408dfd-0601-4ef6-8289-aa12d5d7ecaa (type: ports) to 1
2026-06-23 19:54:38.634 9 INFO neutron.db.ovn_revision_numbers_db [None req-d2287baf-eecb-4188-aeb7-f1a27a7ace34 - - - - - -] Successfully bumped revision number for resource ea66d96e-8201-4386-ab41-8bad4ece5857 (type: ports) to 3
2026-06-23 19:54:38.664 10 INFO neutron.db.ovn_revision_numbers_db [None req-cd124f05-fe4b-4713-b34a-28e0d1c08eaa - - - - - -] Successfully bumped revision number for resource cd07f3c7-6ac6-4f27-9aea-0a0126c1f87b (type: router_ports) to 3
2026-06-23 19:54:38.684 10 INFO neutron.db.ovn_revision_numbers_db [None req-7ffd8fe9-f60e-4749-9f1f-26618821a089 - - - - - -] Successfully bumped revision number for resource f96bbbb4-11b1-4625-8d5e-8512524c3634 (type: ports) to 4
2026-06-23 19:54:38.685 9 INFO neutron.wsgi [None req-e443df3b-b117-41df-94fa-070ea6fb4fbb 5d23929a18d74fe9a3352a75b245aecc 453c9fb63fbf436cb14a698f59aea67b - - - -] 10.0.0.52 "POST /v2.0/networks HTTP/1.1" status: 201 len: 942 time: 1.0702214
2026-06-23 19:54:38.778 9 INFO neutron.db.ovn_revision_numbers_db [None req-1a090fef-8dda-4b60-8c8c-7c5d973c2182 5d23929a18d74fe9a3352a75b245aecc 453c9fb63fbf436cb14a698f59aea67b - - default default] Successfully bumped revision number for resource 7e0b32a5-2bc3-4739-9ab2-ef01f522894f (type: ports) to 1
2026-06-23 19:54:38.838 9 INFO neutron.db.ovn_revision_numbers_db [None req-d2287baf-eecb-4188-aeb7-f1a27a7ace34 - - - - - -] Successfully bumped revision number for resource ea66d96e-8201-4386-ab41-8bad4ece5857 (type: router_ports) to 3
2026-06-23 19:54:38.984 9 WARNING neutron.scheduler.dhcp_agent_scheduler [None req-ad916ad0-8082-48b1-b953-11dce2f4ad47 5d23929a18d74fe9a3352a75b245aecc 453c9fb63fbf436cb14a698f59aea67b - - - -] No more DHCP agents
2026-06-23 19:54:38.987 9 WARNING neutron.api.rpc.agentnotifiers.dhcp_rpc_agent_api [None req-ad916ad0-8082-48b1-b953-11dce2f4ad47 5d23929a18d74fe9a3352a75b245aecc 453c9fb63fbf436cb14a698f59aea67b - - - -] Unable to schedule network 65702096-836b-4012-8f61-c3847880fc9d: no agents available; will retry on subsequent port and subnet creation events.
2026-06-23 19:54:39.068 10 INFO neutron.db.ovn_revision_numbers_db [None req-b5c99d27-e4cf-4a51-bf56-4482620dfffc fd0b792503634166a9c78ffe1376bead 17783136566941888d1c85c5b8fb79e4 - - - -] Successfully bumped revision number for resource cd07f3c7-6ac6-4f27-9aea-0a0126c1f87b (type: router_ports) to 3
2026-06-23 19:54:39.071 10 INFO neutron.wsgi [None req-b5c99d27-e4cf-4a51-bf56-4482620dfffc fd0b792503634166a9c78ffe1376bead 17783136566941888d1c85c5b8fb79e4 - - - -] 10.0.0.52 "PUT /v2.0/routers/8581f081-2059-4d53-9b4e-eab2629adc07/add_router_interface HTTP/1.1" status: 200 len: 503 time: 3.5182493
2026-06-23 19:54:39.160 10 INFO neutron.db.ovn_revision_numbers_db [None req-7ffd8fe9-f60e-4749-9f1f-26618821a089 - - - - - -] Successfully bumped revision number for resource f96bbbb4-11b1-4625-8d5e-8512524c3634 (type: router_ports) to 4
2026-06-23 19:54:39.191 9 INFO neutron.wsgi [None req-8f63346e-ea3b-4551-8874-a319309c1f90 e87b01366d1c4dfabce1dcdd8ae0ebf6 248798bc87224cf5b46a3e003abf863e - - default default] 10.0.0.52 "GET /v2.0/networks HTTP/1.1" status: 200 len: 6146 time: 0.1151161
2026-06-23 19:54:39.528 10 INFO neutron.wsgi [None req-34865836-ae07-4b50-9ce0-9ab75104e447 e87b01366d1c4dfabce1dcdd8ae0ebf6 248798bc87224cf5b46a3e003abf863e - - default default] 10.0.0.52 "GET /v2.0/subnets HTTP/1.1" status: 200 len: 4712 time: 0.3303711
2026-06-23 19:54:39.530 10 INFO neutron.plugins.ml2.drivers.ovn.mech_driver.ovsdb.ovsdb_monitor [None req-7ffd8fe9-f60e-4749-9f1f-26618821a089 - - - - - -] Router 8fc6edeb-71c0-43b7-b627-47f5352bd7f4 is bound to host instance
2026-06-23 19:54:39.673 10 INFO neutron.wsgi [None req-837694e9-a15e-4961-ae43-9d63f19c21c5 e87b01366d1c4dfabce1dcdd8ae0ebf6 248798bc87224cf5b46a3e003abf863e - - default default] 10.0.0.52 "GET /v2.0/routers HTTP/1.1" status: 200 len: 2894 time: 0.1387036
2026-06-23 19:54:39.692 9 INFO neutron.db.ovn_revision_numbers_db [None req-1a090fef-8dda-4b60-8c8c-7c5d973c2182 5d23929a18d74fe9a3352a75b245aecc 453c9fb63fbf436cb14a698f59aea67b - - default default] Successfully bumped revision number for resource 7e0b32a5-2bc3-4739-9ab2-ef01f522894f (type: router_ports) to 2
2026-06-23 19:54:39.720 10 INFO neutron.wsgi [-] 10.0.0.153 "GET / HTTP/1.1" status: 200 len: 247 time: 0.0016117
2026-06-23 19:54:39.720 9 INFO neutron.wsgi [-] 10.0.0.153 "GET / HTTP/1.1" status: 200 len: 247 time: 0.0016227
2026-06-23 19:54:40.027 9 INFO neutron.db.ovn_revision_numbers_db [None req-1a090fef-8dda-4b60-8c8c-7c5d973c2182 5d23929a18d74fe9a3352a75b245aecc 453c9fb63fbf436cb14a698f59aea67b - - default default] Successfully bumped revision number for resource 7e0b32a5-2bc3-4739-9ab2-ef01f522894f (type: ports) to 2
2026-06-23 19:54:40.035 9 INFO neutron.db.ovn_revision_numbers_db [None req-75606839-fb18-4453-bfb6-81641d7126ab fd0b792503634166a9c78ffe1376bead 17783136566941888d1c85c5b8fb79e4 - - - -] Successfully bumped revision number for resource 6b14891f-0b8e-462e-9842-3edaadc91b85 (type: security_groups) to 1
2026-06-23 19:54:40.063 9 INFO neutron.wsgi [None req-75606839-fb18-4453-bfb6-81641d7126ab fd0b792503634166a9c78ffe1376bead 17783136566941888d1c85c5b8fb79e4 - - - -] 10.0.0.52 "POST /v2.0/security-groups HTTP/1.1" status: 201 len: 1809 time: 0.3123713
2026-06-23 19:54:40.086 9 INFO neutron.db.ovn_revision_numbers_db [None req-ad916ad0-8082-48b1-b953-11dce2f4ad47 5d23929a18d74fe9a3352a75b245aecc 453c9fb63fbf436cb14a698f59aea67b - - - -] Successfully bumped revision number for resource b7408dfd-0601-4ef6-8289-aa12d5d7ecaa (type: ports) to 2
2026-06-23 19:54:40.114 9 INFO neutron.db.ovn_revision_numbers_db [None req-ad916ad0-8082-48b1-b953-11dce2f4ad47 5d23929a18d74fe9a3352a75b245aecc 453c9fb63fbf436cb14a698f59aea67b - - - -] Successfully bumped revision number for resource 6f9eac8f-817c-4cb6-8d5b-3fe49f5a10e2 (type: subnets) to 0
2026-06-23 19:54:40.150 9 INFO neutron.wsgi [None req-ad916ad0-8082-48b1-b953-11dce2f4ad47 5d23929a18d74fe9a3352a75b245aecc 453c9fb63fbf436cb14a698f59aea67b - - - -] 10.0.0.52 "POST /v2.0/subnets HTTP/1.1" status: 201 len: 862 time: 1.4609227
2026-06-23 19:54:40.158 9 WARNING neutron.scheduler.dhcp_agent_scheduler [None req-1a090fef-8dda-4b60-8c8c-7c5d973c2182 5d23929a18d74fe9a3352a75b245aecc 453c9fb63fbf436cb14a698f59aea67b - - default default] No more DHCP agents
