2026-06-23 19:53:42.556 9 INFO neutron.db.ovn_revision_numbers_db [None req-cfc33e6d-7c4c-4205-9bc2-5f28cf14509c ff9f0868e2054a6f9f5432265c3f0ed4 4999d6e441014abfa28d30ba930cdae0 - - - -] Successfully bumped revision number for resource 99fdaac2-ccbd-4a62-b71f-3b08d846ec07 (type: networks) to 1
2026-06-23 19:53:42.803 9 WARNING neutron.scheduler.dhcp_agent_scheduler [None req-cfc33e6d-7c4c-4205-9bc2-5f28cf14509c ff9f0868e2054a6f9f5432265c3f0ed4 4999d6e441014abfa28d30ba930cdae0 - - - -] No more DHCP agents
2026-06-23 19:53:42.806 9 WARNING neutron.api.rpc.agentnotifiers.dhcp_rpc_agent_api [None req-cfc33e6d-7c4c-4205-9bc2-5f28cf14509c ff9f0868e2054a6f9f5432265c3f0ed4 4999d6e441014abfa28d30ba930cdae0 - - - -] Unable to schedule network 99fdaac2-ccbd-4a62-b71f-3b08d846ec07: no agents available; will retry on subsequent port and subnet creation events.
2026-06-23 19:53:42.889 9 INFO neutron.db.ovn_revision_numbers_db [None req-cfc33e6d-7c4c-4205-9bc2-5f28cf14509c ff9f0868e2054a6f9f5432265c3f0ed4 4999d6e441014abfa28d30ba930cdae0 - - - -] Successfully bumped revision number for resource c1aeadb6-990b-41af-a5a2-fcffd09cfada (type: ports) to 1
2026-06-23 19:53:42.923 9 INFO neutron.wsgi [None req-cfc33e6d-7c4c-4205-9bc2-5f28cf14509c ff9f0868e2054a6f9f5432265c3f0ed4 4999d6e441014abfa28d30ba930cdae0 - - - -] 10.0.0.52 "POST /v2.0/networks HTTP/1.1" status: 201 len: 833 time: 0.5833967
2026-06-23 19:53:43.250 10 INFO neutron.wsgi [None req-6ae268d2-0c4c-4a83-9916-098d4fd93b7d 100be27e382543af9d976d6eeebeb24c 485cb84c23dd43ecb94645b1d2c5eea5 - - default default] 10.0.0.52 "GET /v2.0/ports/ef35c4ee-c470-4b7a-891a-68ba2a124e2c HTTP/1.1" status: 200 len: 1135 time: 0.1156223
2026-06-23 19:53:43.267 9 WARNING neutron.scheduler.dhcp_agent_scheduler [None req-7bf74a57-370f-44f6-b002-ee24662d86fc ff9f0868e2054a6f9f5432265c3f0ed4 4999d6e441014abfa28d30ba930cdae0 - - - -] No more DHCP agents
2026-06-23 19:53:43.270 9 WARNING neutron.api.rpc.agentnotifiers.dhcp_rpc_agent_api [None req-7bf74a57-370f-44f6-b002-ee24662d86fc ff9f0868e2054a6f9f5432265c3f0ed4 4999d6e441014abfa28d30ba930cdae0 - - - -] Unable to schedule network 99fdaac2-ccbd-4a62-b71f-3b08d846ec07: no agents available; will retry on subsequent port and subnet creation events.
2026-06-23 19:53:43.286 9 INFO neutron.db.ovn_revision_numbers_db [None req-7bf74a57-370f-44f6-b002-ee24662d86fc ff9f0868e2054a6f9f5432265c3f0ed4 4999d6e441014abfa28d30ba930cdae0 - - - -] Successfully bumped revision number for resource 05872910-f98d-4c2a-8fc6-e047531f069f (type: subnets) to 0
2026-06-23 19:53:43.306 9 INFO neutron.wsgi [None req-7bf74a57-370f-44f6-b002-ee24662d86fc ff9f0868e2054a6f9f5432265c3f0ed4 4999d6e441014abfa28d30ba930cdae0 - - - -] 10.0.0.52 "POST /v2.0/subnets HTTP/1.1" status: 201 len: 821 time: 0.3785331
2026-06-23 19:53:43.573 10 INFO neutron.db.ovn_revision_numbers_db [None req-351bb881-110c-4f95-9524-8f33e5448026 ff9f0868e2054a6f9f5432265c3f0ed4 4999d6e441014abfa28d30ba930cdae0 - - - -] Successfully bumped revision number for resource 41ba0cb7-4c9d-4396-90b6-0b9078a55c3c (type: routers) to 1
2026-06-23 19:53:43.594 10 INFO neutron.wsgi [None req-351bb881-110c-4f95-9524-8f33e5448026 ff9f0868e2054a6f9f5432265c3f0ed4 4999d6e441014abfa28d30ba930cdae0 - - - -] 10.0.0.52 "POST /v2.0/routers HTTP/1.1" status: 201 len: 691 time: 0.2804811
2026-06-23 19:53:43.738 9 WARNING neutron.plugins.ml2.drivers.ovn.mech_driver.ovsdb.ovn_client [None req-d2287baf-eecb-4188-aeb7-f1a27a7ace34 - - - - - -] No port found with ID 8b8c2cc7-7dc1-47c3-9407-d264ebefb344: RuntimeError: No port found with ID 8b8c2cc7-7dc1-47c3-9407-d264ebefb344
2026-06-23 19:53:43.738 9 INFO neutron.plugins.ml2.drivers.ovn.mech_driver.mech_driver [None req-d2287baf-eecb-4188-aeb7-f1a27a7ace34 - - - - - -] OVN reports status down for port: b1231af9-8159-4940-817f-12d4ee2bf8a8
2026-06-23 19:53:43.754 9 INFO neutron.plugins.ml2.drivers.ovn.mech_driver.mech_driver [None req-d2287baf-eecb-4188-aeb7-f1a27a7ace34 - - - - - -] OVN reports status up for port: 289ebfe2-63a4-4d7a-8794-7f62dee2f7fe
2026-06-23 19:53:43.763 9 INFO neutron.plugins.ml2.plugin [None req-d2287baf-eecb-4188-aeb7-f1a27a7ace34 - - - - - -] Attempt 1 to provision port 289ebfe2-63a4-4d7a-8794-7f62dee2f7fe
2026-06-23 19:53:43.833 10 INFO neutron.wsgi [None req-e5d003d6-72cf-481a-b552-91ac4a42c3e5 5d23929a18d74fe9a3352a75b245aecc 453c9fb63fbf436cb14a698f59aea67b - - - -] 10.0.0.52 "PUT /v2.0/routers/6aa6756a-3027-444c-aeb4-8559e5d304b3/remove_router_interface HTTP/1.1" status: 200 len: 503 time: 1.4700880 /var/lib/openstack/lib/python3.10/site-packages/pycadf/identifier.py:71: UserWarning: Invalid uuid: neutron. To ensure interoperability, identifiers should be a valid uuid. warnings.warn(('Invalid uuid: %s. To ensure interoperability, '
2026-06-23 19:53:44.160 9 INFO neutron.db.ovn_revision_numbers_db [None req-d2287baf-eecb-4188-aeb7-f1a27a7ace34 - - - - - -] Successfully bumped revision number for resource 289ebfe2-63a4-4d7a-8794-7f62dee2f7fe (type: ports) to 3
2026-06-23 19:53:44.163 9 WARNING neutron.scheduler.dhcp_agent_scheduler [None req-518e497b-7ba8-461a-aea7-5c427c11091a ff9f0868e2054a6f9f5432265c3f0ed4 4999d6e441014abfa28d30ba930cdae0 - - default default] No more DHCP agents
2026-06-23 19:53:44.167 9 WARNING neutron.api.rpc.agentnotifiers.dhcp_rpc_agent_api [None req-518e497b-7ba8-461a-aea7-5c427c11091a ff9f0868e2054a6f9f5432265c3f0ed4 4999d6e441014abfa28d30ba930cdae0 - - default default] Unable to schedule network 99fdaac2-ccbd-4a62-b71f-3b08d846ec07: no agents available; will retry on subsequent port and subnet creation events.
2026-06-23 19:53:44.292 9 INFO neutron.db.ovn_revision_numbers_db [None req-d2287baf-eecb-4188-aeb7-f1a27a7ace34 - - - - - -] Successfully bumped revision number for resource 289ebfe2-63a4-4d7a-8794-7f62dee2f7fe (type: router_ports) to 3
2026-06-23 19:53:44.309 10 INFO neutron.wsgi [None req-c2506ff9-be99-47a5-af9c-5ee4d936f63b 100be27e382543af9d976d6eeebeb24c 485cb84c23dd43ecb94645b1d2c5eea5 - - default default] 10.0.0.52 "GET /v2.0/ports/ef35c4ee-c470-4b7a-891a-68ba2a124e2c HTTP/1.1" status: 200 len: 1135 time: 0.0533848
2026-06-23 19:53:44.563 9 INFO neutron.db.ovn_revision_numbers_db [None req-518e497b-7ba8-461a-aea7-5c427c11091a ff9f0868e2054a6f9f5432265c3f0ed4 4999d6e441014abfa28d30ba930cdae0 - - default default] Successfully bumped revision number for resource 4c5cd3e6-fc0d-4904-8243-dae06c07a60a (type: ports) to 1
2026-06-23 19:53:44.591 10 INFO neutron.wsgi [None req-c67c1aa9-84cb-42ac-b467-d865e1bbd59e 5d23929a18d74fe9a3352a75b245aecc 453c9fb63fbf436cb14a698f59aea67b - - - -] 10.0.0.52 "DELETE /v2.0/routers/6aa6756a-3027-444c-aeb4-8559e5d304b3 HTTP/1.1" status: 204 len: 168 time: 0.7505882
2026-06-23 19:53:44.782 10 INFO neutron.db.ovn_revision_numbers_db [None req-f2699d72-e1cc-4f58-aed1-1a2566e3e9d6 5d23929a18d74fe9a3352a75b245aecc 453c9fb63fbf436cb14a698f59aea67b - - default default] Successfully bumped revision number for resource a52b3c0a-4418-4830-97a7-72f284755278 (type: security_groups) to 1
2026-06-23 19:53:44.807 10 INFO neutron.wsgi [None req-f2699d72-e1cc-4f58-aed1-1a2566e3e9d6 5d23929a18d74fe9a3352a75b245aecc 453c9fb63fbf436cb14a698f59aea67b - - default default] 10.0.0.52 "GET /v2.0/security-groups?tenant_id=24835574947141669165b27308fe3917&name=default HTTP/1.1" status: 200 len: 2996 time: 0.3888946
2026-06-23 19:53:44.926 9 INFO neutron.wsgi [None req-d90d00eb-543f-4a10-bfc1-d8d9c6fb96da 5d23929a18d74fe9a3352a75b245aecc 453c9fb63fbf436cb14a698f59aea67b - - - -] 10.0.0.52 "DELETE /v2.0/subnets/3945bb95-5599-4a90-a0b4-9863ff1ee135 HTTP/1.1" status: 204 len: 168 time: 0.3289561
2026-06-23 19:53:44.996 10 INFO neutron.wsgi [None req-f3c2cb7b-917b-426a-9acc-447fc49ee958 5d23929a18d74fe9a3352a75b245aecc 453c9fb63fbf436cb14a698f59aea67b - - - -] 10.0.0.52 "DELETE /v2.0/security-groups/a52b3c0a-4418-4830-97a7-72f284755278 HTTP/1.1" status: 204 len: 168 time: 0.1842654
2026-06-23 19:53:45.105 9 INFO neutron.db.ovn_revision_numbers_db [None req-518e497b-7ba8-461a-aea7-5c427c11091a ff9f0868e2054a6f9f5432265c3f0ed4 4999d6e441014abfa28d30ba930cdae0 - - default default] Successfully bumped revision number for resource 4c5cd3e6-fc0d-4904-8243-dae06c07a60a (type: router_ports) to 2
2026-06-23 19:53:45.200 10 INFO neutron.db.ovn_revision_numbers_db [None req-9d3a05bd-e7d5-46a9-8964-3f5e51c9b304 5d23929a18d74fe9a3352a75b245aecc 453c9fb63fbf436cb14a698f59aea67b - - default default] Successfully bumped revision number for resource e0f1d1bf-8b09-433b-a648-c436a4ec444d (type: security_groups) to 1
2026-06-23 19:53:45.228 10 INFO neutron.wsgi [None req-9d3a05bd-e7d5-46a9-8964-3f5e51c9b304 5d23929a18d74fe9a3352a75b245aecc 453c9fb63fbf436cb14a698f59aea67b - - default default] 10.0.0.52 "GET /v2.0/security-groups?tenant_id=0151cd48e9fa4da8b01a67ffae93ea70&name=default HTTP/1.1" status: 200 len: 2996 time: 0.1196454
2026-06-23 19:53:45.241 9 INFO neutron.db.ovn_revision_numbers_db [None req-518e497b-7ba8-461a-aea7-5c427c11091a ff9f0868e2054a6f9f5432265c3f0ed4 4999d6e441014abfa28d30ba930cdae0 - - default default] Successfully bumped revision number for resource 4c5cd3e6-fc0d-4904-8243-dae06c07a60a (type: ports) to 2
2026-06-23 19:53:45.353 9 WARNING neutron.scheduler.dhcp_agent_scheduler [None req-518e497b-7ba8-461a-aea7-5c427c11091a ff9f0868e2054a6f9f5432265c3f0ed4 4999d6e441014abfa28d30ba930cdae0 - - default default] No more DHCP agents
2026-06-23 19:53:45.358 9 WARNING neutron.api.rpc.agentnotifiers.dhcp_rpc_agent_api [None req-518e497b-7ba8-461a-aea7-5c427c11091a ff9f0868e2054a6f9f5432265c3f0ed4 4999d6e441014abfa28d30ba930cdae0 - - default default] Unable to schedule network 99fdaac2-ccbd-4a62-b71f-3b08d846ec07: no agents available; will retry on subsequent port and subnet creation events.
2026-06-23 19:53:45.358 10 INFO neutron.wsgi [None req-9d876a55-b27c-4274-942c-9420754b267f 100be27e382543af9d976d6eeebeb24c 485cb84c23dd43ecb94645b1d2c5eea5 - - default default] 10.0.0.52 "GET /v2.0/ports/ef35c4ee-c470-4b7a-891a-68ba2a124e2c HTTP/1.1" status: 200 len: 1135 time: 0.0379653
2026-06-23 19:53:45.429 9 INFO neutron.services.segments.plugin [-] Segment 2a0d8cdc-9edb-4b49-8953-7bcfc50aa5c7 resource provider aggregate not found
2026-06-23 19:53:45.438 9 INFO neutron.services.segments.plugin [-] Segment 2a0d8cdc-9edb-4b49-8953-7bcfc50aa5c7 resource provider aggregate not found
2026-06-23 19:53:45.459 9 INFO neutron.services.segments.plugin [-] Segment 2a0d8cdc-9edb-4b49-8953-7bcfc50aa5c7 resource provider not found; error: Placement Client Error (4xx): {"errors": [{"status": 404, "title": "Not Found", "detail": "The resource could not be found.\n\n No resource provider with uuid 2a0d8cdc-9edb-4b49-8953-7bcfc50aa5c7 found for delete ", "request_id": "req-7059735d-3400-4945-96d6-87fcedc386cd"}]}
2026-06-23 19:53:45.460 9 INFO neutron.services.segments.plugin [-] Segment 2a0d8cdc-9edb-4b49-8953-7bcfc50aa5c7 resource provider not found; error: Placement Client Error (4xx): {"errors": [{"status": 404, "title": "Not Found", "detail": "The resource could not be found.\n\n No resource provider with uuid 2a0d8cdc-9edb-4b49-8953-7bcfc50aa5c7 found for delete ", "request_id": "req-e328cabb-df59-419c-bbd0-8380675b5c86"}]}
2026-06-23 19:53:45.462 10 INFO neutron.wsgi [None req-7071da28-e3c2-415a-bd0c-9c2fb30e29af 5d23929a18d74fe9a3352a75b245aecc 453c9fb63fbf436cb14a698f59aea67b - - - -] 10.0.0.52 "DELETE /v2.0/security-groups/e0f1d1bf-8b09-433b-a648-c436a4ec444d HTTP/1.1" status: 204 len: 168 time: 0.2292778
2026-06-23 19:53:45.514 9 INFO neutron.wsgi [None req-96b0311b-201e-4654-be3a-43a4df97dd45 5d23929a18d74fe9a3352a75b245aecc 453c9fb63fbf436cb14a698f59aea67b - - - -] 10.0.0.52 "DELETE /v2.0/networks/938fad94-7dc2-48a3-9a34-4ea121f6248a HTTP/1.1" status: 204 len: 168 time: 0.5838957
2026-06-23 19:53:45.584 9 INFO neutron.db.ovn_revision_numbers_db [None req-518e497b-7ba8-461a-aea7-5c427c11091a ff9f0868e2054a6f9f5432265c3f0ed4 4999d6e441014abfa28d30ba930cdae0 - - - -] Successfully bumped revision number for resource 4c5cd3e6-fc0d-4904-8243-dae06c07a60a (type: router_ports) to 2
2026-06-23 19:53:45.586 9 INFO neutron.wsgi [None req-518e497b-7ba8-461a-aea7-5c427c11091a ff9f0868e2054a6f9f5432265c3f0ed4 4999d6e441014abfa28d30ba930cdae0 - - - -] 10.0.0.52 "PUT /v2.0/routers/41ba0cb7-4c9d-4396-90b6-0b9078a55c3c/add_router_interface HTTP/1.1" status: 200 len: 503 time: 1.9880204
2026-06-23 19:53:45.632 9 INFO neutron.wsgi [None req-555050a3-2668-4b4f-b765-33df5a033763 ff9f0868e2054a6f9f5432265c3f0ed4 4999d6e441014abfa28d30ba930cdae0 - - default default] 10.0.0.52 "GET /v2.0/ports/4c5cd3e6-fc0d-4904-8243-dae06c07a60a HTTP/1.1" status: 200 len: 1139 time: 0.0404408
2026-06-23 19:53:45.671 9 INFO neutron.wsgi [None req-331f4d2e-eb0a-4076-8b7d-b5ee3b3596b9 ff9f0868e2054a6f9f5432265c3f0ed4 4999d6e441014abfa28d30ba930cdae0 - - default default] 10.0.0.52 "GET /v2.0/ports/4c5cd3e6-fc0d-4904-8243-dae06c07a60a HTTP/1.1" status: 200 len: 1139 time: 0.0321922
2026-06-23 19:53:45.742 10 INFO neutron.wsgi [None req-ea2fb3ba-2367-4211-8499-911c05017792 5d23929a18d74fe9a3352a75b245aecc 453c9fb63fbf436cb14a698f59aea67b - - default default] 10.0.0.52 "GET /v2.0/security-groups?tenant_id=0d65b62312944e829c060a4378e68a15&name=default HTTP/1.1" status: 200 len: 2996 time: 0.0320981
2026-06-23 19:53:45.941 10 INFO neutron.wsgi [None req-ba2f36a3-cdd4-4a0c-b259-265454d09dcd 5d23929a18d74fe9a3352a75b245aecc 453c9fb63fbf436cb14a698f59aea67b - - - -] 10.0.0.52 "DELETE /v2.0/security-groups/c403f709-bd86-49cf-87c5-1d62db16ba3b HTTP/1.1" status: 204 len: 168 time: 0.1940715
2026-06-23 19:53:46.410 10 INFO neutron.wsgi [None req-26cf991a-99e6-4e3a-a7da-17fb6846f54f 100be27e382543af9d976d6eeebeb24c 485cb84c23dd43ecb94645b1d2c5eea5 - - default default] 10.0.0.52 "GET /v2.0/ports/ef35c4ee-c470-4b7a-891a-68ba2a124e2c HTTP/1.1" status: 200 len: 1135 time: 0.0454857
2026-06-23 19:53:46.727 9 INFO neutron.wsgi [None req-49a47b8d-d7fe-4fb2-b5a7-36a77ae092c2 ff9f0868e2054a6f9f5432265c3f0ed4 4999d6e441014abfa28d30ba930cdae0 - - default default] 10.0.0.52 "GET /v2.0/ports/4c5cd3e6-fc0d-4904-8243-dae06c07a60a HTTP/1.1" status: 200 len: 1139 time: 0.0487301
2026-06-23 19:53:47.510 9 INFO neutron.wsgi [None req-d6f5efe7-f795-4ff5-ab6e-f0e919a00f83 100be27e382543af9d976d6eeebeb24c 485cb84c23dd43ecb94645b1d2c5eea5 - - default default] 10.0.0.52 "GET /v2.0/ports/ef35c4ee-c470-4b7a-891a-68ba2a124e2c HTTP/1.1" status: 200 len: 1135 time: 0.0930171
2026-06-23 19:53:47.786 9 INFO neutron.wsgi [None req-a8a8a7cd-553a-4662-a29a-8d69752e58b5 ff9f0868e2054a6f9f5432265c3f0ed4 4999d6e441014abfa28d30ba930cdae0 - - default default] 10.0.0.52 "GET /v2.0/ports/4c5cd3e6-fc0d-4904-8243-dae06c07a60a HTTP/1.1" status: 200 len: 1139 time: 0.0507622
2026-06-23 19:53:48.003 9 INFO neutron.db.ovn_revision_numbers_db [None req-b08ccfbf-2507-4255-9d53-212ba5a5817d 5d23929a18d74fe9a3352a75b245aecc 453c9fb63fbf436cb14a698f59aea67b - - - -] Successfully bumped revision number for resource c33428de-faef-4ac1-94f7-f34ad760615d (type: security_groups) to 1
2026-06-23 19:53:48.054 9 INFO neutron.db.segments_db [None req-b08ccfbf-2507-4255-9d53-212ba5a5817d 5d23929a18d74fe9a3352a75b245aecc 453c9fb63fbf436cb14a698f59aea67b - - - -] Added segment 73e50526-169c-4296-a29e-85d0c6f369dd of type geneve for network d87031b7-8ede-45ed-ba57-ee68614fedb9
2026-06-23 19:53:48.179 9 INFO neutron.db.ovn_revision_numbers_db [None req-b08ccfbf-2507-4255-9d53-212ba5a5817d 5d23929a18d74fe9a3352a75b245aecc 453c9fb63fbf436cb14a698f59aea67b - - - -] Successfully bumped revision number for resource d87031b7-8ede-45ed-ba57-ee68614fedb9 (type: networks) to 1
2026-06-23 19:53:48.371 9 WARNING neutron.scheduler.dhcp_agent_scheduler [None req-b08ccfbf-2507-4255-9d53-212ba5a5817d 5d23929a18d74fe9a3352a75b245aecc 453c9fb63fbf436cb14a698f59aea67b - - - -] No more DHCP agents
2026-06-23 19:53:48.373 9 WARNING neutron.api.rpc.agentnotifiers.dhcp_rpc_agent_api [None req-b08ccfbf-2507-4255-9d53-212ba5a5817d 5d23929a18d74fe9a3352a75b245aecc 453c9fb63fbf436cb14a698f59aea67b - - - -] Unable to schedule network d87031b7-8ede-45ed-ba57-ee68614fedb9: no agents available; will retry on subsequent port and subnet creation events.
2026-06-23 19:53:48.442 9 INFO neutron.db.ovn_revision_numbers_db [None req-b08ccfbf-2507-4255-9d53-212ba5a5817d 5d23929a18d74fe9a3352a75b245aecc 453c9fb63fbf436cb14a698f59aea67b - - - -] Successfully bumped revision number for resource 0b242dfc-18f0-4e10-a72d-91924e36c609 (type: ports) to 1
2026-06-23 19:53:48.459 9 INFO neutron.wsgi [None req-b08ccfbf-2507-4255-9d53-212ba5a5817d 5d23929a18d74fe9a3352a75b245aecc 453c9fb63fbf436cb14a698f59aea67b - - - -] 10.0.0.52 "POST /v2.0/networks HTTP/1.1" status: 201 len: 939 time: 0.7998199
2026-06-23 19:53:48.607 10 INFO neutron.wsgi [None req-26d8bf3d-59bb-4544-bbd7-75c597802b5c 100be27e382543af9d976d6eeebeb24c 485cb84c23dd43ecb94645b1d2c5eea5 - - default default] 10.0.0.52 "GET /v2.0/ports/ef35c4ee-c470-4b7a-891a-68ba2a124e2c HTTP/1.1" status: 200 len: 1135 time: 0.0904498
2026-06-23 19:53:48.632 9 WARNING neutron.scheduler.dhcp_agent_scheduler [None req-e84e628b-b00b-4890-99f9-7ea69e0f4ed1 5d23929a18d74fe9a3352a75b245aecc 453c9fb63fbf436cb14a698f59aea67b - - - -] No more DHCP agents
2026-06-23 19:53:48.634 9 WARNING neutron.api.rpc.agentnotifiers.dhcp_rpc_agent_api [None req-e84e628b-b00b-4890-99f9-7ea69e0f4ed1 5d23929a18d74fe9a3352a75b245aecc 453c9fb63fbf436cb14a698f59aea67b - - - -] Unable to schedule network d87031b7-8ede-45ed-ba57-ee68614fedb9: no agents available; will retry on subsequent port and subnet creation events.
2026-06-23 19:53:48.884 10 INFO neutron.wsgi [None req-b86b46f8-e5cd-4e90-88b1-7716d38683bd ff9f0868e2054a6f9f5432265c3f0ed4 4999d6e441014abfa28d30ba930cdae0 - - default default] 10.0.0.52 "GET /v2.0/ports/4c5cd3e6-fc0d-4904-8243-dae06c07a60a HTTP/1.1" status: 200 len: 1139 time: 0.0863960
2026-06-23 19:53:49.144 9 INFO neutron.db.ovn_revision_numbers_db [None req-e84e628b-b00b-4890-99f9-7ea69e0f4ed1 5d23929a18d74fe9a3352a75b245aecc 453c9fb63fbf436cb14a698f59aea67b - - - -] Successfully bumped revision number for resource 0b242dfc-18f0-4e10-a72d-91924e36c609 (type: ports) to 2
2026-06-23 19:53:49.170 9 INFO neutron.db.ovn_revision_numbers_db [None req-e84e628b-b00b-4890-99f9-7ea69e0f4ed1 5d23929a18d74fe9a3352a75b245aecc 453c9fb63fbf436cb14a698f59aea67b - - - -] Successfully bumped revision number for resource 83641735-ced5-4d33-a9c7-27156ddfc33c (type: subnets) to 0
2026-06-23 19:53:49.187 9 INFO neutron.wsgi [None req-e84e628b-b00b-4890-99f9-7ea69e0f4ed1 5d23929a18d74fe9a3352a75b245aecc 453c9fb63fbf436cb14a698f59aea67b - - - -] 10.0.0.52 "POST /v2.0/subnets HTTP/1.1" status: 201 len: 859 time: 0.7216980
2026-06-23 19:53:49.654 10 INFO neutron.wsgi [None req-b0a14c17-d81e-4af1-a4af-58589333a822 100be27e382543af9d976d6eeebeb24c 485cb84c23dd43ecb94645b1d2c5eea5 - - default default] 10.0.0.52 "GET /v2.0/ports/ef35c4ee-c470-4b7a-891a-68ba2a124e2c HTTP/1.1" status: 200 len: 1135 time: 0.0405741
2026-06-23 19:53:49.874 10 INFO neutron.db.ovn_revision_numbers_db [None req-34d9dfd0-1aae-4518-a7da-6b79f0d7decf 5d23929a18d74fe9a3352a75b245aecc 453c9fb63fbf436cb14a698f59aea67b - - default default] Successfully bumped revision number for resource c40ec809-36e7-4860-9788-c70c834a4816 (type: security_groups) to 1
2026-06-23 19:53:49.897 10 INFO neutron.wsgi [None req-34d9dfd0-1aae-4518-a7da-6b79f0d7decf 5d23929a18d74fe9a3352a75b245aecc 453c9fb63fbf436cb14a698f59aea67b - - default default] 10.0.0.52 "GET /v2.0/security-groups?tenant_id=07eb3605586247e9bfb6574e5677f1f9&name=default HTTP/1.1" status: 200 len: 2996 time: 0.3328030
2026-06-23 19:53:50.000 9 INFO neutron.wsgi [None req-3e474a69-cda9-4a52-ab74-5da4345a839d ff9f0868e2054a6f9f5432265c3f0ed4 4999d6e441014abfa28d30ba930cdae0 - - default default] 10.0.0.52 "GET /v2.0/ports/4c5cd3e6-fc0d-4904-8243-dae06c07a60a HTTP/1.1" status: 200 len: 1139 time: 0.1097794
2026-06-23 19:53:50.005 9 WARNING neutron.scheduler.dhcp_agent_scheduler [None req-f9f6a51e-be4a-4d8d-9dc3-ca0991127734 5d23929a18d74fe9a3352a75b245aecc 453c9fb63fbf436cb14a698f59aea67b - - - -] No more DHCP agents
2026-06-23 19:53:50.007 9 WARNING neutron.api.rpc.agentnotifiers.dhcp_rpc_agent_api [None req-f9f6a51e-be4a-4d8d-9dc3-ca0991127734 5d23929a18d74fe9a3352a75b245aecc 453c9fb63fbf436cb14a698f59aea67b - - - -] Unable to schedule network e1a6e66b-46a0-46ba-a1c3-11be58f8f68e: no agents available; will retry on subsequent port and subnet creation events.
2026-06-23 19:53:50.099 10 INFO neutron.wsgi [None req-75bdc625-7996-48ea-91b0-8e46fb76960c 5d23929a18d74fe9a3352a75b245aecc 453c9fb63fbf436cb14a698f59aea67b - - - -] 10.0.0.52 "DELETE /v2.0/security-groups/c40ec809-36e7-4860-9788-c70c834a4816 HTTP/1.1" status: 204 len: 168 time: 0.1928756
2026-06-23 19:53:50.150 9 INFO neutron.db.ovn_revision_numbers_db [None req-f9f6a51e-be4a-4d8d-9dc3-ca0991127734 5d23929a18d74fe9a3352a75b245aecc 453c9fb63fbf436cb14a698f59aea67b - - - -] Successfully bumped revision number for resource 2d4f303a-96eb-4f2f-a8ac-bf0ea2b8aa1f (type: ports) to 1
2026-06-23 19:53:50.306 10 INFO neutron.db.ovn_revision_numbers_db [None req-287b8e1b-565d-4c3c-a8ca-8c14191945d2 5d23929a18d74fe9a3352a75b245aecc 453c9fb63fbf436cb14a698f59aea67b - - default default] Successfully bumped revision number for resource ca171a30-5b9e-4871-8c99-bdddcd6186da (type: security_groups) to 1
2026-06-23 19:53:50.326 10 INFO neutron.wsgi [None req-287b8e1b-565d-4c3c-a8ca-8c14191945d2 5d23929a18d74fe9a3352a75b245aecc 453c9fb63fbf436cb14a698f59aea67b - - default default] 10.0.0.52 "GET /v2.0/security-groups?tenant_id=7981da8f55294e75bd79b419823d682f&name=default HTTP/1.1" status: 200 len: 2996 time: 0.1221840
2026-06-23 19:53:50.340 9 WARNING neutron.plugins.ml2.drivers.ovn.mech_driver.ovsdb.ovn_client [None req-d2287baf-eecb-4188-aeb7-f1a27a7ace34 - - - - - -] No hosting information found for port 289ebfe2-63a4-4d7a-8794-7f62dee2f7fe: RuntimeError: No hosting information found for port 289ebfe2-63a4-4d7a-8794-7f62dee2f7fe
2026-06-23 19:53:50.368 9 INFO neutron.plugins.ml2.drivers.ovn.mech_driver.mech_driver [None req-d2287baf-eecb-4188-aeb7-f1a27a7ace34 - - - - - -] OVN reports status up for port: ef35c4ee-c470-4b7a-891a-68ba2a124e2c
2026-06-23 19:53:50.387 9 INFO neutron.plugins.ml2.plugin [None req-d2287baf-eecb-4188-aeb7-f1a27a7ace34 - - - - - -] Attempt 1 to provision port ef35c4ee-c470-4b7a-891a-68ba2a124e2c
2026-06-23 19:53:50.552 10 INFO neutron.wsgi [None req-f7b8c26c-b546-420a-86fd-19adf274bdf0 5d23929a18d74fe9a3352a75b245aecc 453c9fb63fbf436cb14a698f59aea67b - - - -] 10.0.0.52 "DELETE /v2.0/security-groups/ca171a30-5b9e-4871-8c99-bdddcd6186da HTTP/1.1" status: 204 len: 168 time: 0.2211630 /var/lib/openstack/lib/python3.10/site-packages/pycadf/identifier.py:71: UserWarning: Invalid uuid: neutron. To ensure interoperability, identifiers should be a valid uuid. warnings.warn(('Invalid uuid: %s. To ensure interoperability, '
2026-06-23 19:53:50.731 9 INFO neutron.wsgi [None req-65a5d550-6ab7-4a47-b3e4-cb778701fc92 100be27e382543af9d976d6eeebeb24c 485cb84c23dd43ecb94645b1d2c5eea5 - - default default] 10.0.0.52 "GET /v2.0/ports/ef35c4ee-c470-4b7a-891a-68ba2a124e2c HTTP/1.1" status: 200 len: 1137 time: 0.0722773
2026-06-23 19:53:50.852 9 INFO neutron.db.ovn_revision_numbers_db [None req-d2287baf-eecb-4188-aeb7-f1a27a7ace34 - - - - - -] Successfully bumped revision number for resource ef35c4ee-c470-4b7a-891a-68ba2a124e2c (type: ports) to 3
2026-06-23 19:53:51.042 10 INFO neutron.wsgi [None req-99e4cb63-7276-4931-95a4-5761b9894ea1 ff9f0868e2054a6f9f5432265c3f0ed4 4999d6e441014abfa28d30ba930cdae0 - - default default] 10.0.0.52 "GET /v2.0/ports/4c5cd3e6-fc0d-4904-8243-dae06c07a60a HTTP/1.1" status: 200 len: 1139 time: 0.0343773
2026-06-23 19:53:51.083 10 INFO neutron.plugins.ml2.drivers.ovn.mech_driver.mech_driver [None req-cd124f05-fe4b-4713-b34a-28e0d1c08eaa - - - - - -] OVN reports status up for port: 2d4f303a-96eb-4f2f-a8ac-bf0ea2b8aa1f
2026-06-23 19:53:51.096 10 INFO neutron.plugins.ml2.drivers.ovn.mech_driver.ovsdb.ovsdb_monitor [None req-7ffd8fe9-f60e-4749-9f1f-26618821a089 - - - - - -] Router 5b554b73-7ba1-48e9-8445-7f13903ff586 is bound to host instance
2026-06-23 19:53:51.096 9 INFO neutron.db.ovn_revision_numbers_db [None req-d2287baf-eecb-4188-aeb7-f1a27a7ace34 - - - - - -] Successfully bumped revision number for resource ef35c4ee-c470-4b7a-891a-68ba2a124e2c (type: router_ports) to 3
2026-06-23 19:53:51.105 10 INFO neutron.plugins.ml2.plugin [None req-cd124f05-fe4b-4713-b34a-28e0d1c08eaa - - - - - -] Attempt 1 to provision port 2d4f303a-96eb-4f2f-a8ac-bf0ea2b8aa1f
2026-06-23 19:53:51.117 9 INFO neutron.db.ovn_revision_numbers_db [None req-f9f6a51e-be4a-4d8d-9dc3-ca0991127734 5d23929a18d74fe9a3352a75b245aecc 453c9fb63fbf436cb14a698f59aea67b - - - -] Successfully bumped revision number for resource 2d4f303a-96eb-4f2f-a8ac-bf0ea2b8aa1f (type: router_ports) to 1
2026-06-23 19:53:51.169 10 INFO neutron.wsgi [None req-1d8421ae-906a-498b-9ba9-3d8a7ac729be 5d23929a18d74fe9a3352a75b245aecc 453c9fb63fbf436cb14a698f59aea67b - - default default] 10.0.0.171 "GET /v2.0/floatingips HTTP/1.1" status: 200 len: 193 time: 0.2296805
2026-06-23 19:53:51.299 10 INFO neutron.wsgi [None req-7be398c1-bfe3-4bdb-899c-7c13b4d257a3 5d23929a18d74fe9a3352a75b245aecc 453c9fb63fbf436cb14a698f59aea67b - - default default] 10.0.0.171 "GET /v2.0/networks HTTP/1.1" status: 200 len: 5335 time: 0.1273685
2026-06-23 19:53:51.315 10 INFO neutron.wsgi [None req-1391dda1-6093-4775-9f46-df1d58ff679a 5d23929a18d74fe9a3352a75b245aecc 453c9fb63fbf436cb14a698f59aea67b - - default default] 10.0.0.171 "GET /v2.0/network-ip-availabilities HTTP/1.1" status: 200 len: 3022 time: 0.0131094
2026-06-23 19:53:51.450 10 INFO neutron.wsgi [None req-d55b45c9-6b2e-4cf6-845a-c50b47110d5f 5d23929a18d74fe9a3352a75b245aecc 453c9fb63fbf436cb14a698f59aea67b - - default default] 10.0.0.171 "GET /v2.0/security-groups HTTP/1.1" status: 200 len: 25135 time: 0.1326346
2026-06-23 19:53:51.462 9 INFO neutron.db.ovn_revision_numbers_db [None req-f9f6a51e-be4a-4d8d-9dc3-ca0991127734 5d23929a18d74fe9a3352a75b245aecc 453c9fb63fbf436cb14a698f59aea67b - - - -] Successfully bumped revision number for resource 5b554b73-7ba1-48e9-8445-7f13903ff586 (type: routers) to 3
2026-06-23 19:53:51.481 9 INFO neutron.wsgi [None req-f9f6a51e-be4a-4d8d-9dc3-ca0991127734 5d23929a18d74fe9a3352a75b245aecc 453c9fb63fbf436cb14a698f59aea67b - - - -] 10.0.0.52 "POST /v2.0/routers HTTP/1.1" status: 201 len: 870 time: 2.2888935
2026-06-23 19:53:51.820 10 INFO neutron.wsgi [None req-e8481a0f-1839-4d80-88e6-f28659b2be79 5d23929a18d74fe9a3352a75b245aecc 453c9fb63fbf436cb14a698f59aea67b - - default default] 10.0.0.171 "GET /v2.0/routers HTTP/1.1" status: 200 len: 1827 time: 0.3615661
2026-06-23 19:53:51.847 10 INFO neutron.wsgi [None req-9a5d4efd-2ef9-42ed-ac6f-c4bd9887d169 5d23929a18d74fe9a3352a75b245aecc 453c9fb63fbf436cb14a698f59aea67b - - default default] 10.0.0.171 "GET /v2.0/agents?binary=ovn-controller HTTP/1.1" status: 200 len: 591 time: 0.0216620
2026-06-23 19:53:51.908 10 INFO neutron.wsgi [None req-735a7ff3-311c-4fed-89de-5982b51374d9 5d23929a18d74fe9a3352a75b245aecc 453c9fb63fbf436cb14a698f59aea67b - - default default] 10.0.0.171 "GET /v2.0/ports HTTP/1.1" status: 200 len: 12396 time: 0.0600123
2026-06-23 19:53:51.942 10 INFO neutron.wsgi [None req-0d7bf0ed-98d8-437f-bb6b-d3e8b921d351 5d23929a18d74fe9a3352a75b245aecc 453c9fb63fbf436cb14a698f59aea67b - - default default] 10.0.0.171 "GET /v2.0/agents HTTP/1.1" status: 200 len: 997 time: 0.0149848
2026-06-23 19:53:51.990 10 INFO neutron.wsgi [None req-56ffd68b-1e0a-4912-8ede-d8b542fa8a6b 5d23929a18d74fe9a3352a75b245aecc 453c9fb63fbf436cb14a698f59aea67b - - default default] 10.0.0.171 "GET /v2.0/subnets HTTP/1.1" status: 200 len: 3937 time: 0.0466747
2026-06-23 19:53:52.008 10 INFO neutron.wsgi [None req-f3ac27f1-4756-4ad4-85a2-842fda5e2f34 5d23929a18d74fe9a3352a75b245aecc 453c9fb63fbf436cb14a698f59aea67b - - default default] 10.0.0.171 "GET /v2.0/subnetpools HTTP/1.1" status: 200 len: 193 time: 0.0112379
2026-06-23 19:53:52.050 10 INFO neutron.wsgi [None req-212af813-22aa-408a-ae7f-7a360cab2726 5d23929a18d74fe9a3352a75b245aecc 453c9fb63fbf436cb14a698f59aea67b - - default default] 10.0.0.171 "GET /v2.0/subnets HTTP/1.1" status: 200 len: 3937 time: 0.0401583
2026-06-23 19:53:52.085 10 INFO neutron.wsgi [None req-c6f61497-bb28-490e-9446-3ec475c64cf1 ff9f0868e2054a6f9f5432265c3f0ed4 4999d6e441014abfa28d30ba930cdae0 - - default default] 10.0.0.52 "GET /v2.0/ports/4c5cd3e6-fc0d-4904-8243-dae06c07a60a HTTP/1.1" status: 200 len: 1139 time: 0.0389171
2026-06-23 19:53:52.146 10 INFO neutron.db.ovn_revision_numbers_db [None req-7ffd8fe9-f60e-4749-9f1f-26618821a089 - - - - - -] Successfully bumped revision number for resource 2d4f303a-96eb-4f2f-a8ac-bf0ea2b8aa1f (type: ports) to 1
2026-06-23 19:53:52.150 9 INFO neutron.wsgi [None req-94b3086a-2f16-4183-a5e7-ce045c94a9ea 100be27e382543af9d976d6eeebeb24c 485cb84c23dd43ecb94645b1d2c5eea5 - - - -] 10.0.0.52 "PUT /v2.0/routers/f2116f53-783a-4e94-ae03-be4dc5a0d9b8/remove_router_interface HTTP/1.1" status: 200 len: 503 time: 1.4105411
2026-06-23 19:53:52.191 9 WARNING neutron.scheduler.dhcp_agent_scheduler [None req-5d8365f1-575a-4bbb-8583-5b689bcc4369 5d23929a18d74fe9a3352a75b245aecc 453c9fb63fbf436cb14a698f59aea67b - - default default] No more DHCP agents
2026-06-23 19:53:52.195 9 WARNING neutron.api.rpc.agentnotifiers.dhcp_rpc_agent_api [None req-5d8365f1-575a-4bbb-8583-5b689bcc4369 5d23929a18d74fe9a3352a75b245aecc 453c9fb63fbf436cb14a698f59aea67b - - default default] Unable to schedule network d87031b7-8ede-45ed-ba57-ee68614fedb9: no agents available; will retry on subsequent port and subnet creation events.
2026-06-23 19:53:52.267 10 INFO neutron.wsgi [None req-edacf75b-8c1d-4ea2-9104-77edc52b3bfe 100be27e382543af9d976d6eeebeb24c 485cb84c23dd43ecb94645b1d2c5eea5 - - default default] 10.0.0.52 "GET /v2.0/ports/289ebfe2-63a4-4d7a-8794-7f62dee2f7fe HTTP/1.1" status: 200 len: 1137 time: 0.1111290 /var/lib/openstack/lib/python3.10/site-packages/pycadf/identifier.py:71: UserWarning: Invalid uuid: neutron. To ensure interoperability, identifiers should be a valid uuid. warnings.warn(('Invalid uuid: %s. To ensure interoperability, '
2026-06-23 19:53:52.404 9 INFO neutron.db.ovn_revision_numbers_db [None req-5d8365f1-575a-4bbb-8583-5b689bcc4369 5d23929a18d74fe9a3352a75b245aecc 453c9fb63fbf436cb14a698f59aea67b - - default default] Successfully bumped revision number for resource b7e583e5-2ca5-47e6-adf7-752668bb56e1 (type: ports) to 1
2026-06-23 19:53:52.452 10 INFO neutron.db.ovn_revision_numbers_db [None req-7ffd8fe9-f60e-4749-9f1f-26618821a089 - - - - - -] Successfully bumped revision number for resource 2d4f303a-96eb-4f2f-a8ac-bf0ea2b8aa1f (type: router_ports) to 3
2026-06-23 19:53:52.570 10 INFO neutron.db.ovn_revision_numbers_db [None req-7ffd8fe9-f60e-4749-9f1f-26618821a089 - - - - - -] Successfully bumped revision number for resource 2d4f303a-96eb-4f2f-a8ac-bf0ea2b8aa1f (type: ports) to 2
2026-06-23 19:53:52.791 10 INFO neutron.db.ovn_revision_numbers_db [None req-7ffd8fe9-f60e-4749-9f1f-26618821a089 - - - - - -] Successfully bumped revision number for resource 2d4f303a-96eb-4f2f-a8ac-bf0ea2b8aa1f (type: ports) to 4
2026-06-23 19:53:53.036 10 INFO neutron.db.ovn_revision_numbers_db [None req-7ffd8fe9-f60e-4749-9f1f-26618821a089 - - - - - -] Successfully bumped revision number for resource 2d4f303a-96eb-4f2f-a8ac-bf0ea2b8aa1f (type: router_ports) to 4
2026-06-23 19:53:53.126 10 INFO neutron.wsgi [None req-983ef900-5fe1-4251-a445-c18ffb4be25a ff9f0868e2054a6f9f5432265c3f0ed4 4999d6e441014abfa28d30ba930cdae0 - - default default] 10.0.0.52 "GET /v2.0/ports/4c5cd3e6-fc0d-4904-8243-dae06c07a60a HTTP/1.1" status: 200 len: 1139 time: 0.0337484
2026-06-23 19:53:53.281 9 INFO neutron.db.ovn_revision_numbers_db [None req-5d8365f1-575a-4bbb-8583-5b689bcc4369 5d23929a18d74fe9a3352a75b245aecc 453c9fb63fbf436cb14a698f59aea67b - - default default] Successfully bumped revision number for resource b7e583e5-2ca5-47e6-adf7-752668bb56e1 (type: router_ports) to 2
2026-06-23 19:53:53.442 9 INFO neutron.wsgi [None req-e7c1d33f-674d-4d61-a451-5b1fca988983 100be27e382543af9d976d6eeebeb24c 485cb84c23dd43ecb94645b1d2c5eea5 - - - -] 10.0.0.52 "PUT /v2.0/routers/f2116f53-783a-4e94-ae03-be4dc5a0d9b8/remove_router_interface HTTP/1.1" status: 200 len: 503 time: 1.1692462
2026-06-23 19:53:53.470 10 INFO neutron.wsgi [None req-58abcef3-c8b2-4c66-abaf-5d2f43faaa38 100be27e382543af9d976d6eeebeb24c 485cb84c23dd43ecb94645b1d2c5eea5 - - default default] 10.0.0.52 "GET /v2.0/ports?device_id=f2116f53-783a-4e94-ae03-be4dc5a0d9b8 HTTP/1.1" status: 200 len: 205 time: 0.0208502
2026-06-23 19:53:53.507 9 INFO neutron.db.ovn_revision_numbers_db [None req-5d8365f1-575a-4bbb-8583-5b689bcc4369 5d23929a18d74fe9a3352a75b245aecc 453c9fb63fbf436cb14a698f59aea67b - - default default] Successfully bumped revision number for resource b7e583e5-2ca5-47e6-adf7-752668bb56e1 (type: ports) to 2
2026-06-23 19:53:53.579 9 WARNING neutron.scheduler.dhcp_agent_scheduler [None req-5d8365f1-575a-4bbb-8583-5b689bcc4369 5d23929a18d74fe9a3352a75b245aecc 453c9fb63fbf436cb14a698f59aea67b - - default default] No more DHCP agents
2026-06-23 19:53:53.580 9 WARNING neutron.api.rpc.agentnotifiers.dhcp_rpc_agent_api [None req-5d8365f1-575a-4bbb-8583-5b689bcc4369 5d23929a18d74fe9a3352a75b245aecc 453c9fb63fbf436cb14a698f59aea67b - - default default] Unable to schedule network d87031b7-8ede-45ed-ba57-ee68614fedb9: no agents available; will retry on subsequent port and subnet creation events.
2026-06-23 19:53:53.745 10 INFO neutron.wsgi [None req-cff2200b-af48-4421-9877-430379270c55 100be27e382543af9d976d6eeebeb24c 485cb84c23dd43ecb94645b1d2c5eea5 - - - -] 10.0.0.52 "DELETE /v2.0/routers/f2116f53-783a-4e94-ae03-be4dc5a0d9b8 HTTP/1.1" status: 204 len: 168 time: 0.2694495 /var/lib/openstack/lib/python3.10/site-packages/pycadf/identifier.py:71: UserWarning: Invalid uuid: neutron. To ensure interoperability, identifiers should be a valid uuid. warnings.warn(('Invalid uuid: %s. To ensure interoperability, '
2026-06-23 19:53:54.087 9 INFO neutron.wsgi [None req-456d168a-be5b-4423-bc75-890b33a35c04 100be27e382543af9d976d6eeebeb24c 485cb84c23dd43ecb94645b1d2c5eea5 - - - -] 10.0.0.52 "DELETE /v2.0/subnets/dc6e6155-5d75-40b9-a8b3-170658de051d HTTP/1.1" status: 204 len: 168 time: 0.3259189
2026-06-23 19:53:54.110 9 INFO neutron.db.ovn_revision_numbers_db [None req-5d8365f1-575a-4bbb-8583-5b689bcc4369 5d23929a18d74fe9a3352a75b245aecc 453c9fb63fbf436cb14a698f59aea67b - - - -] Successfully bumped revision number for resource b7e583e5-2ca5-47e6-adf7-752668bb56e1 (type: router_ports) to 2
2026-06-23 19:53:54.113 9 INFO neutron.wsgi [None req-5d8365f1-575a-4bbb-8583-5b689bcc4369 5d23929a18d74fe9a3352a75b245aecc 453c9fb63fbf436cb14a698f59aea67b - - - -] 10.0.0.52 "PUT /v2.0/routers/5b554b73-7ba1-48e9-8445-7f13903ff586/add_router_interface HTTP/1.1" status: 200 len: 503 time: 2.6272864
2026-06-23 19:53:54.185 10 INFO neutron.plugins.ml2.drivers.ovn.mech_driver.mech_driver [None req-cd124f05-fe4b-4713-b34a-28e0d1c08eaa - - - - - -] OVN reports status up for port: b7e583e5-2ca5-47e6-adf7-752668bb56e1
2026-06-23 19:53:54.202 10 INFO neutron.plugins.ml2.plugin [None req-cd124f05-fe4b-4713-b34a-28e0d1c08eaa - - - - - -] Attempt 1 to provision port b7e583e5-2ca5-47e6-adf7-752668bb56e1
2026-06-23 19:53:54.290 10 INFO neutron.wsgi [None req-573296f8-c1db-4511-9faf-6ec03457a944 ff9f0868e2054a6f9f5432265c3f0ed4 4999d6e441014abfa28d30ba930cdae0 - - default default] 10.0.0.52 "GET /v2.0/ports/4c5cd3e6-fc0d-4904-8243-dae06c07a60a HTTP/1.1" status: 200 len: 1139 time: 0.1587944
2026-06-23 19:53:54.425 10 INFO neutron.wsgi [None req-9d6b1f7d-7462-494f-8a82-9b17bee15f53 100be27e382543af9d976d6eeebeb24c 485cb84c23dd43ecb94645b1d2c5eea5 - - - -] 10.0.0.52 "DELETE /v2.0/subnets/1467376d-dac8-4117-a6af-627298ae87f8 HTTP/1.1" status: 204 len: 168 time: 0.3284266
2026-06-23 19:53:54.574 10 INFO neutron.db.ovn_revision_numbers_db [None req-cd124f05-fe4b-4713-b34a-28e0d1c08eaa - - - - - -] Successfully bumped revision number for resource b7e583e5-2ca5-47e6-adf7-752668bb56e1 (type: ports) to 3
2026-06-23 19:53:54.720 9 INFO neutron.wsgi [-] 10.0.0.153 "GET / HTTP/1.1" status: 200 len: 247 time: 0.0013814
2026-06-23 19:53:54.722 9 INFO neutron.wsgi [-] 10.0.0.153 "GET / HTTP/1.1" status: 200 len: 247 time: 0.0009964
2026-06-23 19:53:54.807 9 INFO neutron.db.ovn_revision_numbers_db [None req-6a729573-4869-431d-a708-61f33289158f 736993532fd040629ce2813b7ec96171 c09dfeae250a472a8201408ca72d1d5d - - - -] Successfully bumped revision number for resource 1600a057-e35e-4a83-9a22-c344de8eadc9 (type: security_groups) to 1
2026-06-23 19:53:54.827 10 INFO neutron.db.ovn_revision_numbers_db [None req-cd124f05-fe4b-4713-b34a-28e0d1c08eaa - - - - - -] Successfully bumped revision number for resource b7e583e5-2ca5-47e6-adf7-752668bb56e1 (type: router_ports) to 3
2026-06-23 19:53:54.827 9 INFO neutron.wsgi [None req-6a729573-4869-431d-a708-61f33289158f 736993532fd040629ce2813b7ec96171 c09dfeae250a472a8201408ca72d1d5d - - - -] 10.0.0.52 "POST /v2.0/security-groups HTTP/1.1" status: 201 len: 1795 time: 0.1334715
2026-06-23 19:53:54.941 9 INFO neutron.db.ovn_revision_numbers_db [None req-f966e29a-60f2-4ff3-8734-a430f468edb8 736993532fd040629ce2813b7ec96171 c09dfeae250a472a8201408ca72d1d5d - - - -] Successfully bumped revision number for resource 8c40c6bc-bf51-4a88-8ba8-9350d16ea03d (type: security_group_rules) to 0
2026-06-23 19:53:54.973 9 INFO neutron.wsgi [None req-f966e29a-60f2-4ff3-8734-a430f468edb8 736993532fd040629ce2813b7ec96171 c09dfeae250a472a8201408ca72d1d5d - - - -] 10.0.0.52 "POST /v2.0/security-group-rules HTTP/1.1" status: 201 len: 764 time: 0.1382253
2026-06-23 19:53:55.007 10 INFO neutron.services.segments.plugin [-] Segment b1449b9b-7bae-48d1-a0f4-beb35721e861 resource provider aggregate not found
2026-06-23 19:53:55.012 10 INFO neutron.services.segments.plugin [-] Segment b1449b9b-7bae-48d1-a0f4-beb35721e861 resource provider aggregate not found
2026-06-23 19:53:55.033 10 INFO neutron.services.segments.plugin [-] Segment b1449b9b-7bae-48d1-a0f4-beb35721e861 resource provider not found; error: Placement Client Error (4xx): {"errors": [{"status": 404, "title": "Not Found", "detail": "The resource could not be found.\n\n No resource provider with uuid b1449b9b-7bae-48d1-a0f4-beb35721e861 found for delete ", "request_id": "req-409d5bfb-aa44-46dc-ba38-fd182383e694"}]}
2026-06-23 19:53:55.049 10 INFO neutron.services.segments.plugin [-] Segment b1449b9b-7bae-48d1-a0f4-beb35721e861 resource provider not found; error: Placement Client Error (4xx): {"errors": [{"status": 404, "title": "Not Found", "detail": "The resource could not be found.\n\n No resource provider with uuid b1449b9b-7bae-48d1-a0f4-beb35721e861 found for delete ", "request_id": "req-fb249a10-2411-4598-8644-d211eddf89be"}]}
2026-06-23 19:53:55.064 10 INFO neutron.wsgi [None req-7241288d-8a6d-4fbb-8359-57e541c7a05b 100be27e382543af9d976d6eeebeb24c 485cb84c23dd43ecb94645b1d2c5eea5 - - - -] 10.0.0.52 "DELETE /v2.0/networks/cecc9ad0-dd05-4e57-b46d-21a4744049c6 HTTP/1.1" status: 204 len: 168 time: 0.6334836
2026-06-23 19:53:55.153 9 INFO neutron.db.ovn_revision_numbers_db [None req-5b493060-a02c-4746-9609-23e54d41980c 736993532fd040629ce2813b7ec96171 c09dfeae250a472a8201408ca72d1d5d - - - -] Successfully bumped revision number for resource d6fd0147-b4a0-42c7-8d49-17efcde67a1d (type: security_group_rules) to 0
2026-06-23 19:53:55.193 9 INFO neutron.wsgi [None req-5b493060-a02c-4746-9609-23e54d41980c 736993532fd040629ce2813b7ec96171 c09dfeae250a472a8201408ca72d1d5d - - - -] 10.0.0.52 "POST /v2.0/security-group-rules HTTP/1.1" status: 201 len: 769 time: 0.2148399
2026-06-23 19:53:55.395 9 INFO neutron.wsgi [None req-014ca331-115c-4785-9ea9-cd5f829c7ef4 ff9f0868e2054a6f9f5432265c3f0ed4 4999d6e441014abfa28d30ba930cdae0 - - default default] 10.0.0.52 "GET /v2.0/ports/4c5cd3e6-fc0d-4904-8243-dae06c07a60a HTTP/1.1" status: 200 len: 1139 time: 0.0988131
2026-06-23 19:53:55.454 10 WARNING neutron.scheduler.dhcp_agent_scheduler [None req-8bb25e1c-417a-43bc-b524-2849af4f0cd1 736993532fd040629ce2813b7ec96171 c09dfeae250a472a8201408ca72d1d5d - - - -] No more DHCP agents
2026-06-23 19:53:55.456 10 WARNING neutron.api.rpc.agentnotifiers.dhcp_rpc_agent_api [None req-8bb25e1c-417a-43bc-b524-2849af4f0cd1 736993532fd040629ce2813b7ec96171 c09dfeae250a472a8201408ca72d1d5d - - - -] Unable to schedule network e1a6e66b-46a0-46ba-a1c3-11be58f8f68e: no agents available; will retry on subsequent port and subnet creation events.
2026-06-23 19:53:55.518 9 INFO neutron.services.segments.plugin [-] Segment 809345da-9b61-4b23-86c0-8833b94b53ab resource provider aggregate not found
2026-06-23 19:53:55.523 9 INFO neutron.services.segments.plugin [-] Segment 809345da-9b61-4b23-86c0-8833b94b53ab resource provider aggregate not found
2026-06-23 19:53:55.543 9 INFO neutron.services.segments.plugin [-] Segment 809345da-9b61-4b23-86c0-8833b94b53ab resource provider not found; error: Placement Client Error (4xx): {"errors": [{"status": 404, "title": "Not Found", "detail": "The resource could not be found.\n\n No resource provider with uuid 809345da-9b61-4b23-86c0-8833b94b53ab found for delete ", "request_id": "req-63c11f4f-e050-4311-a7c8-7a3d0ee130fc"}]}
2026-06-23 19:53:55.544 9 INFO neutron.services.segments.plugin [-] Segment 809345da-9b61-4b23-86c0-8833b94b53ab resource provider not found; error: Placement Client Error (4xx): {"errors": [{"status": 404, "title": "Not Found", "detail": "The resource could not be found.\n\n No resource provider with uuid 809345da-9b61-4b23-86c0-8833b94b53ab found for delete ", "request_id": "req-db4ccda1-d250-450c-af7b-3537741e1f26"}]}
2026-06-23 19:53:55.576 9 INFO neutron.wsgi [None req-f68b938d-5e79-4f25-a6df-a8d9f4006be8 100be27e382543af9d976d6eeebeb24c 485cb84c23dd43ecb94645b1d2c5eea5 - - - -] 10.0.0.52 "DELETE /v2.0/networks/270ef151-4690-445b-84b9-a92ef99f632b HTTP/1.1" status: 204 len: 168 time: 0.5034785
2026-06-23 19:53:55.986 10 INFO neutron.db.segments_db [None req-f68bc4c0-bd0c-4a92-b03e-136ad797f758 100be27e382543af9d976d6eeebeb24c 485cb84c23dd43ecb94645b1d2c5eea5 - - - -] Added segment 46111fc4-a396-4c3a-9458-9ba9852c03a9 of type geneve for network b098e440-b214-4fdc-8a28-143b96d6a6de
2026-06-23 19:53:56.131 9 WARNING neutron.plugins.ml2.drivers.ovn.mech_driver.ovsdb.ovn_client [None req-d2287baf-eecb-4188-aeb7-f1a27a7ace34 - - - - - -] No port found with ID ef35c4ee-c470-4b7a-891a-68ba2a124e2c: RuntimeError: No port found with ID ef35c4ee-c470-4b7a-891a-68ba2a124e2c
2026-06-23 19:53:56.131 9 INFO neutron.plugins.ml2.drivers.ovn.mech_driver.mech_driver [None req-d2287baf-eecb-4188-aeb7-f1a27a7ace34 - - - - - -] OVN reports status up for port: 4c5cd3e6-fc0d-4904-8243-dae06c07a60a
2026-06-23 19:53:56.141 9 INFO neutron.plugins.ml2.plugin [None req-d2287baf-eecb-4188-aeb7-f1a27a7ace34 - - - - - -] Attempt 1 to provision port 4c5cd3e6-fc0d-4904-8243-dae06c07a60a
2026-06-23 19:53:56.182 10 INFO neutron.db.ovn_revision_numbers_db [None req-f68bc4c0-bd0c-4a92-b03e-136ad797f758 100be27e382543af9d976d6eeebeb24c 485cb84c23dd43ecb94645b1d2c5eea5 - - - -] Successfully bumped revision number for resource b098e440-b214-4fdc-8a28-143b96d6a6de (type: networks) to 1
2026-06-23 19:53:56.245 10 INFO neutron.db.ovn_revision_numbers_db [None req-8bb25e1c-417a-43bc-b524-2849af4f0cd1 736993532fd040629ce2813b7ec96171 c09dfeae250a472a8201408ca72d1d5d - - - -] Successfully bumped revision number for resource 589dd4ab-f3e1-4ee2-a11f-b5a3ca033c3f (type: floatingips) to 0
2026-06-23 19:53:56.267 10 INFO neutron.wsgi [None req-8bb25e1c-417a-43bc-b524-2849af4f0cd1 736993532fd040629ce2813b7ec96171 c09dfeae250a472a8201408ca72d1d5d - - - -] 10.0.0.52 "POST /v2.0/floatingips HTTP/1.1" status: 201 len: 751 time: 1.0690205
2026-06-23 19:53:56.365 10 WARNING neutron.scheduler.dhcp_agent_scheduler [None req-f68bc4c0-bd0c-4a92-b03e-136ad797f758 100be27e382543af9d976d6eeebeb24c 485cb84c23dd43ecb94645b1d2c5eea5 - - - -] No more DHCP agents
2026-06-23 19:53:56.367 10 WARNING neutron.api.rpc.agentnotifiers.dhcp_rpc_agent_api [None req-f68bc4c0-bd0c-4a92-b03e-136ad797f758 100be27e382543af9d976d6eeebeb24c 485cb84c23dd43ecb94645b1d2c5eea5 - - - -] Unable to schedule network b098e440-b214-4fdc-8a28-143b96d6a6de: no agents available; will retry on subsequent port and subnet creation events.
2026-06-23 19:53:56.411 9 INFO neutron.db.ovn_revision_numbers_db [None req-d2287baf-eecb-4188-aeb7-f1a27a7ace34 - - - - - -] Successfully bumped revision number for resource 4c5cd3e6-fc0d-4904-8243-dae06c07a60a (type: ports) to 3
2026-06-23 19:53:56.451 10 INFO neutron.db.ovn_revision_numbers_db [None req-f68bc4c0-bd0c-4a92-b03e-136ad797f758 100be27e382543af9d976d6eeebeb24c 485cb84c23dd43ecb94645b1d2c5eea5 - - - -] Successfully bumped revision number for resource cfc2c35a-3e29-4cc4-8b71-689fe7908f93 (type: ports) to 1
2026-06-23 19:53:56.461 9 INFO neutron.wsgi [None req-dbb6ac37-6165-44e8-8c13-d832c36d5340 ff9f0868e2054a6f9f5432265c3f0ed4 4999d6e441014abfa28d30ba930cdae0 - - default default] 10.0.0.52 "GET /v2.0/ports/4c5cd3e6-fc0d-4904-8243-dae06c07a60a HTTP/1.1" status: 200 len: 1141 time: 0.0587997
2026-06-23 19:53:56.496 10 INFO neutron.wsgi [None req-f68bc4c0-bd0c-4a92-b03e-136ad797f758 100be27e382543af9d976d6eeebeb24c 485cb84c23dd43ecb94645b1d2c5eea5 - - - -] 10.0.0.52 "POST /v2.0/networks HTTP/1.1" status: 201 len: 829 time: 0.9151671
2026-06-23 19:53:56.556 9 INFO neutron.db.ovn_revision_numbers_db [None req-d2287baf-eecb-4188-aeb7-f1a27a7ace34 - - - - - -] Successfully bumped revision number for resource 4c5cd3e6-fc0d-4904-8243-dae06c07a60a (type: router_ports) to 3
2026-06-23 19:53:56.742 9 INFO neutron.wsgi [req-46cae659-c40d-4002-b6c5-656e765224c6 req-4452acd0-d6e0-4e00-a7d3-e16bff951926 736993532fd040629ce2813b7ec96171 c09dfeae250a472a8201408ca72d1d5d - - default default] 10.0.0.84 "GET /v2.0/security-groups?name=tempest-securitygroup--228770358&fields=id&tenant_id=c09dfeae250a472a8201408ca72d1d5d HTTP/1.1" status: 200 len: 267 time: 0.0397782
2026-06-23 19:53:56.840 9 INFO neutron.wsgi [req-46cae659-c40d-4002-b6c5-656e765224c6 req-8aed27bd-e89c-4717-a6b8-b52c3f38da36 736993532fd040629ce2813b7ec96171 c09dfeae250a472a8201408ca72d1d5d - - default default] 10.0.0.84 "GET /v2.0/networks?id=d87031b7-8ede-45ed-ba57-ee68614fedb9 HTTP/1.1" status: 200 len: 868 time: 0.0929587
2026-06-23 19:53:56.866 9 INFO neutron.wsgi [req-46cae659-c40d-4002-b6c5-656e765224c6 req-6c3067bb-1c8a-4d3d-b648-0cf7118f429a 736993532fd040629ce2813b7ec96171 c09dfeae250a472a8201408ca72d1d5d - - default default] 10.0.0.84 "GET /v2.0/quotas/c09dfeae250a472a8201408ca72d1d5d HTTP/1.1" status: 200 len: 386 time: 0.0172093
2026-06-23 19:53:56.888 10 WARNING neutron.scheduler.dhcp_agent_scheduler [None req-e4a92a81-9063-4026-9e48-fcf4f5f666c1 100be27e382543af9d976d6eeebeb24c 485cb84c23dd43ecb94645b1d2c5eea5 - - - -] No more DHCP agents
2026-06-23 19:53:56.893 10 WARNING neutron.api.rpc.agentnotifiers.dhcp_rpc_agent_api [None req-e4a92a81-9063-4026-9e48-fcf4f5f666c1 100be27e382543af9d976d6eeebeb24c 485cb84c23dd43ecb94645b1d2c5eea5 - - - -] Unable to schedule network b098e440-b214-4fdc-8a28-143b96d6a6de: no agents available; will retry on subsequent port and subnet creation events.
2026-06-23 19:53:56.952 9 INFO neutron.db.ovn_revision_numbers_db [None req-c737a399-c984-4343-8676-e9d3ea332fcc 5d23929a18d74fe9a3352a75b245aecc 453c9fb63fbf436cb14a698f59aea67b - - default default] Successfully bumped revision number for resource 4dd7905c-0d44-4c68-ab2c-3809e54e62d8 (type: security_groups) to 1
2026-06-23 19:53:56.977 9 INFO neutron.wsgi [None req-c737a399-c984-4343-8676-e9d3ea332fcc 5d23929a18d74fe9a3352a75b245aecc 453c9fb63fbf436cb14a698f59aea67b - - default default] 10.0.0.52 "GET /v2.0/security-groups?tenant_id=82a32c883e954bf58745fd7cf272f219&name=default HTTP/1.1" status: 200 len: 2996 time: 0.3775239
2026-06-23 19:53:56.980 9 INFO neutron.wsgi [req-46cae659-c40d-4002-b6c5-656e765224c6 req-d0867d75-7a6b-44d2-ab54-0e697c55a64d 736993532fd040629ce2813b7ec96171 c09dfeae250a472a8201408ca72d1d5d - - default default] 10.0.0.84 "GET /v2.0/ports?tenant_id=c09dfeae250a472a8201408ca72d1d5d&fields=id HTTP/1.1" status: 200 len: 302 time: 0.1056061
2026-06-23 19:53:57.052 9 INFO neutron.wsgi [req-46cae659-c40d-4002-b6c5-656e765224c6 req-fa238749-45c4-435a-b8fe-05e61d189191 855be17139344c2bafa232e157bfed6b 7f691d76c1524012a51b466dcf28e673 - - 937bc54d18a543028d61db14cb5645ab 937bc54d18a543028d61db14cb5645ab] 10.0.0.84 "GET /v2.0/networks/d87031b7-8ede-45ed-ba57-ee68614fedb9?fields=segments HTTP/1.1" status: 200 len: 212 time: 0.0600145
2026-06-23 19:53:57.144 9 INFO neutron.wsgi [req-46cae659-c40d-4002-b6c5-656e765224c6 req-fb214ee2-2bfb-46c1-baf8-6825bda51e66 855be17139344c2bafa232e157bfed6b 7f691d76c1524012a51b466dcf28e673 - - 937bc54d18a543028d61db14cb5645ab 937bc54d18a543028d61db14cb5645ab] 10.0.0.84 "GET /v2.0/networks/d87031b7-8ede-45ed-ba57-ee68614fedb9?fields=provider%3Aphysical_network&fields=provider%3Anetwork_type HTTP/1.1" status: 200 len: 277 time: 0.0837460
2026-06-23 19:53:57.229 9 INFO neutron.wsgi [None req-fcc1a383-0fc1-4260-a6b8-7e68722b1f28 5d23929a18d74fe9a3352a75b245aecc 453c9fb63fbf436cb14a698f59aea67b - - - -] 10.0.0.52 "DELETE /v2.0/security-groups/4dd7905c-0d44-4c68-ab2c-3809e54e62d8 HTTP/1.1" status: 204 len: 168 time: 0.2470899
2026-06-23 19:53:57.333 10 INFO neutron.wsgi [None req-e5b66658-1ed0-4080-9119-766080bf2677 ff9f0868e2054a6f9f5432265c3f0ed4 4999d6e441014abfa28d30ba930cdae0 - - - -] 10.0.0.52 "PUT /v2.0/routers/41ba0cb7-4c9d-4396-90b6-0b9078a55c3c/remove_router_interface HTTP/1.1" status: 200 len: 503 time: 0.8651175
