2026-06-23 19:56:07.064 10 INFO neutron.wsgi [None req-e5de4290-e075-4c4d-a8ff-7a1c8d1249cc 2b262641a20541d8a2955b50d4f89848 1796e9db31db48bdb2a44bdfa471e024 - - - -] 10.0.0.52 "POST /v2.0/routers HTTP/1.1" status: 201 len: 654 time: 0.2883272
2026-06-23 19:56:07.131 10 INFO neutron.wsgi [None req-5e379d7f-4fb8-46d4-a9ca-02acdc51dadd 308b571eb2574e899ea1b54b7d7b526f 36319e3d701e466bbfc424ed00e18236 - - default default] 10.0.0.52 "GET /v2.0/floatingips HTTP/1.1" status: 200 len: 1041 time: 0.0765297
2026-06-23 19:56:07.141 9 INFO neutron.wsgi [None req-0cc3c9b9-a741-40c4-b1ea-3de0f4d56aec 5d23929a18d74fe9a3352a75b245aecc 453c9fb63fbf436cb14a698f59aea67b - - - -] 10.0.0.52 "DELETE /v2.0/security-groups/170097e9-095a-4758-8bfe-0effb1f33558 HTTP/1.1" status: 204 len: 168 time: 0.3184247
2026-06-23 19:56:07.282 9 INFO neutron.db.ovn_revision_numbers_db [None req-b95156ca-90af-42f2-8884-0f221a99ba9c 2b262641a20541d8a2955b50d4f89848 1796e9db31db48bdb2a44bdfa471e024 - - - -] Successfully bumped revision number for resource 95d4f071-b70c-4043-adda-b32eb57b4525 (type: routers) to 1
2026-06-23 19:56:07.299 9 INFO neutron.wsgi [None req-b95156ca-90af-42f2-8884-0f221a99ba9c 2b262641a20541d8a2955b50d4f89848 1796e9db31db48bdb2a44bdfa471e024 - - - -] 10.0.0.52 "POST /v2.0/routers HTTP/1.1" status: 201 len: 654 time: 0.2273412
2026-06-23 19:56:07.362 9 INFO neutron.wsgi [None req-251bb836-c5a0-45fb-a838-5a9f514cc732 2b262641a20541d8a2955b50d4f89848 1796e9db31db48bdb2a44bdfa471e024 - - - -] 10.0.0.52 "PUT /v2.0/routers/de90dadd-56b6-4883-8f8c-5db0ec896e36/tags HTTP/1.1" status: 200 len: 210 time: 0.0562129
2026-06-23 19:56:07.427 9 INFO neutron.wsgi [None req-03f52fea-d87d-45b2-b07c-1855c59eb404 2b262641a20541d8a2955b50d4f89848 1796e9db31db48bdb2a44bdfa471e024 - - - -] 10.0.0.52 "PUT /v2.0/routers/cc3ab147-d617-4958-a00e-41390ff10bf2/tags HTTP/1.1" status: 200 len: 218 time: 0.0577047
2026-06-23 19:56:07.429 10 INFO neutron.db.l3_db [None req-178124a0-19d9-4c70-80f2-b34bdd3a6007 308b571eb2574e899ea1b54b7d7b526f 36319e3d701e466bbfc424ed00e18236 - - - -] Floating IP 717e0193-289d-4e7e-93c1-9f12b8fe027e associated. External IP: 10.96.250.214, port: ffe48253-3052-4e35-8cbc-3991fea20072.
2026-06-23 19:56:07.498 9 INFO neutron.wsgi [None req-b5a39f99-71ba-4b21-880a-a8f08d1ae942 2b262641a20541d8a2955b50d4f89848 1796e9db31db48bdb2a44bdfa471e024 - - - -] 10.0.0.52 "PUT /v2.0/routers/d05d4572-b407-489f-b68a-ed2a14cf48cc/tags HTTP/1.1" status: 200 len: 227 time: 0.0648332
2026-06-23 19:56:07.970 9 INFO neutron.wsgi [None req-9b57acff-b66f-43c7-93bb-8214b1a80b85 2b262641a20541d8a2955b50d4f89848 1796e9db31db48bdb2a44bdfa471e024 - - - -] 10.0.0.52 "PUT /v2.0/routers/95d150d2-ef74-451d-ae2a-fd70e11dce9f/tags HTTP/1.1" status: 200 len: 212 time: 0.4650009
2026-06-23 19:56:08.086 10 INFO neutron.db.ovn_revision_numbers_db [None req-178124a0-19d9-4c70-80f2-b34bdd3a6007 308b571eb2574e899ea1b54b7d7b526f 36319e3d701e466bbfc424ed00e18236 - - - -] Successfully bumped revision number for resource 717e0193-289d-4e7e-93c1-9f12b8fe027e (type: floatingips) to 2
2026-06-23 19:56:08.087 9 INFO neutron.wsgi [None req-41f32e99-e1f9-4bf1-98a8-5d11e9a2a471 2b262641a20541d8a2955b50d4f89848 1796e9db31db48bdb2a44bdfa471e024 - - default default] 10.0.0.52 "GET /v2.0/routers?tags=red HTTP/1.1" status: 200 len: 1601 time: 0.1095803
2026-06-23 19:56:08.091 10 INFO neutron.db.ovn_revision_numbers_db [None req-e6b22a91-abdc-4e9e-98cb-9a7412a0bcc8 5d23929a18d74fe9a3352a75b245aecc 453c9fb63fbf436cb14a698f59aea67b - - default default] Successfully bumped revision number for resource 464f1a69-439f-4123-942e-9eaf45a360ca (type: security_groups) to 1 /var/lib/openstack/lib/python3.10/site-packages/pycadf/identifier.py:71: UserWarning: Invalid uuid: neutron. To ensure interoperability, identifiers should be a valid uuid. warnings.warn(('Invalid uuid: %s. To ensure interoperability, '
2026-06-23 19:56:08.138 10 INFO neutron.wsgi [None req-e6b22a91-abdc-4e9e-98cb-9a7412a0bcc8 5d23929a18d74fe9a3352a75b245aecc 453c9fb63fbf436cb14a698f59aea67b - - default default] 10.0.0.52 "GET /v2.0/security-groups?tenant_id=ee0cc7088cb7420ba591150bb2d00fc5&name=default HTTP/1.1" status: 200 len: 2996 time: 0.8721519
2026-06-23 19:56:08.189 10 INFO neutron.db.ovn_revision_numbers_db [None req-178124a0-19d9-4c70-80f2-b34bdd3a6007 308b571eb2574e899ea1b54b7d7b526f 36319e3d701e466bbfc424ed00e18236 - - - -] Successfully bumped revision number for resource 717e0193-289d-4e7e-93c1-9f12b8fe027e (type: floatingips) to 3
2026-06-23 19:56:08.219 9 INFO neutron.wsgi [None req-319d00b6-ed60-4c4e-833f-52134104ce30 2b262641a20541d8a2955b50d4f89848 1796e9db31db48bdb2a44bdfa471e024 - - default default] 10.0.0.52 "GET /v2.0/routers?tags=red%2Cblue HTTP/1.1" status: 200 len: 1144 time: 0.1255541
2026-06-23 19:56:08.234 10 INFO neutron.wsgi [None req-178124a0-19d9-4c70-80f2-b34bdd3a6007 308b571eb2574e899ea1b54b7d7b526f 36319e3d701e466bbfc424ed00e18236 - - - -] 10.0.0.52 "PUT /v2.0/floatingips/717e0193-289d-4e7e-93c1-9f12b8fe027e HTTP/1.1" status: 200 len: 1038 time: 1.0980136 /var/lib/openstack/lib/python3.10/site-packages/pycadf/identifier.py:71: UserWarning: Invalid uuid: neutron. To ensure interoperability, identifiers should be a valid uuid. warnings.warn(('Invalid uuid: %s. To ensure interoperability, '
2026-06-23 19:56:08.307 9 INFO neutron.wsgi [None req-cfb2f10f-5257-4e51-8411-40cc797583f6 2b262641a20541d8a2955b50d4f89848 1796e9db31db48bdb2a44bdfa471e024 - - default default] 10.0.0.52 "GET /v2.0/routers?tags-any=blue HTTP/1.1" status: 200 len: 1144 time: 0.0834036
2026-06-23 19:56:08.363 9 INFO neutron.wsgi [None req-ebc700c5-0ef1-45e0-b1d2-091cb1b20476 2b262641a20541d8a2955b50d4f89848 1796e9db31db48bdb2a44bdfa471e024 - - default default] 10.0.0.52 "GET /v2.0/routers?tags-any=red%2Cblue HTTP/1.1" status: 200 len: 1601 time: 0.0499482
2026-06-23 19:56:08.374 10 INFO neutron.db.l3_db [None req-430ddb6d-ffc7-4b8d-93a0-bf4d5b9212dc 308b571eb2574e899ea1b54b7d7b526f 36319e3d701e466bbfc424ed00e18236 - - - -] Floating IP 717e0193-289d-4e7e-93c1-9f12b8fe027e disassociated. External IP: 10.96.250.214, port: 7682d6e3-7387-4325-afc9-747631d0e078.
2026-06-23 19:56:08.391 10 INFO neutron.db.ovn_revision_numbers_db [None req-430ddb6d-ffc7-4b8d-93a0-bf4d5b9212dc 308b571eb2574e899ea1b54b7d7b526f 36319e3d701e466bbfc424ed00e18236 - - - -] Successfully bumped revision number for resource 717e0193-289d-4e7e-93c1-9f12b8fe027e (type: floatingips) to 4
2026-06-23 19:56:08.467 10 INFO neutron.wsgi [None req-430ddb6d-ffc7-4b8d-93a0-bf4d5b9212dc 308b571eb2574e899ea1b54b7d7b526f 36319e3d701e466bbfc424ed00e18236 - - - -] 10.0.0.52 "PUT /v2.0/floatingips/717e0193-289d-4e7e-93c1-9f12b8fe027e HTTP/1.1" status: 200 len: 748 time: 0.2271135
2026-06-23 19:56:08.479 9 INFO neutron.wsgi [None req-c1943db9-5709-4c86-8403-f755d5219db5 2b262641a20541d8a2955b50d4f89848 1796e9db31db48bdb2a44bdfa471e024 - - default default] 10.0.0.52 "GET /v2.0/routers?not-tags=red HTTP/1.1" status: 200 len: 1116 time: 0.1113298 /var/lib/openstack/lib/python3.10/site-packages/pycadf/identifier.py:71: UserWarning: Invalid uuid: neutron. To ensure interoperability, identifiers should be a valid uuid. warnings.warn(('Invalid uuid: %s. To ensure interoperability, '
2026-06-23 19:56:08.587 9 INFO neutron.wsgi [None req-dc70de20-c6e8-467a-883c-12e3e1ebbfe9 2b262641a20541d8a2955b50d4f89848 1796e9db31db48bdb2a44bdfa471e024 - - default default] 10.0.0.52 "GET /v2.0/routers?not-tags=red%2Cblue HTTP/1.1" status: 200 len: 1573 time: 0.0992198
2026-06-23 19:56:08.679 9 INFO neutron.wsgi [None req-d27b2608-836a-4a77-ae2c-4be31b74dbd3 5d23929a18d74fe9a3352a75b245aecc 453c9fb63fbf436cb14a698f59aea67b - - - -] 10.0.0.52 "DELETE /v2.0/security-groups/464f1a69-439f-4123-942e-9eaf45a360ca HTTP/1.1" status: 204 len: 168 time: 0.5365984
2026-06-23 19:56:08.684 9 INFO neutron.wsgi [None req-30e70088-169b-4f26-ae24-5202540e6d62 2b262641a20541d8a2955b50d4f89848 1796e9db31db48bdb2a44bdfa471e024 - - default default] 10.0.0.52 "GET /v2.0/routers?not-tags-any=blue HTTP/1.1" status: 200 len: 1573 time: 0.0900502
2026-06-23 19:56:08.759 9 INFO neutron.wsgi [None req-5907efc5-b9d9-491c-848e-95113bb06623 2b262641a20541d8a2955b50d4f89848 1796e9db31db48bdb2a44bdfa471e024 - - default default] 10.0.0.52 "GET /v2.0/routers?not-tags-any=red%2Cblue HTTP/1.1" status: 200 len: 1116 time: 0.0693555
2026-06-23 19:56:08.821 9 INFO neutron.wsgi [None req-cc8ba899-2450-411a-b9b1-79b5795316d5 2b262641a20541d8a2955b50d4f89848 1796e9db31db48bdb2a44bdfa471e024 - - default default] 10.0.0.52 "GET /v2.0/routers/de90dadd-56b6-4883-8f8c-5db0ec896e36 HTTP/1.1" status: 200 len: 660 time: 0.0537946
2026-06-23 19:56:08.972 9 INFO neutron.db.ovn_revision_numbers_db [None req-1d9bd2e1-7cac-4b71-bdce-1916cc070d2a 5d23929a18d74fe9a3352a75b245aecc 453c9fb63fbf436cb14a698f59aea67b - - default default] Successfully bumped revision number for resource 50036d2c-31cc-4a03-8eec-d789c83430b1 (type: security_groups) to 1
2026-06-23 19:56:08.994 9 INFO neutron.wsgi [None req-1d9bd2e1-7cac-4b71-bdce-1916cc070d2a 5d23929a18d74fe9a3352a75b245aecc 453c9fb63fbf436cb14a698f59aea67b - - default default] 10.0.0.52 "GET /v2.0/security-groups?tenant_id=70453f7206f542f7a894dc25ca5cdf39&name=default HTTP/1.1" status: 200 len: 2996 time: 0.1265256
2026-06-23 19:56:09.010 10 INFO neutron.wsgi [None req-dde96021-5ed6-446c-bfc5-13a1d2f81726 308b571eb2574e899ea1b54b7d7b526f 36319e3d701e466bbfc424ed00e18236 - - - -] 10.0.0.52 "DELETE /v2.0/floatingips/717e0193-289d-4e7e-93c1-9f12b8fe027e HTTP/1.1" status: 204 len: 168 time: 0.5368619
2026-06-23 19:56:09.041 9 INFO neutron.api.v2.resource [None req-a0785fad-1590-4412-af9c-3ea29b5e78bf 308b571eb2574e899ea1b54b7d7b526f 36319e3d701e466bbfc424ed00e18236 - - - -] delete failed (client error): The resource could not be found.
2026-06-23 19:56:09.042 9 INFO neutron.wsgi [None req-a0785fad-1590-4412-af9c-3ea29b5e78bf 308b571eb2574e899ea1b54b7d7b526f 36319e3d701e466bbfc424ed00e18236 - - - -] 10.0.0.52 "DELETE /v2.0/floatingips/717e0193-289d-4e7e-93c1-9f12b8fe027e HTTP/1.1" status: 404 len: 345 time: 0.0258212
2026-06-23 19:56:09.328 9 INFO neutron.wsgi [None req-ce12c18f-6e3a-44f4-a3c2-aaf0b5749247 5d23929a18d74fe9a3352a75b245aecc 453c9fb63fbf436cb14a698f59aea67b - - - -] 10.0.0.52 "DELETE /v2.0/security-groups/50036d2c-31cc-4a03-8eec-d789c83430b1 HTTP/1.1" status: 204 len: 168 time: 0.3303282
2026-06-23 19:56:09.355 10 INFO neutron.db.ovn_revision_numbers_db [None req-b5bbc4b0-e16f-4b47-a674-28c58374e1bc 2b262641a20541d8a2955b50d4f89848 1796e9db31db48bdb2a44bdfa471e024 - - - -] Successfully bumped revision number for resource de90dadd-56b6-4883-8f8c-5db0ec896e36 (type: routers) to 4
2026-06-23 19:56:09.359 10 INFO neutron.wsgi [None req-b5bbc4b0-e16f-4b47-a674-28c58374e1bc 2b262641a20541d8a2955b50d4f89848 1796e9db31db48bdb2a44bdfa471e024 - - - -] 10.0.0.52 "PUT /v2.0/routers/de90dadd-56b6-4883-8f8c-5db0ec896e36 HTTP/1.1" status: 200 len: 660 time: 0.5302250
2026-06-23 19:56:09.394 10 INFO neutron.wsgi [None req-dd574fc9-9f31-4c5b-aef3-5cca297ba1c1 2b262641a20541d8a2955b50d4f89848 1796e9db31db48bdb2a44bdfa471e024 - - default default] 10.0.0.52 "GET /v2.0/ports?device_id=de90dadd-56b6-4883-8f8c-5db0ec896e36 HTTP/1.1" status: 200 len: 205 time: 0.0279148
2026-06-23 19:56:09.487 9 INFO neutron.wsgi [None req-4674bbd6-eb44-4a9f-bc22-00000f0410ab 308b571eb2574e899ea1b54b7d7b526f 36319e3d701e466bbfc424ed00e18236 - - - -] 10.0.0.52 "DELETE /v2.0/ports/7682d6e3-7387-4325-afc9-747631d0e078 HTTP/1.1" status: 204 len: 168 time: 0.4354308
2026-06-23 19:56:09.720 9 INFO neutron.wsgi [-] 10.0.0.153 "GET / HTTP/1.1" status: 200 len: 247 time: 0.0018225
2026-06-23 19:56:09.722 9 INFO neutron.wsgi [-] 10.0.0.153 "GET / HTTP/1.1" status: 200 len: 247 time: 0.0012872
2026-06-23 19:56:09.771 10 INFO neutron.wsgi [None req-ce6867d0-d389-4ea1-8b17-a71ee34c351d 2b262641a20541d8a2955b50d4f89848 1796e9db31db48bdb2a44bdfa471e024 - - - -] 10.0.0.52 "DELETE /v2.0/routers/de90dadd-56b6-4883-8f8c-5db0ec896e36 HTTP/1.1" status: 204 len: 168 time: 0.3714912
2026-06-23 19:56:09.834 9 INFO neutron.wsgi [None req-a71c41b3-cb88-40bc-bfcc-e1879e168542 2b262641a20541d8a2955b50d4f89848 1796e9db31db48bdb2a44bdfa471e024 - - default default] 10.0.0.52 "GET /v2.0/routers/cc3ab147-d617-4958-a00e-41390ff10bf2 HTTP/1.1" status: 200 len: 668 time: 0.0573339
2026-06-23 19:56:10.054 10 INFO neutron.wsgi [None req-4590d6d8-57da-446e-9406-e739f7d1874e 308b571eb2574e899ea1b54b7d7b526f 36319e3d701e466bbfc424ed00e18236 - - - -] 10.0.0.52 "DELETE /v2.0/ports/ffe48253-3052-4e35-8cbc-3991fea20072 HTTP/1.1" status: 204 len: 168 time: 0.5605059
2026-06-23 19:56:10.140 10 INFO neutron.wsgi [None req-515706a9-5c23-486a-9a08-5f294499d87a 308b571eb2574e899ea1b54b7d7b526f 36319e3d701e466bbfc424ed00e18236 - - default default] 10.0.0.52 "GET /v2.0/ports?device_id=cf1e645a-29ac-4846-ae1f-dfa3123a8dce HTTP/1.1" status: 200 len: 1140 time: 0.0789340
2026-06-23 19:56:10.648 9 INFO neutron.db.ovn_revision_numbers_db [None req-9df061df-c4bf-4b65-9022-a03a64ce15c4 2b262641a20541d8a2955b50d4f89848 1796e9db31db48bdb2a44bdfa471e024 - - - -] Successfully bumped revision number for resource cc3ab147-d617-4958-a00e-41390ff10bf2 (type: routers) to 4
2026-06-23 19:56:10.653 9 INFO neutron.wsgi [None req-9df061df-c4bf-4b65-9022-a03a64ce15c4 2b262641a20541d8a2955b50d4f89848 1796e9db31db48bdb2a44bdfa471e024 - - - -] 10.0.0.52 "PUT /v2.0/routers/cc3ab147-d617-4958-a00e-41390ff10bf2 HTTP/1.1" status: 200 len: 668 time: 0.8118832
2026-06-23 19:56:10.685 9 INFO neutron.wsgi [None req-a4926995-1f46-4031-bc14-ce2eedb99ff2 2b262641a20541d8a2955b50d4f89848 1796e9db31db48bdb2a44bdfa471e024 - - default default] 10.0.0.52 "GET /v2.0/ports?device_id=cc3ab147-d617-4958-a00e-41390ff10bf2 HTTP/1.1" status: 200 len: 205 time: 0.0248919
2026-06-23 19:56:10.935 9 INFO neutron.wsgi [None req-bb9998fc-402b-46f8-8a7c-b980973e6b4d 2b262641a20541d8a2955b50d4f89848 1796e9db31db48bdb2a44bdfa471e024 - - - -] 10.0.0.52 "DELETE /v2.0/routers/cc3ab147-d617-4958-a00e-41390ff10bf2 HTTP/1.1" status: 204 len: 168 time: 0.2422242
2026-06-23 19:56:11.002 10 INFO neutron.wsgi [None req-14c21ebf-bd4b-4877-be89-ec64fc396a46 2b262641a20541d8a2955b50d4f89848 1796e9db31db48bdb2a44bdfa471e024 - - default default] 10.0.0.52 "GET /v2.0/routers/d05d4572-b407-489f-b68a-ed2a14cf48cc HTTP/1.1" status: 200 len: 677 time: 0.0597286
2026-06-23 19:56:11.433 10 INFO neutron.wsgi [None req-b0297479-0a76-4610-a0c7-0361ad3f11b9 308b571eb2574e899ea1b54b7d7b526f 36319e3d701e466bbfc424ed00e18236 - - - -] 10.0.0.52 "PUT /v2.0/routers/cf1e645a-29ac-4846-ae1f-dfa3123a8dce/remove_router_interface HTTP/1.1" status: 200 len: 503 time: 1.2878702 /var/lib/openstack/lib/python3.10/site-packages/pycadf/identifier.py:71: UserWarning: Invalid uuid: neutron. To ensure interoperability, identifiers should be a valid uuid. warnings.warn(('Invalid uuid: %s. To ensure interoperability, '
2026-06-23 19:56:11.533 9 INFO neutron.db.ovn_revision_numbers_db [None req-95553e29-f17b-4c9d-b15f-e602bdd87901 2b262641a20541d8a2955b50d4f89848 1796e9db31db48bdb2a44bdfa471e024 - - - -] Successfully bumped revision number for resource d05d4572-b407-489f-b68a-ed2a14cf48cc (type: routers) to 4
2026-06-23 19:56:11.537 9 INFO neutron.wsgi [None req-95553e29-f17b-4c9d-b15f-e602bdd87901 2b262641a20541d8a2955b50d4f89848 1796e9db31db48bdb2a44bdfa471e024 - - - -] 10.0.0.52 "PUT /v2.0/routers/d05d4572-b407-489f-b68a-ed2a14cf48cc HTTP/1.1" status: 200 len: 677 time: 0.5276105
2026-06-23 19:56:11.565 9 INFO neutron.wsgi [None req-be4cd30b-0ffb-4c4c-a6a7-9f5be8700a23 2b262641a20541d8a2955b50d4f89848 1796e9db31db48bdb2a44bdfa471e024 - - default default] 10.0.0.52 "GET /v2.0/ports?device_id=d05d4572-b407-489f-b68a-ed2a14cf48cc HTTP/1.1" status: 200 len: 205 time: 0.0232029
2026-06-23 19:56:11.624 10 INFO neutron.wsgi [None req-a6fadfec-cd34-4334-a66e-7e93d78dea24 fa36bb8721c84ef385972d41f3575afb e7b0ffa46c5a43d48dc39a8398c7c31f - - - -] 10.0.0.52 "POST /v2.0/qos/policies HTTP/1.1" status: 201 len: 558 time: 0.3217125
2026-06-23 19:56:11.689 10 INFO neutron.wsgi [None req-f0cfa5f1-8d1c-4f08-9b9f-a47385559122 fa36bb8721c84ef385972d41f3575afb e7b0ffa46c5a43d48dc39a8398c7c31f - - - -] 10.0.0.52 "POST /v2.0/qos/policies HTTP/1.1" status: 201 len: 558 time: 0.0507050
2026-06-23 19:56:11.846 9 INFO neutron.wsgi [None req-4c7b352d-a077-4ecc-9658-9203471714b5 fa36bb8721c84ef385972d41f3575afb e7b0ffa46c5a43d48dc39a8398c7c31f - - - -] 10.0.0.52 "POST /v2.0/qos/policies HTTP/1.1" status: 201 len: 558 time: 0.1528652
2026-06-23 19:56:11.852 9 INFO neutron.wsgi [None req-898ce102-96fa-48fd-974a-49ad913eb06c 2b262641a20541d8a2955b50d4f89848 1796e9db31db48bdb2a44bdfa471e024 - - - -] 10.0.0.52 "DELETE /v2.0/routers/d05d4572-b407-489f-b68a-ed2a14cf48cc HTTP/1.1" status: 204 len: 168 time: 0.2801256
2026-06-23 19:56:11.907 9 INFO neutron.wsgi [None req-39186205-c0d5-4c6a-a20b-1bdd428c56b8 2b262641a20541d8a2955b50d4f89848 1796e9db31db48bdb2a44bdfa471e024 - - default default] 10.0.0.52 "GET /v2.0/routers/95d150d2-ef74-451d-ae2a-fd70e11dce9f HTTP/1.1" status: 200 len: 662 time: 0.0489500
2026-06-23 19:56:11.979 10 INFO neutron.wsgi [None req-8fd5d1f3-9126-4cb7-803d-bfefa81c1600 fa36bb8721c84ef385972d41f3575afb e7b0ffa46c5a43d48dc39a8398c7c31f - - - -] 10.0.0.52 "POST /v2.0/qos/policies HTTP/1.1" status: 201 len: 558 time: 0.1153891
2026-06-23 19:56:12.033 9 INFO neutron.wsgi [None req-d3a002b2-a843-4307-99e3-8897929cea67 fa36bb8721c84ef385972d41f3575afb e7b0ffa46c5a43d48dc39a8398c7c31f - - - -] 10.0.0.52 "POST /v2.0/qos/policies HTTP/1.1" status: 201 len: 558 time: 0.0471709
2026-06-23 19:56:12.085 9 INFO neutron.wsgi [None req-3c53baf3-7765-4f97-a8dd-cc0c6de577cf fa36bb8721c84ef385972d41f3575afb e7b0ffa46c5a43d48dc39a8398c7c31f - - - -] 10.0.0.52 "PUT /v2.0/policies/7bf15a05-1541-40cc-820c-b2e73df9a489/tags HTTP/1.1" status: 200 len: 210 time: 0.0242670
2026-06-23 19:56:12.127 9 INFO neutron.wsgi [None req-2254d32f-faf9-403b-b675-d768579efc13 fa36bb8721c84ef385972d41f3575afb e7b0ffa46c5a43d48dc39a8398c7c31f - - - -] 10.0.0.52 "PUT /v2.0/policies/c466c220-51a6-4e06-8965-327f561ff1d4/tags HTTP/1.1" status: 200 len: 218 time: 0.0360584
2026-06-23 19:56:12.190 9 INFO neutron.wsgi [None req-2fda6794-d7d6-490b-9575-6c81e17bd88a fa36bb8721c84ef385972d41f3575afb e7b0ffa46c5a43d48dc39a8398c7c31f - - - -] 10.0.0.52 "PUT /v2.0/policies/3c4648ca-32d9-4de3-9eb0-614df83f7365/tags HTTP/1.1" status: 200 len: 227 time: 0.0333176
2026-06-23 19:56:12.218 9 INFO neutron.wsgi [None req-02621c0c-7685-448b-b57b-628e53677ad0 fa36bb8721c84ef385972d41f3575afb e7b0ffa46c5a43d48dc39a8398c7c31f - - - -] 10.0.0.52 "PUT /v2.0/policies/d77ab492-7b61-4bba-b310-5b4e8cacfef3/tags HTTP/1.1" status: 200 len: 212 time: 0.0232136
2026-06-23 19:56:12.685 10 INFO neutron.wsgi [None req-f7f84c75-d653-49d0-9000-83f7ea863438 308b571eb2574e899ea1b54b7d7b526f 36319e3d701e466bbfc424ed00e18236 - - - -] 10.0.0.52 "DELETE /v2.0/routers/cf1e645a-29ac-4846-ae1f-dfa3123a8dce HTTP/1.1" status: 204 len: 168 time: 1.2457595
2026-06-23 19:56:12.803 10 INFO neutron.db.ovn_revision_numbers_db [None req-b932f925-6900-4cf1-80e3-ae77d440aa29 2b262641a20541d8a2955b50d4f89848 1796e9db31db48bdb2a44bdfa471e024 - - - -] Successfully bumped revision number for resource 95d150d2-ef74-451d-ae2a-fd70e11dce9f (type: routers) to 4
2026-06-23 19:56:12.807 10 INFO neutron.wsgi [None req-b932f925-6900-4cf1-80e3-ae77d440aa29 2b262641a20541d8a2955b50d4f89848 1796e9db31db48bdb2a44bdfa471e024 - - - -] 10.0.0.52 "PUT /v2.0/routers/95d150d2-ef74-451d-ae2a-fd70e11dce9f HTTP/1.1" status: 200 len: 662 time: 0.8918271
2026-06-23 19:56:12.831 10 INFO neutron.wsgi [None req-1c0dfd86-4446-4585-8c4f-9de841c6faaa 2b262641a20541d8a2955b50d4f89848 1796e9db31db48bdb2a44bdfa471e024 - - default default] 10.0.0.52 "GET /v2.0/ports?device_id=95d150d2-ef74-451d-ae2a-fd70e11dce9f HTTP/1.1" status: 200 len: 205 time: 0.0200737
2026-06-23 19:56:12.862 9 INFO neutron.wsgi [None req-f6936f14-00f6-4380-a0b6-af926947a33f 93773a96907a48fe8c2f3305424ca1f5 a124766f43f343f8a6ffafcc5482dcbf - - default default] 10.0.0.52 "GET /v2.0/qos/policies?tags=red HTTP/1.1" status: 200 len: 1296 time: 0.2523060
2026-06-23 19:56:12.922 9 INFO neutron.wsgi [None req-87ca4ad6-7dd6-4220-8b6a-0048721a9eda 308b571eb2574e899ea1b54b7d7b526f 36319e3d701e466bbfc424ed00e18236 - - - -] 10.0.0.52 "DELETE /v2.0/subnets/992a781a-53e2-493d-a05e-8348736d6de4 HTTP/1.1" status: 204 len: 168 time: 0.2307658
2026-06-23 19:56:13.014 9 INFO neutron.wsgi [None req-ff42e0aa-2210-416e-8e68-b843f95b9688 93773a96907a48fe8c2f3305424ca1f5 a124766f43f343f8a6ffafcc5482dcbf - - default default] 10.0.0.52 "GET /v2.0/qos/policies?tags=red%2Cblue HTTP/1.1" status: 200 len: 941 time: 0.1463161
2026-06-23 19:56:13.089 10 INFO neutron.wsgi [None req-1e82f95b-2f77-44e1-8527-0e0f5bdaaada 2b262641a20541d8a2955b50d4f89848 1796e9db31db48bdb2a44bdfa471e024 - - - -] 10.0.0.52 "DELETE /v2.0/routers/95d150d2-ef74-451d-ae2a-fd70e11dce9f HTTP/1.1" status: 204 len: 168 time: 0.2534432
2026-06-23 19:56:13.104 9 INFO neutron.db.ovn_revision_numbers_db [None req-08b877b0-7e25-4af9-8f98-05ce2d80f574 597a1370c18649ecaea6a1b1c9d5543c d93a964246b1453d9144f3e359d2ab1a - - - -] Successfully bumped revision number for resource 59389ffe-8818-4aed-a1a0-a263e9f2ba4e (type: security_groups) to 1
2026-06-23 19:56:13.168 10 INFO neutron.wsgi [None req-2494f41e-d1be-4e5b-8fd8-49499856fde2 2b262641a20541d8a2955b50d4f89848 1796e9db31db48bdb2a44bdfa471e024 - - default default] 10.0.0.52 "GET /v2.0/routers/95d4f071-b70c-4043-adda-b32eb57b4525 HTTP/1.1" status: 200 len: 655 time: 0.0714931
2026-06-23 19:56:13.187 9 INFO neutron.wsgi [None req-8e4112b7-8ef8-493f-ba0c-637652693e9f 93773a96907a48fe8c2f3305424ca1f5 a124766f43f343f8a6ffafcc5482dcbf - - default default] 10.0.0.52 "GET /v2.0/qos/policies?tags-any=blue HTTP/1.1" status: 200 len: 941 time: 0.1670563
2026-06-23 19:56:13.230 9 INFO neutron.db.ovn_revision_numbers_db [None req-08b877b0-7e25-4af9-8f98-05ce2d80f574 597a1370c18649ecaea6a1b1c9d5543c d93a964246b1453d9144f3e359d2ab1a - - - -] Successfully bumped revision number for resource cf823f66-a342-4b92-91d2-062d744801b4 (type: security_groups) to 1
2026-06-23 19:56:13.542 9 INFO neutron.wsgi [None req-08b877b0-7e25-4af9-8f98-05ce2d80f574 597a1370c18649ecaea6a1b1c9d5543c d93a964246b1453d9144f3e359d2ab1a - - - -] 10.0.0.52 "POST /v2.0/security-groups HTTP/1.1" status: 201 len: 1737 time: 0.7146428
2026-06-23 19:56:13.593 9 INFO neutron.wsgi [None req-807a481e-263f-45ef-87e4-88dc86c1bed8 597a1370c18649ecaea6a1b1c9d5543c d93a964246b1453d9144f3e359d2ab1a - - - -] 10.0.0.52 "PUT /v2.0/security-groups/cf823f66-a342-4b92-91d2-062d744801b4/tags HTTP/1.1" status: 200 len: 218 time: 0.0426762
2026-06-23 19:56:13.629 9 INFO neutron.wsgi [None req-8db19f65-a7a3-4102-973d-1edddfea6355 597a1370c18649ecaea6a1b1c9d5543c d93a964246b1453d9144f3e359d2ab1a - - default default] 10.0.0.52 "GET /v2.0/security-groups/cf823f66-a342-4b92-91d2-062d744801b4/tags HTTP/1.1" status: 200 len: 218 time: 0.0278790
2026-06-23 19:56:13.664 9 INFO neutron.wsgi [None req-e9c20b9a-8983-478c-a20d-617e189d957e 93773a96907a48fe8c2f3305424ca1f5 a124766f43f343f8a6ffafcc5482dcbf - - default default] 10.0.0.52 "GET /v2.0/qos/policies?tags-any=red%2Cblue HTTP/1.1" status: 200 len: 1296 time: 0.4694319
2026-06-23 19:56:13.691 10 INFO neutron.wsgi [None req-65a0e542-cb4e-4732-aaca-de25e401bd17 597a1370c18649ecaea6a1b1c9d5543c d93a964246b1453d9144f3e359d2ab1a - - - -] 10.0.0.52 "PUT /v2.0/security-groups/cf823f66-a342-4b92-91d2-062d744801b4/tags/green HTTP/1.1" status: 201 len: 201 time: 0.0563338
2026-06-23 19:56:13.720 10 INFO neutron.db.ovn_revision_numbers_db [None req-a4b0e377-3fd8-4dad-95d1-ed724dee1787 2b262641a20541d8a2955b50d4f89848 1796e9db31db48bdb2a44bdfa471e024 - - - -] Successfully bumped revision number for resource 95d4f071-b70c-4043-adda-b32eb57b4525 (type: routers) to 3
2026-06-23 19:56:13.721 9 INFO neutron.wsgi [None req-5249a22e-114d-4160-8479-d57fbdc38bbc 597a1370c18649ecaea6a1b1c9d5543c d93a964246b1453d9144f3e359d2ab1a - - default default] 10.0.0.52 "GET /v2.0/security-groups/cf823f66-a342-4b92-91d2-062d744801b4/tags HTTP/1.1" status: 200 len: 227 time: 0.0232377
2026-06-23 19:56:13.726 10 INFO neutron.wsgi [None req-a4b0e377-3fd8-4dad-95d1-ed724dee1787 2b262641a20541d8a2955b50d4f89848 1796e9db31db48bdb2a44bdfa471e024 - - - -] 10.0.0.52 "PUT /v2.0/routers/95d4f071-b70c-4043-adda-b32eb57b4525 HTTP/1.1" status: 200 len: 655 time: 0.5537162
2026-06-23 19:56:13.757 9 INFO neutron.services.segments.plugin [-] Segment 6bc597a7-c7c6-4f8e-b4de-4a12490ef371 resource provider aggregate not found
2026-06-23 19:56:13.766 10 INFO neutron.wsgi [None req-59e81c44-09b6-4438-b223-19d4dd47fb22 597a1370c18649ecaea6a1b1c9d5543c d93a964246b1453d9144f3e359d2ab1a - - - -] 10.0.0.52 "PUT /v2.0/security-groups/cf823f66-a342-4b92-91d2-062d744801b4/tags/red HTTP/1.1" status: 201 len: 201 time: 0.0358014
2026-06-23 19:56:13.770 10 INFO neutron.wsgi [None req-0972e672-b69e-4ec9-b6b9-c80bc8aa8286 2b262641a20541d8a2955b50d4f89848 1796e9db31db48bdb2a44bdfa471e024 - - default default] 10.0.0.52 "GET /v2.0/ports?device_id=95d4f071-b70c-4043-adda-b32eb57b4525 HTTP/1.1" status: 200 len: 205 time: 0.0320325
2026-06-23 19:56:13.777 9 INFO neutron.services.segments.plugin [-] Segment 6bc597a7-c7c6-4f8e-b4de-4a12490ef371 resource provider aggregate not found
2026-06-23 19:56:13.783 9 INFO neutron.services.segments.plugin [-] Segment 6bc597a7-c7c6-4f8e-b4de-4a12490ef371 resource provider not found; error: Placement Client Error (4xx): {"errors": [{"status": 404, "title": "Not Found", "detail": "The resource could not be found.\n\n No resource provider with uuid 6bc597a7-c7c6-4f8e-b4de-4a12490ef371 found for delete ", "request_id": "req-dd45b1ed-0b2e-4a82-a35d-baed60f11467"}]}
2026-06-23 19:56:13.793 9 INFO neutron.services.segments.plugin [-] Segment 6bc597a7-c7c6-4f8e-b4de-4a12490ef371 resource provider not found; error: Placement Client Error (4xx): {"errors": [{"status": 404, "title": "Not Found", "detail": "The resource could not be found.\n\n No resource provider with uuid 6bc597a7-c7c6-4f8e-b4de-4a12490ef371 found for delete ", "request_id": "req-c292d24d-bd81-4bd1-921d-04f170adb541"}]}
2026-06-23 19:56:13.808 10 INFO neutron.wsgi [None req-2a2fa671-a7cf-4be2-8c7e-011abd1b9d20 597a1370c18649ecaea6a1b1c9d5543c d93a964246b1453d9144f3e359d2ab1a - - default default] 10.0.0.52 "GET /v2.0/security-groups/cf823f66-a342-4b92-91d2-062d744801b4/tags HTTP/1.1" status: 200 len: 227 time: 0.0368469
2026-06-23 19:56:13.821 9 INFO neutron.wsgi [None req-40d2fe2d-45d9-4b26-a8ac-91ae27379115 93773a96907a48fe8c2f3305424ca1f5 a124766f43f343f8a6ffafcc5482dcbf - - default default] 10.0.0.52 "GET /v2.0/qos/policies?not-tags=red HTTP/1.1" status: 200 len: 913 time: 0.1511233
2026-06-23 19:56:13.828 9 INFO neutron.wsgi [None req-a5c9ef8b-c8b4-43a0-a490-4bd7be049d24 308b571eb2574e899ea1b54b7d7b526f 36319e3d701e466bbfc424ed00e18236 - - - -] 10.0.0.52 "DELETE /v2.0/networks/0e5a9948-3d71-4310-8e44-43754e4e825e HTTP/1.1" status: 204 len: 168 time: 0.8995717
2026-06-23 19:56:13.901 10 INFO neutron.wsgi [None req-fc0c702e-d9cf-4d45-a62a-45200c5a9769 597a1370c18649ecaea6a1b1c9d5543c d93a964246b1453d9144f3e359d2ab1a - - - -] 10.0.0.52 "PUT /v2.0/security-groups/cf823f66-a342-4b92-91d2-062d744801b4/tags/black.or.white HTTP/1.1" status: 201 len: 201 time: 0.0780742
2026-06-23 19:56:13.925 9 INFO neutron.wsgi [None req-3495ed49-aded-41a4-8a6f-81307331887a 93773a96907a48fe8c2f3305424ca1f5 a124766f43f343f8a6ffafcc5482dcbf - - default default] 10.0.0.52 "GET /v2.0/qos/policies?not-tags=red%2Cblue HTTP/1.1" status: 200 len: 1268 time: 0.0953290
2026-06-23 19:56:13.934 10 INFO neutron.wsgi [None req-c775e3ce-4d57-4587-9b65-2b7684c7bb40 597a1370c18649ecaea6a1b1c9d5543c d93a964246b1453d9144f3e359d2ab1a - - default default] 10.0.0.52 "GET /v2.0/security-groups/cf823f66-a342-4b92-91d2-062d744801b4/tags HTTP/1.1" status: 200 len: 245 time: 0.0286810
2026-06-23 19:56:13.974 9 INFO neutron.wsgi [None req-8fc3d3f4-7cc3-49ec-b8e9-d2f75c1b10c5 597a1370c18649ecaea6a1b1c9d5543c d93a964246b1453d9144f3e359d2ab1a - - - -] 10.0.0.52 "PUT /v2.0/security-groups/cf823f66-a342-4b92-91d2-062d744801b4/tags HTTP/1.1" status: 200 len: 230 time: 0.0331059
2026-06-23 19:56:13.992 9 INFO neutron.wsgi [None req-13b72a5a-edbd-4843-9436-09d40e1fb8fa 597a1370c18649ecaea6a1b1c9d5543c d93a964246b1453d9144f3e359d2ab1a - - default default] 10.0.0.52 "GET /v2.0/security-groups/cf823f66-a342-4b92-91d2-062d744801b4/tags HTTP/1.1" status: 200 len: 230 time: 0.0135045
2026-06-23 19:56:14.018 9 INFO neutron.wsgi [None req-c7d0d58d-5881-4fab-aea9-a3e7c5d2e97b 597a1370c18649ecaea6a1b1c9d5543c d93a964246b1453d9144f3e359d2ab1a - - default default] 10.0.0.52 "GET /v2.0/security-groups/cf823f66-a342-4b92-91d2-062d744801b4/tags/red HTTP/1.1" status: 204 len: 168 time: 0.0144062
2026-06-23 19:56:14.040 9 INFO neutron.api.v2.resource [None req-773ec324-01e0-4453-a055-b1d5a644cd22 597a1370c18649ecaea6a1b1c9d5543c d93a964246b1453d9144f3e359d2ab1a - - default default] show failed (client error): The resource could not be found.
2026-06-23 19:56:14.041 9 INFO neutron.wsgi [None req-773ec324-01e0-4453-a055-b1d5a644cd22 597a1370c18649ecaea6a1b1c9d5543c d93a964246b1453d9144f3e359d2ab1a - - default default] 10.0.0.52 "GET /v2.0/security-groups/cf823f66-a342-4b92-91d2-062d744801b4/tags/green HTTP/1.1" status: 404 len: 299 time: 0.0151157
2026-06-23 19:56:14.067 10 INFO neutron.wsgi [None req-1631edfc-0b20-48a9-9d71-e34debfe4758 2b262641a20541d8a2955b50d4f89848 1796e9db31db48bdb2a44bdfa471e024 - - - -] 10.0.0.52 "DELETE /v2.0/routers/95d4f071-b70c-4043-adda-b32eb57b4525 HTTP/1.1" status: 204 len: 168 time: 0.2898479
2026-06-23 19:56:14.073 9 INFO neutron.wsgi [None req-83388e50-1f9c-4b39-9023-973dec3cf859 597a1370c18649ecaea6a1b1c9d5543c d93a964246b1453d9144f3e359d2ab1a - - - -] 10.0.0.52 "DELETE /v2.0/security-groups/cf823f66-a342-4b92-91d2-062d744801b4/tags/red HTTP/1.1" status: 204 len: 168 time: 0.0264626
2026-06-23 19:56:14.086 10 INFO neutron.wsgi [None req-8abfb542-a1a7-4c94-b385-91076fe76215 93773a96907a48fe8c2f3305424ca1f5 a124766f43f343f8a6ffafcc5482dcbf - - default default] 10.0.0.52 "GET /v2.0/qos/policies?not-tags-any=blue HTTP/1.1" status: 200 len: 1268 time: 0.1539173
2026-06-23 19:56:14.095 9 INFO neutron.wsgi [None req-05d4c138-74de-429a-bb56-b5de36e8be86 597a1370c18649ecaea6a1b1c9d5543c d93a964246b1453d9144f3e359d2ab1a - - default default] 10.0.0.52 "GET /v2.0/security-groups/cf823f66-a342-4b92-91d2-062d744801b4/tags HTTP/1.1" status: 200 len: 223 time: 0.0178099
2026-06-23 19:56:14.115 9 INFO neutron.api.v2.resource [None req-51edc1d4-948f-40df-a7e3-041bbc695c8e 597a1370c18649ecaea6a1b1c9d5543c d93a964246b1453d9144f3e359d2ab1a - - - -] delete failed (client error): The resource could not be found.
2026-06-23 19:56:14.116 9 INFO neutron.wsgi [None req-51edc1d4-948f-40df-a7e3-041bbc695c8e 597a1370c18649ecaea6a1b1c9d5543c d93a964246b1453d9144f3e359d2ab1a - - - -] 10.0.0.52 "DELETE /v2.0/security-groups/cf823f66-a342-4b92-91d2-062d744801b4/tags/green HTTP/1.1" status: 404 len: 299 time: 0.0153010
2026-06-23 19:56:14.147 9 INFO neutron.wsgi [None req-bbea06ab-e458-42c2-adf5-9eae4eb539b0 597a1370c18649ecaea6a1b1c9d5543c d93a964246b1453d9144f3e359d2ab1a - - - -] 10.0.0.52 "DELETE /v2.0/security-groups/cf823f66-a342-4b92-91d2-062d744801b4/tags HTTP/1.1" status: 204 len: 168 time: 0.0256648
2026-06-23 19:56:14.148 10 INFO neutron.wsgi [None req-ab2022fc-1e49-4add-9590-fb4aa8d05599 93773a96907a48fe8c2f3305424ca1f5 a124766f43f343f8a6ffafcc5482dcbf - - default default] 10.0.0.52 "GET /v2.0/qos/policies?not-tags-any=red%2Cblue HTTP/1.1" status: 200 len: 913 time: 0.0584910
2026-06-23 19:56:14.180 9 INFO neutron.wsgi [None req-2a5c8824-5b9c-4204-b62e-a62c695d65ce 597a1370c18649ecaea6a1b1c9d5543c d93a964246b1453d9144f3e359d2ab1a - - default default] 10.0.0.52 "GET /v2.0/security-groups/cf823f66-a342-4b92-91d2-062d744801b4/tags HTTP/1.1" status: 200 len: 205 time: 0.0208449
2026-06-23 19:56:14.214 10 INFO neutron.wsgi [None req-4a2349fa-ab17-422b-bd38-c6c96c165cea fa36bb8721c84ef385972d41f3575afb e7b0ffa46c5a43d48dc39a8398c7c31f - - - -] 10.0.0.52 "DELETE /v2.0/qos/policies/7bf15a05-1541-40cc-820c-b2e73df9a489 HTTP/1.1" status: 204 len: 168 time: 0.0605614
2026-06-23 19:56:14.272 10 INFO neutron.wsgi [None req-20315f88-7193-4381-8378-4c25022dd33a fa36bb8721c84ef385972d41f3575afb e7b0ffa46c5a43d48dc39a8398c7c31f - - - -] 10.0.0.52 "DELETE /v2.0/qos/policies/c466c220-51a6-4e06-8965-327f561ff1d4 HTTP/1.1" status: 204 len: 168 time: 0.0530789
2026-06-23 19:56:14.310 9 INFO neutron.wsgi [None req-2f833170-ce6a-42c8-b68e-2f2585defc31 597a1370c18649ecaea6a1b1c9d5543c d93a964246b1453d9144f3e359d2ab1a - - - -] 10.0.0.52 "DELETE /v2.0/security-groups/cf823f66-a342-4b92-91d2-062d744801b4 HTTP/1.1" status: 204 len: 168 time: 0.1242402
2026-06-23 19:56:14.342 10 INFO neutron.wsgi [None req-bc77ab39-f6bb-43c6-ae8a-9026f808d138 fa36bb8721c84ef385972d41f3575afb e7b0ffa46c5a43d48dc39a8398c7c31f - - - -] 10.0.0.52 "DELETE /v2.0/qos/policies/3c4648ca-32d9-4de3-9eb0-614df83f7365 HTTP/1.1" status: 204 len: 168 time: 0.0639784
2026-06-23 19:56:14.401 10 INFO neutron.wsgi [None req-a1b2b32a-c931-43d8-afd3-e1cdf52def69 fa36bb8721c84ef385972d41f3575afb e7b0ffa46c5a43d48dc39a8398c7c31f - - - -] 10.0.0.52 "DELETE /v2.0/qos/policies/d77ab492-7b61-4bba-b310-5b4e8cacfef3 HTTP/1.1" status: 204 len: 168 time: 0.0519452
2026-06-23 19:56:14.458 10 INFO neutron.wsgi [None req-ad41712b-28dc-4756-8c84-94077a4c6b8b fa36bb8721c84ef385972d41f3575afb e7b0ffa46c5a43d48dc39a8398c7c31f - - - -] 10.0.0.52 "DELETE /v2.0/qos/policies/234b6076-55b2-4f62-b3e4-a610b4b15b90 HTTP/1.1" status: 204 len: 168 time: 0.0533240
2026-06-23 19:56:14.524 9 INFO neutron.wsgi [None req-fc5665ae-f20a-4143-9dbf-954dcad0d226 5d23929a18d74fe9a3352a75b245aecc 453c9fb63fbf436cb14a698f59aea67b - - default default] 10.0.0.52 "GET /v2.0/security-groups?tenant_id=36319e3d701e466bbfc424ed00e18236&name=default HTTP/1.1" status: 200 len: 2996 time: 0.2044096
2026-06-23 19:56:14.747 9 INFO neutron.wsgi [None req-bc09ad2c-e294-484b-89a4-92bbbfb88747 5d23929a18d74fe9a3352a75b245aecc 453c9fb63fbf436cb14a698f59aea67b - - - -] 10.0.0.52 "DELETE /v2.0/security-groups/cbf77c0c-b0d1-4259-9a53-48b9e0f18b13 HTTP/1.1" status: 204 len: 168 time: 0.2187092
2026-06-23 19:56:15.181 10 INFO neutron.db.ovn_revision_numbers_db [None req-f293b54f-769a-4733-9d38-73882c32eaa5 5d23929a18d74fe9a3352a75b245aecc 453c9fb63fbf436cb14a698f59aea67b - - default default] Successfully bumped revision number for resource d0638904-261f-480e-a283-ee81d55bfb7f (type: security_groups) to 1
2026-06-23 19:56:15.211 10 INFO neutron.wsgi [None req-f293b54f-769a-4733-9d38-73882c32eaa5 5d23929a18d74fe9a3352a75b245aecc 453c9fb63fbf436cb14a698f59aea67b - - default default] 10.0.0.52 "GET /v2.0/security-groups?tenant_id=1796e9db31db48bdb2a44bdfa471e024&name=default HTTP/1.1" status: 200 len: 2996 time: 0.3741417
2026-06-23 19:56:15.586 10 INFO neutron.db.ovn_revision_numbers_db [None req-90d18c4c-c5df-44af-8c48-85467897418d 5d23929a18d74fe9a3352a75b245aecc 453c9fb63fbf436cb14a698f59aea67b - - default default] Successfully bumped revision number for resource 2abbaf54-63f7-4941-8f03-9946d63720c1 (type: security_groups) to 1
2026-06-23 19:56:15.609 9 INFO neutron.db.ovn_revision_numbers_db [None req-5581a73a-b6d2-45e1-891c-a2433651c742 5d23929a18d74fe9a3352a75b245aecc 453c9fb63fbf436cb14a698f59aea67b - - default default] Successfully bumped revision number for resource 1cb54bff-b538-41fa-8e83-d1400a30fd57 (type: security_groups) to 1
2026-06-23 19:56:15.621 10 INFO neutron.wsgi [None req-90d18c4c-c5df-44af-8c48-85467897418d 5d23929a18d74fe9a3352a75b245aecc 453c9fb63fbf436cb14a698f59aea67b - - default default] 10.0.0.52 "GET /v2.0/security-groups?tenant_id=02ef067ca1314643a4d0eeff65235732&name=default HTTP/1.1" status: 200 len: 2996 time: 0.5839329
2026-06-23 19:56:15.645 9 INFO neutron.wsgi [None req-5581a73a-b6d2-45e1-891c-a2433651c742 5d23929a18d74fe9a3352a75b245aecc 453c9fb63fbf436cb14a698f59aea67b - - default default] 10.0.0.52 "GET /v2.0/security-groups?tenant_id=34c3165a277f4bd0adcb9d5fd79c4ad4&name=default HTTP/1.1" status: 200 len: 2996 time: 0.2377055
2026-06-23 19:56:15.718 10 INFO neutron.wsgi [None req-13b141f1-6fe8-4245-875f-e80413895e2b 5d23929a18d74fe9a3352a75b245aecc 453c9fb63fbf436cb14a698f59aea67b - - - -] 10.0.0.52 "DELETE /v2.0/security-groups/d0638904-261f-480e-a283-ee81d55bfb7f HTTP/1.1" status: 204 len: 168 time: 0.4989767
2026-06-23 19:56:15.858 10 INFO neutron.wsgi [None req-b3aa02e9-58fe-4b3e-8d85-0282eed042d8 5d23929a18d74fe9a3352a75b245aecc 453c9fb63fbf436cb14a698f59aea67b - - - -] 10.0.0.52 "DELETE /v2.0/security-groups/2abbaf54-63f7-4941-8f03-9946d63720c1 HTTP/1.1" status: 204 len: 168 time: 0.2260599
2026-06-23 19:56:15.895 9 INFO neutron.wsgi [None req-de7a9363-2b71-464b-9f2c-f2bdfb9fab2d 5d23929a18d74fe9a3352a75b245aecc 453c9fb63fbf436cb14a698f59aea67b - - - -] 10.0.0.52 "DELETE /v2.0/security-groups/1cb54bff-b538-41fa-8e83-d1400a30fd57 HTTP/1.1" status: 204 len: 168 time: 0.2432942
2026-06-23 19:56:15.994 9 INFO neutron.db.ovn_revision_numbers_db [None req-e30e3fad-c92f-4c44-8d47-d278540a763d 5d23929a18d74fe9a3352a75b245aecc 453c9fb63fbf436cb14a698f59aea67b - - default default] Successfully bumped revision number for resource e7c7e196-b92f-478a-b864-8ee0b2e297c8 (type: security_groups) to 1
2026-06-23 19:56:16.025 9 INFO neutron.wsgi [None req-e30e3fad-c92f-4c44-8d47-d278540a763d 5d23929a18d74fe9a3352a75b245aecc 453c9fb63fbf436cb14a698f59aea67b - - default default] 10.0.0.52 "GET /v2.0/security-groups?tenant_id=d0cadedeba5b4cb9956de1258986c101&name=default HTTP/1.1" status: 200 len: 2996 time: 0.1250672
2026-06-23 19:56:16.063 10 INFO neutron.wsgi [None req-a8108140-b668-41e0-84d1-05e5af418c4f 5d23929a18d74fe9a3352a75b245aecc 453c9fb63fbf436cb14a698f59aea67b - - default default] 10.0.0.52 "GET /v2.0/security-groups?tenant_id=d93a964246b1453d9144f3e359d2ab1a&name=default HTTP/1.1" status: 200 len: 2996 time: 0.0410035
2026-06-23 19:56:16.202 9 INFO neutron.db.ovn_revision_numbers_db [None req-55be18aa-8e84-441e-b924-b22283a77e7d 5d23929a18d74fe9a3352a75b245aecc 453c9fb63fbf436cb14a698f59aea67b - - default default] Successfully bumped revision number for resource b9302dff-c98b-4adb-8790-2b4ef5ded36f (type: security_groups) to 1
2026-06-23 19:56:16.231 9 INFO neutron.wsgi [None req-55be18aa-8e84-441e-b924-b22283a77e7d 5d23929a18d74fe9a3352a75b245aecc 453c9fb63fbf436cb14a698f59aea67b - - default default] 10.0.0.52 "GET /v2.0/security-groups?tenant_id=a124766f43f343f8a6ffafcc5482dcbf&name=default HTTP/1.1" status: 200 len: 2996 time: 0.1425080
2026-06-23 19:56:16.253 10 INFO neutron.wsgi [None req-49aa2b53-9f71-4601-87d9-b23d6e417066 5d23929a18d74fe9a3352a75b245aecc 453c9fb63fbf436cb14a698f59aea67b - - - -] 10.0.0.52 "DELETE /v2.0/security-groups/e7c7e196-b92f-478a-b864-8ee0b2e297c8 HTTP/1.1" status: 204 len: 168 time: 0.2229984
2026-06-23 19:56:16.281 10 INFO neutron.wsgi [None req-9778aef6-dda7-45d8-8626-53afb0aca0fd 5d23929a18d74fe9a3352a75b245aecc 453c9fb63fbf436cb14a698f59aea67b - - - -] 10.0.0.52 "DELETE /v2.0/security-groups/59389ffe-8818-4aed-a1a0-a263e9f2ba4e HTTP/1.1" status: 204 len: 168 time: 0.2131658
2026-06-23 19:56:16.433 9 INFO neutron.wsgi [None req-ced2cacc-47f5-4862-bfc1-5400d50c6d21 5d23929a18d74fe9a3352a75b245aecc 453c9fb63fbf436cb14a698f59aea67b - - - -] 10.0.0.52 "DELETE /v2.0/security-groups/b9302dff-c98b-4adb-8790-2b4ef5ded36f HTTP/1.1" status: 204 len: 168 time: 0.1967456
2026-06-23 19:56:16.502 9 INFO neutron.db.ovn_revision_numbers_db [None req-8d550e2e-0a78-491f-aebd-ff14d0f41b5f 5d23929a18d74fe9a3352a75b245aecc 453c9fb63fbf436cb14a698f59aea67b - - default default] Successfully bumped revision number for resource 43bfe90a-c6a6-4964-ba25-b2c48e314b62 (type: security_groups) to 1
2026-06-23 19:56:16.525 9 INFO neutron.wsgi [None req-8d550e2e-0a78-491f-aebd-ff14d0f41b5f 5d23929a18d74fe9a3352a75b245aecc 453c9fb63fbf436cb14a698f59aea67b - - default default] 10.0.0.52 "GET /v2.0/security-groups?tenant_id=a2789356c92e49a68bdaa2b0460e2c2c&name=default HTTP/1.1" status: 200 len: 2996 time: 0.1277654
2026-06-23 19:56:16.728 9 INFO neutron.wsgi [None req-76e4d32c-19cc-4163-9704-fef2113e7afd 5d23929a18d74fe9a3352a75b245aecc 453c9fb63fbf436cb14a698f59aea67b - - - -] 10.0.0.52 "DELETE /v2.0/security-groups/43bfe90a-c6a6-4964-ba25-b2c48e314b62 HTTP/1.1" status: 204 len: 168 time: 0.1976156
2026-06-23 19:56:16.796 9 INFO neutron.db.ovn_revision_numbers_db [None req-460e9dd7-5f82-4d57-a98f-fcccd5b220cf 5d23929a18d74fe9a3352a75b245aecc 453c9fb63fbf436cb14a698f59aea67b - - default default] Successfully bumped revision number for resource fbfa4bdf-5a5e-4d52-aa47-8e45fa99b6f9 (type: security_groups) to 1
2026-06-23 19:56:16.819 9 INFO neutron.wsgi [None req-460e9dd7-5f82-4d57-a98f-fcccd5b220cf 5d23929a18d74fe9a3352a75b245aecc 453c9fb63fbf436cb14a698f59aea67b - - default default] 10.0.0.52 "GET /v2.0/security-groups?tenant_id=e7b0ffa46c5a43d48dc39a8398c7c31f&name=default HTTP/1.1" status: 200 len: 2996 time: 0.1480751
2026-06-23 19:56:16.993 9 INFO neutron.wsgi [None req-20019d8c-f877-4d95-9f6c-59a040cda660 5d23929a18d74fe9a3352a75b245aecc 453c9fb63fbf436cb14a698f59aea67b - - - -] 10.0.0.52 "DELETE /v2.0/security-groups/fbfa4bdf-5a5e-4d52-aa47-8e45fa99b6f9 HTTP/1.1" status: 204 len: 168 time: 0.1698318
2026-06-23 19:56:17.222 10 INFO neutron.db.ovn_revision_numbers_db [None req-7a557dd6-ba40-4f95-b12e-5b0a1ab9ee3d 6287c80e5bc446b0a993fb512fff3db3 0ec761af7f494446905306480a19cfed - - - -] Successfully bumped revision number for resource 241ff808-b229-4892-b2b1-361a60e18680 (type: security_groups) to 1
2026-06-23 19:56:17.292 10 INFO neutron.db.segments_db [None req-7a557dd6-ba40-4f95-b12e-5b0a1ab9ee3d 6287c80e5bc446b0a993fb512fff3db3 0ec761af7f494446905306480a19cfed - - - -] Added segment cf24b643-d356-4409-b7f5-197487a0b79d of type geneve for network d0175ac2-797d-4ca6-a969-462764989f53
2026-06-23 19:56:17.423 10 INFO neutron.db.segments_db [None req-7a557dd6-ba40-4f95-b12e-5b0a1ab9ee3d 6287c80e5bc446b0a993fb512fff3db3 0ec761af7f494446905306480a19cfed - - - -] Added segment afee6c20-5b80-486c-a44d-176042db198d of type geneve for network 018820bb-96c2-4b20-92ba-66d6d2051603
2026-06-23 19:56:17.538 10 INFO neutron.db.ovn_revision_numbers_db [None req-7a557dd6-ba40-4f95-b12e-5b0a1ab9ee3d 6287c80e5bc446b0a993fb512fff3db3 0ec761af7f494446905306480a19cfed - - - -] Successfully bumped revision number for resource d0175ac2-797d-4ca6-a969-462764989f53 (type: networks) to 1
2026-06-23 19:56:17.783 10 WARNING neutron.scheduler.dhcp_agent_scheduler [None req-7a557dd6-ba40-4f95-b12e-5b0a1ab9ee3d 6287c80e5bc446b0a993fb512fff3db3 0ec761af7f494446905306480a19cfed - - - -] No more DHCP agents
2026-06-23 19:56:17.787 10 WARNING neutron.api.rpc.agentnotifiers.dhcp_rpc_agent_api [None req-7a557dd6-ba40-4f95-b12e-5b0a1ab9ee3d 6287c80e5bc446b0a993fb512fff3db3 0ec761af7f494446905306480a19cfed - - - -] Unable to schedule network d0175ac2-797d-4ca6-a969-462764989f53: no agents available; will retry on subsequent port and subnet creation events.
2026-06-23 19:56:17.868 10 INFO neutron.db.ovn_revision_numbers_db [None req-7a557dd6-ba40-4f95-b12e-5b0a1ab9ee3d 6287c80e5bc446b0a993fb512fff3db3 0ec761af7f494446905306480a19cfed - - - -] Successfully bumped revision number for resource dd4d3dbc-8f78-4f40-87dc-e5063f59bb98 (type: ports) to 1
2026-06-23 19:56:17.961 10 INFO neutron.db.ovn_revision_numbers_db [None req-7a557dd6-ba40-4f95-b12e-5b0a1ab9ee3d 6287c80e5bc446b0a993fb512fff3db3 0ec761af7f494446905306480a19cfed - - - -] Successfully bumped revision number for resource 018820bb-96c2-4b20-92ba-66d6d2051603 (type: networks) to 1
2026-06-23 19:56:18.177 10 WARNING neutron.scheduler.dhcp_agent_scheduler [None req-7a557dd6-ba40-4f95-b12e-5b0a1ab9ee3d 6287c80e5bc446b0a993fb512fff3db3 0ec761af7f494446905306480a19cfed - - - -] No more DHCP agents
2026-06-23 19:56:18.179 10 WARNING neutron.api.rpc.agentnotifiers.dhcp_rpc_agent_api [None req-7a557dd6-ba40-4f95-b12e-5b0a1ab9ee3d 6287c80e5bc446b0a993fb512fff3db3 0ec761af7f494446905306480a19cfed - - - -] Unable to schedule network 018820bb-96c2-4b20-92ba-66d6d2051603: no agents available; will retry on subsequent port and subnet creation events.
2026-06-23 19:56:18.239 10 INFO neutron.db.ovn_revision_numbers_db [None req-7a557dd6-ba40-4f95-b12e-5b0a1ab9ee3d 6287c80e5bc446b0a993fb512fff3db3 0ec761af7f494446905306480a19cfed - - - -] Successfully bumped revision number for resource 51e0f479-af23-45ad-b674-576ca5f71112 (type: ports) to 1
2026-06-23 19:56:18.265 10 INFO neutron.wsgi [None req-7a557dd6-ba40-4f95-b12e-5b0a1ab9ee3d 6287c80e5bc446b0a993fb512fff3db3 0ec761af7f494446905306480a19cfed - - - -] 10.0.0.52 "POST /v2.0/networks HTTP/1.1" status: 201 len: 1446 time: 1.5152638
2026-06-23 19:56:18.384 10 INFO neutron.wsgi [None req-f12d886a-a409-4b3d-a9b1-7bef4395dd16 6287c80e5bc446b0a993fb512fff3db3 0ec761af7f494446905306480a19cfed - - default default] 10.0.0.52 "GET /v2.0/networks HTTP/1.1" status: 200 len: 2052 time: 0.1151171
2026-06-23 19:56:18.744 10 INFO neutron.services.segments.plugin [-] Segment cf24b643-d356-4409-b7f5-197487a0b79d resource provider aggregate not found
2026-06-23 19:56:18.755 10 INFO neutron.services.segments.plugin [-] Segment cf24b643-d356-4409-b7f5-197487a0b79d resource provider aggregate not found
2026-06-23 19:56:18.778 10 INFO neutron.services.segments.plugin [-] Segment cf24b643-d356-4409-b7f5-197487a0b79d resource provider not found; error: Placement Client Error (4xx): {"errors": [{"status": 404, "title": "Not Found", "detail": "The resource could not be found.\n\n No resource provider with uuid cf24b643-d356-4409-b7f5-197487a0b79d found for delete ", "request_id": "req-3774a338-66b7-47f4-8369-d1220f65bdc2"}]}
2026-06-23 19:56:18.779 10 INFO neutron.services.segments.plugin [-] Segment cf24b643-d356-4409-b7f5-197487a0b79d resource provider not found; error: Placement Client Error (4xx): {"errors": [{"status": 404, "title": "Not Found", "detail": "The resource could not be found.\n\n No resource provider with uuid cf24b643-d356-4409-b7f5-197487a0b79d found for delete ", "request_id": "req-1c161ae3-de64-480a-9ff1-722a01cb5225"}]}
2026-06-23 19:56:18.825 10 INFO neutron.wsgi [None req-a132e9d0-3319-4021-ab23-d298f806aa8a 6287c80e5bc446b0a993fb512fff3db3 0ec761af7f494446905306480a19cfed - - - -] 10.0.0.52 "DELETE /v2.0/networks/d0175ac2-797d-4ca6-a969-462764989f53 HTTP/1.1" status: 204 len: 168 time: 0.4365754
2026-06-23 19:56:19.223 9 INFO neutron.services.segments.plugin [-] Segment afee6c20-5b80-486c-a44d-176042db198d resource provider aggregate not found
2026-06-23 19:56:19.230 9 INFO neutron.services.segments.plugin [-] Segment afee6c20-5b80-486c-a44d-176042db198d resource provider aggregate not found
2026-06-23 19:56:19.246 9 INFO neutron.services.segments.plugin [-] Segment afee6c20-5b80-486c-a44d-176042db198d resource provider not found; error: Placement Client Error (4xx): {"errors": [{"status": 404, "title": "Not Found", "detail": "The resource could not be found.\n\n No resource provider with uuid afee6c20-5b80-486c-a44d-176042db198d found for delete ", "request_id": "req-7443ee26-6e34-4102-ac9f-c383d778ff8f"}]}
2026-06-23 19:56:19.247 9 INFO neutron.services.segments.plugin [-] Segment afee6c20-5b80-486c-a44d-176042db198d resource provider not found; error: Placement Client Error (4xx): {"errors": [{"status": 404, "title": "Not Found", "detail": "The resource could not be found.\n\n No resource provider with uuid afee6c20-5b80-486c-a44d-176042db198d found for delete ", "request_id": "req-35056507-cd86-4280-86d7-f7b1e5ad4ec6"}]}
2026-06-23 19:56:19.273 9 INFO neutron.wsgi [None req-5494d734-115c-421b-9283-9bb73b6eb6a0 6287c80e5bc446b0a993fb512fff3db3 0ec761af7f494446905306480a19cfed - - - -] 10.0.0.52 "DELETE /v2.0/networks/018820bb-96c2-4b20-92ba-66d6d2051603 HTTP/1.1" status: 204 len: 168 time: 0.4424314
2026-06-23 19:56:19.375 10 INFO neutron.wsgi [None req-c41190b6-8abd-4641-9cb7-15f938d6e73e 6287c80e5bc446b0a993fb512fff3db3 0ec761af7f494446905306480a19cfed - - default default] 10.0.0.52 "GET /v2.0/networks HTTP/1.1" status: 200 len: 845 time: 0.0965240
2026-06-23 19:56:19.465 10 INFO neutron.db.segments_db [None req-233aa871-bd83-4117-9244-dd2e7c4064e9 6287c80e5bc446b0a993fb512fff3db3 0ec761af7f494446905306480a19cfed - - - -] Added segment 838604d5-702a-4efa-bde4-e281c1643b38 of type geneve for network b3d5ac18-6164-4801-9775-3ab227ef8dab
2026-06-23 19:56:19.656 10 INFO neutron.db.ovn_revision_numbers_db [None req-233aa871-bd83-4117-9244-dd2e7c4064e9 6287c80e5bc446b0a993fb512fff3db3 0ec761af7f494446905306480a19cfed - - - -] Successfully bumped revision number for resource b3d5ac18-6164-4801-9775-3ab227ef8dab (type: networks) to 1
2026-06-23 19:56:19.903 10 WARNING neutron.scheduler.dhcp_agent_scheduler [None req-233aa871-bd83-4117-9244-dd2e7c4064e9 6287c80e5bc446b0a993fb512fff3db3 0ec761af7f494446905306480a19cfed - - - -] No more DHCP agents
2026-06-23 19:56:19.906 10 WARNING neutron.api.rpc.agentnotifiers.dhcp_rpc_agent_api [None req-233aa871-bd83-4117-9244-dd2e7c4064e9 6287c80e5bc446b0a993fb512fff3db3 0ec761af7f494446905306480a19cfed - - - -] Unable to schedule network b3d5ac18-6164-4801-9775-3ab227ef8dab: no agents available; will retry on subsequent port and subnet creation events.
2026-06-23 19:56:19.985 10 INFO neutron.db.ovn_revision_numbers_db [None req-233aa871-bd83-4117-9244-dd2e7c4064e9 6287c80e5bc446b0a993fb512fff3db3 0ec761af7f494446905306480a19cfed - - - -] Successfully bumped revision number for resource 5719ad91-24aa-445f-89cc-c9b4eabdf0cd (type: ports) to 1
