2026-06-23 19:55:56.912 9 INFO neutron.db.ovn_revision_numbers_db [None req-f80ea85f-c6d5-4897-9a51-db838013d161 1c51fc3975b84498bde09d1afbc628cc 7cdc002b02bd47c4b763930c88033b1c - - - -] Successfully bumped revision number for resource 23925cb7-c75b-4161-827f-bf744c1e699a (type: floatingips) to 0
2026-06-23 19:55:56.959 9 INFO neutron.wsgi [None req-f80ea85f-c6d5-4897-9a51-db838013d161 1c51fc3975b84498bde09d1afbc628cc 7cdc002b02bd47c4b763930c88033b1c - - - -] 10.0.0.52 "POST /v2.0/floatingips HTTP/1.1" status: 201 len: 751 time: 1.3513680
2026-06-23 19:55:57.020 9 WARNING neutron.scheduler.dhcp_agent_scheduler [None req-8428ac19-fbc4-42e1-83e9-353dbe33e9bf 308b571eb2574e899ea1b54b7d7b526f 36319e3d701e466bbfc424ed00e18236 - - - -] No more DHCP agents
2026-06-23 19:55:57.028 9 WARNING neutron.api.rpc.agentnotifiers.dhcp_rpc_agent_api [None req-8428ac19-fbc4-42e1-83e9-353dbe33e9bf 308b571eb2574e899ea1b54b7d7b526f 36319e3d701e466bbfc424ed00e18236 - - - -] Unable to schedule network 0e5a9948-3d71-4310-8e44-43754e4e825e: no agents available; will retry on subsequent port and subnet creation events.
2026-06-23 19:55:57.049 9 INFO neutron.db.ovn_revision_numbers_db [None req-8428ac19-fbc4-42e1-83e9-353dbe33e9bf 308b571eb2574e899ea1b54b7d7b526f 36319e3d701e466bbfc424ed00e18236 - - - -] Successfully bumped revision number for resource 992a781a-53e2-493d-a05e-8348736d6de4 (type: subnets) to 0
2026-06-23 19:55:57.089 9 INFO neutron.services.segments.plugin [-] Segment a4529e72-25fa-40c3-9e77-e4a369407e3b resource provider aggregate not found
2026-06-23 19:55:57.095 9 INFO neutron.services.segments.plugin [-] Segment a4529e72-25fa-40c3-9e77-e4a369407e3b resource provider aggregate not found
2026-06-23 19:55:57.127 9 INFO neutron.services.segments.plugin [-] Segment a4529e72-25fa-40c3-9e77-e4a369407e3b resource provider not found; error: Placement Client Error (4xx): {"errors": [{"status": 404, "title": "Not Found", "detail": "The resource could not be found.\n\n No resource provider with uuid a4529e72-25fa-40c3-9e77-e4a369407e3b found for delete ", "request_id": "req-5a729549-5bde-44c8-93ed-bf7df04fc285"}]}
2026-06-23 19:55:57.128 9 INFO neutron.services.segments.plugin [-] Segment a4529e72-25fa-40c3-9e77-e4a369407e3b resource provider not found; error: Placement Client Error (4xx): {"errors": [{"status": 404, "title": "Not Found", "detail": "The resource could not be found.\n\n No resource provider with uuid a4529e72-25fa-40c3-9e77-e4a369407e3b found for delete ", "request_id": "req-e276031d-52e4-4d2f-9543-41e3329958d0"}]}
2026-06-23 19:55:57.133 9 INFO neutron.wsgi [None req-8428ac19-fbc4-42e1-83e9-353dbe33e9bf 308b571eb2574e899ea1b54b7d7b526f 36319e3d701e466bbfc424ed00e18236 - - - -] 10.0.0.52 "POST /v2.0/subnets HTTP/1.1" status: 201 len: 802 time: 0.8188875
2026-06-23 19:55:57.194 9 INFO neutron.wsgi [None req-d22b79a8-10d0-46bb-9c8f-6ac823f08f37 56cc8eaf14ac4c7e8fde69412be08053 ebc6d5a77f584618aad6f9a86e5a38a2 - - - -] 10.0.0.52 "DELETE /v2.0/networks/e61f7f15-7597-4a4c-a97b-9bb9ac3f626e HTTP/1.1" status: 204 len: 168 time: 1.0510983
2026-06-23 19:55:57.288 10 INFO neutron.wsgi [None req-1b23a677-ac3d-4540-a404-d525869dc7b8 1deec726fceb4fd7a8161180b88788fc 1882c2d2739a43f4a5d9bca39035fe95 - - - -] 10.0.0.52 "DELETE /v2.0/networks/f3e8bff6-d076-4892-ad45-c88df95d1907 HTTP/1.1" status: 204 len: 168 time: 0.3806639
2026-06-23 19:55:57.499 9 WARNING neutron.scheduler.dhcp_agent_scheduler [None req-81f98e78-020d-4ddf-aec5-515befc48303 1c51fc3975b84498bde09d1afbc628cc 7cdc002b02bd47c4b763930c88033b1c - - - -] No more DHCP agents
2026-06-23 19:55:57.517 9 WARNING neutron.api.rpc.agentnotifiers.dhcp_rpc_agent_api [None req-81f98e78-020d-4ddf-aec5-515befc48303 1c51fc3975b84498bde09d1afbc628cc 7cdc002b02bd47c4b763930c88033b1c - - - -] Unable to schedule network e1a6e66b-46a0-46ba-a1c3-11be58f8f68e: no agents available; will retry on subsequent port and subnet creation events.
2026-06-23 19:55:57.712 10 INFO neutron.wsgi [None req-ce12e2e3-af5c-49f7-8c02-adbc679be907 1deec726fceb4fd7a8161180b88788fc 1882c2d2739a43f4a5d9bca39035fe95 - - - -] 10.0.0.52 "DELETE /v2.0/networks/9e8f83ce-20e7-4c52-90fc-627e0b45ef0d HTTP/1.1" status: 204 len: 168 time: 0.4164946
2026-06-23 19:55:57.890 9 WARNING neutron.scheduler.dhcp_agent_scheduler [None req-79d6b7c7-844c-477a-9634-861fecbb4a99 308b571eb2574e899ea1b54b7d7b526f 36319e3d701e466bbfc424ed00e18236 - - - -] No more DHCP agents
2026-06-23 19:55:57.891 9 WARNING neutron.api.rpc.agentnotifiers.dhcp_rpc_agent_api [None req-79d6b7c7-844c-477a-9634-861fecbb4a99 308b571eb2574e899ea1b54b7d7b526f 36319e3d701e466bbfc424ed00e18236 - - - -] Unable to schedule network e1a6e66b-46a0-46ba-a1c3-11be58f8f68e: no agents available; will retry on subsequent port and subnet creation events.
2026-06-23 19:55:58.023 9 INFO neutron.db.ovn_revision_numbers_db [None req-81f98e78-020d-4ddf-aec5-515befc48303 1c51fc3975b84498bde09d1afbc628cc 7cdc002b02bd47c4b763930c88033b1c - - - -] Successfully bumped revision number for resource e1df507a-5fa9-4d39-8c33-e5b7e1296204 (type: floatingips) to 0
2026-06-23 19:55:58.039 10 INFO neutron.services.segments.plugin [-] Segment a672f0d3-fbcd-4299-9b53-fa193625a779 resource provider aggregate not found
2026-06-23 19:55:58.049 10 INFO neutron.services.segments.plugin [-] Segment a672f0d3-fbcd-4299-9b53-fa193625a779 resource provider aggregate not found
2026-06-23 19:55:58.057 10 INFO neutron.services.segments.plugin [-] Segment a672f0d3-fbcd-4299-9b53-fa193625a779 resource provider not found; error: Placement Client Error (4xx): {"errors": [{"status": 404, "title": "Not Found", "detail": "The resource could not be found.\n\n No resource provider with uuid a672f0d3-fbcd-4299-9b53-fa193625a779 found for delete ", "request_id": "req-c43e7714-f3e6-47d0-971e-f106ba5cc3d1"}]}
2026-06-23 19:55:58.067 9 INFO neutron.wsgi [None req-81f98e78-020d-4ddf-aec5-515befc48303 1c51fc3975b84498bde09d1afbc628cc 7cdc002b02bd47c4b763930c88033b1c - - - -] 10.0.0.52 "POST /v2.0/floatingips HTTP/1.1" status: 201 len: 751 time: 1.1036894
2026-06-23 19:55:58.070 10 INFO neutron.services.segments.plugin [-] Segment a672f0d3-fbcd-4299-9b53-fa193625a779 resource provider not found; error: Placement Client Error (4xx): {"errors": [{"status": 404, "title": "Not Found", "detail": "The resource could not be found.\n\n No resource provider with uuid a672f0d3-fbcd-4299-9b53-fa193625a779 found for delete ", "request_id": "req-49b8c6b3-fae0-4e89-8a2c-a0828e66a3b5"}]}
2026-06-23 19:55:58.083 10 INFO neutron.services.segments.plugin [-] Segment 75cf797a-a97b-476c-8801-900e0cb7e36e resource provider aggregate not found
2026-06-23 19:55:58.090 10 INFO neutron.services.segments.plugin [-] Segment 75cf797a-a97b-476c-8801-900e0cb7e36e resource provider aggregate not found
2026-06-23 19:55:58.111 10 INFO neutron.services.segments.plugin [-] Segment 75cf797a-a97b-476c-8801-900e0cb7e36e resource provider not found; error: Placement Client Error (4xx): {"errors": [{"status": 404, "title": "Not Found", "detail": "The resource could not be found.\n\n No resource provider with uuid 75cf797a-a97b-476c-8801-900e0cb7e36e found for delete ", "request_id": "req-cb3d06b9-1e13-4d12-b471-49b180fc5dca"}]}
2026-06-23 19:55:58.115 9 INFO neutron.db.ovn_revision_numbers_db [None req-79d6b7c7-844c-477a-9634-861fecbb4a99 308b571eb2574e899ea1b54b7d7b526f 36319e3d701e466bbfc424ed00e18236 - - - -] Successfully bumped revision number for resource 748d649c-195e-4fbe-a488-206ac02ebd88 (type: ports) to 1
2026-06-23 19:55:58.117 10 INFO neutron.services.segments.plugin [-] Segment 75cf797a-a97b-476c-8801-900e0cb7e36e resource provider not found; error: Placement Client Error (4xx): {"errors": [{"status": 404, "title": "Not Found", "detail": "The resource could not be found.\n\n No resource provider with uuid 75cf797a-a97b-476c-8801-900e0cb7e36e found for delete ", "request_id": "req-8841fac9-f542-486a-be8d-5ecbe7370819"}]}
2026-06-23 19:55:58.136 10 INFO neutron.services.segments.plugin [-] Segment 7e0445d8-bcc3-4364-b62b-df3a31d84f6f resource provider aggregate not found
2026-06-23 19:55:58.141 10 INFO neutron.services.segments.plugin [-] Segment 7e0445d8-bcc3-4364-b62b-df3a31d84f6f resource provider aggregate not found
2026-06-23 19:55:58.157 10 INFO neutron.services.segments.plugin [-] Segment 7e0445d8-bcc3-4364-b62b-df3a31d84f6f resource provider not found; error: Placement Client Error (4xx): {"errors": [{"status": 404, "title": "Not Found", "detail": "The resource could not be found.\n\n No resource provider with uuid 7e0445d8-bcc3-4364-b62b-df3a31d84f6f found for delete ", "request_id": "req-9fb5bfba-ed33-4b86-bc98-2ab9018a82e7"}]}
2026-06-23 19:55:58.164 10 INFO neutron.services.segments.plugin [-] Segment 7e0445d8-bcc3-4364-b62b-df3a31d84f6f resource provider not found; error: Placement Client Error (4xx): {"errors": [{"status": 404, "title": "Not Found", "detail": "The resource could not be found.\n\n No resource provider with uuid 7e0445d8-bcc3-4364-b62b-df3a31d84f6f found for delete ", "request_id": "req-51478ab5-7295-4ed9-87d6-2827613233f7"}]}
2026-06-23 19:55:58.178 10 INFO neutron.services.segments.plugin [-] Segment b14a0ad0-8204-497a-9330-6da7ff660960 resource provider aggregate not found
2026-06-23 19:55:58.185 10 INFO neutron.services.segments.plugin [-] Segment b14a0ad0-8204-497a-9330-6da7ff660960 resource provider aggregate not found
2026-06-23 19:55:58.202 10 INFO neutron.services.segments.plugin [-] Segment b14a0ad0-8204-497a-9330-6da7ff660960 resource provider not found; error: Placement Client Error (4xx): {"errors": [{"status": 404, "title": "Not Found", "detail": "The resource could not be found.\n\n No resource provider with uuid b14a0ad0-8204-497a-9330-6da7ff660960 found for delete ", "request_id": "req-a8b081b3-1307-4df1-9125-c16fd07ce0ad"}]}
2026-06-23 19:55:58.210 10 INFO neutron.services.segments.plugin [-] Segment b14a0ad0-8204-497a-9330-6da7ff660960 resource provider not found; error: Placement Client Error (4xx): {"errors": [{"status": 404, "title": "Not Found", "detail": "The resource could not be found.\n\n No resource provider with uuid b14a0ad0-8204-497a-9330-6da7ff660960 found for delete ", "request_id": "req-72ebd517-9be1-4851-8a01-f950b7bddc4a"}]}
2026-06-23 19:55:58.226 10 INFO neutron.services.segments.plugin [-] Segment 470bd55a-d3ac-4d47-817d-715510390f3e resource provider aggregate not found
2026-06-23 19:55:58.233 10 INFO neutron.services.segments.plugin [-] Segment 470bd55a-d3ac-4d47-817d-715510390f3e resource provider aggregate not found
2026-06-23 19:55:58.247 10 INFO neutron.services.segments.plugin [-] Segment 470bd55a-d3ac-4d47-817d-715510390f3e resource provider not found; error: Placement Client Error (4xx): {"errors": [{"status": 404, "title": "Not Found", "detail": "The resource could not be found.\n\n No resource provider with uuid 470bd55a-d3ac-4d47-817d-715510390f3e found for delete ", "request_id": "req-76e02dc6-bb90-4fd4-ade9-e897a45f9ccf"}]}
2026-06-23 19:55:58.256 10 INFO neutron.services.segments.plugin [-] Segment 470bd55a-d3ac-4d47-817d-715510390f3e resource provider not found; error: Placement Client Error (4xx): {"errors": [{"status": 404, "title": "Not Found", "detail": "The resource could not be found.\n\n No resource provider with uuid 470bd55a-d3ac-4d47-817d-715510390f3e found for delete ", "request_id": "req-e59c3169-0369-494b-a960-8d503e21bb18"}]}
2026-06-23 19:55:58.272 10 INFO neutron.services.segments.plugin [-] Segment 25045f84-4f45-4e07-9255-173762da0589 resource provider aggregate not found
2026-06-23 19:55:58.281 10 INFO neutron.services.segments.plugin [-] Segment 25045f84-4f45-4e07-9255-173762da0589 resource provider aggregate not found
2026-06-23 19:55:58.288 10 INFO neutron.services.segments.plugin [-] Segment 25045f84-4f45-4e07-9255-173762da0589 resource provider not found; error: Placement Client Error (4xx): {"errors": [{"status": 404, "title": "Not Found", "detail": "The resource could not be found.\n\n No resource provider with uuid 25045f84-4f45-4e07-9255-173762da0589 found for delete ", "request_id": "req-75c5ded9-a424-4c82-8e2e-8236a7babf5d"}]}
2026-06-23 19:55:58.300 10 INFO neutron.services.segments.plugin [-] Segment 25045f84-4f45-4e07-9255-173762da0589 resource provider not found; error: Placement Client Error (4xx): {"errors": [{"status": 404, "title": "Not Found", "detail": "The resource could not be found.\n\n No resource provider with uuid 25045f84-4f45-4e07-9255-173762da0589 found for delete ", "request_id": "req-35a1e347-5b77-4d3e-9b27-9b259776f51d"}]}
2026-06-23 19:55:58.372 10 INFO neutron.db.ovn_revision_numbers_db [None req-047d94e7-1aec-44a0-88f1-7d9bb18913d5 5d23929a18d74fe9a3352a75b245aecc 453c9fb63fbf436cb14a698f59aea67b - - default default] Successfully bumped revision number for resource 490d87ff-f909-482b-9345-d66ebfbcb379 (type: security_groups) to 1
2026-06-23 19:55:58.395 10 INFO neutron.wsgi [None req-047d94e7-1aec-44a0-88f1-7d9bb18913d5 5d23929a18d74fe9a3352a75b245aecc 453c9fb63fbf436cb14a698f59aea67b - - default default] 10.0.0.52 "GET /v2.0/security-groups?tenant_id=3287e3a0d0d84e7f8f23d67d7557aea7&name=default HTTP/1.1" status: 200 len: 2996 time: 0.3666687
2026-06-23 19:55:58.589 10 INFO neutron.wsgi [None req-186ffff9-f7f5-4ba4-9ce4-2c9fbe4a4613 5d23929a18d74fe9a3352a75b245aecc 453c9fb63fbf436cb14a698f59aea67b - - - -] 10.0.0.52 "DELETE /v2.0/security-groups/490d87ff-f909-482b-9345-d66ebfbcb379 HTTP/1.1" status: 204 len: 168 time: 0.1860447
2026-06-23 19:55:58.787 9 WARNING neutron.scheduler.dhcp_agent_scheduler [None req-4a4df25b-868a-4463-bf5d-83de4042ff5e 1c51fc3975b84498bde09d1afbc628cc 7cdc002b02bd47c4b763930c88033b1c - - - -] No more DHCP agents
2026-06-23 19:55:58.792 9 WARNING neutron.api.rpc.agentnotifiers.dhcp_rpc_agent_api [None req-4a4df25b-868a-4463-bf5d-83de4042ff5e 1c51fc3975b84498bde09d1afbc628cc 7cdc002b02bd47c4b763930c88033b1c - - - -] Unable to schedule network e1a6e66b-46a0-46ba-a1c3-11be58f8f68e: no agents available; will retry on subsequent port and subnet creation events.
2026-06-23 19:55:58.875 10 INFO neutron.wsgi [None req-f055f92b-8878-47ae-8085-ac26302bf8e3 5d23929a18d74fe9a3352a75b245aecc 453c9fb63fbf436cb14a698f59aea67b - - default default] 10.0.0.52 "GET /v2.0/security-groups?tenant_id=1882c2d2739a43f4a5d9bca39035fe95&name=default HTTP/1.1" status: 200 len: 2996 time: 0.1942863
2026-06-23 19:55:58.944 10 INFO neutron.db.ovn_revision_numbers_db [None req-82ef2a04-e7f1-4e62-ace5-45a7e1c785a9 5d23929a18d74fe9a3352a75b245aecc 453c9fb63fbf436cb14a698f59aea67b - - default default] Successfully bumped revision number for resource f9facdbf-5681-4178-a6e2-072741115a2a (type: security_groups) to 1
2026-06-23 19:55:59.174 9 INFO neutron.plugins.ml2.drivers.ovn.mech_driver.mech_driver [None req-d2287baf-eecb-4188-aeb7-f1a27a7ace34 - - - - - -] OVN reports status up for port: 748d649c-195e-4fbe-a488-206ac02ebd88
2026-06-23 19:55:59.189 9 INFO neutron.plugins.ml2.plugin [None req-d2287baf-eecb-4188-aeb7-f1a27a7ace34 - - - - - -] Attempt 1 to provision port 748d649c-195e-4fbe-a488-206ac02ebd88
2026-06-23 19:55:59.193 9 INFO neutron.db.ovn_revision_numbers_db [None req-79d6b7c7-844c-477a-9634-861fecbb4a99 308b571eb2574e899ea1b54b7d7b526f 36319e3d701e466bbfc424ed00e18236 - - - -] Successfully bumped revision number for resource 748d649c-195e-4fbe-a488-206ac02ebd88 (type: router_ports) to 1
2026-06-23 19:55:59.237 9 INFO neutron.db.ovn_revision_numbers_db [None req-4a4df25b-868a-4463-bf5d-83de4042ff5e 1c51fc3975b84498bde09d1afbc628cc 7cdc002b02bd47c4b763930c88033b1c - - - -] Successfully bumped revision number for resource 44cae7dd-04d5-4952-9478-f666a7cdd55e (type: floatingips) to 0
2026-06-23 19:55:59.266 9 INFO neutron.wsgi [None req-4a4df25b-868a-4463-bf5d-83de4042ff5e 1c51fc3975b84498bde09d1afbc628cc 7cdc002b02bd47c4b763930c88033b1c - - - -] 10.0.0.52 "POST /v2.0/floatingips HTTP/1.1" status: 201 len: 751 time: 1.1871583
2026-06-23 19:55:59.298 9 INFO neutron.db.ovn_revision_numbers_db [None req-79d6b7c7-844c-477a-9634-861fecbb4a99 308b571eb2574e899ea1b54b7d7b526f 36319e3d701e466bbfc424ed00e18236 - - - -] Successfully bumped revision number for resource cf1e645a-29ac-4846-ae1f-dfa3123a8dce (type: routers) to 3
2026-06-23 19:55:59.300 10 INFO neutron.wsgi [None req-82ef2a04-e7f1-4e62-ace5-45a7e1c785a9 5d23929a18d74fe9a3352a75b245aecc 453c9fb63fbf436cb14a698f59aea67b - - default default] 10.0.0.52 "GET /v2.0/security-groups?tenant_id=9049c0933e664840853defc83e51c510&name=default HTTP/1.1" status: 200 len: 2996 time: 0.4889278
2026-06-23 19:55:59.323 9 INFO neutron.wsgi [None req-79d6b7c7-844c-477a-9634-861fecbb4a99 308b571eb2574e899ea1b54b7d7b526f 36319e3d701e466bbfc424ed00e18236 - - - -] 10.0.0.52 "POST /v2.0/routers HTTP/1.1" status: 201 len: 874 time: 2.1840854
2026-06-23 19:55:59.493 10 INFO neutron.wsgi [None req-9f4974b0-fb10-4020-96cf-53a25b917337 5d23929a18d74fe9a3352a75b245aecc 453c9fb63fbf436cb14a698f59aea67b - - - -] 10.0.0.52 "DELETE /v2.0/security-groups/f1adae85-bb98-4c57-b34c-ab5b3b59e625 HTTP/1.1" status: 204 len: 168 time: 0.6116111
2026-06-23 19:55:59.582 9 WARNING neutron.scheduler.dhcp_agent_scheduler [None req-08d312db-ae4e-4786-8477-c7eedddb63a3 1c51fc3975b84498bde09d1afbc628cc 7cdc002b02bd47c4b763930c88033b1c - - - -] No more DHCP agents
2026-06-23 19:55:59.588 9 WARNING neutron.api.rpc.agentnotifiers.dhcp_rpc_agent_api [None req-08d312db-ae4e-4786-8477-c7eedddb63a3 1c51fc3975b84498bde09d1afbc628cc 7cdc002b02bd47c4b763930c88033b1c - - - -] Unable to schedule network e1a6e66b-46a0-46ba-a1c3-11be58f8f68e: no agents available; will retry on subsequent port and subnet creation events.
2026-06-23 19:55:59.618 9 INFO neutron.wsgi [None req-eaa1d06a-bb4d-4960-a50e-1e505543a785 5d23929a18d74fe9a3352a75b245aecc 453c9fb63fbf436cb14a698f59aea67b - - - -] 10.0.0.52 "DELETE /v2.0/security-groups/f9facdbf-5681-4178-a6e2-072741115a2a HTTP/1.1" status: 204 len: 168 time: 0.3096585
2026-06-23 19:55:59.820 9 INFO neutron.db.ovn_revision_numbers_db [None req-2b387882-c9ab-4b15-80ab-b59356cbdae2 5d23929a18d74fe9a3352a75b245aecc 453c9fb63fbf436cb14a698f59aea67b - - default default] Successfully bumped revision number for resource 444e9a96-9823-4575-a1c3-9ca8cbd6496a (type: security_groups) to 1
2026-06-23 19:55:59.846 9 INFO neutron.wsgi [None req-2b387882-c9ab-4b15-80ab-b59356cbdae2 5d23929a18d74fe9a3352a75b245aecc 453c9fb63fbf436cb14a698f59aea67b - - default default] 10.0.0.52 "GET /v2.0/security-groups?tenant_id=edf8a663ab9c44c18dff5f05d0233182&name=default HTTP/1.1" status: 200 len: 2996 time: 0.1766298
2026-06-23 19:55:59.876 10 INFO neutron.wsgi [None req-eb1e8f17-1645-4fe9-af3f-21b581cd3322 5d23929a18d74fe9a3352a75b245aecc 453c9fb63fbf436cb14a698f59aea67b - - default default] 10.0.0.52 "GET /v2.0/security-groups?tenant_id=ebc6d5a77f584618aad6f9a86e5a38a2&name=default HTTP/1.1" status: 200 len: 2996 time: 0.0470862
2026-06-23 19:55:59.971 9 INFO neutron.db.ovn_revision_numbers_db [None req-08d312db-ae4e-4786-8477-c7eedddb63a3 1c51fc3975b84498bde09d1afbc628cc 7cdc002b02bd47c4b763930c88033b1c - - - -] Successfully bumped revision number for resource 230edcaf-71bf-4e9a-92cb-dd7234ac5272 (type: floatingips) to 0
2026-06-23 19:55:59.986 9 INFO neutron.wsgi [None req-08d312db-ae4e-4786-8477-c7eedddb63a3 1c51fc3975b84498bde09d1afbc628cc 7cdc002b02bd47c4b763930c88033b1c - - - -] 10.0.0.52 "POST /v2.0/floatingips HTTP/1.1" status: 201 len: 751 time: 0.7093678
2026-06-23 19:56:00.012 10 WARNING neutron.scheduler.dhcp_agent_scheduler [None req-fb36017b-7ba8-4dc6-a522-bac5e5a6bcca 308b571eb2574e899ea1b54b7d7b526f 36319e3d701e466bbfc424ed00e18236 - - default default] No more DHCP agents
2026-06-23 19:56:00.015 10 WARNING neutron.api.rpc.agentnotifiers.dhcp_rpc_agent_api [None req-fb36017b-7ba8-4dc6-a522-bac5e5a6bcca 308b571eb2574e899ea1b54b7d7b526f 36319e3d701e466bbfc424ed00e18236 - - default default] Unable to schedule network 0e5a9948-3d71-4310-8e44-43754e4e825e: no agents available; will retry on subsequent port and subnet creation events.
2026-06-23 19:56:00.048 9 INFO neutron.wsgi [None req-81fe0d9b-2e89-4f9b-8b7d-3db6ac7a61c7 1c51fc3975b84498bde09d1afbc628cc 7cdc002b02bd47c4b763930c88033b1c - - - -] 10.0.0.52 "PUT /v2.0/floatingips/8bf4ecfc-915e-42d5-b121-e678980e2863/tags HTTP/1.1" status: 200 len: 210 time: 0.0547612
2026-06-23 19:56:00.103 9 INFO neutron.wsgi [None req-19c29898-f7c8-4072-89c8-505e4285560e 1c51fc3975b84498bde09d1afbc628cc 7cdc002b02bd47c4b763930c88033b1c - - - -] 10.0.0.52 "PUT /v2.0/floatingips/23925cb7-c75b-4161-827f-bf744c1e699a/tags HTTP/1.1" status: 200 len: 218 time: 0.0486941
2026-06-23 19:56:00.171 9 INFO neutron.wsgi [None req-05cb5905-511c-40d8-9686-fb3d3dcdbace 1c51fc3975b84498bde09d1afbc628cc 7cdc002b02bd47c4b763930c88033b1c - - - -] 10.0.0.52 "PUT /v2.0/floatingips/e1df507a-5fa9-4d39-8c33-e5b7e1296204/tags HTTP/1.1" status: 200 len: 227 time: 0.0621185
2026-06-23 19:56:00.181 9 INFO neutron.wsgi [None req-1504b937-65b9-41df-b599-d4c5eff0249d 5d23929a18d74fe9a3352a75b245aecc 453c9fb63fbf436cb14a698f59aea67b - - - -] 10.0.0.52 "DELETE /v2.0/security-groups/444e9a96-9823-4575-a1c3-9ca8cbd6496a HTTP/1.1" status: 204 len: 168 time: 0.3301761
2026-06-23 19:56:00.189 10 INFO neutron.wsgi [None req-3b75a8a7-a18d-4a88-8ed5-7b0fb155ca98 5d23929a18d74fe9a3352a75b245aecc 453c9fb63fbf436cb14a698f59aea67b - - - -] 10.0.0.52 "DELETE /v2.0/security-groups/e1be4cd8-1d5e-4b1e-b82c-bf04fc284401 HTTP/1.1" status: 204 len: 168 time: 0.3066485
2026-06-23 19:56:00.241 10 INFO neutron.db.ovn_revision_numbers_db [None req-fb36017b-7ba8-4dc6-a522-bac5e5a6bcca 308b571eb2574e899ea1b54b7d7b526f 36319e3d701e466bbfc424ed00e18236 - - default default] Successfully bumped revision number for resource d630828f-d326-4b62-90b5-57d2e01230f0 (type: ports) to 1
2026-06-23 19:56:00.246 10 INFO neutron.wsgi [None req-23a14d96-78d3-4c84-9b9c-5edfcf5b26e4 1c51fc3975b84498bde09d1afbc628cc 7cdc002b02bd47c4b763930c88033b1c - - - -] 10.0.0.52 "PUT /v2.0/floatingips/44cae7dd-04d5-4952-9478-f666a7cdd55e/tags HTTP/1.1" status: 200 len: 212 time: 0.0632370
2026-06-23 19:56:00.302 9 INFO neutron.wsgi [None req-ce9f0e9a-864d-463e-94c1-52338158059b 1c51fc3975b84498bde09d1afbc628cc 7cdc002b02bd47c4b763930c88033b1c - - default default] 10.0.0.52 "GET /v2.0/floatingips?tags=red HTTP/1.1" status: 200 len: 1866 time: 0.0500000
2026-06-23 19:56:00.348 9 INFO neutron.wsgi [None req-72d9a21f-c22d-440f-a3e3-084ea45c7d05 1c51fc3975b84498bde09d1afbc628cc 7cdc002b02bd47c4b763930c88033b1c - - default default] 10.0.0.52 "GET /v2.0/floatingips?tags=red%2Cblue HTTP/1.1" status: 200 len: 1323 time: 0.0413322
2026-06-23 19:56:00.411 10 INFO neutron.wsgi [None req-1622d7f8-e0cc-4041-b495-e6064b2d20be 1c51fc3975b84498bde09d1afbc628cc 7cdc002b02bd47c4b763930c88033b1c - - default default] 10.0.0.52 "GET /v2.0/floatingips?tags-any=blue HTTP/1.1" status: 200 len: 1323 time: 0.0557301
2026-06-23 19:56:00.700 9 INFO neutron.wsgi [None req-b4dea8be-3628-4f39-9bd4-61d851dc334a 1c51fc3975b84498bde09d1afbc628cc 7cdc002b02bd47c4b763930c88033b1c - - default default] 10.0.0.52 "GET /v2.0/floatingips?tags-any=red%2Cblue HTTP/1.1" status: 200 len: 1866 time: 0.2847536
2026-06-23 19:56:00.724 9 INFO neutron.db.ovn_revision_numbers_db [None req-8edfe3ff-8fb8-4fbe-b36c-b4eb6049d2d7 5d23929a18d74fe9a3352a75b245aecc 453c9fb63fbf436cb14a698f59aea67b - - default default] Successfully bumped revision number for resource d02bd985-d60f-43ad-b60e-0ff29d7df8ad (type: security_groups) to 1
2026-06-23 19:56:00.760 9 INFO neutron.wsgi [None req-7d479269-e166-490b-bab6-a83db68fd390 1c51fc3975b84498bde09d1afbc628cc 7cdc002b02bd47c4b763930c88033b1c - - default default] 10.0.0.52 "GET /v2.0/floatingips?not-tags=red HTTP/1.1" status: 200 len: 1295 time: 0.0548871
2026-06-23 19:56:00.775 9 INFO neutron.wsgi [None req-8edfe3ff-8fb8-4fbe-b36c-b4eb6049d2d7 5d23929a18d74fe9a3352a75b245aecc 453c9fb63fbf436cb14a698f59aea67b - - default default] 10.0.0.52 "GET /v2.0/security-groups?tenant_id=13b5fcd732e2444e8c4a31188e3823d0&name=default HTTP/1.1" status: 200 len: 2996 time: 0.4301486
2026-06-23 19:56:00.837 10 INFO neutron.wsgi [None req-56f57169-8597-4d71-b582-a8a06c5f7148 1c51fc3975b84498bde09d1afbc628cc 7cdc002b02bd47c4b763930c88033b1c - - default default] 10.0.0.52 "GET /v2.0/floatingips?not-tags=red%2Cblue HTTP/1.1" status: 200 len: 1838 time: 0.0703769
2026-06-23 19:56:00.892 10 INFO neutron.wsgi [None req-65771f0d-c439-4d72-81ce-f466ff1774c2 1c51fc3975b84498bde09d1afbc628cc 7cdc002b02bd47c4b763930c88033b1c - - default default] 10.0.0.52 "GET /v2.0/floatingips?not-tags-any=blue HTTP/1.1" status: 200 len: 1838 time: 0.0499055
2026-06-23 19:56:00.908 10 INFO neutron.plugins.ml2.drivers.ovn.mech_driver.mech_driver [None req-cd124f05-fe4b-4713-b34a-28e0d1c08eaa - - - - - -] OVN reports status up for port: d630828f-d326-4b62-90b5-57d2e01230f0
2026-06-23 19:56:00.914 10 INFO neutron.db.ovn_revision_numbers_db [None req-fb36017b-7ba8-4dc6-a522-bac5e5a6bcca 308b571eb2574e899ea1b54b7d7b526f 36319e3d701e466bbfc424ed00e18236 - - default default] Successfully bumped revision number for resource d630828f-d326-4b62-90b5-57d2e01230f0 (type: router_ports) to 2
2026-06-23 19:56:00.917 10 INFO neutron.plugins.ml2.plugin [None req-cd124f05-fe4b-4713-b34a-28e0d1c08eaa - - - - - -] Attempt 1 to provision port d630828f-d326-4b62-90b5-57d2e01230f0
2026-06-23 19:56:00.958 9 INFO neutron.wsgi [None req-8963f724-f96d-4eb2-a743-73f2a5353905 1c51fc3975b84498bde09d1afbc628cc 7cdc002b02bd47c4b763930c88033b1c - - default default] 10.0.0.52 "GET /v2.0/floatingips?not-tags-any=red%2Cblue HTTP/1.1" status: 200 len: 1295 time: 0.0580831
2026-06-23 19:56:01.044 9 INFO neutron.wsgi [None req-7beb5939-0d26-4c5c-b80b-58e3b93fb799 5d23929a18d74fe9a3352a75b245aecc 453c9fb63fbf436cb14a698f59aea67b - - - -] 10.0.0.52 "DELETE /v2.0/security-groups/d02bd985-d60f-43ad-b60e-0ff29d7df8ad HTTP/1.1" status: 204 len: 168 time: 0.2630672
2026-06-23 19:56:01.350 10 INFO neutron.db.ovn_revision_numbers_db [None req-fb36017b-7ba8-4dc6-a522-bac5e5a6bcca 308b571eb2574e899ea1b54b7d7b526f 36319e3d701e466bbfc424ed00e18236 - - default default] Successfully bumped revision number for resource d630828f-d326-4b62-90b5-57d2e01230f0 (type: ports) to 2
2026-06-23 19:56:01.357 9 INFO neutron.wsgi [None req-2188e494-13dc-4673-a409-832e112b5824 1c51fc3975b84498bde09d1afbc628cc 7cdc002b02bd47c4b763930c88033b1c - - - -] 10.0.0.52 "DELETE /v2.0/floatingips/8bf4ecfc-915e-42d5-b121-e678980e2863 HTTP/1.1" status: 204 len: 168 time: 0.3907533
2026-06-23 19:56:01.448 10 WARNING neutron.scheduler.dhcp_agent_scheduler [None req-fb36017b-7ba8-4dc6-a522-bac5e5a6bcca 308b571eb2574e899ea1b54b7d7b526f 36319e3d701e466bbfc424ed00e18236 - - default default] No more DHCP agents
2026-06-23 19:56:01.450 10 WARNING neutron.api.rpc.agentnotifiers.dhcp_rpc_agent_api [None req-fb36017b-7ba8-4dc6-a522-bac5e5a6bcca 308b571eb2574e899ea1b54b7d7b526f 36319e3d701e466bbfc424ed00e18236 - - default default] Unable to schedule network 0e5a9948-3d71-4310-8e44-43754e4e825e: no agents available; will retry on subsequent port and subnet creation events.
2026-06-23 19:56:01.459 10 INFO neutron.db.ovn_revision_numbers_db [None req-cd124f05-fe4b-4713-b34a-28e0d1c08eaa - - - - - -] Successfully bumped revision number for resource d630828f-d326-4b62-90b5-57d2e01230f0 (type: ports) to 3
2026-06-23 19:56:01.621 10 INFO neutron.db.ovn_revision_numbers_db [None req-cd124f05-fe4b-4713-b34a-28e0d1c08eaa - - - - - -] Successfully bumped revision number for resource d630828f-d326-4b62-90b5-57d2e01230f0 (type: router_ports) to 3
2026-06-23 19:56:01.755 9 INFO neutron.wsgi [None req-23d8d1d7-667d-4863-9362-6051c33e2869 1c51fc3975b84498bde09d1afbc628cc 7cdc002b02bd47c4b763930c88033b1c - - - -] 10.0.0.52 "DELETE /v2.0/floatingips/23925cb7-c75b-4161-827f-bf744c1e699a HTTP/1.1" status: 204 len: 168 time: 0.3922262
2026-06-23 19:56:01.846 10 INFO neutron.db.ovn_revision_numbers_db [None req-fb36017b-7ba8-4dc6-a522-bac5e5a6bcca 308b571eb2574e899ea1b54b7d7b526f 36319e3d701e466bbfc424ed00e18236 - - - -] Successfully bumped revision number for resource d630828f-d326-4b62-90b5-57d2e01230f0 (type: router_ports) to 3
2026-06-23 19:56:01.848 10 INFO neutron.wsgi [None req-fb36017b-7ba8-4dc6-a522-bac5e5a6bcca 308b571eb2574e899ea1b54b7d7b526f 36319e3d701e466bbfc424ed00e18236 - - - -] 10.0.0.52 "PUT /v2.0/routers/cf1e645a-29ac-4846-ae1f-dfa3123a8dce/add_router_interface HTTP/1.1" status: 200 len: 503 time: 2.5197694
2026-06-23 19:56:02.159 9 INFO neutron.wsgi [None req-598371d6-b2ca-493c-89d4-26f2af9f0e32 1c51fc3975b84498bde09d1afbc628cc 7cdc002b02bd47c4b763930c88033b1c - - - -] 10.0.0.52 "DELETE /v2.0/floatingips/e1df507a-5fa9-4d39-8c33-e5b7e1296204 HTTP/1.1" status: 204 len: 168 time: 0.3987813
2026-06-23 19:56:02.198 10 WARNING neutron.scheduler.dhcp_agent_scheduler [None req-959f1551-be78-4e6c-b08c-966c3d1c96c8 308b571eb2574e899ea1b54b7d7b526f 36319e3d701e466bbfc424ed00e18236 - - - -] No more DHCP agents
2026-06-23 19:56:02.203 10 WARNING neutron.api.rpc.agentnotifiers.dhcp_rpc_agent_api [None req-959f1551-be78-4e6c-b08c-966c3d1c96c8 308b571eb2574e899ea1b54b7d7b526f 36319e3d701e466bbfc424ed00e18236 - - - -] Unable to schedule network 0e5a9948-3d71-4310-8e44-43754e4e825e: no agents available; will retry on subsequent port and subnet creation events.
2026-06-23 19:56:02.366 10 INFO neutron.db.ovn_revision_numbers_db [None req-959f1551-be78-4e6c-b08c-966c3d1c96c8 308b571eb2574e899ea1b54b7d7b526f 36319e3d701e466bbfc424ed00e18236 - - - -] Successfully bumped revision number for resource ffe48253-3052-4e35-8cbc-3991fea20072 (type: ports) to 1
2026-06-23 19:56:02.392 10 INFO neutron.wsgi [None req-959f1551-be78-4e6c-b08c-966c3d1c96c8 308b571eb2574e899ea1b54b7d7b526f 36319e3d701e466bbfc424ed00e18236 - - - -] 10.0.0.52 "POST /v2.0/ports HTTP/1.1" status: 201 len: 1157 time: 0.5386565 /var/lib/openstack/lib/python3.10/site-packages/pycadf/identifier.py:71: UserWarning: Invalid uuid: neutron. To ensure interoperability, identifiers should be a valid uuid. warnings.warn(('Invalid uuid: %s. To ensure interoperability, '
2026-06-23 19:56:02.568 9 INFO neutron.wsgi [None req-ed3eab45-3fc4-45d6-8365-f8230ff6c908 1c51fc3975b84498bde09d1afbc628cc 7cdc002b02bd47c4b763930c88033b1c - - - -] 10.0.0.52 "DELETE /v2.0/floatingips/44cae7dd-04d5-4952-9478-f666a7cdd55e HTTP/1.1" status: 204 len: 168 time: 0.4041984
2026-06-23 19:56:02.868 10 WARNING neutron.scheduler.dhcp_agent_scheduler [None req-9b2435b9-8666-41f6-a341-63e026a1bfbf 308b571eb2574e899ea1b54b7d7b526f 36319e3d701e466bbfc424ed00e18236 - - - -] No more DHCP agents
2026-06-23 19:56:02.871 10 WARNING neutron.api.rpc.agentnotifiers.dhcp_rpc_agent_api [None req-9b2435b9-8666-41f6-a341-63e026a1bfbf 308b571eb2574e899ea1b54b7d7b526f 36319e3d701e466bbfc424ed00e18236 - - - -] Unable to schedule network 0e5a9948-3d71-4310-8e44-43754e4e825e: no agents available; will retry on subsequent port and subnet creation events.
2026-06-23 19:56:03.089 10 INFO neutron.db.ovn_revision_numbers_db [None req-9b2435b9-8666-41f6-a341-63e026a1bfbf 308b571eb2574e899ea1b54b7d7b526f 36319e3d701e466bbfc424ed00e18236 - - - -] Successfully bumped revision number for resource 7682d6e3-7387-4325-afc9-747631d0e078 (type: ports) to 1
2026-06-23 19:56:03.105 10 INFO neutron.wsgi [None req-2e43628b-dc44-416d-814a-15b14f80b070 1c51fc3975b84498bde09d1afbc628cc 7cdc002b02bd47c4b763930c88033b1c - - - -] 10.0.0.52 "DELETE /v2.0/floatingips/230edcaf-71bf-4e9a-92cb-dd7234ac5272 HTTP/1.1" status: 204 len: 168 time: 0.5327868
2026-06-23 19:56:03.114 10 INFO neutron.wsgi [None req-9b2435b9-8666-41f6-a341-63e026a1bfbf 308b571eb2574e899ea1b54b7d7b526f 36319e3d701e466bbfc424ed00e18236 - - - -] 10.0.0.52 "POST /v2.0/ports HTTP/1.1" status: 201 len: 1154 time: 0.7135873 /var/lib/openstack/lib/python3.10/site-packages/pycadf/identifier.py:71: UserWarning: Invalid uuid: neutron. To ensure interoperability, identifiers should be a valid uuid. warnings.warn(('Invalid uuid: %s. To ensure interoperability, '
2026-06-23 19:56:03.430 10 WARNING neutron.scheduler.dhcp_agent_scheduler [None req-8a7c7259-ea79-4bd9-a14c-5d08ff728c06 308b571eb2574e899ea1b54b7d7b526f 36319e3d701e466bbfc424ed00e18236 - - - -] No more DHCP agents
2026-06-23 19:56:03.438 10 WARNING neutron.api.rpc.agentnotifiers.dhcp_rpc_agent_api [None req-8a7c7259-ea79-4bd9-a14c-5d08ff728c06 308b571eb2574e899ea1b54b7d7b526f 36319e3d701e466bbfc424ed00e18236 - - - -] Unable to schedule network e1a6e66b-46a0-46ba-a1c3-11be58f8f68e: no agents available; will retry on subsequent port and subnet creation events.
2026-06-23 19:56:04.085 9 INFO neutron.db.ovn_revision_numbers_db [None req-f1e11972-333d-4ad7-b1d4-d24534087fca 525e371da2294765a217197cf6b10cdf 70453f7206f542f7a894dc25ca5cdf39 - - - -] Successfully bumped revision number for resource 80746a46-b289-4b82-b3e3-0616e3c2afdf (type: routers) to 1
2026-06-23 19:56:04.102 9 INFO neutron.wsgi [None req-f1e11972-333d-4ad7-b1d4-d24534087fca 525e371da2294765a217197cf6b10cdf 70453f7206f542f7a894dc25ca5cdf39 - - - -] 10.0.0.52 "POST /v2.0/routers HTTP/1.1" status: 201 len: 654 time: 0.4843142
2026-06-23 19:56:04.207 10 INFO neutron.wsgi [None req-18fc2c35-d06d-4fe2-9de6-ec72f86e3678 525e371da2294765a217197cf6b10cdf 70453f7206f542f7a894dc25ca5cdf39 - - - -] 10.0.0.52 "PUT /v2.0/routers/80746a46-b289-4b82-b3e3-0616e3c2afdf/tags HTTP/1.1" status: 200 len: 218 time: 0.0958312
2026-06-23 19:56:04.267 9 INFO neutron.wsgi [None req-8e966f9e-4df3-4841-b99f-2e4d651c2730 525e371da2294765a217197cf6b10cdf 70453f7206f542f7a894dc25ca5cdf39 - - default default] 10.0.0.52 "GET /v2.0/routers/80746a46-b289-4b82-b3e3-0616e3c2afdf/tags HTTP/1.1" status: 200 len: 218 time: 0.0529296
2026-06-23 19:56:04.276 10 INFO neutron.db.l3_db [None req-8a7c7259-ea79-4bd9-a14c-5d08ff728c06 308b571eb2574e899ea1b54b7d7b526f 36319e3d701e466bbfc424ed00e18236 - - - -] Floating IP a4e7dc9e-44ba-4f5f-848b-8116ee734245 associated. External IP: 10.96.250.217, port: 7682d6e3-7387-4325-afc9-747631d0e078.
2026-06-23 19:56:04.334 9 INFO neutron.wsgi [None req-a9b24784-7da1-4585-a484-a45bcaad3e96 525e371da2294765a217197cf6b10cdf 70453f7206f542f7a894dc25ca5cdf39 - - - -] 10.0.0.52 "PUT /v2.0/routers/80746a46-b289-4b82-b3e3-0616e3c2afdf/tags/green HTTP/1.1" status: 201 len: 201 time: 0.0617611
2026-06-23 19:56:04.371 10 INFO neutron.db.ovn_revision_numbers_db [None req-e16f2491-2b04-4fdf-b8de-2c06ccc7ab0f 5d23929a18d74fe9a3352a75b245aecc 453c9fb63fbf436cb14a698f59aea67b - - default default] Successfully bumped revision number for resource 164ca9af-3a85-495d-8e79-5b2656a31f29 (type: security_groups) to 1
2026-06-23 19:56:04.399 10 INFO neutron.wsgi [None req-e16f2491-2b04-4fdf-b8de-2c06ccc7ab0f 5d23929a18d74fe9a3352a75b245aecc 453c9fb63fbf436cb14a698f59aea67b - - default default] 10.0.0.52 "GET /v2.0/security-groups?tenant_id=7cdc002b02bd47c4b763930c88033b1c&name=default HTTP/1.1" status: 200 len: 2996 time: 0.3557022
2026-06-23 19:56:04.400 9 INFO neutron.wsgi [None req-43e988f2-7e8a-4ebe-acc5-98a3d833c6c8 525e371da2294765a217197cf6b10cdf 70453f7206f542f7a894dc25ca5cdf39 - - default default] 10.0.0.52 "GET /v2.0/routers/80746a46-b289-4b82-b3e3-0616e3c2afdf/tags HTTP/1.1" status: 200 len: 227 time: 0.0531600
2026-06-23 19:56:04.474 9 INFO neutron.wsgi [None req-3d791a91-1c33-4d20-af9b-6b061fb54b05 525e371da2294765a217197cf6b10cdf 70453f7206f542f7a894dc25ca5cdf39 - - - -] 10.0.0.52 "PUT /v2.0/routers/80746a46-b289-4b82-b3e3-0616e3c2afdf/tags/red HTTP/1.1" status: 201 len: 201 time: 0.0634873
2026-06-23 19:56:04.535 10 INFO neutron.wsgi [None req-0b2ec669-5460-4392-baea-f5e5d76bb3ff 525e371da2294765a217197cf6b10cdf 70453f7206f542f7a894dc25ca5cdf39 - - default default] 10.0.0.52 "GET /v2.0/routers/80746a46-b289-4b82-b3e3-0616e3c2afdf/tags HTTP/1.1" status: 200 len: 227 time: 0.0511703
2026-06-23 19:56:04.538 10 INFO neutron.db.ovn_revision_numbers_db [None req-8a7c7259-ea79-4bd9-a14c-5d08ff728c06 308b571eb2574e899ea1b54b7d7b526f 36319e3d701e466bbfc424ed00e18236 - - - -] Successfully bumped revision number for resource a4e7dc9e-44ba-4f5f-848b-8116ee734245 (type: floatingips) to 0
2026-06-23 19:56:04.621 9 INFO neutron.wsgi [None req-ca7533d4-d78d-40cc-ba89-2157a3ee08c8 525e371da2294765a217197cf6b10cdf 70453f7206f542f7a894dc25ca5cdf39 - - - -] 10.0.0.52 "PUT /v2.0/routers/80746a46-b289-4b82-b3e3-0616e3c2afdf/tags/black.or.white HTTP/1.1" status: 201 len: 201 time: 0.0753505
2026-06-23 19:56:04.626 10 INFO neutron.db.ovn_revision_numbers_db [None req-8a7c7259-ea79-4bd9-a14c-5d08ff728c06 308b571eb2574e899ea1b54b7d7b526f 36319e3d701e466bbfc424ed00e18236 - - - -] Successfully bumped revision number for resource a4e7dc9e-44ba-4f5f-848b-8116ee734245 (type: floatingips) to 1
2026-06-23 19:56:04.664 10 INFO neutron.wsgi [None req-8a7c7259-ea79-4bd9-a14c-5d08ff728c06 308b571eb2574e899ea1b54b7d7b526f 36319e3d701e466bbfc424ed00e18236 - - - -] 10.0.0.52 "POST /v2.0/floatingips HTTP/1.1" status: 201 len: 1041 time: 1.5448821
2026-06-23 19:56:04.719 9 INFO neutron.wsgi [None req-65ca6f08-de59-41fe-a16d-c759f6c2ff8a 525e371da2294765a217197cf6b10cdf 70453f7206f542f7a894dc25ca5cdf39 - - default default] 10.0.0.52 "GET /v2.0/routers/80746a46-b289-4b82-b3e3-0616e3c2afdf/tags HTTP/1.1" status: 200 len: 245 time: 0.0933852
2026-06-23 19:56:04.743 9 WARNING neutron.plugins.ml2.drivers.ovn.mech_driver.ovsdb.ovn_client [None req-d2287baf-eecb-4188-aeb7-f1a27a7ace34 - - - - - -] No hosting information found for port 748d649c-195e-4fbe-a488-206ac02ebd88: RuntimeError: No hosting information found for port 748d649c-195e-4fbe-a488-206ac02ebd88
2026-06-23 19:56:04.788 10 INFO neutron.wsgi [None req-f605ddf8-6e0f-469d-b93a-4cb8a11f1bd0 525e371da2294765a217197cf6b10cdf 70453f7206f542f7a894dc25ca5cdf39 - - - -] 10.0.0.52 "PUT /v2.0/routers/80746a46-b289-4b82-b3e3-0616e3c2afdf/tags HTTP/1.1" status: 200 len: 230 time: 0.0636675
2026-06-23 19:56:04.845 10 INFO neutron.wsgi [None req-3dbab510-bfda-4596-8f3d-1b15bcec783b 525e371da2294765a217197cf6b10cdf 70453f7206f542f7a894dc25ca5cdf39 - - default default] 10.0.0.52 "GET /v2.0/routers/80746a46-b289-4b82-b3e3-0616e3c2afdf/tags HTTP/1.1" status: 200 len: 230 time: 0.0449548
2026-06-23 19:56:04.898 10 INFO neutron.wsgi [None req-b3200c91-1224-4360-97d1-37b9af5ad619 525e371da2294765a217197cf6b10cdf 70453f7206f542f7a894dc25ca5cdf39 - - default default] 10.0.0.52 "GET /v2.0/routers/80746a46-b289-4b82-b3e3-0616e3c2afdf/tags/red HTTP/1.1" status: 204 len: 168 time: 0.0467205
2026-06-23 19:56:04.950 10 INFO neutron.api.v2.resource [None req-227fc31c-2f51-4b0c-991d-4fdf3f2531e1 525e371da2294765a217197cf6b10cdf 70453f7206f542f7a894dc25ca5cdf39 - - default default] show failed (client error): The resource could not be found.
2026-06-23 19:56:04.951 10 INFO neutron.wsgi [None req-227fc31c-2f51-4b0c-991d-4fdf3f2531e1 525e371da2294765a217197cf6b10cdf 70453f7206f542f7a894dc25ca5cdf39 - - default default] 10.0.0.52 "GET /v2.0/routers/80746a46-b289-4b82-b3e3-0616e3c2afdf/tags/green HTTP/1.1" status: 404 len: 299 time: 0.0465820
2026-06-23 19:56:05.022 10 INFO neutron.wsgi [None req-25ebfe91-dbbd-4b9e-83d6-19d70c642b0a 525e371da2294765a217197cf6b10cdf 70453f7206f542f7a894dc25ca5cdf39 - - - -] 10.0.0.52 "DELETE /v2.0/routers/80746a46-b289-4b82-b3e3-0616e3c2afdf/tags/red HTTP/1.1" status: 204 len: 168 time: 0.0661075
2026-06-23 19:56:05.068 10 INFO neutron.wsgi [None req-3558bdfd-ae63-4338-a989-7fd75484fe84 525e371da2294765a217197cf6b10cdf 70453f7206f542f7a894dc25ca5cdf39 - - default default] 10.0.0.52 "GET /v2.0/routers/80746a46-b289-4b82-b3e3-0616e3c2afdf/tags HTTP/1.1" status: 200 len: 223 time: 0.0414329
2026-06-23 19:56:05.125 10 INFO neutron.api.v2.resource [None req-7bb60e5b-04ed-45ae-9308-e808b7a85da5 525e371da2294765a217197cf6b10cdf 70453f7206f542f7a894dc25ca5cdf39 - - - -] delete failed (client error): The resource could not be found.
2026-06-23 19:56:05.126 10 INFO neutron.wsgi [None req-7bb60e5b-04ed-45ae-9308-e808b7a85da5 525e371da2294765a217197cf6b10cdf 70453f7206f542f7a894dc25ca5cdf39 - - - -] 10.0.0.52 "DELETE /v2.0/routers/80746a46-b289-4b82-b3e3-0616e3c2afdf/tags/green HTTP/1.1" status: 404 len: 299 time: 0.0514414
2026-06-23 19:56:05.129 9 INFO neutron.wsgi [None req-f7cc814a-f7cc-4e0a-9698-981ba08b74c1 5d23929a18d74fe9a3352a75b245aecc 453c9fb63fbf436cb14a698f59aea67b - - - -] 10.0.0.52 "DELETE /v2.0/security-groups/164ca9af-3a85-495d-8e79-5b2656a31f29 HTTP/1.1" status: 204 len: 168 time: 0.7243166
2026-06-23 19:56:05.182 9 INFO neutron.db.l3_db [None req-9bbafc39-3bc5-40e1-91fa-cdd88f324e5e 308b571eb2574e899ea1b54b7d7b526f 36319e3d701e466bbfc424ed00e18236 - - - -] Floating IP a4e7dc9e-44ba-4f5f-848b-8116ee734245 disassociated. External IP: 10.96.250.217, port: 7682d6e3-7387-4325-afc9-747631d0e078.
2026-06-23 19:56:05.205 10 INFO neutron.wsgi [None req-70d58183-8580-4056-bdec-a000e4794ce3 525e371da2294765a217197cf6b10cdf 70453f7206f542f7a894dc25ca5cdf39 - - - -] 10.0.0.52 "DELETE /v2.0/routers/80746a46-b289-4b82-b3e3-0616e3c2afdf/tags HTTP/1.1" status: 204 len: 168 time: 0.0714297
2026-06-23 19:56:05.207 9 INFO neutron.db.ovn_revision_numbers_db [None req-9bbafc39-3bc5-40e1-91fa-cdd88f324e5e 308b571eb2574e899ea1b54b7d7b526f 36319e3d701e466bbfc424ed00e18236 - - - -] Successfully bumped revision number for resource a4e7dc9e-44ba-4f5f-848b-8116ee734245 (type: floatingips) to 2
2026-06-23 19:56:05.257 10 INFO neutron.wsgi [None req-521c918a-8b10-4fb6-875e-7b5fc3a37996 525e371da2294765a217197cf6b10cdf 70453f7206f542f7a894dc25ca5cdf39 - - default default] 10.0.0.52 "GET /v2.0/routers/80746a46-b289-4b82-b3e3-0616e3c2afdf/tags HTTP/1.1" status: 200 len: 205 time: 0.0480282
2026-06-23 19:56:05.297 9 INFO neutron.wsgi [None req-9bbafc39-3bc5-40e1-91fa-cdd88f324e5e 308b571eb2574e899ea1b54b7d7b526f 36319e3d701e466bbfc424ed00e18236 - - - -] 10.0.0.52 "PUT /v2.0/floatingips/a4e7dc9e-44ba-4f5f-848b-8116ee734245 HTTP/1.1" status: 200 len: 748 time: 0.6190329
2026-06-23 19:56:05.326 10 INFO neutron.wsgi [None req-993a3b6f-1191-4a94-9419-dbdd96ed01da 525e371da2294765a217197cf6b10cdf 70453f7206f542f7a894dc25ca5cdf39 - - default default] 10.0.0.52 "GET /v2.0/routers/80746a46-b289-4b82-b3e3-0616e3c2afdf HTTP/1.1" status: 200 len: 655 time: 0.0633237
2026-06-23 19:56:05.510 10 INFO neutron.db.ovn_revision_numbers_db [None req-2c30a259-a2d1-4fff-b1da-8c593b88b72f 5d23929a18d74fe9a3352a75b245aecc 453c9fb63fbf436cb14a698f59aea67b - - default default] Successfully bumped revision number for resource 4e4f73e6-d56e-4520-8553-450311671773 (type: security_groups) to 1
2026-06-23 19:56:05.560 10 INFO neutron.wsgi [None req-2c30a259-a2d1-4fff-b1da-8c593b88b72f 5d23929a18d74fe9a3352a75b245aecc 453c9fb63fbf436cb14a698f59aea67b - - default default] 10.0.0.52 "GET /v2.0/security-groups?tenant_id=7eec442834e94a268b6ccd8b1055b1d4&name=default HTTP/1.1" status: 200 len: 2996 time: 0.2679403
2026-06-23 19:56:05.725 9 INFO neutron.wsgi [None req-db1a0787-d70a-4146-b224-6587f366cf62 308b571eb2574e899ea1b54b7d7b526f 36319e3d701e466bbfc424ed00e18236 - - - -] 10.0.0.52 "DELETE /v2.0/floatingips/a4e7dc9e-44ba-4f5f-848b-8116ee734245 HTTP/1.1" status: 204 len: 168 time: 0.4214702
2026-06-23 19:56:06.026 9 WARNING neutron.scheduler.dhcp_agent_scheduler [None req-5fbfc382-787e-4e72-b533-e25fae0fb91e 308b571eb2574e899ea1b54b7d7b526f 36319e3d701e466bbfc424ed00e18236 - - - -] No more DHCP agents
2026-06-23 19:56:06.029 9 WARNING neutron.api.rpc.agentnotifiers.dhcp_rpc_agent_api [None req-5fbfc382-787e-4e72-b533-e25fae0fb91e 308b571eb2574e899ea1b54b7d7b526f 36319e3d701e466bbfc424ed00e18236 - - - -] Unable to schedule network e1a6e66b-46a0-46ba-a1c3-11be58f8f68e: no agents available; will retry on subsequent port and subnet creation events.
2026-06-23 19:56:06.165 10 INFO neutron.db.ovn_revision_numbers_db [None req-0180a4d4-3972-4367-bd35-0b5c8f54dd6d 2b262641a20541d8a2955b50d4f89848 1796e9db31db48bdb2a44bdfa471e024 - - - -] Successfully bumped revision number for resource de90dadd-56b6-4883-8f8c-5db0ec896e36 (type: routers) to 1
2026-06-23 19:56:06.200 10 INFO neutron.wsgi [None req-0180a4d4-3972-4367-bd35-0b5c8f54dd6d 2b262641a20541d8a2955b50d4f89848 1796e9db31db48bdb2a44bdfa471e024 - - - -] 10.0.0.52 "POST /v2.0/routers HTTP/1.1" status: 201 len: 654 time: 0.8769691
2026-06-23 19:56:06.233 10 INFO neutron.db.ovn_revision_numbers_db [None req-6ff91378-c484-4c9c-8ef2-2487c2d659f2 525e371da2294765a217197cf6b10cdf 70453f7206f542f7a894dc25ca5cdf39 - - - -] Successfully bumped revision number for resource 80746a46-b289-4b82-b3e3-0616e3c2afdf (type: routers) to 9
2026-06-23 19:56:06.235 10 INFO neutron.wsgi [None req-6ff91378-c484-4c9c-8ef2-2487c2d659f2 525e371da2294765a217197cf6b10cdf 70453f7206f542f7a894dc25ca5cdf39 - - - -] 10.0.0.52 "PUT /v2.0/routers/80746a46-b289-4b82-b3e3-0616e3c2afdf HTTP/1.1" status: 200 len: 655 time: 0.9025667
2026-06-23 19:56:06.265 10 INFO neutron.wsgi [None req-0fd2c183-05b3-4aac-bfd6-00127fa32e69 525e371da2294765a217197cf6b10cdf 70453f7206f542f7a894dc25ca5cdf39 - - default default] 10.0.0.52 "GET /v2.0/ports?device_id=80746a46-b289-4b82-b3e3-0616e3c2afdf HTTP/1.1" status: 200 len: 205 time: 0.0240288
2026-06-23 19:56:06.324 10 INFO neutron.wsgi [None req-16d6b409-574d-472a-af4a-038cf713e7cd 5d23929a18d74fe9a3352a75b245aecc 453c9fb63fbf436cb14a698f59aea67b - - - -] 10.0.0.52 "DELETE /v2.0/security-groups/4e4f73e6-d56e-4520-8553-450311671773 HTTP/1.1" status: 204 len: 168 time: 0.7531343
2026-06-23 19:56:06.430 9 INFO neutron.db.ovn_revision_numbers_db [None req-bab2774c-b301-40a8-9b9c-4d7aa405b966 2b262641a20541d8a2955b50d4f89848 1796e9db31db48bdb2a44bdfa471e024 - - - -] Successfully bumped revision number for resource cc3ab147-d617-4958-a00e-41390ff10bf2 (type: routers) to 1
2026-06-23 19:56:06.446 9 INFO neutron.wsgi [None req-bab2774c-b301-40a8-9b9c-4d7aa405b966 2b262641a20541d8a2955b50d4f89848 1796e9db31db48bdb2a44bdfa471e024 - - - -] 10.0.0.52 "POST /v2.0/routers HTTP/1.1" status: 201 len: 654 time: 0.2391675
2026-06-23 19:56:06.493 10 WARNING neutron.plugins.ml2.drivers.ovn.mech_driver.ovsdb.ovn_client [None req-cd124f05-fe4b-4713-b34a-28e0d1c08eaa - - - - - -] No hosting information found for port d630828f-d326-4b62-90b5-57d2e01230f0: RuntimeError: No hosting information found for port d630828f-d326-4b62-90b5-57d2e01230f0
2026-06-23 19:56:06.560 10 INFO neutron.wsgi [None req-5ab163c1-be77-4676-92df-9c4bb2209feb 525e371da2294765a217197cf6b10cdf 70453f7206f542f7a894dc25ca5cdf39 - - - -] 10.0.0.52 "DELETE /v2.0/routers/80746a46-b289-4b82-b3e3-0616e3c2afdf HTTP/1.1" status: 204 len: 168 time: 0.2895453
2026-06-23 19:56:06.562 9 INFO neutron.db.l3_db [None req-5fbfc382-787e-4e72-b533-e25fae0fb91e 308b571eb2574e899ea1b54b7d7b526f 36319e3d701e466bbfc424ed00e18236 - - - -] Floating IP 717e0193-289d-4e7e-93c1-9f12b8fe027e associated. External IP: 10.96.250.214, port: ffe48253-3052-4e35-8cbc-3991fea20072.
2026-06-23 19:56:06.755 9 INFO neutron.db.ovn_revision_numbers_db [None req-1bcc6d7d-3dce-4efa-8880-4e40b5174524 2b262641a20541d8a2955b50d4f89848 1796e9db31db48bdb2a44bdfa471e024 - - - -] Successfully bumped revision number for resource d05d4572-b407-489f-b68a-ed2a14cf48cc (type: routers) to 1
2026-06-23 19:56:06.772 9 INFO neutron.wsgi [None req-1bcc6d7d-3dce-4efa-8880-4e40b5174524 2b262641a20541d8a2955b50d4f89848 1796e9db31db48bdb2a44bdfa471e024 - - - -] 10.0.0.52 "POST /v2.0/routers HTTP/1.1" status: 201 len: 654 time: 0.3173769 /var/lib/openstack/lib/python3.10/site-packages/pycadf/identifier.py:71: UserWarning: Invalid uuid: neutron. To ensure interoperability, identifiers should be a valid uuid. warnings.warn(('Invalid uuid: %s. To ensure interoperability, '
2026-06-23 19:56:06.784 9 INFO neutron.db.ovn_revision_numbers_db [None req-afabb378-38b4-4b0a-9efb-2b14d9e785fe 5d23929a18d74fe9a3352a75b245aecc 453c9fb63fbf436cb14a698f59aea67b - - default default] Successfully bumped revision number for resource 170097e9-095a-4758-8bfe-0effb1f33558 (type: security_groups) to 1
2026-06-23 19:56:06.814 9 INFO neutron.wsgi [None req-afabb378-38b4-4b0a-9efb-2b14d9e785fe 5d23929a18d74fe9a3352a75b245aecc 453c9fb63fbf436cb14a698f59aea67b - - default default] 10.0.0.52 "GET /v2.0/security-groups?tenant_id=12d842b0ce504189a5fab0b726a870db&name=default HTTP/1.1" status: 200 len: 2996 time: 0.3012695
2026-06-23 19:56:06.843 9 INFO neutron.db.ovn_revision_numbers_db [None req-5fbfc382-787e-4e72-b533-e25fae0fb91e 308b571eb2574e899ea1b54b7d7b526f 36319e3d701e466bbfc424ed00e18236 - - - -] Successfully bumped revision number for resource 717e0193-289d-4e7e-93c1-9f12b8fe027e (type: floatingips) to 0
2026-06-23 19:56:06.947 9 INFO neutron.db.ovn_revision_numbers_db [None req-5fbfc382-787e-4e72-b533-e25fae0fb91e 308b571eb2574e899ea1b54b7d7b526f 36319e3d701e466bbfc424ed00e18236 - - - -] Successfully bumped revision number for resource 717e0193-289d-4e7e-93c1-9f12b8fe027e (type: floatingips) to 1
2026-06-23 19:56:06.989 9 INFO neutron.wsgi [None req-5fbfc382-787e-4e72-b533-e25fae0fb91e 308b571eb2574e899ea1b54b7d7b526f 36319e3d701e466bbfc424ed00e18236 - - - -] 10.0.0.52 "POST /v2.0/floatingips HTTP/1.1" status: 201 len: 1041 time: 1.2563581
2026-06-23 19:56:07.038 10 INFO neutron.db.ovn_revision_numbers_db [None req-e5de4290-e075-4c4d-a8ff-7a1c8d1249cc 2b262641a20541d8a2955b50d4f89848 1796e9db31db48bdb2a44bdfa471e024 - - - -] Successfully bumped revision number for resource 95d150d2-ef74-451d-ae2a-fd70e11dce9f (type: routers) to 1
2026-06-23 19:56:07.047 9 INFO neutron.wsgi [None req-80c86e82-f70f-49a1-b5de-d1a4b460cd1d 308b571eb2574e899ea1b54b7d7b526f 36319e3d701e466bbfc424ed00e18236 - - default default] 10.0.0.52 "GET /v2.0/floatingips/717e0193-289d-4e7e-93c1-9f12b8fe027e HTTP/1.1" status: 200 len: 1038 time: 0.0516489 /var/lib/openstack/lib/python3.10/site-packages/pycadf/identifier.py:71: UserWarning: Invalid uuid: neutron. To ensure interoperability, identifiers should be a valid uuid. warnings.warn(('Invalid uuid: %s. To ensure interoperability, '
