2026-06-23 19:56:28.293 9 INFO neutron.wsgi [None req-ad6a405e-817d-4b35-8ddd-58722b32b228 00baaa68652a46d29552496ca25089d9 adfe17d12d1e4050bcf3f8f73b66a8fc - - default default] 10.0.0.52 "GET /v2.0/networks/4958466a-32bc-41bd-9e46-ea125b6831db/tags HTTP/1.1" status: 200 len: 210 time: 0.0301654
2026-06-23 19:56:28.337 9 INFO neutron.wsgi [None req-ac67372e-eec6-4085-a4fa-d7e1d9f05522 00baaa68652a46d29552496ca25089d9 adfe17d12d1e4050bcf3f8f73b66a8fc - - - -] 10.0.0.52 "PUT /v2.0/networks/4958466a-32bc-41bd-9e46-ea125b6831db/tags HTTP/1.1" status: 200 len: 205 time: 0.0390334
2026-06-23 19:56:28.381 9 INFO neutron.wsgi [None req-2041f6cf-6c97-4037-a5ee-7f8dd9ca3279 00baaa68652a46d29552496ca25089d9 adfe17d12d1e4050bcf3f8f73b66a8fc - - default default] 10.0.0.52 "GET /v2.0/networks/4958466a-32bc-41bd-9e46-ea125b6831db/tags HTTP/1.1" status: 200 len: 205 time: 0.0376008
2026-06-23 19:56:28.427 9 INFO neutron.wsgi [None req-7395a6f2-ef2b-45b8-8fe7-73b710a99965 00baaa68652a46d29552496ca25089d9 adfe17d12d1e4050bcf3f8f73b66a8fc - - default default] 10.0.0.52 "GET /v2.0/networks/4f7e380a-80fa-4885-9784-30ec47d3b118/tags HTTP/1.1" status: 200 len: 218 time: 0.0395725
2026-06-23 19:56:28.535 9 INFO neutron.services.segments.plugin [-] Segment 039881d1-d44b-4105-ad8a-438fc3bddd95 resource provider aggregate not found
2026-06-23 19:56:28.539 9 INFO neutron.services.segments.plugin [-] Segment 039881d1-d44b-4105-ad8a-438fc3bddd95 resource provider aggregate not found
2026-06-23 19:56:28.558 9 INFO neutron.services.segments.plugin [-] Segment 039881d1-d44b-4105-ad8a-438fc3bddd95 resource provider not found; error: Placement Client Error (4xx): {"errors": [{"status": 404, "title": "Not Found", "detail": "The resource could not be found.\n\n No resource provider with uuid 039881d1-d44b-4105-ad8a-438fc3bddd95 found for delete ", "request_id": "req-556e22e0-b341-4745-9078-8f3c7ae68f49"}]}
2026-06-23 19:56:28.559 9 INFO neutron.services.segments.plugin [-] Segment 039881d1-d44b-4105-ad8a-438fc3bddd95 resource provider not found; error: Placement Client Error (4xx): {"errors": [{"status": 404, "title": "Not Found", "detail": "The resource could not be found.\n\n No resource provider with uuid 039881d1-d44b-4105-ad8a-438fc3bddd95 found for delete ", "request_id": "req-f5b34fda-545e-4699-b49e-f9bbb35a2ad1"}]}
2026-06-23 19:56:28.809 9 INFO neutron.wsgi [None req-497fd638-ea48-4426-afb6-6ae6a648fd8f 5d23929a18d74fe9a3352a75b245aecc 453c9fb63fbf436cb14a698f59aea67b - - default default] 10.0.0.52 "GET /v2.0/security-groups?tenant_id=0ec761af7f494446905306480a19cfed&name=default HTTP/1.1" status: 200 len: 2996 time: 0.1876512
2026-06-23 19:56:28.956 9 INFO neutron.wsgi [None req-1e6b65ec-d636-403a-8539-525ce4827754 00baaa68652a46d29552496ca25089d9 adfe17d12d1e4050bcf3f8f73b66a8fc - - - -] 10.0.0.52 "DELETE /v2.0/networks/4f7e380a-80fa-4885-9784-30ec47d3b118 HTTP/1.1" status: 204 len: 168 time: 0.5100470
2026-06-23 19:56:29.057 10 INFO neutron.services.segments.plugin [-] Segment 838604d5-702a-4efa-bde4-e281c1643b38 resource provider aggregate not found
2026-06-23 19:56:29.071 10 INFO neutron.services.segments.plugin [-] Segment 838604d5-702a-4efa-bde4-e281c1643b38 resource provider aggregate not found
2026-06-23 19:56:29.077 10 INFO neutron.services.segments.plugin [-] Segment 838604d5-702a-4efa-bde4-e281c1643b38 resource provider not found; error: Placement Client Error (4xx): {"errors": [{"status": 404, "title": "Not Found", "detail": "The resource could not be found.\n\n No resource provider with uuid 838604d5-702a-4efa-bde4-e281c1643b38 found for delete ", "request_id": "req-05f35b06-93d9-4904-9d1c-6d64ea5280b8"}]}
2026-06-23 19:56:29.091 10 INFO neutron.services.segments.plugin [-] Segment 838604d5-702a-4efa-bde4-e281c1643b38 resource provider not found; error: Placement Client Error (4xx): {"errors": [{"status": 404, "title": "Not Found", "detail": "The resource could not be found.\n\n No resource provider with uuid 838604d5-702a-4efa-bde4-e281c1643b38 found for delete ", "request_id": "req-9fdbb0fa-33dc-4a01-b17f-b3163179da0a"}]}
2026-06-23 19:56:29.138 9 WARNING neutron.scheduler.dhcp_agent_scheduler [None req-ffb959b6-3c0e-4a24-8ea8-4df98f3f331b 9827e31020d544e28e008dc90db3b131 180ddbb14b6c4de4924cae50d818b3e7 - - - -] No more DHCP agents
2026-06-23 19:56:29.145 9 WARNING neutron.api.rpc.agentnotifiers.dhcp_rpc_agent_api [None req-ffb959b6-3c0e-4a24-8ea8-4df98f3f331b 9827e31020d544e28e008dc90db3b131 180ddbb14b6c4de4924cae50d818b3e7 - - - -] Unable to schedule network e1a6e66b-46a0-46ba-a1c3-11be58f8f68e: no agents available; will retry on subsequent port and subnet creation events.
2026-06-23 19:56:29.171 9 INFO neutron.wsgi [None req-95e4abba-500b-4bde-a77a-5639e6729aef 5d23929a18d74fe9a3352a75b245aecc 453c9fb63fbf436cb14a698f59aea67b - - - -] 10.0.0.52 "DELETE /v2.0/security-groups/241ff808-b229-4892-b2b1-361a60e18680 HTTP/1.1" status: 204 len: 168 time: 0.3556242
2026-06-23 19:56:29.379 10 INFO neutron.wsgi [None req-7b5627ec-8643-43ce-b82a-46154d6c7454 00baaa68652a46d29552496ca25089d9 adfe17d12d1e4050bcf3f8f73b66a8fc - - - -] 10.0.0.52 "DELETE /v2.0/networks/4958466a-32bc-41bd-9e46-ea125b6831db HTTP/1.1" status: 204 len: 168 time: 0.4174778
2026-06-23 19:56:29.728 9 INFO neutron.db.ovn_revision_numbers_db [None req-ffb959b6-3c0e-4a24-8ea8-4df98f3f331b 9827e31020d544e28e008dc90db3b131 180ddbb14b6c4de4924cae50d818b3e7 - - - -] Successfully bumped revision number for resource eab76aab-4ba8-4af4-8b2f-72a14f4674c1 (type: floatingips) to 0
2026-06-23 19:56:29.759 9 INFO neutron.wsgi [None req-ffb959b6-3c0e-4a24-8ea8-4df98f3f331b 9827e31020d544e28e008dc90db3b131 180ddbb14b6c4de4924cae50d818b3e7 - - - -] 10.0.0.52 "POST /v2.0/floatingips HTTP/1.1" status: 201 len: 751 time: 1.0341177
2026-06-23 19:56:29.807 10 INFO neutron.wsgi [None req-2ceafd78-470a-41fd-bf53-603054cd34bd 9827e31020d544e28e008dc90db3b131 180ddbb14b6c4de4924cae50d818b3e7 - - - -] 10.0.0.52 "PUT /v2.0/floatingips/eab76aab-4ba8-4af4-8b2f-72a14f4674c1/tags HTTP/1.1" status: 200 len: 218 time: 0.0372837
2026-06-23 19:56:29.836 10 INFO neutron.wsgi [None req-35ee794d-cca1-42a8-94fc-9bd84e296f06 9827e31020d544e28e008dc90db3b131 180ddbb14b6c4de4924cae50d818b3e7 - - default default] 10.0.0.52 "GET /v2.0/floatingips/eab76aab-4ba8-4af4-8b2f-72a14f4674c1/tags HTTP/1.1" status: 200 len: 218 time: 0.0236518
2026-06-23 19:56:29.880 10 INFO neutron.wsgi [None req-1478378e-4826-459f-9159-8d1657a949ca 9827e31020d544e28e008dc90db3b131 180ddbb14b6c4de4924cae50d818b3e7 - - - -] 10.0.0.52 "PUT /v2.0/floatingips/eab76aab-4ba8-4af4-8b2f-72a14f4674c1/tags/green HTTP/1.1" status: 201 len: 201 time: 0.0384545
2026-06-23 19:56:29.913 10 INFO neutron.wsgi [None req-24d6a34d-a5c7-4dd7-8a23-b01bcd33f407 9827e31020d544e28e008dc90db3b131 180ddbb14b6c4de4924cae50d818b3e7 - - default default] 10.0.0.52 "GET /v2.0/floatingips/eab76aab-4ba8-4af4-8b2f-72a14f4674c1/tags HTTP/1.1" status: 200 len: 227 time: 0.0277169
2026-06-23 19:56:29.955 10 INFO neutron.wsgi [None req-6c8cb4b3-ea01-469b-ada2-14a86a11c953 9827e31020d544e28e008dc90db3b131 180ddbb14b6c4de4924cae50d818b3e7 - - - -] 10.0.0.52 "PUT /v2.0/floatingips/eab76aab-4ba8-4af4-8b2f-72a14f4674c1/tags/red HTTP/1.1" status: 201 len: 201 time: 0.0360272
2026-06-23 19:56:29.997 10 INFO neutron.wsgi [None req-6fc2848c-7634-48cb-8673-591e3c462665 9827e31020d544e28e008dc90db3b131 180ddbb14b6c4de4924cae50d818b3e7 - - default default] 10.0.0.52 "GET /v2.0/floatingips/eab76aab-4ba8-4af4-8b2f-72a14f4674c1/tags HTTP/1.1" status: 200 len: 227 time: 0.0383399
2026-06-23 19:56:30.044 10 INFO neutron.wsgi [None req-289bd839-50a2-4c60-ade2-83ef5043fb0c 9827e31020d544e28e008dc90db3b131 180ddbb14b6c4de4924cae50d818b3e7 - - - -] 10.0.0.52 "PUT /v2.0/floatingips/eab76aab-4ba8-4af4-8b2f-72a14f4674c1/tags/black.or.white HTTP/1.1" status: 201 len: 201 time: 0.0417340
2026-06-23 19:56:30.081 10 INFO neutron.wsgi [None req-a774b8fa-95b2-497b-b456-923b2f120ada 9827e31020d544e28e008dc90db3b131 180ddbb14b6c4de4924cae50d818b3e7 - - default default] 10.0.0.52 "GET /v2.0/floatingips/eab76aab-4ba8-4af4-8b2f-72a14f4674c1/tags HTTP/1.1" status: 200 len: 245 time: 0.0305481
2026-06-23 19:56:30.123 10 INFO neutron.wsgi [None req-e613aa7e-d216-454a-b34c-f2d10b87adcf 9827e31020d544e28e008dc90db3b131 180ddbb14b6c4de4924cae50d818b3e7 - - - -] 10.0.0.52 "PUT /v2.0/floatingips/eab76aab-4ba8-4af4-8b2f-72a14f4674c1/tags HTTP/1.1" status: 200 len: 230 time: 0.0370145
2026-06-23 19:56:30.155 10 INFO neutron.wsgi [None req-b05e2acd-b09c-4c5d-ad8d-21ec67781866 9827e31020d544e28e008dc90db3b131 180ddbb14b6c4de4924cae50d818b3e7 - - default default] 10.0.0.52 "GET /v2.0/floatingips/eab76aab-4ba8-4af4-8b2f-72a14f4674c1/tags HTTP/1.1" status: 200 len: 230 time: 0.0273523
2026-06-23 19:56:30.195 10 INFO neutron.wsgi [None req-0cd0ddbe-b46b-43de-8086-6bed1acad3cd 9827e31020d544e28e008dc90db3b131 180ddbb14b6c4de4924cae50d818b3e7 - - default default] 10.0.0.52 "GET /v2.0/floatingips/eab76aab-4ba8-4af4-8b2f-72a14f4674c1/tags/red HTTP/1.1" status: 204 len: 168 time: 0.0334430
2026-06-23 19:56:30.228 9 INFO neutron.wsgi [None req-367fb493-bc79-49a4-9c01-48cbe2d2c470 5d23929a18d74fe9a3352a75b245aecc 453c9fb63fbf436cb14a698f59aea67b - - default default] 10.0.0.52 "GET /v2.0/security-groups?tenant_id=adfe17d12d1e4050bcf3f8f73b66a8fc&name=default HTTP/1.1" status: 200 len: 2996 time: 0.1844554
2026-06-23 19:56:30.230 10 INFO neutron.api.v2.resource [None req-9cb7ec31-542e-40b9-92bc-d5b8379eb235 9827e31020d544e28e008dc90db3b131 180ddbb14b6c4de4924cae50d818b3e7 - - default default] show failed (client error): The resource could not be found.
2026-06-23 19:56:30.232 10 INFO neutron.wsgi [None req-9cb7ec31-542e-40b9-92bc-d5b8379eb235 9827e31020d544e28e008dc90db3b131 180ddbb14b6c4de4924cae50d818b3e7 - - default default] 10.0.0.52 "GET /v2.0/floatingips/eab76aab-4ba8-4af4-8b2f-72a14f4674c1/tags/green HTTP/1.1" status: 404 len: 299 time: 0.0318816
2026-06-23 19:56:30.286 9 INFO neutron.wsgi [None req-6ee7e9cd-edc7-4d64-aad8-c02aa8d5da0f 9827e31020d544e28e008dc90db3b131 180ddbb14b6c4de4924cae50d818b3e7 - - - -] 10.0.0.52 "DELETE /v2.0/floatingips/eab76aab-4ba8-4af4-8b2f-72a14f4674c1/tags/red HTTP/1.1" status: 204 len: 168 time: 0.0495021
2026-06-23 19:56:30.327 9 INFO neutron.wsgi [None req-1b0d0c7e-47ad-4208-88d8-047a2cd5c95e 9827e31020d544e28e008dc90db3b131 180ddbb14b6c4de4924cae50d818b3e7 - - default default] 10.0.0.52 "GET /v2.0/floatingips/eab76aab-4ba8-4af4-8b2f-72a14f4674c1/tags HTTP/1.1" status: 200 len: 223 time: 0.0348325
2026-06-23 19:56:30.361 9 INFO neutron.api.v2.resource [None req-7b8b3edc-2f8d-4850-9460-68cf754a884b 9827e31020d544e28e008dc90db3b131 180ddbb14b6c4de4924cae50d818b3e7 - - - -] delete failed (client error): The resource could not be found.
2026-06-23 19:56:30.362 9 INFO neutron.wsgi [None req-7b8b3edc-2f8d-4850-9460-68cf754a884b 9827e31020d544e28e008dc90db3b131 180ddbb14b6c4de4924cae50d818b3e7 - - - -] 10.0.0.52 "DELETE /v2.0/floatingips/eab76aab-4ba8-4af4-8b2f-72a14f4674c1/tags/green HTTP/1.1" status: 404 len: 299 time: 0.0307276
2026-06-23 19:56:30.426 9 INFO neutron.wsgi [None req-daa4690f-19a3-4b57-bc1f-e6c6a8b05176 9827e31020d544e28e008dc90db3b131 180ddbb14b6c4de4924cae50d818b3e7 - - - -] 10.0.0.52 "DELETE /v2.0/floatingips/eab76aab-4ba8-4af4-8b2f-72a14f4674c1/tags HTTP/1.1" status: 204 len: 168 time: 0.0589421
2026-06-23 19:56:30.426 10 INFO neutron.wsgi [None req-8dac307c-8fc8-4929-bad8-ffbd7f768e9f 5d23929a18d74fe9a3352a75b245aecc 453c9fb63fbf436cb14a698f59aea67b - - - -] 10.0.0.52 "DELETE /v2.0/security-groups/8a543df9-c903-41bc-8920-685068244749 HTTP/1.1" status: 204 len: 168 time: 0.1935251
2026-06-23 19:56:30.459 10 INFO neutron.wsgi [None req-74901e97-7131-47c2-8bf0-2f82f0370304 9827e31020d544e28e008dc90db3b131 180ddbb14b6c4de4924cae50d818b3e7 - - default default] 10.0.0.52 "GET /v2.0/floatingips/eab76aab-4ba8-4af4-8b2f-72a14f4674c1/tags HTTP/1.1" status: 200 len: 205 time: 0.0282776
2026-06-23 19:56:30.577 9 INFO neutron.services.segments.plugin [-] Segment 31c5613e-156e-45d7-beba-f3c56055b6bd resource provider aggregate not found
2026-06-23 19:56:30.587 9 INFO neutron.services.segments.plugin [-] Segment 31c5613e-156e-45d7-beba-f3c56055b6bd resource provider aggregate not found
2026-06-23 19:56:30.605 9 INFO neutron.services.segments.plugin [-] Segment 31c5613e-156e-45d7-beba-f3c56055b6bd resource provider not found; error: Placement Client Error (4xx): {"errors": [{"status": 404, "title": "Not Found", "detail": "The resource could not be found.\n\n No resource provider with uuid 31c5613e-156e-45d7-beba-f3c56055b6bd found for delete ", "request_id": "req-40ee87c2-509a-41a1-bca8-f38a68314951"}]}
2026-06-23 19:56:30.615 9 INFO neutron.services.segments.plugin [-] Segment 31c5613e-156e-45d7-beba-f3c56055b6bd resource provider not found; error: Placement Client Error (4xx): {"errors": [{"status": 404, "title": "Not Found", "detail": "The resource could not be found.\n\n No resource provider with uuid 31c5613e-156e-45d7-beba-f3c56055b6bd found for delete ", "request_id": "req-fc2dcae3-3be8-47da-a8c9-f51bb8696dcf"}]}
2026-06-23 19:56:30.681 9 INFO neutron.db.ovn_revision_numbers_db [None req-6a7688ff-05ec-494f-a307-8de27e5dbf82 5d23929a18d74fe9a3352a75b245aecc 453c9fb63fbf436cb14a698f59aea67b - - default default] Successfully bumped revision number for resource 7cfca4f7-a8e1-48a6-aab0-b5f4e81beeec (type: security_groups) to 1
2026-06-23 19:56:30.705 9 INFO neutron.wsgi [None req-6a7688ff-05ec-494f-a307-8de27e5dbf82 5d23929a18d74fe9a3352a75b245aecc 453c9fb63fbf436cb14a698f59aea67b - - default default] 10.0.0.52 "GET /v2.0/security-groups?tenant_id=a931dac81fa7406d9314ddb095ce3aa1&name=default HTTP/1.1" status: 200 len: 2996 time: 0.1645720
2026-06-23 19:56:30.953 9 INFO neutron.wsgi [None req-1304f6a5-e076-4a35-a527-00ba8e74b4b6 5d23929a18d74fe9a3352a75b245aecc 453c9fb63fbf436cb14a698f59aea67b - - - -] 10.0.0.52 "DELETE /v2.0/security-groups/7cfca4f7-a8e1-48a6-aab0-b5f4e81beeec HTTP/1.1" status: 204 len: 168 time: 0.2412388
2026-06-23 19:56:30.976 10 INFO neutron.wsgi [None req-eddaf576-4116-44c8-a6a4-aa1e6c11f4e6 9827e31020d544e28e008dc90db3b131 180ddbb14b6c4de4924cae50d818b3e7 - - - -] 10.0.0.52 "DELETE /v2.0/floatingips/eab76aab-4ba8-4af4-8b2f-72a14f4674c1 HTTP/1.1" status: 204 len: 168 time: 0.5103416
2026-06-23 19:56:31.099 10 INFO neutron.services.segments.plugin [-] Segment 9442d8b9-e123-44ac-8c67-08cb6bd35d06 resource provider aggregate not found
2026-06-23 19:56:31.116 10 INFO neutron.services.segments.plugin [-] Segment 9442d8b9-e123-44ac-8c67-08cb6bd35d06 resource provider not found; error: Placement Client Error (4xx): {"errors": [{"status": 404, "title": "Not Found", "detail": "The resource could not be found.\n\n No resource provider with uuid 9442d8b9-e123-44ac-8c67-08cb6bd35d06 found for delete ", "request_id": "req-92b1be7c-402e-4998-aec3-5c7845c73b4b"}]}
2026-06-23 19:56:31.116 10 INFO neutron.services.segments.plugin [-] Segment 9442d8b9-e123-44ac-8c67-08cb6bd35d06 resource provider aggregate not found
2026-06-23 19:56:31.142 10 INFO neutron.services.segments.plugin [-] Segment 9442d8b9-e123-44ac-8c67-08cb6bd35d06 resource provider not found; error: Placement Client Error (4xx): {"errors": [{"status": 404, "title": "Not Found", "detail": "The resource could not be found.\n\n No resource provider with uuid 9442d8b9-e123-44ac-8c67-08cb6bd35d06 found for delete ", "request_id": "req-6c87e1aa-0410-4264-b82a-4502fabfdd8b"}]}
2026-06-23 19:56:31.359 9 INFO neutron.db.ovn_revision_numbers_db [None req-ac165838-83b0-4539-9b4c-a32dec3621b2 86373ee81f784f29ae06a5feadca1bbd c9f1759d6f3a43b28f0e37ef69cb7b09 - - - -] Successfully bumped revision number for resource c2bb423d-4e9f-4f6e-a7d7-ea3c223ba220 (type: security_groups) to 1
2026-06-23 19:56:31.427 9 INFO neutron.db.segments_db [None req-ac165838-83b0-4539-9b4c-a32dec3621b2 86373ee81f784f29ae06a5feadca1bbd c9f1759d6f3a43b28f0e37ef69cb7b09 - - - -] Added segment 99ac51d3-adca-4923-acb3-f70af6d3fce9 of type geneve for network 1711b49a-81d6-4e3e-8d1d-c6fbaf266ad4
2026-06-23 19:56:31.558 9 INFO neutron.db.segments_db [None req-ac165838-83b0-4539-9b4c-a32dec3621b2 86373ee81f784f29ae06a5feadca1bbd c9f1759d6f3a43b28f0e37ef69cb7b09 - - - -] Added segment 9a06a3e4-2498-41aa-bdad-4b15a09f9632 of type geneve for network 487ede20-9ec5-4727-a16f-36b8a0babbb9
2026-06-23 19:56:31.705 9 INFO neutron.db.ovn_revision_numbers_db [None req-ac165838-83b0-4539-9b4c-a32dec3621b2 86373ee81f784f29ae06a5feadca1bbd c9f1759d6f3a43b28f0e37ef69cb7b09 - - - -] Successfully bumped revision number for resource 1711b49a-81d6-4e3e-8d1d-c6fbaf266ad4 (type: networks) to 1
2026-06-23 19:56:31.913 9 WARNING neutron.scheduler.dhcp_agent_scheduler [None req-ac165838-83b0-4539-9b4c-a32dec3621b2 86373ee81f784f29ae06a5feadca1bbd c9f1759d6f3a43b28f0e37ef69cb7b09 - - - -] No more DHCP agents
2026-06-23 19:56:31.916 9 WARNING neutron.api.rpc.agentnotifiers.dhcp_rpc_agent_api [None req-ac165838-83b0-4539-9b4c-a32dec3621b2 86373ee81f784f29ae06a5feadca1bbd c9f1759d6f3a43b28f0e37ef69cb7b09 - - - -] Unable to schedule network 1711b49a-81d6-4e3e-8d1d-c6fbaf266ad4: no agents available; will retry on subsequent port and subnet creation events.
2026-06-23 19:56:31.933 10 INFO neutron.db.ovn_revision_numbers_db [None req-5be97fc2-5274-4ebd-b22f-3d89ee729849 5d23929a18d74fe9a3352a75b245aecc 453c9fb63fbf436cb14a698f59aea67b - - default default] Successfully bumped revision number for resource 59b38656-07c6-4afd-9184-0b67435de6ff (type: security_groups) to 1
2026-06-23 19:56:31.955 10 INFO neutron.wsgi [None req-5be97fc2-5274-4ebd-b22f-3d89ee729849 5d23929a18d74fe9a3352a75b245aecc 453c9fb63fbf436cb14a698f59aea67b - - default default] 10.0.0.52 "GET /v2.0/security-groups?tenant_id=180ddbb14b6c4de4924cae50d818b3e7&name=default HTTP/1.1" status: 200 len: 2996 time: 0.3013594
2026-06-23 19:56:31.998 9 INFO neutron.db.ovn_revision_numbers_db [None req-ac165838-83b0-4539-9b4c-a32dec3621b2 86373ee81f784f29ae06a5feadca1bbd c9f1759d6f3a43b28f0e37ef69cb7b09 - - - -] Successfully bumped revision number for resource 1ecb0290-598d-458d-a40b-82ae5b0ebbbd (type: ports) to 1
2026-06-23 19:56:32.049 9 INFO neutron.db.ovn_revision_numbers_db [None req-ac165838-83b0-4539-9b4c-a32dec3621b2 86373ee81f784f29ae06a5feadca1bbd c9f1759d6f3a43b28f0e37ef69cb7b09 - - - -] Successfully bumped revision number for resource 487ede20-9ec5-4727-a16f-36b8a0babbb9 (type: networks) to 1
2026-06-23 19:56:32.134 10 INFO neutron.wsgi [None req-c6d874ed-2579-4ae6-aa04-9272c375cc98 5d23929a18d74fe9a3352a75b245aecc 453c9fb63fbf436cb14a698f59aea67b - - - -] 10.0.0.52 "DELETE /v2.0/security-groups/59b38656-07c6-4afd-9184-0b67435de6ff HTTP/1.1" status: 204 len: 168 time: 0.1737335
2026-06-23 19:56:32.240 9 WARNING neutron.scheduler.dhcp_agent_scheduler [None req-ac165838-83b0-4539-9b4c-a32dec3621b2 86373ee81f784f29ae06a5feadca1bbd c9f1759d6f3a43b28f0e37ef69cb7b09 - - - -] No more DHCP agents
2026-06-23 19:56:32.243 9 WARNING neutron.api.rpc.agentnotifiers.dhcp_rpc_agent_api [None req-ac165838-83b0-4539-9b4c-a32dec3621b2 86373ee81f784f29ae06a5feadca1bbd c9f1759d6f3a43b28f0e37ef69cb7b09 - - - -] Unable to schedule network 487ede20-9ec5-4727-a16f-36b8a0babbb9: no agents available; will retry on subsequent port and subnet creation events.
2026-06-23 19:56:32.310 9 INFO neutron.db.ovn_revision_numbers_db [None req-ac165838-83b0-4539-9b4c-a32dec3621b2 86373ee81f784f29ae06a5feadca1bbd c9f1759d6f3a43b28f0e37ef69cb7b09 - - - -] Successfully bumped revision number for resource 72a04745-046b-4900-81f1-fb16b0945e9a (type: ports) to 1
2026-06-23 19:56:32.335 9 INFO neutron.wsgi [None req-ac165838-83b0-4539-9b4c-a32dec3621b2 86373ee81f784f29ae06a5feadca1bbd c9f1759d6f3a43b28f0e37ef69cb7b09 - - - -] 10.0.0.52 "POST /v2.0/networks HTTP/1.1" status: 201 len: 1445 time: 1.3292112
2026-06-23 19:56:32.391 10 INFO neutron.db.ovn_revision_numbers_db [None req-f819f1ec-d444-4653-a8cb-efeaa7801cac 5d23929a18d74fe9a3352a75b245aecc 453c9fb63fbf436cb14a698f59aea67b - - default default] Successfully bumped revision number for resource b7ad6ffe-a323-4210-a5b0-d1796ca44eb9 (type: security_groups) to 1
2026-06-23 19:56:32.415 10 INFO neutron.wsgi [None req-f819f1ec-d444-4653-a8cb-efeaa7801cac 5d23929a18d74fe9a3352a75b245aecc 453c9fb63fbf436cb14a698f59aea67b - - default default] 10.0.0.52 "GET /v2.0/security-groups?tenant_id=01b5ade71a6844d0b939cff62fb9331f&name=default HTTP/1.1" status: 200 len: 2996 time: 0.1376617
2026-06-23 19:56:32.444 9 INFO neutron.wsgi [None req-553fddff-8a5f-49fc-9a36-13cc596387fa 86373ee81f784f29ae06a5feadca1bbd c9f1759d6f3a43b28f0e37ef69cb7b09 - - default default] 10.0.0.52 "GET /v2.0/networks HTTP/1.1" status: 200 len: 2051 time: 0.1036069
2026-06-23 19:56:32.981 10 INFO neutron.wsgi [None req-be9a57e0-93a0-4a79-b6f9-857ecbbd2901 5d23929a18d74fe9a3352a75b245aecc 453c9fb63fbf436cb14a698f59aea67b - - - -] 10.0.0.52 "DELETE /v2.0/security-groups/b7ad6ffe-a323-4210-a5b0-d1796ca44eb9 HTTP/1.1" status: 204 len: 168 time: 0.5568562
2026-06-23 19:56:33.152 10 INFO neutron.services.segments.plugin [-] Segment 99ac51d3-adca-4923-acb3-f70af6d3fce9 resource provider aggregate not found
2026-06-23 19:56:33.162 10 INFO neutron.wsgi [None req-98ace506-3245-4123-b498-30b3bc74fae5 86373ee81f784f29ae06a5feadca1bbd c9f1759d6f3a43b28f0e37ef69cb7b09 - - - -] 10.0.0.52 "DELETE /v2.0/networks/1711b49a-81d6-4e3e-8d1d-c6fbaf266ad4 HTTP/1.1" status: 204 len: 168 time: 0.7137551
2026-06-23 19:56:33.164 10 INFO neutron.services.segments.plugin [-] Segment 99ac51d3-adca-4923-acb3-f70af6d3fce9 resource provider aggregate not found
2026-06-23 19:56:33.168 10 INFO neutron.services.segments.plugin [-] Segment 99ac51d3-adca-4923-acb3-f70af6d3fce9 resource provider not found; error: Placement Client Error (4xx): {"errors": [{"status": 404, "title": "Not Found", "detail": "The resource could not be found.\n\n No resource provider with uuid 99ac51d3-adca-4923-acb3-f70af6d3fce9 found for delete ", "request_id": "req-4b458305-7caa-481d-b684-c16a469ad488"}]}
2026-06-23 19:56:33.185 10 INFO neutron.services.segments.plugin [-] Segment 99ac51d3-adca-4923-acb3-f70af6d3fce9 resource provider not found; error: Placement Client Error (4xx): {"errors": [{"status": 404, "title": "Not Found", "detail": "The resource could not be found.\n\n No resource provider with uuid 99ac51d3-adca-4923-acb3-f70af6d3fce9 found for delete ", "request_id": "req-b6805924-1c62-48f8-83c7-edc6829e9ff3"}]}
2026-06-23 19:56:33.595 9 INFO neutron.services.segments.plugin [-] Segment 9a06a3e4-2498-41aa-bdad-4b15a09f9632 resource provider aggregate not found
2026-06-23 19:56:33.600 9 INFO neutron.services.segments.plugin [-] Segment 9a06a3e4-2498-41aa-bdad-4b15a09f9632 resource provider aggregate not found
2026-06-23 19:56:33.616 9 INFO neutron.services.segments.plugin [-] Segment 9a06a3e4-2498-41aa-bdad-4b15a09f9632 resource provider not found; error: Placement Client Error (4xx): {"errors": [{"status": 404, "title": "Not Found", "detail": "The resource could not be found.\n\n No resource provider with uuid 9a06a3e4-2498-41aa-bdad-4b15a09f9632 found for delete ", "request_id": "req-8be3949a-6c74-4324-b338-8b7d2af74c0a"}]}
2026-06-23 19:56:33.616 9 INFO neutron.services.segments.plugin [-] Segment 9a06a3e4-2498-41aa-bdad-4b15a09f9632 resource provider not found; error: Placement Client Error (4xx): {"errors": [{"status": 404, "title": "Not Found", "detail": "The resource could not be found.\n\n No resource provider with uuid 9a06a3e4-2498-41aa-bdad-4b15a09f9632 found for delete ", "request_id": "req-e6f328af-bd3a-4764-b8f5-53283647aead"}]}
2026-06-23 19:56:33.646 9 INFO neutron.wsgi [None req-279a72f2-d916-4629-a46e-43f710916d0f 86373ee81f784f29ae06a5feadca1bbd c9f1759d6f3a43b28f0e37ef69cb7b09 - - - -] 10.0.0.52 "DELETE /v2.0/networks/487ede20-9ec5-4727-a16f-36b8a0babbb9 HTTP/1.1" status: 204 len: 168 time: 0.4773102
2026-06-23 19:56:33.719 10 INFO neutron.wsgi [None req-dcc3fae1-3e49-4b32-a0a7-d05d123a734e 86373ee81f784f29ae06a5feadca1bbd c9f1759d6f3a43b28f0e37ef69cb7b09 - - default default] 10.0.0.52 "GET /v2.0/networks HTTP/1.1" status: 200 len: 845 time: 0.0693982
2026-06-23 19:56:33.808 10 INFO neutron.db.segments_db [None req-440f6bc5-f04f-45fc-8a46-c14c46446867 86373ee81f784f29ae06a5feadca1bbd c9f1759d6f3a43b28f0e37ef69cb7b09 - - - -] Added segment 2b887d2f-059d-4a80-adf7-444276976158 of type geneve for network a249546d-77e2-4a1a-b9cf-54f95f379434
2026-06-23 19:56:33.936 10 INFO neutron.db.ovn_revision_numbers_db [None req-440f6bc5-f04f-45fc-8a46-c14c46446867 86373ee81f784f29ae06a5feadca1bbd c9f1759d6f3a43b28f0e37ef69cb7b09 - - - -] Successfully bumped revision number for resource a249546d-77e2-4a1a-b9cf-54f95f379434 (type: networks) to 1
2026-06-23 19:56:34.103 10 WARNING neutron.scheduler.dhcp_agent_scheduler [None req-440f6bc5-f04f-45fc-8a46-c14c46446867 86373ee81f784f29ae06a5feadca1bbd c9f1759d6f3a43b28f0e37ef69cb7b09 - - - -] No more DHCP agents
2026-06-23 19:56:34.108 10 WARNING neutron.api.rpc.agentnotifiers.dhcp_rpc_agent_api [None req-440f6bc5-f04f-45fc-8a46-c14c46446867 86373ee81f784f29ae06a5feadca1bbd c9f1759d6f3a43b28f0e37ef69cb7b09 - - - -] Unable to schedule network a249546d-77e2-4a1a-b9cf-54f95f379434: no agents available; will retry on subsequent port and subnet creation events.
2026-06-23 19:56:34.176 10 INFO neutron.db.ovn_revision_numbers_db [None req-440f6bc5-f04f-45fc-8a46-c14c46446867 86373ee81f784f29ae06a5feadca1bbd c9f1759d6f3a43b28f0e37ef69cb7b09 - - - -] Successfully bumped revision number for resource dbd323ef-bb8d-410e-9f96-5139aee244c2 (type: ports) to 1
2026-06-23 19:56:34.197 10 INFO neutron.wsgi [None req-440f6bc5-f04f-45fc-8a46-c14c46446867 86373ee81f784f29ae06a5feadca1bbd c9f1759d6f3a43b28f0e37ef69cb7b09 - - - -] 10.0.0.52 "POST /v2.0/networks HTTP/1.1" status: 201 len: 847 time: 0.4699957
2026-06-23 19:56:34.280 10 INFO neutron.db.segments_db [None req-a8c077b6-c116-4f80-beae-3a6fa4877db1 86373ee81f784f29ae06a5feadca1bbd c9f1759d6f3a43b28f0e37ef69cb7b09 - - - -] Added segment efffc61d-aba0-4d4c-b0f2-e890d830817a of type geneve for network fc57fa5d-049d-4fa0-8ce7-7a667d2968cc
2026-06-23 19:56:34.424 10 INFO neutron.db.ovn_revision_numbers_db [None req-a8c077b6-c116-4f80-beae-3a6fa4877db1 86373ee81f784f29ae06a5feadca1bbd c9f1759d6f3a43b28f0e37ef69cb7b09 - - - -] Successfully bumped revision number for resource fc57fa5d-049d-4fa0-8ce7-7a667d2968cc (type: networks) to 1
2026-06-23 19:56:34.614 10 WARNING neutron.scheduler.dhcp_agent_scheduler [None req-a8c077b6-c116-4f80-beae-3a6fa4877db1 86373ee81f784f29ae06a5feadca1bbd c9f1759d6f3a43b28f0e37ef69cb7b09 - - - -] No more DHCP agents
2026-06-23 19:56:34.615 10 WARNING neutron.api.rpc.agentnotifiers.dhcp_rpc_agent_api [None req-a8c077b6-c116-4f80-beae-3a6fa4877db1 86373ee81f784f29ae06a5feadca1bbd c9f1759d6f3a43b28f0e37ef69cb7b09 - - - -] Unable to schedule network fc57fa5d-049d-4fa0-8ce7-7a667d2968cc: no agents available; will retry on subsequent port and subnet creation events.
2026-06-23 19:56:34.687 10 INFO neutron.db.ovn_revision_numbers_db [None req-a8c077b6-c116-4f80-beae-3a6fa4877db1 86373ee81f784f29ae06a5feadca1bbd c9f1759d6f3a43b28f0e37ef69cb7b09 - - - -] Successfully bumped revision number for resource 685b4568-9df9-48c2-a357-09d509f5db28 (type: ports) to 1
2026-06-23 19:56:34.715 10 INFO neutron.wsgi [None req-a8c077b6-c116-4f80-beae-3a6fa4877db1 86373ee81f784f29ae06a5feadca1bbd c9f1759d6f3a43b28f0e37ef69cb7b09 - - - -] 10.0.0.52 "POST /v2.0/networks HTTP/1.1" status: 201 len: 849 time: 0.5118821
2026-06-23 19:56:35.213 10 WARNING neutron.scheduler.dhcp_agent_scheduler [None req-7c2dfcea-df12-4f23-bc5d-6173ad2b812d 86373ee81f784f29ae06a5feadca1bbd c9f1759d6f3a43b28f0e37ef69cb7b09 - - - -] No more DHCP agents
2026-06-23 19:56:35.215 10 WARNING neutron.api.rpc.agentnotifiers.dhcp_rpc_agent_api [None req-7c2dfcea-df12-4f23-bc5d-6173ad2b812d 86373ee81f784f29ae06a5feadca1bbd c9f1759d6f3a43b28f0e37ef69cb7b09 - - - -] Unable to schedule network a249546d-77e2-4a1a-b9cf-54f95f379434: no agents available; will retry on subsequent port and subnet creation events.
2026-06-23 19:56:35.287 10 INFO neutron.db.ovn_revision_numbers_db [None req-7c2dfcea-df12-4f23-bc5d-6173ad2b812d 86373ee81f784f29ae06a5feadca1bbd c9f1759d6f3a43b28f0e37ef69cb7b09 - - - -] Successfully bumped revision number for resource c4d087e8-7a3f-4d9c-813c-c2776063b5fb (type: ports) to 1
2026-06-23 19:56:35.324 10 WARNING neutron.scheduler.dhcp_agent_scheduler [None req-7c2dfcea-df12-4f23-bc5d-6173ad2b812d 86373ee81f784f29ae06a5feadca1bbd c9f1759d6f3a43b28f0e37ef69cb7b09 - - - -] No more DHCP agents
2026-06-23 19:56:35.326 10 WARNING neutron.api.rpc.agentnotifiers.dhcp_rpc_agent_api [None req-7c2dfcea-df12-4f23-bc5d-6173ad2b812d 86373ee81f784f29ae06a5feadca1bbd c9f1759d6f3a43b28f0e37ef69cb7b09 - - - -] Unable to schedule network fc57fa5d-049d-4fa0-8ce7-7a667d2968cc: no agents available; will retry on subsequent port and subnet creation events.
2026-06-23 19:56:35.396 10 INFO neutron.db.ovn_revision_numbers_db [None req-7c2dfcea-df12-4f23-bc5d-6173ad2b812d 86373ee81f784f29ae06a5feadca1bbd c9f1759d6f3a43b28f0e37ef69cb7b09 - - - -] Successfully bumped revision number for resource 62150dcb-0959-4b0d-9a8b-1b67e16b31b3 (type: ports) to 1
2026-06-23 19:56:35.419 10 INFO neutron.wsgi [None req-7c2dfcea-df12-4f23-bc5d-6173ad2b812d 86373ee81f784f29ae06a5feadca1bbd c9f1759d6f3a43b28f0e37ef69cb7b09 - - - -] 10.0.0.52 "POST /v2.0/ports HTTP/1.1" status: 201 len: 1706 time: 0.6999280 /var/lib/openstack/lib/python3.10/site-packages/pycadf/identifier.py:71: UserWarning: Invalid uuid: neutron. To ensure interoperability, identifiers should be a valid uuid. warnings.warn(('Invalid uuid: %s. To ensure interoperability, '
2026-06-23 19:56:35.542 10 INFO neutron.wsgi [None req-31681597-973a-42b0-a65e-c829c6a50287 86373ee81f784f29ae06a5feadca1bbd c9f1759d6f3a43b28f0e37ef69cb7b09 - - default default] 10.0.0.52 "GET /v2.0/ports HTTP/1.1" status: 200 len: 3213 time: 0.1176038
2026-06-23 19:56:35.826 10 INFO neutron.wsgi [None req-493879de-905e-4cb2-9e90-be8fab0bd8a3 86373ee81f784f29ae06a5feadca1bbd c9f1759d6f3a43b28f0e37ef69cb7b09 - - - -] 10.0.0.52 "DELETE /v2.0/ports/c4d087e8-7a3f-4d9c-813c-c2776063b5fb HTTP/1.1" status: 204 len: 168 time: 0.2769589
2026-06-23 19:56:36.078 10 INFO neutron.wsgi [None req-44db032f-53ee-4ed6-a3e3-13c7d2c0a160 86373ee81f784f29ae06a5feadca1bbd c9f1759d6f3a43b28f0e37ef69cb7b09 - - - -] 10.0.0.52 "DELETE /v2.0/ports/62150dcb-0959-4b0d-9a8b-1b67e16b31b3 HTTP/1.1" status: 204 len: 168 time: 0.2477586
2026-06-23 19:56:36.123 10 INFO neutron.wsgi [None req-752e327d-26cf-4215-85e6-54ee633c331e 86373ee81f784f29ae06a5feadca1bbd c9f1759d6f3a43b28f0e37ef69cb7b09 - - default default] 10.0.0.52 "GET /v2.0/ports HTTP/1.1" status: 200 len: 1718 time: 0.0394409
2026-06-23 19:56:36.211 10 INFO neutron.db.segments_db [None req-2317dd08-f698-4946-9344-cb402d96e5f0 86373ee81f784f29ae06a5feadca1bbd c9f1759d6f3a43b28f0e37ef69cb7b09 - - - -] Added segment fc184f47-0bb8-4e3f-939f-94ff164f36df of type geneve for network 2289b124-10a9-4da1-b688-3aff91fe7974
2026-06-23 19:56:36.291 9 INFO neutron.wsgi [None req-6d7dcc2d-4bfe-42c7-ae3d-5ef1c54b9702 9f0da41db74e48f7b342a30d507b8fd0 298486a0baec4085935d0cec706233ff - - - -] 10.0.0.52 "POST /v2.0/subnetpools HTTP/1.1" status: 201 len: 715 time: 0.1893351
2026-06-23 19:56:36.327 9 INFO neutron.wsgi [None req-c09b1fc6-6dd8-427c-bb56-ed150f701fca 9f0da41db74e48f7b342a30d507b8fd0 298486a0baec4085935d0cec706233ff - - - -] 10.0.0.52 "PUT /v2.0/subnetpools/d931e8a6-a7e0-4287-a12c-6e1ace923210/tags HTTP/1.1" status: 200 len: 218 time: 0.0316112
2026-06-23 19:56:36.349 10 INFO neutron.db.ovn_revision_numbers_db [None req-2317dd08-f698-4946-9344-cb402d96e5f0 86373ee81f784f29ae06a5feadca1bbd c9f1759d6f3a43b28f0e37ef69cb7b09 - - - -] Successfully bumped revision number for resource 2289b124-10a9-4da1-b688-3aff91fe7974 (type: networks) to 1
2026-06-23 19:56:36.351 9 INFO neutron.wsgi [None req-d65afd7f-4084-44dc-a8c7-0e7e000a32ff 9f0da41db74e48f7b342a30d507b8fd0 298486a0baec4085935d0cec706233ff - - default default] 10.0.0.52 "GET /v2.0/subnetpools/d931e8a6-a7e0-4287-a12c-6e1ace923210/tags HTTP/1.1" status: 200 len: 218 time: 0.0185974
2026-06-23 19:56:36.387 9 INFO neutron.wsgi [None req-d4583c27-a194-4b8d-a6e4-a4e2b7789370 9f0da41db74e48f7b342a30d507b8fd0 298486a0baec4085935d0cec706233ff - - - -] 10.0.0.52 "PUT /v2.0/subnetpools/d931e8a6-a7e0-4287-a12c-6e1ace923210/tags/green HTTP/1.1" status: 201 len: 201 time: 0.0307913
2026-06-23 19:56:36.410 9 INFO neutron.wsgi [None req-00bc0801-b9a6-4ed3-bdc6-bdd3a6dabfdc 9f0da41db74e48f7b342a30d507b8fd0 298486a0baec4085935d0cec706233ff - - default default] 10.0.0.52 "GET /v2.0/subnetpools/d931e8a6-a7e0-4287-a12c-6e1ace923210/tags HTTP/1.1" status: 200 len: 227 time: 0.0156555
2026-06-23 19:56:36.432 9 INFO neutron.wsgi [None req-b6d2ecc5-298e-4d89-8bba-0e6ca45e8beb 9f0da41db74e48f7b342a30d507b8fd0 298486a0baec4085935d0cec706233ff - - - -] 10.0.0.52 "PUT /v2.0/subnetpools/d931e8a6-a7e0-4287-a12c-6e1ace923210/tags/red HTTP/1.1" status: 201 len: 201 time: 0.0182045
2026-06-23 19:56:36.453 9 INFO neutron.wsgi [None req-d289d432-0b91-411a-b752-de33767cdd28 9f0da41db74e48f7b342a30d507b8fd0 298486a0baec4085935d0cec706233ff - - default default] 10.0.0.52 "GET /v2.0/subnetpools/d931e8a6-a7e0-4287-a12c-6e1ace923210/tags HTTP/1.1" status: 200 len: 227 time: 0.0159547
2026-06-23 19:56:36.486 9 INFO neutron.wsgi [None req-9eadcd35-22c2-43c9-a15f-2960cbe949d6 9f0da41db74e48f7b342a30d507b8fd0 298486a0baec4085935d0cec706233ff - - - -] 10.0.0.52 "PUT /v2.0/subnetpools/d931e8a6-a7e0-4287-a12c-6e1ace923210/tags/black.or.white HTTP/1.1" status: 201 len: 201 time: 0.0270715
2026-06-23 19:56:36.506 9 INFO neutron.wsgi [None req-c10c3066-777c-4404-9834-c9e9f0a247be 9f0da41db74e48f7b342a30d507b8fd0 298486a0baec4085935d0cec706233ff - - default default] 10.0.0.52 "GET /v2.0/subnetpools/d931e8a6-a7e0-4287-a12c-6e1ace923210/tags HTTP/1.1" status: 200 len: 245 time: 0.0154858
2026-06-23 19:56:36.532 10 WARNING neutron.scheduler.dhcp_agent_scheduler [None req-2317dd08-f698-4946-9344-cb402d96e5f0 86373ee81f784f29ae06a5feadca1bbd c9f1759d6f3a43b28f0e37ef69cb7b09 - - - -] No more DHCP agents
2026-06-23 19:56:36.534 10 WARNING neutron.api.rpc.agentnotifiers.dhcp_rpc_agent_api [None req-2317dd08-f698-4946-9344-cb402d96e5f0 86373ee81f784f29ae06a5feadca1bbd c9f1759d6f3a43b28f0e37ef69cb7b09 - - - -] Unable to schedule network 2289b124-10a9-4da1-b688-3aff91fe7974: no agents available; will retry on subsequent port and subnet creation events.
2026-06-23 19:56:36.546 9 INFO neutron.wsgi [None req-aa165368-bf05-47e0-8ea5-e8acf1a269eb 9f0da41db74e48f7b342a30d507b8fd0 298486a0baec4085935d0cec706233ff - - - -] 10.0.0.52 "PUT /v2.0/subnetpools/d931e8a6-a7e0-4287-a12c-6e1ace923210/tags HTTP/1.1" status: 200 len: 230 time: 0.0351665
2026-06-23 19:56:36.575 9 INFO neutron.wsgi [None req-9fd9857f-366c-4407-8cb8-cb63d63a1ef8 9f0da41db74e48f7b342a30d507b8fd0 298486a0baec4085935d0cec706233ff - - default default] 10.0.0.52 "GET /v2.0/subnetpools/d931e8a6-a7e0-4287-a12c-6e1ace923210/tags HTTP/1.1" status: 200 len: 230 time: 0.0220313
2026-06-23 19:56:36.599 9 INFO neutron.wsgi [None req-ece8cec0-1620-4f78-877d-205f292bbf49 9f0da41db74e48f7b342a30d507b8fd0 298486a0baec4085935d0cec706233ff - - default default] 10.0.0.52 "GET /v2.0/subnetpools/d931e8a6-a7e0-4287-a12c-6e1ace923210/tags/red HTTP/1.1" status: 204 len: 168 time: 0.0205033
2026-06-23 19:56:36.604 10 INFO neutron.db.ovn_revision_numbers_db [None req-2317dd08-f698-4946-9344-cb402d96e5f0 86373ee81f784f29ae06a5feadca1bbd c9f1759d6f3a43b28f0e37ef69cb7b09 - - - -] Successfully bumped revision number for resource 4f1984ee-3542-450e-962a-f1ef0d982911 (type: ports) to 1
2026-06-23 19:56:36.617 9 INFO neutron.api.v2.resource [None req-58d0652f-2ca5-40e3-8dda-f6c72a0dcc78 9f0da41db74e48f7b342a30d507b8fd0 298486a0baec4085935d0cec706233ff - - default default] show failed (client error): The resource could not be found.
2026-06-23 19:56:36.618 9 INFO neutron.wsgi [None req-58d0652f-2ca5-40e3-8dda-f6c72a0dcc78 9f0da41db74e48f7b342a30d507b8fd0 298486a0baec4085935d0cec706233ff - - default default] 10.0.0.52 "GET /v2.0/subnetpools/d931e8a6-a7e0-4287-a12c-6e1ace923210/tags/green HTTP/1.1" status: 404 len: 299 time: 0.0151799
2026-06-23 19:56:36.623 10 INFO neutron.wsgi [None req-2317dd08-f698-4946-9344-cb402d96e5f0 86373ee81f784f29ae06a5feadca1bbd c9f1759d6f3a43b28f0e37ef69cb7b09 - - - -] 10.0.0.52 "POST /v2.0/networks HTTP/1.1" status: 201 len: 849 time: 0.4921324
2026-06-23 19:56:36.666 9 INFO neutron.wsgi [None req-c06cc4ca-ebda-4d0c-b518-852693bc5f3e 9f0da41db74e48f7b342a30d507b8fd0 298486a0baec4085935d0cec706233ff - - - -] 10.0.0.52 "DELETE /v2.0/subnetpools/d931e8a6-a7e0-4287-a12c-6e1ace923210/tags/red HTTP/1.1" status: 204 len: 168 time: 0.0416510
2026-06-23 19:56:36.699 10 INFO neutron.wsgi [None req-d7c2798d-7ac3-416c-bd28-0a6e46b2b0ac 9f0da41db74e48f7b342a30d507b8fd0 298486a0baec4085935d0cec706233ff - - default default] 10.0.0.52 "GET /v2.0/subnetpools/d931e8a6-a7e0-4287-a12c-6e1ace923210/tags HTTP/1.1" status: 200 len: 223 time: 0.0278425
2026-06-23 19:56:36.703 10 INFO neutron.db.segments_db [None req-d84c478e-c3cf-4452-8d74-f63db45c7738 86373ee81f784f29ae06a5feadca1bbd c9f1759d6f3a43b28f0e37ef69cb7b09 - - - -] Added segment 59d18438-6550-42a4-b40a-e3dfca813d53 of type geneve for network 5ab2d319-b835-422c-8ee0-8da4c2149f83
2026-06-23 19:56:36.733 9 INFO neutron.api.v2.resource [None req-d59f3ab9-66ce-4ad4-ad04-646a451bf5c6 9f0da41db74e48f7b342a30d507b8fd0 298486a0baec4085935d0cec706233ff - - - -] delete failed (client error): The resource could not be found.
2026-06-23 19:56:36.735 9 INFO neutron.wsgi [None req-d59f3ab9-66ce-4ad4-ad04-646a451bf5c6 9f0da41db74e48f7b342a30d507b8fd0 298486a0baec4085935d0cec706233ff - - - -] 10.0.0.52 "DELETE /v2.0/subnetpools/d931e8a6-a7e0-4287-a12c-6e1ace923210/tags/green HTTP/1.1" status: 404 len: 299 time: 0.0300884
2026-06-23 19:56:36.779 9 INFO neutron.wsgi [None req-0f5eaac3-1f21-4308-bad8-e9be7d8d199c 9f0da41db74e48f7b342a30d507b8fd0 298486a0baec4085935d0cec706233ff - - - -] 10.0.0.52 "DELETE /v2.0/subnetpools/d931e8a6-a7e0-4287-a12c-6e1ace923210/tags HTTP/1.1" status: 204 len: 168 time: 0.0373914
2026-06-23 19:56:36.799 9 INFO neutron.wsgi [None req-7810736a-3f36-4acd-b924-1b9a07e9278e 9f0da41db74e48f7b342a30d507b8fd0 298486a0baec4085935d0cec706233ff - - default default] 10.0.0.52 "GET /v2.0/subnetpools/d931e8a6-a7e0-4287-a12c-6e1ace923210/tags HTTP/1.1" status: 200 len: 205 time: 0.0153213
2026-06-23 19:56:36.850 10 INFO neutron.db.ovn_revision_numbers_db [None req-d84c478e-c3cf-4452-8d74-f63db45c7738 86373ee81f784f29ae06a5feadca1bbd c9f1759d6f3a43b28f0e37ef69cb7b09 - - - -] Successfully bumped revision number for resource 5ab2d319-b835-422c-8ee0-8da4c2149f83 (type: networks) to 1
2026-06-23 19:56:36.903 10 INFO neutron.wsgi [None req-9e03ea51-991a-4476-a9b9-cf686e7ea303 9f0da41db74e48f7b342a30d507b8fd0 298486a0baec4085935d0cec706233ff - - - -] 10.0.0.52 "DELETE /v2.0/subnetpools/d931e8a6-a7e0-4287-a12c-6e1ace923210 HTTP/1.1" status: 204 len: 168 time: 0.0946383
2026-06-23 19:56:37.053 10 WARNING neutron.scheduler.dhcp_agent_scheduler [None req-d84c478e-c3cf-4452-8d74-f63db45c7738 86373ee81f784f29ae06a5feadca1bbd c9f1759d6f3a43b28f0e37ef69cb7b09 - - - -] No more DHCP agents
2026-06-23 19:56:37.055 10 WARNING neutron.api.rpc.agentnotifiers.dhcp_rpc_agent_api [None req-d84c478e-c3cf-4452-8d74-f63db45c7738 86373ee81f784f29ae06a5feadca1bbd c9f1759d6f3a43b28f0e37ef69cb7b09 - - - -] Unable to schedule network 5ab2d319-b835-422c-8ee0-8da4c2149f83: no agents available; will retry on subsequent port and subnet creation events.
2026-06-23 19:56:37.112 10 INFO neutron.db.ovn_revision_numbers_db [None req-d84c478e-c3cf-4452-8d74-f63db45c7738 86373ee81f784f29ae06a5feadca1bbd c9f1759d6f3a43b28f0e37ef69cb7b09 - - - -] Successfully bumped revision number for resource 59be92da-6539-4366-b42f-5453065183b5 (type: ports) to 1
2026-06-23 19:56:37.129 10 INFO neutron.wsgi [None req-d84c478e-c3cf-4452-8d74-f63db45c7738 86373ee81f784f29ae06a5feadca1bbd c9f1759d6f3a43b28f0e37ef69cb7b09 - - - -] 10.0.0.52 "POST /v2.0/networks HTTP/1.1" status: 201 len: 848 time: 0.5006795
2026-06-23 19:56:37.583 10 WARNING neutron.scheduler.dhcp_agent_scheduler [None req-439619b5-27a1-4a6b-a97c-d7654892cf20 86373ee81f784f29ae06a5feadca1bbd c9f1759d6f3a43b28f0e37ef69cb7b09 - - - -] No more DHCP agents
2026-06-23 19:56:37.585 10 WARNING neutron.api.rpc.agentnotifiers.dhcp_rpc_agent_api [None req-439619b5-27a1-4a6b-a97c-d7654892cf20 86373ee81f784f29ae06a5feadca1bbd c9f1759d6f3a43b28f0e37ef69cb7b09 - - - -] Unable to schedule network 2289b124-10a9-4da1-b688-3aff91fe7974: no agents available; will retry on subsequent port and subnet creation events.
2026-06-23 19:56:37.816 9 INFO neutron.db.ovn_revision_numbers_db [None req-183b81c4-fb4d-4639-ad10-0366cdcc0b7c 5d23929a18d74fe9a3352a75b245aecc 453c9fb63fbf436cb14a698f59aea67b - - default default] Successfully bumped revision number for resource 1a46e93c-7c69-4dc6-963f-423fabb83b5a (type: security_groups) to 1
2026-06-23 19:56:37.836 9 INFO neutron.wsgi [None req-183b81c4-fb4d-4639-ad10-0366cdcc0b7c 5d23929a18d74fe9a3352a75b245aecc 453c9fb63fbf436cb14a698f59aea67b - - default default] 10.0.0.52 "GET /v2.0/security-groups?tenant_id=3dbd7fc8c0fa485b8b8b7dd79e602029&name=default HTTP/1.1" status: 200 len: 3000 time: 0.2604735
2026-06-23 19:56:38.092 10 INFO neutron.db.ovn_revision_numbers_db [None req-439619b5-27a1-4a6b-a97c-d7654892cf20 86373ee81f784f29ae06a5feadca1bbd c9f1759d6f3a43b28f0e37ef69cb7b09 - - - -] Successfully bumped revision number for resource 4f1984ee-3542-450e-962a-f1ef0d982911 (type: ports) to 2
2026-06-23 19:56:38.098 10 INFO neutron.wsgi [None req-d44c2d24-6568-452c-863c-a517e10c75c8 5d23929a18d74fe9a3352a75b245aecc 453c9fb63fbf436cb14a698f59aea67b - - - -] 10.0.0.52 "DELETE /v2.0/security-groups/1a46e93c-7c69-4dc6-963f-423fabb83b5a HTTP/1.1" status: 204 len: 168 time: 0.2558775
2026-06-23 19:56:38.109 10 INFO neutron.db.ovn_revision_numbers_db [None req-439619b5-27a1-4a6b-a97c-d7654892cf20 86373ee81f784f29ae06a5feadca1bbd c9f1759d6f3a43b28f0e37ef69cb7b09 - - - -] Successfully bumped revision number for resource 2bd56fc3-8535-48b7-9718-8ce97bc84646 (type: subnets) to 0
2026-06-23 19:56:38.133 10 WARNING neutron.scheduler.dhcp_agent_scheduler [None req-439619b5-27a1-4a6b-a97c-d7654892cf20 86373ee81f784f29ae06a5feadca1bbd c9f1759d6f3a43b28f0e37ef69cb7b09 - - - -] No more DHCP agents
2026-06-23 19:56:38.135 10 WARNING neutron.api.rpc.agentnotifiers.dhcp_rpc_agent_api [None req-439619b5-27a1-4a6b-a97c-d7654892cf20 86373ee81f784f29ae06a5feadca1bbd c9f1759d6f3a43b28f0e37ef69cb7b09 - - - -] Unable to schedule network 5ab2d319-b835-422c-8ee0-8da4c2149f83: no agents available; will retry on subsequent port and subnet creation events.
2026-06-23 19:56:38.339 10 INFO neutron.db.ovn_revision_numbers_db [None req-b5dc7914-0337-4393-8342-7caba2ec4ad6 5d23929a18d74fe9a3352a75b245aecc 453c9fb63fbf436cb14a698f59aea67b - - default default] Successfully bumped revision number for resource 7c5faa29-907d-4339-9f95-00db419fbfca (type: security_groups) to 1
2026-06-23 19:56:38.363 10 INFO neutron.wsgi [None req-b5dc7914-0337-4393-8342-7caba2ec4ad6 5d23929a18d74fe9a3352a75b245aecc 453c9fb63fbf436cb14a698f59aea67b - - default default] 10.0.0.52 "GET /v2.0/security-groups?tenant_id=298486a0baec4085935d0cec706233ff&name=default HTTP/1.1" status: 200 len: 3000 time: 0.1629653
2026-06-23 19:56:38.570 10 INFO neutron.db.ovn_revision_numbers_db [None req-439619b5-27a1-4a6b-a97c-d7654892cf20 86373ee81f784f29ae06a5feadca1bbd c9f1759d6f3a43b28f0e37ef69cb7b09 - - - -] Successfully bumped revision number for resource 59be92da-6539-4366-b42f-5453065183b5 (type: ports) to 2
2026-06-23 19:56:38.571 9 INFO neutron.wsgi [None req-abd6b038-9807-474c-b840-1ebcee2980cd 5d23929a18d74fe9a3352a75b245aecc 453c9fb63fbf436cb14a698f59aea67b - - - -] 10.0.0.52 "DELETE /v2.0/security-groups/7c5faa29-907d-4339-9f95-00db419fbfca HTTP/1.1" status: 204 len: 168 time: 0.2027962
2026-06-23 19:56:38.588 10 INFO neutron.db.ovn_revision_numbers_db [None req-439619b5-27a1-4a6b-a97c-d7654892cf20 86373ee81f784f29ae06a5feadca1bbd c9f1759d6f3a43b28f0e37ef69cb7b09 - - - -] Successfully bumped revision number for resource 162ad2d7-6409-42e1-a80a-dd4517f18dbf (type: subnets) to 0
2026-06-23 19:56:38.607 10 INFO neutron.wsgi [None req-439619b5-27a1-4a6b-a97c-d7654892cf20 86373ee81f784f29ae06a5feadca1bbd c9f1759d6f3a43b28f0e37ef69cb7b09 - - - -] 10.0.0.52 "POST /v2.0/subnets HTTP/1.1" status: 201 len: 1425 time: 1.4432771
2026-06-23 19:56:38.696 10 INFO neutron.wsgi [None req-eedf4e14-c9a2-4ff0-b5d6-ea7a025b35d4 86373ee81f784f29ae06a5feadca1bbd c9f1759d6f3a43b28f0e37ef69cb7b09 - - default default] 10.0.0.52 "GET /v2.0/subnets HTTP/1.1" status: 200 len: 2033 time: 0.0848932
2026-06-23 19:56:38.949 9 INFO neutron.wsgi [None req-5245271b-c3e2-4dc6-a813-71eaa8a8dd0d 86373ee81f784f29ae06a5feadca1bbd c9f1759d6f3a43b28f0e37ef69cb7b09 - - - -] 10.0.0.52 "DELETE /v2.0/subnets/2bd56fc3-8535-48b7-9718-8ce97bc84646 HTTP/1.1" status: 204 len: 168 time: 0.2474630
2026-06-23 19:56:39.148 9 INFO neutron.wsgi [None req-56b06229-043c-4d1b-8517-7aaa482bed16 86373ee81f784f29ae06a5feadca1bbd c9f1759d6f3a43b28f0e37ef69cb7b09 - - - -] 10.0.0.52 "DELETE /v2.0/subnets/162ad2d7-6409-42e1-a80a-dd4517f18dbf HTTP/1.1" status: 204 len: 168 time: 0.1935148
2026-06-23 19:56:39.188 9 INFO neutron.wsgi [None req-1af03c73-0202-40ff-a294-b0c118c0062c 86373ee81f784f29ae06a5feadca1bbd c9f1759d6f3a43b28f0e37ef69cb7b09 - - default default] 10.0.0.52 "GET /v2.0/subnets HTTP/1.1" status: 200 len: 820 time: 0.0339763
2026-06-23 19:56:39.540 9 INFO neutron.services.segments.plugin [-] Segment 59d18438-6550-42a4-b40a-e3dfca813d53 resource provider aggregate not found
2026-06-23 19:56:39.545 9 INFO neutron.services.segments.plugin [-] Segment 59d18438-6550-42a4-b40a-e3dfca813d53 resource provider aggregate not found
2026-06-23 19:56:39.559 9 INFO neutron.services.segments.plugin [-] Segment 59d18438-6550-42a4-b40a-e3dfca813d53 resource provider not found; error: Placement Client Error (4xx): {"errors": [{"status": 404, "title": "Not Found", "detail": "The resource could not be found.\n\n No resource provider with uuid 59d18438-6550-42a4-b40a-e3dfca813d53 found for delete ", "request_id": "req-d927d35b-3da0-4152-8a7c-f81fbe5020d9"}]}
2026-06-23 19:56:39.578 9 INFO neutron.services.segments.plugin [-] Segment 59d18438-6550-42a4-b40a-e3dfca813d53 resource provider not found; error: Placement Client Error (4xx): {"errors": [{"status": 404, "title": "Not Found", "detail": "The resource could not be found.\n\n No resource provider with uuid 59d18438-6550-42a4-b40a-e3dfca813d53 found for delete ", "request_id": "req-5fe84b52-7300-4801-ad93-9309fb8728b8"}]}
2026-06-23 19:56:39.607 9 INFO neutron.wsgi [None req-dbc1a5e8-b4c1-4218-b34d-7430b6ed97c8 86373ee81f784f29ae06a5feadca1bbd c9f1759d6f3a43b28f0e37ef69cb7b09 - - - -] 10.0.0.52 "DELETE /v2.0/networks/5ab2d319-b835-422c-8ee0-8da4c2149f83 HTTP/1.1" status: 204 len: 168 time: 0.4138718
2026-06-23 19:56:39.732 9 INFO neutron.wsgi [-] 10.0.0.153 "GET / HTTP/1.1" status: 200 len: 247 time: 0.0137353
2026-06-23 19:56:39.734 9 INFO neutron.wsgi [-] 10.0.0.153 "GET / HTTP/1.1" status: 200 len: 247 time: 0.0014985
2026-06-23 19:56:40.300 10 INFO neutron.services.segments.plugin [-] Segment fc184f47-0bb8-4e3f-939f-94ff164f36df resource provider aggregate not found
2026-06-23 19:56:40.306 10 INFO neutron.services.segments.plugin [-] Segment fc184f47-0bb8-4e3f-939f-94ff164f36df resource provider aggregate not found
2026-06-23 19:56:40.327 10 INFO neutron.services.segments.plugin [-] Segment fc184f47-0bb8-4e3f-939f-94ff164f36df resource provider not found; error: Placement Client Error (4xx): {"errors": [{"status": 404, "title": "Not Found", "detail": "The resource could not be found.\n\n No resource provider with uuid fc184f47-0bb8-4e3f-939f-94ff164f36df found for delete ", "request_id": "req-ea67da92-ed0f-4fa9-bedf-cf372b824804"}]}
2026-06-23 19:56:40.329 10 INFO neutron.services.segments.plugin [-] Segment fc184f47-0bb8-4e3f-939f-94ff164f36df resource provider not found; error: Placement Client Error (4xx): {"errors": [{"status": 404, "title": "Not Found", "detail": "The resource could not be found.\n\n No resource provider with uuid fc184f47-0bb8-4e3f-939f-94ff164f36df found for delete ", "request_id": "req-94772f40-b50e-48d2-8250-cf812ae4bc20"}]}
2026-06-23 19:56:40.356 10 INFO neutron.wsgi [None req-e970940e-8482-4f42-b791-7d2ca7c16898 86373ee81f784f29ae06a5feadca1bbd c9f1759d6f3a43b28f0e37ef69cb7b09 - - - -] 10.0.0.52 "DELETE /v2.0/networks/2289b124-10a9-4da1-b688-3aff91fe7974 HTTP/1.1" status: 204 len: 168 time: 0.7441590
2026-06-23 19:56:40.785 9 INFO neutron.wsgi [None req-7653c862-0d6d-4c2f-9410-8f89c3852080 86373ee81f784f29ae06a5feadca1bbd c9f1759d6f3a43b28f0e37ef69cb7b09 - - - -] 10.0.0.52 "DELETE /v2.0/networks/fc57fa5d-049d-4fa0-8ce7-7a667d2968cc HTTP/1.1" status: 204 len: 168 time: 0.4233539
2026-06-23 19:56:41.382 9 INFO neutron.wsgi [None req-8124a864-62f7-494a-8b31-51d4c9460bd6 86373ee81f784f29ae06a5feadca1bbd c9f1759d6f3a43b28f0e37ef69cb7b09 - - - -] 10.0.0.52 "DELETE /v2.0/networks/a249546d-77e2-4a1a-b9cf-54f95f379434 HTTP/1.1" status: 204 len: 168 time: 0.5922110
2026-06-23 19:56:41.586 9 INFO neutron.services.segments.plugin [-] Segment efffc61d-aba0-4d4c-b0f2-e890d830817a resource provider aggregate not found
2026-06-23 19:56:41.601 9 INFO neutron.services.segments.plugin [-] Segment efffc61d-aba0-4d4c-b0f2-e890d830817a resource provider aggregate not found
