2026-06-23 19:54:57.502 10 INFO neutron.wsgi [None req-51d04578-0ba2-44e2-a846-4bef2dd02827 5d23929a18d74fe9a3352a75b245aecc 453c9fb63fbf436cb14a698f59aea67b - - - -] 10.0.0.52 "PUT /v2.0/routers/8fc6edeb-71c0-43b7-b627-47f5352bd7f4/remove_router_interface HTTP/1.1" status: 200 len: 503 time: 2.0807502
2026-06-23 19:54:57.576 10 INFO neutron.db.ovn_revision_numbers_db [None req-1060287c-a1bf-4d5b-b548-1eaf5a142fd3 e0ed2bb3135847a48f66791dd4f6213c f222d9cd3f7d41de8562a80b3917a050 - - - -] Successfully bumped revision number for resource a1f62d05-4e44-4519-b8a1-37eebbcc0f21 (type: ports) to 1
2026-06-23 19:54:57.610 10 INFO neutron.wsgi [None req-1060287c-a1bf-4d5b-b548-1eaf5a142fd3 e0ed2bb3135847a48f66791dd4f6213c f222d9cd3f7d41de8562a80b3917a050 - - - -] 199.19.213.169 "POST /v2.0/ports HTTP/1.1" status: 201 len: 1162 time: 1.1420264 /var/lib/openstack/lib/python3.10/site-packages/pycadf/identifier.py:71: UserWarning: Invalid uuid: neutron. To ensure interoperability, identifiers should be a valid uuid. warnings.warn(('Invalid uuid: %s. To ensure interoperability, '
2026-06-23 19:54:57.664 9 INFO neutron.wsgi [req-da46ba75-17e2-4f70-bc8d-6b1e95a06a92 req-5ae7f43c-dff7-479e-8960-7dd7e61228d3 c217401e4472443cbbf5f8b058c3985a 253f9370aa1048378f70e3d5eeb2241b - - default default] 10.0.0.84 "GET /v2.0/ports?device_id=4259f143-f2f5-4c9d-856b-8d45e0b93bd6 HTTP/1.1" status: 200 len: 1208 time: 0.0480728
2026-06-23 19:54:57.767 9 INFO neutron.wsgi [req-da46ba75-17e2-4f70-bc8d-6b1e95a06a92 req-2c972211-5b32-43da-808b-b5bd22259f36 c217401e4472443cbbf5f8b058c3985a 253f9370aa1048378f70e3d5eeb2241b - - default default] 10.0.0.84 "GET /v2.0/security-groups?id=00cc1fde-17f1-4871-bac4-aa2c18a6658d&id=63acefeb-c702-41a2-974b-472e5aa7494b&fields=id&fields=name HTTP/1.1" status: 200 len: 406 time: 0.0930560
2026-06-23 19:54:57.851 9 INFO neutron.wsgi [req-6973a87a-0b37-439f-9991-e79ff48a0293 req-01eaba19-f56c-4421-a454-5c00159bc00c e0ed2bb3135847a48f66791dd4f6213c f222d9cd3f7d41de8562a80b3917a050 - - default default] 10.0.0.84 "GET /v2.0/ports?device_id=2376a5b8-6658-4b13-bf88-bc81e5b8c9ad HTTP/1.1" status: 200 len: 1160 time: 0.0431385
2026-06-23 19:54:57.889 9 INFO neutron.wsgi [req-6973a87a-0b37-439f-9991-e79ff48a0293 req-1a9571bb-3f09-4c4f-ab68-324ee0b5c93e e0ed2bb3135847a48f66791dd4f6213c f222d9cd3f7d41de8562a80b3917a050 - - default default] 10.0.0.84 "GET /v2.0/security-groups?id=9d7f50e3-1765-4960-904b-512451d25734&fields=id&fields=name HTTP/1.1" status: 200 len: 313 time: 0.0320427
2026-06-23 19:54:58.053 10 INFO neutron.db.ovn_revision_numbers_db [None req-8f7b5f72-8eac-4d01-83bb-8cd52e2af4c8 855be17139344c2bafa232e157bfed6b 7f691d76c1524012a51b466dcf28e673 - - - -] Successfully bumped revision number for resource a1f62d05-4e44-4519-b8a1-37eebbcc0f21 (type: ports) to 2
2026-06-23 19:54:58.264 10 INFO neutron.db.ovn_revision_numbers_db [None req-8f7b5f72-8eac-4d01-83bb-8cd52e2af4c8 855be17139344c2bafa232e157bfed6b 7f691d76c1524012a51b466dcf28e673 - - - -] Successfully bumped revision number for resource a1f62d05-4e44-4519-b8a1-37eebbcc0f21 (type: ports) to 2
2026-06-23 19:54:58.282 9 INFO neutron.wsgi [None req-e6ad059e-3e96-484f-9011-cac794918a67 5d23929a18d74fe9a3352a75b245aecc 453c9fb63fbf436cb14a698f59aea67b - - - -] 10.0.0.52 "DELETE /v2.0/routers/8fc6edeb-71c0-43b7-b627-47f5352bd7f4 HTTP/1.1" status: 204 len: 168 time: 0.7720404
2026-06-23 19:54:58.287 9 INFO neutron.wsgi [req-825a5502-8dd4-40bd-84b6-966bdd7e2d41 req-34533518-0357-469b-be96-bc3b4f019e05 fd0b792503634166a9c78ffe1376bead 17783136566941888d1c85c5b8fb79e4 - - default default] 10.0.0.84 "GET /v2.0/ports?device_id=33f01db7-83fc-4e6e-bf50-fde2c16814de HTTP/1.1" status: 200 len: 1174 time: 0.0380349
2026-06-23 19:54:58.291 10 INFO neutron.wsgi [None req-8f7b5f72-8eac-4d01-83bb-8cd52e2af4c8 855be17139344c2bafa232e157bfed6b 7f691d76c1524012a51b466dcf28e673 - - - -] 199.19.213.169 "PUT /v2.0/ports/a1f62d05-4e44-4519-b8a1-37eebbcc0f21 HTTP/1.1" status: 200 len: 1332 time: 0.6732471 /var/lib/openstack/lib/python3.10/site-packages/pycadf/identifier.py:71: UserWarning: Invalid uuid: neutron. To ensure interoperability, identifiers should be a valid uuid. warnings.warn(('Invalid uuid: %s. To ensure interoperability, '
2026-06-23 19:54:58.347 9 INFO neutron.wsgi [req-825a5502-8dd4-40bd-84b6-966bdd7e2d41 req-f4b88c7b-5032-4f4e-9e46-b41be401a3ea fd0b792503634166a9c78ffe1376bead 17783136566941888d1c85c5b8fb79e4 - - default default] 10.0.0.84 "GET /v2.0/security-groups?id=6b14891f-0b8e-462e-9842-3edaadc91b85&fields=id&fields=name HTTP/1.1" status: 200 len: 312 time: 0.0503657
2026-06-23 19:54:58.364 10 INFO neutron.wsgi [req-7be51d81-b4ca-48b8-9030-754e69ae59c0 req-5ef8aa74-3fd0-4730-b3b8-58bbd1d896fb 855be17139344c2bafa232e157bfed6b 7f691d76c1524012a51b466dcf28e673 - - 937bc54d18a543028d61db14cb5645ab 937bc54d18a543028d61db14cb5645ab] 199.19.213.169 "GET /v2.0/ports?tenant_id=f222d9cd3f7d41de8562a80b3917a050&device_id=2376a5b8-6658-4b13-bf88-bc81e5b8c9ad HTTP/1.1" status: 200 len: 1363 time: 0.0344210
2026-06-23 19:54:58.400 10 INFO neutron.wsgi [req-7be51d81-b4ca-48b8-9030-754e69ae59c0 req-c2927775-e216-4703-b9a0-9f7456594e65 855be17139344c2bafa232e157bfed6b 7f691d76c1524012a51b466dcf28e673 - - 937bc54d18a543028d61db14cb5645ab 937bc54d18a543028d61db14cb5645ab] 199.19.213.169 "GET /v2.0/floatingips?fixed_ip_address=10.100.0.11&port_id=a1f62d05-4e44-4519-b8a1-37eebbcc0f21 HTTP/1.1" status: 200 len: 217 time: 0.0265155
2026-06-23 19:54:58.437 10 INFO neutron.wsgi [req-7be51d81-b4ca-48b8-9030-754e69ae59c0 req-d259bc71-a779-4482-af2a-b0ac8e8c9778 855be17139344c2bafa232e157bfed6b 7f691d76c1524012a51b466dcf28e673 - - 937bc54d18a543028d61db14cb5645ab 937bc54d18a543028d61db14cb5645ab] 199.19.213.169 "GET /v2.0/subnets?id=b970d566-9f7f-488e-bad3-8158e917c0ea HTTP/1.1" status: 200 len: 869 time: 0.0322831
2026-06-23 19:54:58.464 9 INFO neutron.wsgi [req-c21b2249-4973-47a2-9211-33a354a8cef2 req-5362c18d-e7ad-4d50-854d-7cc9cccedb5a fd0b792503634166a9c78ffe1376bead 17783136566941888d1c85c5b8fb79e4 - - default default] 10.0.0.84 "GET /v2.0/ports?device_id=33f01db7-83fc-4e6e-bf50-fde2c16814de HTTP/1.1" status: 200 len: 1174 time: 0.0435581
2026-06-23 19:54:58.464 10 INFO neutron.wsgi [req-7be51d81-b4ca-48b8-9030-754e69ae59c0 req-25ddd879-e1d3-46ec-846c-3012cba81316 855be17139344c2bafa232e157bfed6b 7f691d76c1524012a51b466dcf28e673 - - 937bc54d18a543028d61db14cb5645ab 937bc54d18a543028d61db14cb5645ab] 199.19.213.169 "GET /v2.0/ports?network_id=70257ee7-9165-4efe-8421-1a11b059bbbd&device_owner=network%3Adhcp HTTP/1.1" status: 200 len: 210 time: 0.0209286
2026-06-23 19:54:58.471 9 WARNING neutron.plugins.ml2.drivers.ovn.mech_driver.ovsdb.ovn_client [None req-d2287baf-eecb-4188-aeb7-f1a27a7ace34 - - - - - -] No hosting information found for port 276c4178-79ce-4934-9e63-16ceb11466ca: RuntimeError: No hosting information found for port 276c4178-79ce-4934-9e63-16ceb11466ca
2026-06-23 19:54:58.471 9 INFO neutron.plugins.ml2.drivers.ovn.mech_driver.mech_driver [None req-d2287baf-eecb-4188-aeb7-f1a27a7ace34 - - - - - -] OVN reports status down for port: 22e95882-4852-4927-b059-15c6205c4103
2026-06-23 19:54:58.491 9 INFO neutron.plugins.ml2.drivers.ovn.mech_driver.mech_driver [None req-d2287baf-eecb-4188-aeb7-f1a27a7ace34 - - - - - -] OVN reports status up for port: 4b02e77f-6be6-4bb4-ac7f-592c955513e0
2026-06-23 19:54:58.511 9 INFO neutron.plugins.ml2.plugin [None req-d2287baf-eecb-4188-aeb7-f1a27a7ace34 - - - - - -] Attempt 1 to provision port 4b02e77f-6be6-4bb4-ac7f-592c955513e0
2026-06-23 19:54:58.519 9 INFO neutron.wsgi [req-c21b2249-4973-47a2-9211-33a354a8cef2 req-29dd846d-9b83-4c00-8b94-f72d1b2690ed fd0b792503634166a9c78ffe1376bead 17783136566941888d1c85c5b8fb79e4 - - default default] 10.0.0.84 "GET /v2.0/security-groups?id=6b14891f-0b8e-462e-9842-3edaadc91b85&fields=id&fields=name HTTP/1.1" status: 200 len: 312 time: 0.0466380
2026-06-23 19:54:58.541 10 INFO neutron.wsgi [req-7be51d81-b4ca-48b8-9030-754e69ae59c0 req-3d1fe0df-1eda-4cfa-bffd-72a2ae4013bf 855be17139344c2bafa232e157bfed6b 7f691d76c1524012a51b466dcf28e673 - - 937bc54d18a543028d61db14cb5645ab 937bc54d18a543028d61db14cb5645ab] 199.19.213.169 "GET /v2.0/networks/70257ee7-9165-4efe-8421-1a11b059bbbd?fields=segments HTTP/1.1" status: 200 len: 212 time: 0.0697842
2026-06-23 19:54:58.571 9 INFO neutron.wsgi [None req-07585062-ef32-4cef-a0c1-d11307545f4b 5d23929a18d74fe9a3352a75b245aecc 453c9fb63fbf436cb14a698f59aea67b - - - -] 10.0.0.52 "DELETE /v2.0/subnets/caf35224-19b7-4148-bacc-064636d3c175 HTTP/1.1" status: 204 len: 168 time: 0.2825367
2026-06-23 19:54:58.593 9 INFO neutron.wsgi [None req-ba11b501-9b7d-483c-b884-904045d7d870 e87b01366d1c4dfabce1dcdd8ae0ebf6 248798bc87224cf5b46a3e003abf863e - - default default] 10.0.0.52 "GET /v2.0/ports?device_id=33f01db7-83fc-4e6e-bf50-fde2c16814de HTTP/1.1" status: 200 len: 1360 time: 0.0417080
2026-06-23 19:54:58.612 10 INFO neutron.wsgi [req-7be51d81-b4ca-48b8-9030-754e69ae59c0 req-8e0d8d8d-674d-4eee-a40c-83b16415e1d8 855be17139344c2bafa232e157bfed6b 7f691d76c1524012a51b466dcf28e673 - - 937bc54d18a543028d61db14cb5645ab 937bc54d18a543028d61db14cb5645ab] 199.19.213.169 "GET /v2.0/networks/70257ee7-9165-4efe-8421-1a11b059bbbd?fields=provider%3Aphysical_network&fields=provider%3Anetwork_type HTTP/1.1" status: 200 len: 277 time: 0.0668759
2026-06-23 19:54:58.702 9 INFO neutron.notifiers.nova [-] Nova event matching ['req-45d7b516-291f-4bd1-98fc-cd44855c2d39'] response: {'server_uuid': '4259f143-f2f5-4c9d-856b-8d45e0b93bd6', 'name': 'network-vif-plugged', 'status': 'completed', 'tag': '4b02e77f-6be6-4bb4-ac7f-592c955513e0', 'code': 200}
2026-06-23 19:54:58.928 9 INFO neutron.wsgi [req-c57d43e2-5121-47c8-b7d3-d8462e7443f8 req-d2284005-7e8d-45a0-bc16-b882b35efb61 c217401e4472443cbbf5f8b058c3985a 253f9370aa1048378f70e3d5eeb2241b - - default default] 10.0.0.84 "GET /v2.0/ports?device_id=4259f143-f2f5-4c9d-856b-8d45e0b93bd6 HTTP/1.1" status: 200 len: 1210 time: 0.0662880
2026-06-23 19:54:58.990 9 INFO neutron.db.ovn_revision_numbers_db [None req-d2287baf-eecb-4188-aeb7-f1a27a7ace34 - - - - - -] Successfully bumped revision number for resource 4b02e77f-6be6-4bb4-ac7f-592c955513e0 (type: ports) to 4
2026-06-23 19:54:59.011 10 WARNING neutron.scheduler.dhcp_agent_scheduler [None req-b0e5a9ac-e8ad-4430-99a4-be8ceef7c07b fd0b792503634166a9c78ffe1376bead 17783136566941888d1c85c5b8fb79e4 - - - -] No more DHCP agents
2026-06-23 19:54:59.014 10 WARNING neutron.api.rpc.agentnotifiers.dhcp_rpc_agent_api [None req-b0e5a9ac-e8ad-4430-99a4-be8ceef7c07b fd0b792503634166a9c78ffe1376bead 17783136566941888d1c85c5b8fb79e4 - - - -] Unable to schedule network e1a6e66b-46a0-46ba-a1c3-11be58f8f68e: no agents available; will retry on subsequent port and subnet creation events.
2026-06-23 19:54:59.021 9 INFO neutron.wsgi [req-c57d43e2-5121-47c8-b7d3-d8462e7443f8 req-f65223dd-bc72-40d5-958b-c0839c123c08 c217401e4472443cbbf5f8b058c3985a 253f9370aa1048378f70e3d5eeb2241b - - default default] 10.0.0.84 "GET /v2.0/security-groups?id=00cc1fde-17f1-4871-bac4-aa2c18a6658d&id=63acefeb-c702-41a2-974b-472e5aa7494b&fields=id&fields=name HTTP/1.1" status: 200 len: 406 time: 0.0838563
2026-06-23 19:54:59.051 9 INFO neutron.wsgi [req-2328616f-6b6d-4e48-99c6-63cd340c5091 req-45eade92-9a56-40d7-9fb7-bd41952f7688 e0ed2bb3135847a48f66791dd4f6213c f222d9cd3f7d41de8562a80b3917a050 - - default default] 10.0.0.84 "GET /v2.0/ports?device_id=2376a5b8-6658-4b13-bf88-bc81e5b8c9ad HTTP/1.1" status: 200 len: 1172 time: 0.0730417
2026-06-23 19:54:59.096 9 INFO neutron.plugins.ml2.drivers.ovn.mech_driver.mech_driver [None req-d2287baf-eecb-4188-aeb7-f1a27a7ace34 - - - - - -] OVN reports status up for port: a1f62d05-4e44-4519-b8a1-37eebbcc0f21
2026-06-23 19:54:59.140 9 INFO neutron.wsgi [req-2328616f-6b6d-4e48-99c6-63cd340c5091 req-f5335ce5-fda9-47ce-a817-c3541dbc86a5 e0ed2bb3135847a48f66791dd4f6213c f222d9cd3f7d41de8562a80b3917a050 - - default default] 10.0.0.84 "GET /v2.0/security-groups?id=9d7f50e3-1765-4960-904b-512451d25734&fields=id&fields=name HTTP/1.1" status: 200 len: 313 time: 0.0825021
2026-06-23 19:54:59.141 9 INFO neutron.plugins.ml2.plugin [None req-d2287baf-eecb-4188-aeb7-f1a27a7ace34 - - - - - -] Attempt 1 to provision port a1f62d05-4e44-4519-b8a1-37eebbcc0f21
2026-06-23 19:54:59.193 10 INFO neutron.notifiers.nova [-] Nova event matching ['req-9258b067-6382-4328-89a4-22f69061368b'] response: {'server_uuid': '33f01db7-83fc-4e6e-bf50-fde2c16814de', 'name': 'network-vif-plugged', 'status': 'completed', 'tag': '019173f0-e8de-4edc-9bbf-447041024f82', 'code': 200}
2026-06-23 19:54:59.193 10 INFO neutron.notifiers.nova [-] Nova event matching ['req-9258b067-6382-4328-89a4-22f69061368b'] response: {'name': 'network-changed', 'server_uuid': '2376a5b8-6658-4b13-bf88-bc81e5b8c9ad', 'tag': 'a1f62d05-4e44-4519-b8a1-37eebbcc0f21', 'status': 'completed', 'code': 200}
2026-06-23 19:54:59.241 9 INFO neutron.services.segments.plugin [-] Segment 22499aaf-5d58-4184-970d-a4a9340fbd89 resource provider aggregate not found
2026-06-23 19:54:59.246 9 INFO neutron.services.segments.plugin [-] Segment 22499aaf-5d58-4184-970d-a4a9340fbd89 resource provider aggregate not found
2026-06-23 19:54:59.267 9 INFO neutron.services.segments.plugin [-] Segment 22499aaf-5d58-4184-970d-a4a9340fbd89 resource provider not found; error: Placement Client Error (4xx): {"errors": [{"status": 404, "title": "Not Found", "detail": "The resource could not be found.\n\n No resource provider with uuid 22499aaf-5d58-4184-970d-a4a9340fbd89 found for delete ", "request_id": "req-058fe4f8-abad-4ec5-8ba1-238a1c02db9a"}]}
2026-06-23 19:54:59.270 9 INFO neutron.services.segments.plugin [-] Segment 22499aaf-5d58-4184-970d-a4a9340fbd89 resource provider not found; error: Placement Client Error (4xx): {"errors": [{"status": 404, "title": "Not Found", "detail": "The resource could not be found.\n\n No resource provider with uuid 22499aaf-5d58-4184-970d-a4a9340fbd89 found for delete ", "request_id": "req-6015bb1f-a530-4334-ab3e-0176bda1b451"}]}
2026-06-23 19:54:59.285 10 INFO neutron.wsgi [req-ba34a46c-9d3e-4a23-9ac1-d1e3b7f85479 req-b0bc763c-2adc-4939-a232-ddc0a1956c01 855be17139344c2bafa232e157bfed6b 7f691d76c1524012a51b466dcf28e673 - - 937bc54d18a543028d61db14cb5645ab 937bc54d18a543028d61db14cb5645ab] 199.19.213.169 "GET /v2.0/ports?tenant_id=f222d9cd3f7d41de8562a80b3917a050&device_id=2376a5b8-6658-4b13-bf88-bc81e5b8c9ad HTTP/1.1" status: 200 len: 1363 time: 0.0526414
2026-06-23 19:54:59.289 9 INFO neutron.wsgi [None req-1f589c16-882a-438f-a7fa-82e0cc30c8de 5d23929a18d74fe9a3352a75b245aecc 453c9fb63fbf436cb14a698f59aea67b - - - -] 10.0.0.52 "DELETE /v2.0/networks/9eec661a-9179-49a4-9756-62f45947ee74 HTTP/1.1" status: 204 len: 168 time: 0.7079477
2026-06-23 19:54:59.370 10 INFO neutron.wsgi [req-ba34a46c-9d3e-4a23-9ac1-d1e3b7f85479 req-37a49339-2abc-41d4-a061-c30798e18853 855be17139344c2bafa232e157bfed6b 7f691d76c1524012a51b466dcf28e673 - - 937bc54d18a543028d61db14cb5645ab 937bc54d18a543028d61db14cb5645ab] 199.19.213.169 "GET /v2.0/networks?id=70257ee7-9165-4efe-8421-1a11b059bbbd HTTP/1.1" status: 200 len: 973 time: 0.0795181 /var/lib/openstack/lib/python3.10/site-packages/pycadf/identifier.py:71: UserWarning: Invalid uuid: neutron. To ensure interoperability, identifiers should be a valid uuid. warnings.warn(('Invalid uuid: %s. To ensure interoperability, '
2026-06-23 19:54:59.414 10 INFO neutron.wsgi [req-ba34a46c-9d3e-4a23-9ac1-d1e3b7f85479 req-6ebf88db-be5b-4608-b76a-5b9ada525c3a 855be17139344c2bafa232e157bfed6b 7f691d76c1524012a51b466dcf28e673 - - 937bc54d18a543028d61db14cb5645ab 937bc54d18a543028d61db14cb5645ab] 199.19.213.169 "GET /v2.0/floatingips?fixed_ip_address=10.100.0.11&port_id=a1f62d05-4e44-4519-b8a1-37eebbcc0f21 HTTP/1.1" status: 200 len: 217 time: 0.0328913
2026-06-23 19:54:59.459 10 INFO neutron.wsgi [req-ba34a46c-9d3e-4a23-9ac1-d1e3b7f85479 req-1aa60b73-2b47-4894-98c1-155ff7df6b93 855be17139344c2bafa232e157bfed6b 7f691d76c1524012a51b466dcf28e673 - - 937bc54d18a543028d61db14cb5645ab 937bc54d18a543028d61db14cb5645ab] 199.19.213.169 "GET /v2.0/subnets?id=b970d566-9f7f-488e-bad3-8158e917c0ea HTTP/1.1" status: 200 len: 869 time: 0.0345871
2026-06-23 19:54:59.499 10 INFO neutron.wsgi [req-ba34a46c-9d3e-4a23-9ac1-d1e3b7f85479 req-94aa4b37-bacc-42b4-9652-27e3e97df184 855be17139344c2bafa232e157bfed6b 7f691d76c1524012a51b466dcf28e673 - - 937bc54d18a543028d61db14cb5645ab 937bc54d18a543028d61db14cb5645ab] 199.19.213.169 "GET /v2.0/ports?network_id=70257ee7-9165-4efe-8421-1a11b059bbbd&device_owner=network%3Adhcp HTTP/1.1" status: 200 len: 210 time: 0.0255072
2026-06-23 19:54:59.589 10 INFO neutron.wsgi [req-ba34a46c-9d3e-4a23-9ac1-d1e3b7f85479 req-79b2668a-ce5c-4b8c-b1b6-df9bbefe6adc 855be17139344c2bafa232e157bfed6b 7f691d76c1524012a51b466dcf28e673 - - 937bc54d18a543028d61db14cb5645ab 937bc54d18a543028d61db14cb5645ab] 199.19.213.169 "GET /v2.0/networks/70257ee7-9165-4efe-8421-1a11b059bbbd?fields=segments HTTP/1.1" status: 200 len: 212 time: 0.0855765
2026-06-23 19:54:59.641 10 INFO neutron.db.l3_db [None req-b0e5a9ac-e8ad-4430-99a4-be8ceef7c07b fd0b792503634166a9c78ffe1376bead 17783136566941888d1c85c5b8fb79e4 - - - -] Floating IP 1be56fc4-43d8-4012-b582-90c730a8b9e4 associated. External IP: 10.96.250.217, port: 019173f0-e8de-4edc-9bbf-447041024f82.
2026-06-23 19:54:59.704 10 INFO neutron.wsgi [req-ba34a46c-9d3e-4a23-9ac1-d1e3b7f85479 req-058e5b25-cf8c-4be0-95e3-fe0aa6570ac2 855be17139344c2bafa232e157bfed6b 7f691d76c1524012a51b466dcf28e673 - - 937bc54d18a543028d61db14cb5645ab 937bc54d18a543028d61db14cb5645ab] 199.19.213.169 "GET /v2.0/networks/70257ee7-9165-4efe-8421-1a11b059bbbd?fields=provider%3Aphysical_network&fields=provider%3Anetwork_type HTTP/1.1" status: 200 len: 277 time: 0.1012282
2026-06-23 19:54:59.706 9 INFO neutron.wsgi [None req-120bdc21-8653-4dc6-8480-407f72df10e7 5d23929a18d74fe9a3352a75b245aecc 453c9fb63fbf436cb14a698f59aea67b - - default default] 10.0.0.52 "GET /v2.0/security-groups?tenant_id=8790f2ff6a454cf6a3d387f018d767c8&name=default HTTP/1.1" status: 200 len: 2996 time: 0.3049500
2026-06-23 19:54:59.719 9 INFO neutron.db.ovn_revision_numbers_db [None req-d2287baf-eecb-4188-aeb7-f1a27a7ace34 - - - - - -] Successfully bumped revision number for resource a1f62d05-4e44-4519-b8a1-37eebbcc0f21 (type: ports) to 4 /var/lib/openstack/lib/python3.10/site-packages/pycadf/identifier.py:71: UserWarning: Invalid uuid: neutron. To ensure interoperability, identifiers should be a valid uuid. warnings.warn(('Invalid uuid: %s. To ensure interoperability, '
2026-06-23 19:55:00.137 9 INFO neutron.wsgi [req-8e6eac1e-40fb-43a5-9429-80a011b02a8a req-00dbf407-95d6-4c67-bfa1-c2f5160d36cb c217401e4472443cbbf5f8b058c3985a 253f9370aa1048378f70e3d5eeb2241b - - default default] 10.0.0.84 "GET /v2.0/ports?device_id=4259f143-f2f5-4c9d-856b-8d45e0b93bd6 HTTP/1.1" status: 200 len: 1210 time: 0.0464437
2026-06-23 19:55:00.192 10 INFO neutron.db.ovn_revision_numbers_db [None req-b0e5a9ac-e8ad-4430-99a4-be8ceef7c07b fd0b792503634166a9c78ffe1376bead 17783136566941888d1c85c5b8fb79e4 - - - -] Successfully bumped revision number for resource 1be56fc4-43d8-4012-b582-90c730a8b9e4 (type: floatingips) to 0
2026-06-23 19:55:00.205 9 INFO neutron.wsgi [req-8e6eac1e-40fb-43a5-9429-80a011b02a8a req-35d41cac-52e1-43e5-9bec-afb047b14c0d c217401e4472443cbbf5f8b058c3985a 253f9370aa1048378f70e3d5eeb2241b - - default default] 10.0.0.84 "GET /v2.0/security-groups?id=00cc1fde-17f1-4871-bac4-aa2c18a6658d&id=63acefeb-c702-41a2-974b-472e5aa7494b&fields=id&fields=name HTTP/1.1" status: 200 len: 406 time: 0.0538895
2026-06-23 19:55:00.255 9 INFO neutron.wsgi [req-9dcde642-cf56-4fd2-9c40-344fa2d7876c req-80cb14b2-914f-4846-b429-e2346111cc40 e0ed2bb3135847a48f66791dd4f6213c f222d9cd3f7d41de8562a80b3917a050 - - default default] 10.0.0.84 "GET /v2.0/ports?device_id=2376a5b8-6658-4b13-bf88-bc81e5b8c9ad HTTP/1.1" status: 200 len: 1174 time: 0.0431931
2026-06-23 19:55:00.301 10 INFO neutron.db.ovn_revision_numbers_db [None req-b0e5a9ac-e8ad-4430-99a4-be8ceef7c07b fd0b792503634166a9c78ffe1376bead 17783136566941888d1c85c5b8fb79e4 - - - -] Successfully bumped revision number for resource 1be56fc4-43d8-4012-b582-90c730a8b9e4 (type: floatingips) to 1
2026-06-23 19:55:00.320 10 INFO neutron.wsgi [None req-07ae12eb-26b5-4132-9255-aa48dfa08b04 5d23929a18d74fe9a3352a75b245aecc 453c9fb63fbf436cb14a698f59aea67b - - - -] 10.0.0.52 "DELETE /v2.0/security-groups/cb08f1cb-314a-4e16-a803-7d17da8109a5 HTTP/1.1" status: 204 len: 168 time: 0.6082797
2026-06-23 19:55:00.324 9 INFO neutron.wsgi [req-788cfd13-a50b-48b2-91bd-08ae93a6fda8 req-3a3e6bfa-5631-432c-a371-b8bc976a56b4 c217401e4472443cbbf5f8b058c3985a 253f9370aa1048378f70e3d5eeb2241b - - default default] 10.0.0.84 "GET /v2.0/ports?device_id=4259f143-f2f5-4c9d-856b-8d45e0b93bd6 HTTP/1.1" status: 200 len: 1210 time: 0.0438366
2026-06-23 19:55:00.327 9 INFO neutron.wsgi [req-9dcde642-cf56-4fd2-9c40-344fa2d7876c req-8cff42ef-63f1-4f40-a291-f3365b0e23ee e0ed2bb3135847a48f66791dd4f6213c f222d9cd3f7d41de8562a80b3917a050 - - default default] 10.0.0.84 "GET /v2.0/security-groups?id=9d7f50e3-1765-4960-904b-512451d25734&fields=id&fields=name HTTP/1.1" status: 200 len: 313 time: 0.0624664
2026-06-23 19:55:00.340 10 INFO neutron.wsgi [None req-b0e5a9ac-e8ad-4430-99a4-be8ceef7c07b fd0b792503634166a9c78ffe1376bead 17783136566941888d1c85c5b8fb79e4 - - - -] 10.0.0.52 "POST /v2.0/floatingips HTTP/1.1" status: 201 len: 1055 time: 1.7392733
2026-06-23 19:55:00.416 9 INFO neutron.wsgi [None req-185e789f-38af-44e7-a672-0b3c2081e866 fd0b792503634166a9c78ffe1376bead 17783136566941888d1c85c5b8fb79e4 - - default default] 10.0.0.52 "GET /v2.0/floatingips/1be56fc4-43d8-4012-b582-90c730a8b9e4 HTTP/1.1" status: 200 len: 1052 time: 0.0686767
2026-06-23 19:55:00.675 9 INFO neutron.db.l3_db [None req-241c6181-4284-4a87-ae70-e9a86daa69a4 c217401e4472443cbbf5f8b058c3985a 253f9370aa1048378f70e3d5eeb2241b - - - -] Floating IP 38cfd918-2599-4677-91d8-161e5f832840 associated. External IP: 10.96.250.220, port: 4b02e77f-6be6-4bb4-ac7f-592c955513e0.
2026-06-23 19:55:00.809 9 INFO neutron.notifiers.nova [-] Nova event matching ['req-12419f45-6880-4f03-9475-2d7801c1f8d6'] response: {'server_uuid': '4259f143-f2f5-4c9d-856b-8d45e0b93bd6', 'name': 'network-vif-plugged', 'status': 'completed', 'tag': '4b02e77f-6be6-4bb4-ac7f-592c955513e0', 'code': 200}
2026-06-23 19:55:00.810 9 INFO neutron.notifiers.nova [-] Nova event matching ['req-12419f45-6880-4f03-9475-2d7801c1f8d6'] response: {'server_uuid': '2376a5b8-6658-4b13-bf88-bc81e5b8c9ad', 'name': 'network-vif-plugged', 'status': 'completed', 'tag': 'a1f62d05-4e44-4519-b8a1-37eebbcc0f21', 'code': 200}
2026-06-23 19:55:00.810 9 INFO neutron.notifiers.nova [-] Nova event matching ['req-12419f45-6880-4f03-9475-2d7801c1f8d6'] response: {'server_uuid': '2376a5b8-6658-4b13-bf88-bc81e5b8c9ad', 'name': 'network-vif-plugged', 'status': 'completed', 'tag': 'a1f62d05-4e44-4519-b8a1-37eebbcc0f21', 'code': 200}
2026-06-23 19:55:00.921 9 INFO neutron.db.ovn_revision_numbers_db [None req-241c6181-4284-4a87-ae70-e9a86daa69a4 c217401e4472443cbbf5f8b058c3985a 253f9370aa1048378f70e3d5eeb2241b - - - -] Successfully bumped revision number for resource 38cfd918-2599-4677-91d8-161e5f832840 (type: floatingips) to 1
2026-06-23 19:55:01.009 9 INFO neutron.db.ovn_revision_numbers_db [None req-241c6181-4284-4a87-ae70-e9a86daa69a4 c217401e4472443cbbf5f8b058c3985a 253f9370aa1048378f70e3d5eeb2241b - - - -] Successfully bumped revision number for resource 38cfd918-2599-4677-91d8-161e5f832840 (type: floatingips) to 2
2026-06-23 19:55:01.043 9 INFO neutron.wsgi [None req-241c6181-4284-4a87-ae70-e9a86daa69a4 c217401e4472443cbbf5f8b058c3985a 253f9370aa1048378f70e3d5eeb2241b - - - -] 10.0.0.52 "PUT /v2.0/floatingips/38cfd918-2599-4677-91d8-161e5f832840 HTTP/1.1" status: 200 len: 1049 time: 0.7062008
2026-06-23 19:55:01.240 10 INFO neutron.notifiers.nova [-] Nova event matching ['req-bd0367f1-8843-496e-8ab4-fc774ca89ac1'] response: {'name': 'network-changed', 'server_uuid': '33f01db7-83fc-4e6e-bf50-fde2c16814de', 'tag': '019173f0-e8de-4edc-9bbf-447041024f82', 'status': 'completed', 'code': 200} /var/lib/openstack/lib/python3.10/site-packages/pycadf/identifier.py:71: UserWarning: Invalid uuid: neutron. To ensure interoperability, identifiers should be a valid uuid. warnings.warn(('Invalid uuid: %s. To ensure interoperability, '
2026-06-23 19:55:01.298 10 INFO neutron.wsgi [req-bda8ca9f-b44b-4a06-bd90-5da1f3dad002 req-9dc74bf6-c390-439b-a651-38bcac276b50 855be17139344c2bafa232e157bfed6b 7f691d76c1524012a51b466dcf28e673 - - 937bc54d18a543028d61db14cb5645ab 937bc54d18a543028d61db14cb5645ab] 199.19.213.169 "GET /v2.0/ports?tenant_id=17783136566941888d1c85c5b8fb79e4&device_id=33f01db7-83fc-4e6e-bf50-fde2c16814de HTTP/1.1" status: 200 len: 1365 time: 0.0378020
2026-06-23 19:55:01.378 10 INFO neutron.wsgi [req-bda8ca9f-b44b-4a06-bd90-5da1f3dad002 req-f523fd67-4aba-4c87-80d2-a9e872d9777b 855be17139344c2bafa232e157bfed6b 7f691d76c1524012a51b466dcf28e673 - - 937bc54d18a543028d61db14cb5645ab 937bc54d18a543028d61db14cb5645ab] 199.19.213.169 "GET /v2.0/networks?id=6bee8c0f-17f6-465d-872a-c646f2b01789 HTTP/1.1" status: 200 len: 959 time: 0.0741549
2026-06-23 19:55:01.444 10 INFO neutron.wsgi [req-bda8ca9f-b44b-4a06-bd90-5da1f3dad002 req-5ac6c906-1937-4d83-8f98-266e183054a1 855be17139344c2bafa232e157bfed6b 7f691d76c1524012a51b466dcf28e673 - - 937bc54d18a543028d61db14cb5645ab 937bc54d18a543028d61db14cb5645ab] 199.19.213.169 "GET /v2.0/floatingips?fixed_ip_address=10.100.0.14&port_id=019173f0-e8de-4edc-9bbf-447041024f82 HTTP/1.1" status: 200 len: 1060 time: 0.0594053
2026-06-23 19:55:01.546 9 INFO neutron.wsgi [req-e785107d-e755-4b0d-89ab-6681e6de317c req-f8fa7c98-c5c9-49b4-8c49-b470cf432ba4 e0ed2bb3135847a48f66791dd4f6213c f222d9cd3f7d41de8562a80b3917a050 - - default default] 10.0.0.84 "GET /v2.0/ports?device_id=2376a5b8-6658-4b13-bf88-bc81e5b8c9ad HTTP/1.1" status: 200 len: 1174 time: 0.1186521
2026-06-23 19:55:01.549 10 INFO neutron.wsgi [req-bda8ca9f-b44b-4a06-bd90-5da1f3dad002 req-545dfc76-9b10-4c2a-9a51-273ff8360243 855be17139344c2bafa232e157bfed6b 7f691d76c1524012a51b466dcf28e673 - - 937bc54d18a543028d61db14cb5645ab 937bc54d18a543028d61db14cb5645ab] 199.19.213.169 "GET /v2.0/subnets?id=5ce02925-1447-44c8-a266-a4ea32c17d4a HTTP/1.1" status: 200 len: 852 time: 0.0982749
2026-06-23 19:55:01.586 10 INFO neutron.wsgi [req-bda8ca9f-b44b-4a06-bd90-5da1f3dad002 req-f07f4273-fa5e-44c9-9e28-4348ad8f02f6 855be17139344c2bafa232e157bfed6b 7f691d76c1524012a51b466dcf28e673 - - 937bc54d18a543028d61db14cb5645ab 937bc54d18a543028d61db14cb5645ab] 199.19.213.169 "GET /v2.0/ports?network_id=6bee8c0f-17f6-465d-872a-c646f2b01789&device_owner=network%3Adhcp HTTP/1.1" status: 200 len: 210 time: 0.0307086
2026-06-23 19:55:01.604 9 INFO neutron.wsgi [req-e785107d-e755-4b0d-89ab-6681e6de317c req-debee260-92b7-4515-8cb9-63f21d936dd2 e0ed2bb3135847a48f66791dd4f6213c f222d9cd3f7d41de8562a80b3917a050 - - default default] 10.0.0.84 "GET /v2.0/security-groups?id=9d7f50e3-1765-4960-904b-512451d25734&fields=id&fields=name HTTP/1.1" status: 200 len: 313 time: 0.0485063
2026-06-23 19:55:01.688 10 INFO neutron.wsgi [req-bda8ca9f-b44b-4a06-bd90-5da1f3dad002 req-6ee1786b-8146-4a09-93f4-9ce4ae988096 855be17139344c2bafa232e157bfed6b 7f691d76c1524012a51b466dcf28e673 - - 937bc54d18a543028d61db14cb5645ab 937bc54d18a543028d61db14cb5645ab] 199.19.213.169 "GET /v2.0/networks/6bee8c0f-17f6-465d-872a-c646f2b01789?fields=segments HTTP/1.1" status: 200 len: 212 time: 0.0963500
2026-06-23 19:55:01.724 9 INFO neutron.wsgi [req-49a2bad7-1a13-4fd7-b624-b65b9de806cf req-a0e37033-9772-4f2a-8e99-8e803d7eb59f e0ed2bb3135847a48f66791dd4f6213c f222d9cd3f7d41de8562a80b3917a050 - - default default] 10.0.0.84 "GET /v2.0/ports?device_id=2376a5b8-6658-4b13-bf88-bc81e5b8c9ad HTTP/1.1" status: 200 len: 1174 time: 0.0392785
2026-06-23 19:55:01.786 10 INFO neutron.wsgi [req-bda8ca9f-b44b-4a06-bd90-5da1f3dad002 req-f23ce41f-ad9a-4bb2-b6e2-4bba53c61ebf 855be17139344c2bafa232e157bfed6b 7f691d76c1524012a51b466dcf28e673 - - 937bc54d18a543028d61db14cb5645ab 937bc54d18a543028d61db14cb5645ab] 199.19.213.169 "GET /v2.0/networks/6bee8c0f-17f6-465d-872a-c646f2b01789?fields=provider%3Aphysical_network&fields=provider%3Anetwork_type HTTP/1.1" status: 200 len: 277 time: 0.0909665
2026-06-23 19:55:02.063 9 INFO neutron.db.l3_db [None req-853c7980-ef46-4761-90d0-8285080f01c7 e0ed2bb3135847a48f66791dd4f6213c f222d9cd3f7d41de8562a80b3917a050 - - - -] Floating IP 431ab5b8-d23b-4e19-9ecb-366a894a2e31 associated. External IP: 10.96.250.213, port: a1f62d05-4e44-4519-b8a1-37eebbcc0f21.
2026-06-23 19:55:02.268 9 INFO neutron.db.ovn_revision_numbers_db [None req-853c7980-ef46-4761-90d0-8285080f01c7 e0ed2bb3135847a48f66791dd4f6213c f222d9cd3f7d41de8562a80b3917a050 - - - -] Successfully bumped revision number for resource 431ab5b8-d23b-4e19-9ecb-366a894a2e31 (type: floatingips) to 1
2026-06-23 19:55:02.356 9 INFO neutron.db.ovn_revision_numbers_db [None req-853c7980-ef46-4761-90d0-8285080f01c7 e0ed2bb3135847a48f66791dd4f6213c f222d9cd3f7d41de8562a80b3917a050 - - - -] Successfully bumped revision number for resource 431ab5b8-d23b-4e19-9ecb-366a894a2e31 (type: floatingips) to 2
2026-06-23 19:55:02.388 9 INFO neutron.wsgi [None req-853c7980-ef46-4761-90d0-8285080f01c7 e0ed2bb3135847a48f66791dd4f6213c f222d9cd3f7d41de8562a80b3917a050 - - - -] 10.0.0.52 "PUT /v2.0/floatingips/431ab5b8-d23b-4e19-9ecb-366a894a2e31 HTTP/1.1" status: 200 len: 1050 time: 0.6529384
2026-06-23 19:55:02.856 9 INFO neutron.notifiers.nova [-] Nova event matching ['req-b80ccb85-c001-435c-8dc5-7ba37cc6bbeb'] response: {'name': 'network-changed', 'server_uuid': '4259f143-f2f5-4c9d-856b-8d45e0b93bd6', 'tag': '4b02e77f-6be6-4bb4-ac7f-592c955513e0', 'status': 'completed', 'code': 200}
2026-06-23 19:55:02.857 9 INFO neutron.notifiers.nova [-] Nova event matching ['req-b80ccb85-c001-435c-8dc5-7ba37cc6bbeb'] response: {'name': 'network-changed', 'server_uuid': '2376a5b8-6658-4b13-bf88-bc81e5b8c9ad', 'tag': 'a1f62d05-4e44-4519-b8a1-37eebbcc0f21', 'status': 'completed', 'code': 200} /var/lib/openstack/lib/python3.10/site-packages/pycadf/identifier.py:71: UserWarning: Invalid uuid: neutron. To ensure interoperability, identifiers should be a valid uuid. warnings.warn(('Invalid uuid: %s. To ensure interoperability, '
2026-06-23 19:55:02.913 10 INFO neutron.wsgi [req-b824af14-0372-4501-a37a-483c2210efc8 req-afd86531-2b06-4280-8eb6-e0119af1a75e 855be17139344c2bafa232e157bfed6b 7f691d76c1524012a51b466dcf28e673 - - 937bc54d18a543028d61db14cb5645ab 937bc54d18a543028d61db14cb5645ab] 199.19.213.169 "GET /v2.0/ports?tenant_id=253f9370aa1048378f70e3d5eeb2241b&device_id=4259f143-f2f5-4c9d-856b-8d45e0b93bd6 HTTP/1.1" status: 200 len: 1400 time: 0.0368624
2026-06-23 19:55:02.993 10 INFO neutron.wsgi [req-b824af14-0372-4501-a37a-483c2210efc8 req-4113d21e-b357-4bbb-8085-29c8b9caabd0 855be17139344c2bafa232e157bfed6b 7f691d76c1524012a51b466dcf28e673 - - 937bc54d18a543028d61db14cb5645ab 937bc54d18a543028d61db14cb5645ab] 199.19.213.169 "GET /v2.0/networks?id=ec586e66-aa5c-4b9c-ba65-76af5b6a042a HTTP/1.1" status: 200 len: 969 time: 0.0729187
2026-06-23 19:55:03.048 10 INFO neutron.wsgi [req-b824af14-0372-4501-a37a-483c2210efc8 req-5984bfe9-4564-40e2-9a4d-702f889c381b 855be17139344c2bafa232e157bfed6b 7f691d76c1524012a51b466dcf28e673 - - 937bc54d18a543028d61db14cb5645ab 937bc54d18a543028d61db14cb5645ab] 199.19.213.169 "GET /v2.0/floatingips?fixed_ip_address=10.100.0.9&port_id=4b02e77f-6be6-4bb4-ac7f-592c955513e0 HTTP/1.1" status: 200 len: 1059 time: 0.0481634
2026-06-23 19:55:03.099 10 INFO neutron.wsgi [req-b824af14-0372-4501-a37a-483c2210efc8 req-66e90e90-ae34-4d37-be29-c164389a1b69 855be17139344c2bafa232e157bfed6b 7f691d76c1524012a51b466dcf28e673 - - 937bc54d18a543028d61db14cb5645ab 937bc54d18a543028d61db14cb5645ab] 199.19.213.169 "GET /v2.0/subnets?id=2c129054-86af-4718-a0b6-9a264abcef77 HTTP/1.1" status: 200 len: 865 time: 0.0366092
2026-06-23 19:55:03.144 10 INFO neutron.wsgi [req-b824af14-0372-4501-a37a-483c2210efc8 req-16d9d3d4-c28c-4610-ad03-c1f697260f56 855be17139344c2bafa232e157bfed6b 7f691d76c1524012a51b466dcf28e673 - - 937bc54d18a543028d61db14cb5645ab 937bc54d18a543028d61db14cb5645ab] 199.19.213.169 "GET /v2.0/ports?network_id=ec586e66-aa5c-4b9c-ba65-76af5b6a042a&device_owner=network%3Adhcp HTTP/1.1" status: 200 len: 210 time: 0.0369873
2026-06-23 19:55:03.205 10 INFO neutron.wsgi [req-b824af14-0372-4501-a37a-483c2210efc8 req-e2662cfd-64a2-48ec-bd8c-524bfd47e867 855be17139344c2bafa232e157bfed6b 7f691d76c1524012a51b466dcf28e673 - - 937bc54d18a543028d61db14cb5645ab 937bc54d18a543028d61db14cb5645ab] 199.19.213.169 "GET /v2.0/networks/ec586e66-aa5c-4b9c-ba65-76af5b6a042a?fields=segments HTTP/1.1" status: 200 len: 212 time: 0.0557923
2026-06-23 19:55:03.279 10 INFO neutron.wsgi [req-b824af14-0372-4501-a37a-483c2210efc8 req-4a47e20a-52d9-4ed1-9d1b-511fcda129f5 855be17139344c2bafa232e157bfed6b 7f691d76c1524012a51b466dcf28e673 - - 937bc54d18a543028d61db14cb5645ab 937bc54d18a543028d61db14cb5645ab] 199.19.213.169 "GET /v2.0/networks/ec586e66-aa5c-4b9c-ba65-76af5b6a042a?fields=provider%3Aphysical_network&fields=provider%3Anetwork_type HTTP/1.1" status: 200 len: 277 time: 0.0650830
2026-06-23 19:55:03.353 10 INFO neutron.wsgi [req-b824af14-0372-4501-a37a-483c2210efc8 req-88a1eaba-9044-4e7e-b770-6f92b76f080a 855be17139344c2bafa232e157bfed6b 7f691d76c1524012a51b466dcf28e673 - - 937bc54d18a543028d61db14cb5645ab 937bc54d18a543028d61db14cb5645ab] 199.19.213.169 "GET /v2.0/ports?tenant_id=f222d9cd3f7d41de8562a80b3917a050&device_id=2376a5b8-6658-4b13-bf88-bc81e5b8c9ad HTTP/1.1" status: 200 len: 1365 time: 0.0348153
2026-06-23 19:55:03.419 10 INFO neutron.wsgi [req-b824af14-0372-4501-a37a-483c2210efc8 req-2dcf356d-58fb-4fa9-9375-caf22218a913 855be17139344c2bafa232e157bfed6b 7f691d76c1524012a51b466dcf28e673 - - 937bc54d18a543028d61db14cb5645ab 937bc54d18a543028d61db14cb5645ab] 199.19.213.169 "GET /v2.0/networks?id=70257ee7-9165-4efe-8421-1a11b059bbbd HTTP/1.1" status: 200 len: 973 time: 0.0625532
2026-06-23 19:55:03.479 10 INFO neutron.wsgi [req-b824af14-0372-4501-a37a-483c2210efc8 req-851da1ff-a692-46d8-97b7-86f0f7a29b11 855be17139344c2bafa232e157bfed6b 7f691d76c1524012a51b466dcf28e673 - - 937bc54d18a543028d61db14cb5645ab 937bc54d18a543028d61db14cb5645ab] 199.19.213.169 "GET /v2.0/floatingips?fixed_ip_address=10.100.0.11&port_id=a1f62d05-4e44-4519-b8a1-37eebbcc0f21 HTTP/1.1" status: 200 len: 1060 time: 0.0528083
2026-06-23 19:55:03.532 10 INFO neutron.wsgi [req-b824af14-0372-4501-a37a-483c2210efc8 req-c8ada2e2-f623-4b09-8e11-95428fec229d 855be17139344c2bafa232e157bfed6b 7f691d76c1524012a51b466dcf28e673 - - 937bc54d18a543028d61db14cb5645ab 937bc54d18a543028d61db14cb5645ab] 199.19.213.169 "GET /v2.0/subnets?id=b970d566-9f7f-488e-bad3-8158e917c0ea HTTP/1.1" status: 200 len: 869 time: 0.0473447
2026-06-23 19:55:03.565 10 INFO neutron.wsgi [req-b824af14-0372-4501-a37a-483c2210efc8 req-2ea6a7e5-8a04-4072-8b07-3e29facc746c 855be17139344c2bafa232e157bfed6b 7f691d76c1524012a51b466dcf28e673 - - 937bc54d18a543028d61db14cb5645ab 937bc54d18a543028d61db14cb5645ab] 199.19.213.169 "GET /v2.0/ports?network_id=70257ee7-9165-4efe-8421-1a11b059bbbd&device_owner=network%3Adhcp HTTP/1.1" status: 200 len: 210 time: 0.0260842
2026-06-23 19:55:03.639 10 INFO neutron.wsgi [req-b824af14-0372-4501-a37a-483c2210efc8 req-01e42c44-83cd-45a8-8d4a-cd8bfce543db 855be17139344c2bafa232e157bfed6b 7f691d76c1524012a51b466dcf28e673 - - 937bc54d18a543028d61db14cb5645ab 937bc54d18a543028d61db14cb5645ab] 199.19.213.169 "GET /v2.0/networks/70257ee7-9165-4efe-8421-1a11b059bbbd?fields=segments HTTP/1.1" status: 200 len: 212 time: 0.0609701
2026-06-23 19:55:03.762 10 INFO neutron.wsgi [req-b824af14-0372-4501-a37a-483c2210efc8 req-40f40ce8-99f6-4bab-9bbd-e4261ba689f6 855be17139344c2bafa232e157bfed6b 7f691d76c1524012a51b466dcf28e673 - - 937bc54d18a543028d61db14cb5645ab 937bc54d18a543028d61db14cb5645ab] 199.19.213.169 "GET /v2.0/networks/70257ee7-9165-4efe-8421-1a11b059bbbd?fields=provider%3Aphysical_network&fields=provider%3Anetwork_type HTTP/1.1" status: 200 len: 277 time: 0.1148429
2026-06-23 19:55:05.515 10 INFO neutron.db.ovn_revision_numbers_db [None req-19e35f43-45fc-42ca-87a1-09ae206d01ce 7ab73cab6e334fe2811210f32969ec53 72dc0156204b41c7bcba9b7791e1d963 - - - -] Successfully bumped revision number for resource 9a48db20-19e6-42c4-a0c2-0ff4bad4331f (type: security_groups) to 1
2026-06-23 19:55:05.582 10 INFO neutron.db.segments_db [None req-19e35f43-45fc-42ca-87a1-09ae206d01ce 7ab73cab6e334fe2811210f32969ec53 72dc0156204b41c7bcba9b7791e1d963 - - - -] Added segment a3d6663a-ed77-480a-baed-f3058b06cf29 of type geneve for network 963608d5-00eb-4a40-9de4-f4b8ce9b7ac2
2026-06-23 19:55:05.758 10 INFO neutron.db.ovn_revision_numbers_db [None req-19e35f43-45fc-42ca-87a1-09ae206d01ce 7ab73cab6e334fe2811210f32969ec53 72dc0156204b41c7bcba9b7791e1d963 - - - -] Successfully bumped revision number for resource 963608d5-00eb-4a40-9de4-f4b8ce9b7ac2 (type: networks) to 1
2026-06-23 19:55:05.997 10 WARNING neutron.scheduler.dhcp_agent_scheduler [None req-19e35f43-45fc-42ca-87a1-09ae206d01ce 7ab73cab6e334fe2811210f32969ec53 72dc0156204b41c7bcba9b7791e1d963 - - - -] No more DHCP agents
2026-06-23 19:55:06.000 10 WARNING neutron.api.rpc.agentnotifiers.dhcp_rpc_agent_api [None req-19e35f43-45fc-42ca-87a1-09ae206d01ce 7ab73cab6e334fe2811210f32969ec53 72dc0156204b41c7bcba9b7791e1d963 - - - -] Unable to schedule network 963608d5-00eb-4a40-9de4-f4b8ce9b7ac2: no agents available; will retry on subsequent port and subnet creation events.
2026-06-23 19:55:06.083 10 INFO neutron.db.ovn_revision_numbers_db [None req-19e35f43-45fc-42ca-87a1-09ae206d01ce 7ab73cab6e334fe2811210f32969ec53 72dc0156204b41c7bcba9b7791e1d963 - - - -] Successfully bumped revision number for resource af1cd7f4-4499-4428-8af6-37d082a7fa3e (type: ports) to 1
2026-06-23 19:55:06.106 10 INFO neutron.wsgi [None req-19e35f43-45fc-42ca-87a1-09ae206d01ce 7ab73cab6e334fe2811210f32969ec53 72dc0156204b41c7bcba9b7791e1d963 - - - -] 10.0.0.52 "POST /v2.0/networks HTTP/1.1" status: 201 len: 831 time: 0.9822867
2026-06-23 19:55:06.356 10 WARNING neutron.scheduler.dhcp_agent_scheduler [None req-ca371b2e-1628-46ac-9ed0-0a8312c1318c 7ab73cab6e334fe2811210f32969ec53 72dc0156204b41c7bcba9b7791e1d963 - - - -] No more DHCP agents
2026-06-23 19:55:06.362 10 WARNING neutron.api.rpc.agentnotifiers.dhcp_rpc_agent_api [None req-ca371b2e-1628-46ac-9ed0-0a8312c1318c 7ab73cab6e334fe2811210f32969ec53 72dc0156204b41c7bcba9b7791e1d963 - - - -] Unable to schedule network 963608d5-00eb-4a40-9de4-f4b8ce9b7ac2: no agents available; will retry on subsequent port and subnet creation events.
2026-06-23 19:55:06.439 10 INFO neutron.db.ovn_revision_numbers_db [None req-ca371b2e-1628-46ac-9ed0-0a8312c1318c 7ab73cab6e334fe2811210f32969ec53 72dc0156204b41c7bcba9b7791e1d963 - - - -] Successfully bumped revision number for resource cb3f2988-a569-491c-a19f-40c9b35abc72 (type: ports) to 1
2026-06-23 19:55:06.460 10 INFO neutron.wsgi [None req-ca371b2e-1628-46ac-9ed0-0a8312c1318c 7ab73cab6e334fe2811210f32969ec53 72dc0156204b41c7bcba9b7791e1d963 - - - -] 10.0.0.52 "POST /v2.0/ports HTTP/1.1" status: 201 len: 942 time: 0.3469610 /var/lib/openstack/lib/python3.10/site-packages/pycadf/identifier.py:71: UserWarning: Invalid uuid: neutron. To ensure interoperability, identifiers should be a valid uuid. warnings.warn(('Invalid uuid: %s. To ensure interoperability, '
2026-06-23 19:55:06.552 10 INFO neutron.db.segments_db [None req-2fd3025b-91af-4704-802d-ea22f76a78b0 7ab73cab6e334fe2811210f32969ec53 72dc0156204b41c7bcba9b7791e1d963 - - - -] Added segment 7b6b90b2-054e-4c0f-81c8-536dba61c3f5 of type geneve for network cf5994d7-baa9-4afd-ae36-0b20c4c3b35b
2026-06-23 19:55:06.695 10 INFO neutron.db.ovn_revision_numbers_db [None req-2fd3025b-91af-4704-802d-ea22f76a78b0 7ab73cab6e334fe2811210f32969ec53 72dc0156204b41c7bcba9b7791e1d963 - - - -] Successfully bumped revision number for resource cf5994d7-baa9-4afd-ae36-0b20c4c3b35b (type: networks) to 1
2026-06-23 19:55:06.902 10 WARNING neutron.scheduler.dhcp_agent_scheduler [None req-2fd3025b-91af-4704-802d-ea22f76a78b0 7ab73cab6e334fe2811210f32969ec53 72dc0156204b41c7bcba9b7791e1d963 - - - -] No more DHCP agents
2026-06-23 19:55:06.906 10 WARNING neutron.api.rpc.agentnotifiers.dhcp_rpc_agent_api [None req-2fd3025b-91af-4704-802d-ea22f76a78b0 7ab73cab6e334fe2811210f32969ec53 72dc0156204b41c7bcba9b7791e1d963 - - - -] Unable to schedule network cf5994d7-baa9-4afd-ae36-0b20c4c3b35b: no agents available; will retry on subsequent port and subnet creation events.
2026-06-23 19:55:06.993 10 INFO neutron.db.ovn_revision_numbers_db [None req-2fd3025b-91af-4704-802d-ea22f76a78b0 7ab73cab6e334fe2811210f32969ec53 72dc0156204b41c7bcba9b7791e1d963 - - - -] Successfully bumped revision number for resource 17b45544-9205-4aa5-a4d5-0351dfa1cd6d (type: ports) to 1
2026-06-23 19:55:07.016 10 INFO neutron.wsgi [None req-2fd3025b-91af-4704-802d-ea22f76a78b0 7ab73cab6e334fe2811210f32969ec53 72dc0156204b41c7bcba9b7791e1d963 - - - -] 10.0.0.52 "POST /v2.0/networks HTTP/1.1" status: 201 len: 830 time: 0.5516226
2026-06-23 19:55:07.314 10 WARNING neutron.scheduler.dhcp_agent_scheduler [None req-3240b2a6-53b0-4b3f-beea-f35c017b92ee 7ab73cab6e334fe2811210f32969ec53 72dc0156204b41c7bcba9b7791e1d963 - - - -] No more DHCP agents
2026-06-23 19:55:07.316 10 WARNING neutron.api.rpc.agentnotifiers.dhcp_rpc_agent_api [None req-3240b2a6-53b0-4b3f-beea-f35c017b92ee 7ab73cab6e334fe2811210f32969ec53 72dc0156204b41c7bcba9b7791e1d963 - - - -] Unable to schedule network cf5994d7-baa9-4afd-ae36-0b20c4c3b35b: no agents available; will retry on subsequent port and subnet creation events.
2026-06-23 19:55:07.379 10 INFO neutron.db.ovn_revision_numbers_db [None req-3240b2a6-53b0-4b3f-beea-f35c017b92ee 7ab73cab6e334fe2811210f32969ec53 72dc0156204b41c7bcba9b7791e1d963 - - - -] Successfully bumped revision number for resource d90ae5a7-78f3-44b6-8fe7-a54c54b9574c (type: ports) to 1
2026-06-23 19:55:07.406 10 INFO neutron.wsgi [None req-3240b2a6-53b0-4b3f-beea-f35c017b92ee 7ab73cab6e334fe2811210f32969ec53 72dc0156204b41c7bcba9b7791e1d963 - - - -] 10.0.0.52 "POST /v2.0/ports HTTP/1.1" status: 201 len: 942 time: 0.3843040 /var/lib/openstack/lib/python3.10/site-packages/pycadf/identifier.py:71: UserWarning: Invalid uuid: neutron. To ensure interoperability, identifiers should be a valid uuid. warnings.warn(('Invalid uuid: %s. To ensure interoperability, '
2026-06-23 19:55:07.504 10 INFO neutron.db.segments_db [None req-fa2304ab-93fd-4b3c-81f6-c580e8edbc39 7ab73cab6e334fe2811210f32969ec53 72dc0156204b41c7bcba9b7791e1d963 - - - -] Added segment e67cf9a4-4d4d-4d88-84ed-47a897ed6aa4 of type geneve for network 9ba374ac-4805-4469-b9bd-a66916c4969c
2026-06-23 19:55:07.636 10 INFO neutron.db.ovn_revision_numbers_db [None req-fa2304ab-93fd-4b3c-81f6-c580e8edbc39 7ab73cab6e334fe2811210f32969ec53 72dc0156204b41c7bcba9b7791e1d963 - - - -] Successfully bumped revision number for resource 9ba374ac-4805-4469-b9bd-a66916c4969c (type: networks) to 1
2026-06-23 19:55:07.806 10 WARNING neutron.scheduler.dhcp_agent_scheduler [None req-fa2304ab-93fd-4b3c-81f6-c580e8edbc39 7ab73cab6e334fe2811210f32969ec53 72dc0156204b41c7bcba9b7791e1d963 - - - -] No more DHCP agents
2026-06-23 19:55:07.807 10 WARNING neutron.api.rpc.agentnotifiers.dhcp_rpc_agent_api [None req-fa2304ab-93fd-4b3c-81f6-c580e8edbc39 7ab73cab6e334fe2811210f32969ec53 72dc0156204b41c7bcba9b7791e1d963 - - - -] Unable to schedule network 9ba374ac-4805-4469-b9bd-a66916c4969c: no agents available; will retry on subsequent port and subnet creation events.
2026-06-23 19:55:07.873 10 INFO neutron.db.ovn_revision_numbers_db [None req-fa2304ab-93fd-4b3c-81f6-c580e8edbc39 7ab73cab6e334fe2811210f32969ec53 72dc0156204b41c7bcba9b7791e1d963 - - - -] Successfully bumped revision number for resource 2e47d391-d04d-4791-af85-a01eddcc9194 (type: ports) to 1
2026-06-23 19:55:07.897 10 INFO neutron.wsgi [None req-fa2304ab-93fd-4b3c-81f6-c580e8edbc39 7ab73cab6e334fe2811210f32969ec53 72dc0156204b41c7bcba9b7791e1d963 - - - -] 10.0.0.52 "POST /v2.0/networks HTTP/1.1" status: 201 len: 831 time: 0.4754906
2026-06-23 19:55:08.168 10 WARNING neutron.scheduler.dhcp_agent_scheduler [None req-684292a3-72af-4b9a-830b-0abf072833a4 7ab73cab6e334fe2811210f32969ec53 72dc0156204b41c7bcba9b7791e1d963 - - - -] No more DHCP agents
2026-06-23 19:55:08.170 10 WARNING neutron.api.rpc.agentnotifiers.dhcp_rpc_agent_api [None req-684292a3-72af-4b9a-830b-0abf072833a4 7ab73cab6e334fe2811210f32969ec53 72dc0156204b41c7bcba9b7791e1d963 - - - -] Unable to schedule network 9ba374ac-4805-4469-b9bd-a66916c4969c: no agents available; will retry on subsequent port and subnet creation events.
2026-06-23 19:55:08.240 10 INFO neutron.db.ovn_revision_numbers_db [None req-684292a3-72af-4b9a-830b-0abf072833a4 7ab73cab6e334fe2811210f32969ec53 72dc0156204b41c7bcba9b7791e1d963 - - - -] Successfully bumped revision number for resource 25d6be11-1804-400b-9355-bb68e754ab0f (type: ports) to 1
2026-06-23 19:55:08.265 10 INFO neutron.wsgi [None req-684292a3-72af-4b9a-830b-0abf072833a4 7ab73cab6e334fe2811210f32969ec53 72dc0156204b41c7bcba9b7791e1d963 - - - -] 10.0.0.52 "POST /v2.0/ports HTTP/1.1" status: 201 len: 942 time: 0.3589375 /var/lib/openstack/lib/python3.10/site-packages/pycadf/identifier.py:71: UserWarning: Invalid uuid: neutron. To ensure interoperability, identifiers should be a valid uuid. warnings.warn(('Invalid uuid: %s. To ensure interoperability, '
2026-06-23 19:55:08.349 10 INFO neutron.db.segments_db [None req-c83c6e77-2c4c-4bd3-b2a5-294be49f4437 7ab73cab6e334fe2811210f32969ec53 72dc0156204b41c7bcba9b7791e1d963 - - - -] Added segment 7203802b-d7e1-4358-b089-76af2369b03c of type geneve for network 683f6e4b-39a1-4456-aad4-93a75b8b2b08
2026-06-23 19:55:08.507 10 INFO neutron.db.ovn_revision_numbers_db [None req-c83c6e77-2c4c-4bd3-b2a5-294be49f4437 7ab73cab6e334fe2811210f32969ec53 72dc0156204b41c7bcba9b7791e1d963 - - - -] Successfully bumped revision number for resource 683f6e4b-39a1-4456-aad4-93a75b8b2b08 (type: networks) to 1
2026-06-23 19:55:08.994 10 WARNING neutron.scheduler.dhcp_agent_scheduler [None req-c83c6e77-2c4c-4bd3-b2a5-294be49f4437 7ab73cab6e334fe2811210f32969ec53 72dc0156204b41c7bcba9b7791e1d963 - - - -] No more DHCP agents
2026-06-23 19:55:08.998 10 WARNING neutron.api.rpc.agentnotifiers.dhcp_rpc_agent_api [None req-c83c6e77-2c4c-4bd3-b2a5-294be49f4437 7ab73cab6e334fe2811210f32969ec53 72dc0156204b41c7bcba9b7791e1d963 - - - -] Unable to schedule network 683f6e4b-39a1-4456-aad4-93a75b8b2b08: no agents available; will retry on subsequent port and subnet creation events.
2026-06-23 19:55:09.089 10 INFO neutron.db.ovn_revision_numbers_db [None req-c83c6e77-2c4c-4bd3-b2a5-294be49f4437 7ab73cab6e334fe2811210f32969ec53 72dc0156204b41c7bcba9b7791e1d963 - - - -] Successfully bumped revision number for resource 7d8c576f-0a02-4a34-9bcf-ebc632a80e94 (type: ports) to 1
2026-06-23 19:55:09.117 10 INFO neutron.wsgi [None req-c83c6e77-2c4c-4bd3-b2a5-294be49f4437 7ab73cab6e334fe2811210f32969ec53 72dc0156204b41c7bcba9b7791e1d963 - - - -] 10.0.0.52 "POST /v2.0/networks HTTP/1.1" status: 201 len: 829 time: 0.8465266
2026-06-23 19:55:09.393 9 WARNING neutron.scheduler.dhcp_agent_scheduler [None req-da7c23b2-d720-4f7c-bc0b-83662a833e2c 7ab73cab6e334fe2811210f32969ec53 72dc0156204b41c7bcba9b7791e1d963 - - - -] No more DHCP agents
2026-06-23 19:55:09.395 9 WARNING neutron.api.rpc.agentnotifiers.dhcp_rpc_agent_api [None req-da7c23b2-d720-4f7c-bc0b-83662a833e2c 7ab73cab6e334fe2811210f32969ec53 72dc0156204b41c7bcba9b7791e1d963 - - - -] Unable to schedule network 683f6e4b-39a1-4456-aad4-93a75b8b2b08: no agents available; will retry on subsequent port and subnet creation events.
2026-06-23 19:55:09.472 9 INFO neutron.db.ovn_revision_numbers_db [None req-da7c23b2-d720-4f7c-bc0b-83662a833e2c 7ab73cab6e334fe2811210f32969ec53 72dc0156204b41c7bcba9b7791e1d963 - - - -] Successfully bumped revision number for resource 9de95159-e894-4b58-a512-1bee6d0453b7 (type: ports) to 1
2026-06-23 19:55:09.494 9 INFO neutron.wsgi [None req-da7c23b2-d720-4f7c-bc0b-83662a833e2c 7ab73cab6e334fe2811210f32969ec53 72dc0156204b41c7bcba9b7791e1d963 - - - -] 10.0.0.52 "POST /v2.0/ports HTTP/1.1" status: 201 len: 942 time: 0.3656461 /var/lib/openstack/lib/python3.10/site-packages/pycadf/identifier.py:71: UserWarning: Invalid uuid: neutron. To ensure interoperability, identifiers should be a valid uuid. warnings.warn(('Invalid uuid: %s. To ensure interoperability, '
2026-06-23 19:55:09.585 9 INFO neutron.db.segments_db [None req-b8448ba9-4dda-4db5-be88-981ea1dfd912 7ab73cab6e334fe2811210f32969ec53 72dc0156204b41c7bcba9b7791e1d963 - - - -] Added segment 546649e1-a3d3-40c7-9427-ef1a72b1d5da of type geneve for network c02af9fc-e3a9-4ac7-b31f-99a031bfea46
2026-06-23 19:55:09.719 9 INFO neutron.wsgi [-] 10.0.0.153 "GET / HTTP/1.1" status: 200 len: 247 time: 0.0012350
2026-06-23 19:55:09.720 9 INFO neutron.wsgi [-] 10.0.0.153 "GET / HTTP/1.1" status: 200 len: 247 time: 0.0009396
2026-06-23 19:55:09.730 9 INFO neutron.db.ovn_revision_numbers_db [None req-b8448ba9-4dda-4db5-be88-981ea1dfd912 7ab73cab6e334fe2811210f32969ec53 72dc0156204b41c7bcba9b7791e1d963 - - - -] Successfully bumped revision number for resource c02af9fc-e3a9-4ac7-b31f-99a031bfea46 (type: networks) to 1
2026-06-23 19:55:09.985 9 WARNING neutron.scheduler.dhcp_agent_scheduler [None req-b8448ba9-4dda-4db5-be88-981ea1dfd912 7ab73cab6e334fe2811210f32969ec53 72dc0156204b41c7bcba9b7791e1d963 - - - -] No more DHCP agents
2026-06-23 19:55:09.987 9 WARNING neutron.api.rpc.agentnotifiers.dhcp_rpc_agent_api [None req-b8448ba9-4dda-4db5-be88-981ea1dfd912 7ab73cab6e334fe2811210f32969ec53 72dc0156204b41c7bcba9b7791e1d963 - - - -] Unable to schedule network c02af9fc-e3a9-4ac7-b31f-99a031bfea46: no agents available; will retry on subsequent port and subnet creation events.
