2026-06-23 19:53:57.335 9 INFO neutron.wsgi [req-8664eab2-2a70-4e3a-8473-643126c817bd req-fbb4da36-1e3a-47c6-a379-c3b2e2c4af32 736993532fd040629ce2813b7ec96171 c09dfeae250a472a8201408ca72d1d5d - - default default] 10.0.0.84 "GET /v2.0/ports?device_id=9ddbcc5b-ba4f-43eb-a7f9-1ff096ade5cb HTTP/1.1" status: 200 len: 210 time: 0.0278072 /var/lib/openstack/lib/python3.10/site-packages/pycadf/identifier.py:71: UserWarning: Invalid uuid: neutron. To ensure interoperability, identifiers should be a valid uuid. warnings.warn(('Invalid uuid: %s. To ensure interoperability, '
2026-06-23 19:53:57.361 9 INFO neutron.wsgi [None req-5d55303d-0499-481e-b3c7-032e6f043d02 ff9f0868e2054a6f9f5432265c3f0ed4 4999d6e441014abfa28d30ba930cdae0 - - default default] 10.0.0.52 "GET /v2.0/ports?device_id=41ba0cb7-4c9d-4396-90b6-0b9078a55c3c HTTP/1.1" status: 200 len: 205 time: 0.0236602
2026-06-23 19:53:57.531 10 INFO neutron.db.ovn_revision_numbers_db [None req-5cc54381-38b8-4d3e-839f-303e694d896c 5d23929a18d74fe9a3352a75b245aecc 453c9fb63fbf436cb14a698f59aea67b - - default default] Successfully bumped revision number for resource d45f38bc-1d16-43ae-bd5f-9c6908aa9c18 (type: security_groups) to 1
2026-06-23 19:53:57.562 10 INFO neutron.wsgi [None req-5cc54381-38b8-4d3e-839f-303e694d896c 5d23929a18d74fe9a3352a75b245aecc 453c9fb63fbf436cb14a698f59aea67b - - default default] 10.0.0.52 "GET /v2.0/security-groups?tenant_id=cd5e25664c4640549664699da6daf3e2&name=default HTTP/1.1" status: 200 len: 2996 time: 0.2221935
2026-06-23 19:53:57.582 10 INFO neutron.db.ovn_revision_numbers_db [None req-e4a92a81-9063-4026-9e48-fcf4f5f666c1 100be27e382543af9d976d6eeebeb24c 485cb84c23dd43ecb94645b1d2c5eea5 - - - -] Successfully bumped revision number for resource cfc2c35a-3e29-4cc4-8b71-689fe7908f93 (type: ports) to 2
2026-06-23 19:53:57.606 10 INFO neutron.db.ovn_revision_numbers_db [None req-e4a92a81-9063-4026-9e48-fcf4f5f666c1 100be27e382543af9d976d6eeebeb24c 485cb84c23dd43ecb94645b1d2c5eea5 - - - -] Successfully bumped revision number for resource 61cde49a-78bf-4b0f-a619-3877b377247c (type: subnets) to 0
2026-06-23 19:53:57.627 10 INFO neutron.wsgi [None req-e4a92a81-9063-4026-9e48-fcf4f5f666c1 100be27e382543af9d976d6eeebeb24c 485cb84c23dd43ecb94645b1d2c5eea5 - - - -] 10.0.0.52 "POST /v2.0/subnets HTTP/1.1" status: 201 len: 801 time: 1.1254559
2026-06-23 19:53:57.844 9 INFO neutron.wsgi [None req-83b4830e-0f2c-4bed-a874-9ca3966c1b5d ff9f0868e2054a6f9f5432265c3f0ed4 4999d6e441014abfa28d30ba930cdae0 - - - -] 10.0.0.52 "DELETE /v2.0/routers/41ba0cb7-4c9d-4396-90b6-0b9078a55c3c HTTP/1.1" status: 204 len: 168 time: 0.4777269
2026-06-23 19:53:57.885 10 INFO neutron.db.ovn_revision_numbers_db [None req-7d6396c9-a1bc-4a92-9dfd-243577b2fc5e 100be27e382543af9d976d6eeebeb24c 485cb84c23dd43ecb94645b1d2c5eea5 - - - -] Successfully bumped revision number for resource 25c663e2-d201-4eab-97c9-f931aedd448b (type: routers) to 1
2026-06-23 19:53:57.899 10 INFO neutron.wsgi [None req-7d6396c9-a1bc-4a92-9dfd-243577b2fc5e 100be27e382543af9d976d6eeebeb24c 485cb84c23dd43ecb94645b1d2c5eea5 - - - -] 10.0.0.52 "POST /v2.0/routers HTTP/1.1" status: 201 len: 687 time: 0.2662609
2026-06-23 19:53:57.907 10 INFO neutron.wsgi [None req-3b250928-0dde-4cd6-87d3-6859bbd53a63 5d23929a18d74fe9a3352a75b245aecc 453c9fb63fbf436cb14a698f59aea67b - - - -] 10.0.0.52 "DELETE /v2.0/security-groups/d45f38bc-1d16-43ae-bd5f-9c6908aa9c18 HTTP/1.1" status: 204 len: 168 time: 0.3370526
2026-06-23 19:53:58.043 10 INFO neutron.wsgi [req-46cae659-c40d-4002-b6c5-656e765224c6 req-33f2773d-efcf-4a06-a32c-45e54585f2fd 736993532fd040629ce2813b7ec96171 c09dfeae250a472a8201408ca72d1d5d - - default default] 199.19.213.169 "GET /v2.0/networks?id=d87031b7-8ede-45ed-ba57-ee68614fedb9 HTTP/1.1" status: 200 len: 868 time: 0.0745034
2026-06-23 19:53:58.107 10 INFO neutron.wsgi [req-46cae659-c40d-4002-b6c5-656e765224c6 req-beae9dee-b3eb-479b-9885-235f91f46996 736993532fd040629ce2813b7ec96171 c09dfeae250a472a8201408ca72d1d5d - - default default] 199.19.213.169 "GET /v2.0/security-groups?fields=id&fields=name&tenant_id=c09dfeae250a472a8201408ca72d1d5d HTTP/1.1" status: 200 len: 379 time: 0.0551364
2026-06-23 19:53:58.111 9 INFO neutron.wsgi [None req-7e388062-0dfd-49a4-80d6-f68af7f8fa83 ff9f0868e2054a6f9f5432265c3f0ed4 4999d6e441014abfa28d30ba930cdae0 - - - -] 10.0.0.52 "DELETE /v2.0/subnets/05872910-f98d-4c2a-8fc6-e047531f069f HTTP/1.1" status: 204 len: 168 time: 0.2624733
2026-06-23 19:53:58.309 9 WARNING neutron.scheduler.dhcp_agent_scheduler [None req-d3d863f9-12ba-4779-8974-345fb127d2d9 100be27e382543af9d976d6eeebeb24c 485cb84c23dd43ecb94645b1d2c5eea5 - - - -] No more DHCP agents
2026-06-23 19:53:58.312 9 WARNING neutron.api.rpc.agentnotifiers.dhcp_rpc_agent_api [None req-d3d863f9-12ba-4779-8974-345fb127d2d9 100be27e382543af9d976d6eeebeb24c 485cb84c23dd43ecb94645b1d2c5eea5 - - - -] Unable to schedule network b098e440-b214-4fdc-8a28-143b96d6a6de: no agents available; will retry on subsequent port and subnet creation events. /var/lib/openstack/lib/python3.10/site-packages/pycadf/identifier.py:71: UserWarning: Invalid uuid: neutron. To ensure interoperability, identifiers should be a valid uuid. warnings.warn(('Invalid uuid: %s. To ensure interoperability, '
2026-06-23 19:53:58.454 9 INFO neutron.wsgi [req-e15da1d7-0623-4276-822d-ac3c9277ef09 req-44747a5b-e3e9-4077-9440-52c12736eb98 736993532fd040629ce2813b7ec96171 c09dfeae250a472a8201408ca72d1d5d - - default default] 10.0.0.84 "GET /v2.0/ports?device_id=9ddbcc5b-ba4f-43eb-a7f9-1ff096ade5cb HTTP/1.1" status: 200 len: 210 time: 0.0448010
2026-06-23 19:53:58.486 9 INFO neutron.db.ovn_revision_numbers_db [None req-d3d863f9-12ba-4779-8974-345fb127d2d9 100be27e382543af9d976d6eeebeb24c 485cb84c23dd43ecb94645b1d2c5eea5 - - - -] Successfully bumped revision number for resource dae1a619-79bb-4ec7-be15-26e7f704ae5a (type: ports) to 1
2026-06-23 19:53:58.511 9 INFO neutron.wsgi [None req-d3d863f9-12ba-4779-8974-345fb127d2d9 100be27e382543af9d976d6eeebeb24c 485cb84c23dd43ecb94645b1d2c5eea5 - - - -] 10.0.0.52 "POST /v2.0/ports HTTP/1.1" status: 201 len: 1147 time: 0.6040697
2026-06-23 19:53:58.562 10 WARNING neutron.scheduler.dhcp_agent_scheduler [None req-43537e30-8c5d-47f3-ae57-0794b1fa337b 736993532fd040629ce2813b7ec96171 c09dfeae250a472a8201408ca72d1d5d - - - -] No more DHCP agents
2026-06-23 19:53:58.568 10 WARNING neutron.api.rpc.agentnotifiers.dhcp_rpc_agent_api [None req-43537e30-8c5d-47f3-ae57-0794b1fa337b 736993532fd040629ce2813b7ec96171 c09dfeae250a472a8201408ca72d1d5d - - - -] Unable to schedule network d87031b7-8ede-45ed-ba57-ee68614fedb9: no agents available; will retry on subsequent port and subnet creation events.
2026-06-23 19:53:58.625 10 INFO neutron.services.segments.plugin [-] Segment 3535fa2c-24b6-446d-abef-180cdd2a2d49 resource provider aggregate not found
2026-06-23 19:53:58.648 10 INFO neutron.services.segments.plugin [-] Segment 3535fa2c-24b6-446d-abef-180cdd2a2d49 resource provider aggregate not found
2026-06-23 19:53:58.663 10 INFO neutron.services.segments.plugin [-] Segment 3535fa2c-24b6-446d-abef-180cdd2a2d49 resource provider not found; error: Placement Client Error (4xx): {"errors": [{"status": 404, "title": "Not Found", "detail": "The resource could not be found.\n\n No resource provider with uuid 3535fa2c-24b6-446d-abef-180cdd2a2d49 found for delete ", "request_id": "req-0f71e8cf-2d16-4a19-ad9c-b8bf1ae60830"}]}
2026-06-23 19:53:58.670 10 INFO neutron.services.segments.plugin [-] Segment 3535fa2c-24b6-446d-abef-180cdd2a2d49 resource provider not found; error: Placement Client Error (4xx): {"errors": [{"status": 404, "title": "Not Found", "detail": "The resource could not be found.\n\n No resource provider with uuid 3535fa2c-24b6-446d-abef-180cdd2a2d49 found for delete ", "request_id": "req-a6f5f528-96fb-442a-a32b-745ac25f36d6"}]}
2026-06-23 19:53:58.981 10 INFO neutron.wsgi [None req-138e33e8-c6ab-43ec-80f6-f4aa3495f77b ff9f0868e2054a6f9f5432265c3f0ed4 4999d6e441014abfa28d30ba930cdae0 - - - -] 10.0.0.52 "DELETE /v2.0/networks/99fdaac2-ccbd-4a62-b71f-3b08d846ec07 HTTP/1.1" status: 204 len: 168 time: 0.8601162 /var/lib/openstack/lib/python3.10/site-packages/pycadf/identifier.py:71: UserWarning: Invalid uuid: neutron. To ensure interoperability, identifiers should be a valid uuid. warnings.warn(('Invalid uuid: %s. To ensure interoperability, '
2026-06-23 19:53:59.029 9 INFO neutron.db.ovn_revision_numbers_db [None req-3a4c0e5c-0467-4303-96ea-9dba3a9dad57 100be27e382543af9d976d6eeebeb24c 485cb84c23dd43ecb94645b1d2c5eea5 - - default default] Successfully bumped revision number for resource dae1a619-79bb-4ec7-be15-26e7f704ae5a (type: router_ports) to 2
2026-06-23 19:53:59.098 10 INFO neutron.db.ovn_revision_numbers_db [None req-43537e30-8c5d-47f3-ae57-0794b1fa337b 736993532fd040629ce2813b7ec96171 c09dfeae250a472a8201408ca72d1d5d - - - -] Successfully bumped revision number for resource 9c545668-51e3-4288-9408-333fdbea5d23 (type: ports) to 1
2026-06-23 19:53:59.155 10 INFO neutron.wsgi [None req-43537e30-8c5d-47f3-ae57-0794b1fa337b 736993532fd040629ce2813b7ec96171 c09dfeae250a472a8201408ca72d1d5d - - - -] 199.19.213.169 "POST /v2.0/ports HTTP/1.1" status: 201 len: 1158 time: 1.0410714
2026-06-23 19:53:59.251 9 INFO neutron.db.ovn_revision_numbers_db [None req-3a4c0e5c-0467-4303-96ea-9dba3a9dad57 100be27e382543af9d976d6eeebeb24c 485cb84c23dd43ecb94645b1d2c5eea5 - - default default] Successfully bumped revision number for resource dae1a619-79bb-4ec7-be15-26e7f704ae5a (type: ports) to 2 /var/lib/openstack/lib/python3.10/site-packages/pycadf/identifier.py:71: UserWarning: Invalid uuid: neutron. To ensure interoperability, identifiers should be a valid uuid. warnings.warn(('Invalid uuid: %s. To ensure interoperability, '
2026-06-23 19:53:59.625 9 INFO neutron.wsgi [req-baa1eaba-8dc3-4345-bdff-9fb1508f599f req-008f7bed-c386-49c7-b6b5-87d4747ed130 736993532fd040629ce2813b7ec96171 c09dfeae250a472a8201408ca72d1d5d - - default default] 10.0.0.84 "GET /v2.0/ports?device_id=9ddbcc5b-ba4f-43eb-a7f9-1ff096ade5cb HTTP/1.1" status: 200 len: 1168 time: 0.0750978
2026-06-23 19:53:59.695 9 INFO neutron.wsgi [req-baa1eaba-8dc3-4345-bdff-9fb1508f599f req-9e9ca28d-e141-4560-89d3-4923ffac808d 736993532fd040629ce2813b7ec96171 c09dfeae250a472a8201408ca72d1d5d - - default default] 10.0.0.84 "GET /v2.0/security-groups?id=1600a057-e35e-4a83-9a22-c344de8eadc9&fields=id&fields=name HTTP/1.1" status: 200 len: 312 time: 0.0622356
2026-06-23 19:53:59.742 10 WARNING neutron.scheduler.dhcp_agent_scheduler [None req-a86457de-42d1-4ede-bd84-ed780d810358 ff9f0868e2054a6f9f5432265c3f0ed4 4999d6e441014abfa28d30ba930cdae0 - - - -] No more DHCP agents
2026-06-23 19:53:59.743 10 WARNING neutron.api.rpc.agentnotifiers.dhcp_rpc_agent_api [None req-a86457de-42d1-4ede-bd84-ed780d810358 ff9f0868e2054a6f9f5432265c3f0ed4 4999d6e441014abfa28d30ba930cdae0 - - - -] Unable to schedule network e1a6e66b-46a0-46ba-a1c3-11be58f8f68e: no agents available; will retry on subsequent port and subnet creation events.
2026-06-23 19:53:59.813 10 INFO neutron.db.ovn_revision_numbers_db [None req-81b6828d-2ac8-48a4-a08a-ad0eabadb0a2 855be17139344c2bafa232e157bfed6b 7f691d76c1524012a51b466dcf28e673 - - - -] Successfully bumped revision number for resource 9c545668-51e3-4288-9408-333fdbea5d23 (type: ports) to 2
2026-06-23 19:53:59.898 9 INFO neutron.db.ovn_revision_numbers_db [None req-3a4c0e5c-0467-4303-96ea-9dba3a9dad57 100be27e382543af9d976d6eeebeb24c 485cb84c23dd43ecb94645b1d2c5eea5 - - default default] Successfully bumped revision number for resource dae1a619-79bb-4ec7-be15-26e7f704ae5a (type: router_ports) to 3
2026-06-23 19:53:59.959 10 INFO neutron.db.ovn_revision_numbers_db [None req-a86457de-42d1-4ede-bd84-ed780d810358 ff9f0868e2054a6f9f5432265c3f0ed4 4999d6e441014abfa28d30ba930cdae0 - - - -] Successfully bumped revision number for resource 0283bb74-25ee-4faa-ace5-52765b0edbd4 (type: ports) to 1 /var/lib/openstack/lib/python3.10/site-packages/pycadf/identifier.py:71: UserWarning: Invalid uuid: neutron. To ensure interoperability, identifiers should be a valid uuid. warnings.warn(('Invalid uuid: %s. To ensure interoperability, '
2026-06-23 19:54:00.024 10 WARNING neutron.plugins.ml2.drivers.ovn.mech_driver.ovsdb.ovn_client [None req-cd124f05-fe4b-4713-b34a-28e0d1c08eaa - - - - - -] No hosting information found for port b7e583e5-2ca5-47e6-adf7-752668bb56e1: RuntimeError: No hosting information found for port b7e583e5-2ca5-47e6-adf7-752668bb56e1
2026-06-23 19:54:00.024 10 INFO neutron.plugins.ml2.drivers.ovn.mech_driver.mech_driver [None req-cd124f05-fe4b-4713-b34a-28e0d1c08eaa - - - - - -] OVN reports status up for port: dae1a619-79bb-4ec7-be15-26e7f704ae5a
2026-06-23 19:54:00.053 9 INFO neutron.db.ovn_revision_numbers_db [None req-3a4c0e5c-0467-4303-96ea-9dba3a9dad57 100be27e382543af9d976d6eeebeb24c 485cb84c23dd43ecb94645b1d2c5eea5 - - default default] Successfully bumped revision number for resource dae1a619-79bb-4ec7-be15-26e7f704ae5a (type: ports) to 3
2026-06-23 19:54:00.074 10 INFO neutron.plugins.ml2.plugin [None req-cd124f05-fe4b-4713-b34a-28e0d1c08eaa - - - - - -] Attempt 1 to provision port dae1a619-79bb-4ec7-be15-26e7f704ae5a
2026-06-23 19:54:00.140 9 WARNING neutron.scheduler.dhcp_agent_scheduler [None req-3a4c0e5c-0467-4303-96ea-9dba3a9dad57 100be27e382543af9d976d6eeebeb24c 485cb84c23dd43ecb94645b1d2c5eea5 - - default default] No more DHCP agents
2026-06-23 19:54:00.141 9 WARNING neutron.api.rpc.agentnotifiers.dhcp_rpc_agent_api [None req-3a4c0e5c-0467-4303-96ea-9dba3a9dad57 100be27e382543af9d976d6eeebeb24c 485cb84c23dd43ecb94645b1d2c5eea5 - - default default] Unable to schedule network b098e440-b214-4fdc-8a28-143b96d6a6de: no agents available; will retry on subsequent port and subnet creation events.
2026-06-23 19:54:00.144 9 INFO neutron.db.ovn_revision_numbers_db [None req-7b1e2d2d-431c-428f-adaa-38b8b16b49af 599012f15c50452ab27af327eacca65f ef79fdce1b974c49bae250c2e99e271b - - - -] Successfully bumped revision number for resource e0a9e8b9-8b10-4b02-8032-cd7c72e8afc7 (type: security_groups) to 1
2026-06-23 19:54:00.164 10 INFO neutron.db.ovn_revision_numbers_db [None req-81b6828d-2ac8-48a4-a08a-ad0eabadb0a2 855be17139344c2bafa232e157bfed6b 7f691d76c1524012a51b466dcf28e673 - - - -] Successfully bumped revision number for resource 9c545668-51e3-4288-9408-333fdbea5d23 (type: ports) to 2
2026-06-23 19:54:00.194 10 INFO neutron.wsgi [None req-81b6828d-2ac8-48a4-a08a-ad0eabadb0a2 855be17139344c2bafa232e157bfed6b 7f691d76c1524012a51b466dcf28e673 - - - -] 199.19.213.169 "PUT /v2.0/ports/9c545668-51e3-4288-9408-333fdbea5d23 HTTP/1.1" status: 200 len: 1328 time: 1.0237029
2026-06-23 19:54:00.223 9 INFO neutron.db.segments_db [None req-7b1e2d2d-431c-428f-adaa-38b8b16b49af 599012f15c50452ab27af327eacca65f ef79fdce1b974c49bae250c2e99e271b - - - -] Added segment b764a2e5-c88a-4118-8d00-fb541c881ecd of type geneve for network 34dced8f-f4c7-4aff-9bf9-66eccd1aba1c /var/lib/openstack/lib/python3.10/site-packages/pycadf/identifier.py:71: UserWarning: Invalid uuid: neutron. To ensure interoperability, identifiers should be a valid uuid. warnings.warn(('Invalid uuid: %s. To ensure interoperability, '
2026-06-23 19:54:00.256 10 INFO neutron.notifiers.nova [-] Nova event matching ['req-39654deb-865d-45ea-9027-7609deffd076'] response: {'name': 'network-changed', 'server_uuid': '9ddbcc5b-ba4f-43eb-a7f9-1ff096ade5cb', 'tag': '9c545668-51e3-4288-9408-333fdbea5d23', 'status': 'completed', 'code': 200}
2026-06-23 19:54:00.294 10 INFO neutron.wsgi [req-46cae659-c40d-4002-b6c5-656e765224c6 req-a5532bf2-c88f-4e71-ade5-115ff8b20372 855be17139344c2bafa232e157bfed6b 7f691d76c1524012a51b466dcf28e673 - - 937bc54d18a543028d61db14cb5645ab 937bc54d18a543028d61db14cb5645ab] 199.19.213.169 "GET /v2.0/ports?tenant_id=c09dfeae250a472a8201408ca72d1d5d&device_id=9ddbcc5b-ba4f-43eb-a7f9-1ff096ade5cb HTTP/1.1" status: 200 len: 1359 time: 0.0482845
2026-06-23 19:54:00.328 10 INFO neutron.wsgi [req-46cae659-c40d-4002-b6c5-656e765224c6 req-895629c6-a421-4c7c-952f-ee22540fc5cb 855be17139344c2bafa232e157bfed6b 7f691d76c1524012a51b466dcf28e673 - - 937bc54d18a543028d61db14cb5645ab 937bc54d18a543028d61db14cb5645ab] 199.19.213.169 "GET /v2.0/floatingips?fixed_ip_address=10.100.0.6&port_id=9c545668-51e3-4288-9408-333fdbea5d23 HTTP/1.1" status: 200 len: 217 time: 0.0253642
2026-06-23 19:54:00.401 10 INFO neutron.wsgi [req-46cae659-c40d-4002-b6c5-656e765224c6 req-15b80d65-3649-45a0-8186-6f43f9c716ac 855be17139344c2bafa232e157bfed6b 7f691d76c1524012a51b466dcf28e673 - - 937bc54d18a543028d61db14cb5645ab 937bc54d18a543028d61db14cb5645ab] 199.19.213.169 "GET /v2.0/subnets?id=83641735-ced5-4d33-a9c7-27156ddfc33c HTTP/1.1" status: 200 len: 862 time: 0.0617666
2026-06-23 19:54:00.454 10 INFO neutron.wsgi [req-46cae659-c40d-4002-b6c5-656e765224c6 req-624a9ceb-f895-4725-b800-e7e8be755c1f 855be17139344c2bafa232e157bfed6b 7f691d76c1524012a51b466dcf28e673 - - 937bc54d18a543028d61db14cb5645ab 937bc54d18a543028d61db14cb5645ab] 199.19.213.169 "GET /v2.0/ports?network_id=d87031b7-8ede-45ed-ba57-ee68614fedb9&device_owner=network%3Adhcp HTTP/1.1" status: 200 len: 210 time: 0.0448136
2026-06-23 19:54:00.632 9 INFO neutron.db.ovn_revision_numbers_db [None req-7b1e2d2d-431c-428f-adaa-38b8b16b49af 599012f15c50452ab27af327eacca65f ef79fdce1b974c49bae250c2e99e271b - - - -] Successfully bumped revision number for resource 34dced8f-f4c7-4aff-9bf9-66eccd1aba1c (type: networks) to 1
2026-06-23 19:54:00.646 9 INFO neutron.db.ovn_revision_numbers_db [None req-3a4c0e5c-0467-4303-96ea-9dba3a9dad57 100be27e382543af9d976d6eeebeb24c 485cb84c23dd43ecb94645b1d2c5eea5 - - - -] Successfully bumped revision number for resource dae1a619-79bb-4ec7-be15-26e7f704ae5a (type: router_ports) to 3
2026-06-23 19:54:00.649 9 INFO neutron.wsgi [None req-3a4c0e5c-0467-4303-96ea-9dba3a9dad57 100be27e382543af9d976d6eeebeb24c 485cb84c23dd43ecb94645b1d2c5eea5 - - - -] 10.0.0.52 "PUT /v2.0/routers/25c663e2-d201-4eab-97c9-f931aedd448b/add_router_interface HTTP/1.1" status: 200 len: 503 time: 2.1327922
2026-06-23 19:54:00.797 9 INFO neutron.wsgi [None req-70007884-fe5c-4656-99bf-ab75b5682370 100be27e382543af9d976d6eeebeb24c 485cb84c23dd43ecb94645b1d2c5eea5 - - default default] 10.0.0.52 "GET /v2.0/ports/dae1a619-79bb-4ec7-be15-26e7f704ae5a HTTP/1.1" status: 200 len: 1205 time: 0.1423585
2026-06-23 19:54:00.843 9 INFO neutron.wsgi [req-af94c229-fa61-4b59-bb38-2b552810c726 req-c52ab0e3-0d82-4999-8e5d-daf23661c0df 736993532fd040629ce2813b7ec96171 c09dfeae250a472a8201408ca72d1d5d - - default default] 10.0.0.84 "GET /v2.0/ports?device_id=9ddbcc5b-ba4f-43eb-a7f9-1ff096ade5cb HTTP/1.1" status: 200 len: 1168 time: 0.0517251
2026-06-23 19:54:00.859 10 INFO neutron.wsgi [req-46cae659-c40d-4002-b6c5-656e765224c6 req-28b31795-3cc6-41f8-8525-a7f38809a6aa 855be17139344c2bafa232e157bfed6b 7f691d76c1524012a51b466dcf28e673 - - 937bc54d18a543028d61db14cb5645ab 937bc54d18a543028d61db14cb5645ab] 199.19.213.169 "GET /v2.0/networks/d87031b7-8ede-45ed-ba57-ee68614fedb9?fields=segments HTTP/1.1" status: 200 len: 212 time: 0.3944519
2026-06-23 19:54:00.895 9 INFO neutron.wsgi [req-af94c229-fa61-4b59-bb38-2b552810c726 req-8180217b-f78f-4f5a-b9d4-56901d8f9fba 736993532fd040629ce2813b7ec96171 c09dfeae250a472a8201408ca72d1d5d - - default default] 10.0.0.84 "GET /v2.0/security-groups?id=1600a057-e35e-4a83-9a22-c344de8eadc9&fields=id&fields=name HTTP/1.1" status: 200 len: 312 time: 0.0385733
2026-06-23 19:54:00.900 10 INFO neutron.db.ovn_revision_numbers_db [None req-cd124f05-fe4b-4713-b34a-28e0d1c08eaa - - - - - -] Successfully bumped revision number for resource dae1a619-79bb-4ec7-be15-26e7f704ae5a (type: ports) to 4
2026-06-23 19:54:00.917 9 WARNING neutron.scheduler.dhcp_agent_scheduler [None req-7b1e2d2d-431c-428f-adaa-38b8b16b49af 599012f15c50452ab27af327eacca65f ef79fdce1b974c49bae250c2e99e271b - - - -] No more DHCP agents
2026-06-23 19:54:00.920 9 WARNING neutron.api.rpc.agentnotifiers.dhcp_rpc_agent_api [None req-7b1e2d2d-431c-428f-adaa-38b8b16b49af 599012f15c50452ab27af327eacca65f ef79fdce1b974c49bae250c2e99e271b - - - -] Unable to schedule network 34dced8f-f4c7-4aff-9bf9-66eccd1aba1c: no agents available; will retry on subsequent port and subnet creation events.
2026-06-23 19:54:00.989 9 INFO neutron.db.ovn_revision_numbers_db [None req-7b1e2d2d-431c-428f-adaa-38b8b16b49af 599012f15c50452ab27af327eacca65f ef79fdce1b974c49bae250c2e99e271b - - - -] Successfully bumped revision number for resource d3cfd42a-3b8c-40a3-9b1b-6d6776b3b05e (type: ports) to 1
2026-06-23 19:54:00.999 10 INFO neutron.wsgi [req-46cae659-c40d-4002-b6c5-656e765224c6 req-e33a0dd0-b917-4c4f-a14f-27c3fe52193d 855be17139344c2bafa232e157bfed6b 7f691d76c1524012a51b466dcf28e673 - - 937bc54d18a543028d61db14cb5645ab 937bc54d18a543028d61db14cb5645ab] 199.19.213.169 "GET /v2.0/networks/d87031b7-8ede-45ed-ba57-ee68614fedb9?fields=provider%3Aphysical_network&fields=provider%3Anetwork_type HTTP/1.1" status: 200 len: 277 time: 0.1344340
2026-06-23 19:54:01.012 9 INFO neutron.wsgi [None req-7b1e2d2d-431c-428f-adaa-38b8b16b49af 599012f15c50452ab27af327eacca65f ef79fdce1b974c49bae250c2e99e271b - - - -] 10.0.0.52 "POST /v2.0/networks HTTP/1.1" status: 201 len: 844 time: 1.2026808 /var/lib/openstack/lib/python3.10/site-packages/pycadf/identifier.py:71: UserWarning: Invalid uuid: neutron. To ensure interoperability, identifiers should be a valid uuid. warnings.warn(('Invalid uuid: %s. To ensure interoperability, '
2026-06-23 19:54:01.137 10 INFO neutron.wsgi [req-27e37395-88fc-4f87-934e-3b62accb66ef req-9674d42b-2aaa-484f-84bb-c58431fa5f50 855be17139344c2bafa232e157bfed6b 7f691d76c1524012a51b466dcf28e673 - - 937bc54d18a543028d61db14cb5645ab 937bc54d18a543028d61db14cb5645ab] 199.19.213.169 "GET /v2.0/ports?tenant_id=c09dfeae250a472a8201408ca72d1d5d&device_id=9ddbcc5b-ba4f-43eb-a7f9-1ff096ade5cb HTTP/1.1" status: 200 len: 1359 time: 0.0904393
2026-06-23 19:54:01.176 10 INFO neutron.db.ovn_revision_numbers_db [None req-cd124f05-fe4b-4713-b34a-28e0d1c08eaa - - - - - -] Successfully bumped revision number for resource dae1a619-79bb-4ec7-be15-26e7f704ae5a (type: router_ports) to 4
2026-06-23 19:54:01.289 10 INFO neutron.wsgi [req-27e37395-88fc-4f87-934e-3b62accb66ef req-f4cb9a34-bcb9-4eff-9a9d-76079597f0d1 855be17139344c2bafa232e157bfed6b 7f691d76c1524012a51b466dcf28e673 - - 937bc54d18a543028d61db14cb5645ab 937bc54d18a543028d61db14cb5645ab] 199.19.213.169 "GET /v2.0/networks?id=d87031b7-8ede-45ed-ba57-ee68614fedb9 HTTP/1.1" status: 200 len: 967 time: 0.1337841
2026-06-23 19:54:01.313 9 WARNING neutron.scheduler.dhcp_agent_scheduler [None req-c826a422-2a3b-4ca8-878f-fd50aa9e9184 599012f15c50452ab27af327eacca65f ef79fdce1b974c49bae250c2e99e271b - - - -] No more DHCP agents
2026-06-23 19:54:01.314 9 WARNING neutron.api.rpc.agentnotifiers.dhcp_rpc_agent_api [None req-c826a422-2a3b-4ca8-878f-fd50aa9e9184 599012f15c50452ab27af327eacca65f ef79fdce1b974c49bae250c2e99e271b - - - -] Unable to schedule network 34dced8f-f4c7-4aff-9bf9-66eccd1aba1c: no agents available; will retry on subsequent port and subnet creation events.
2026-06-23 19:54:01.341 10 INFO neutron.wsgi [req-27e37395-88fc-4f87-934e-3b62accb66ef req-1f7a8638-3946-4ef1-8b41-81fee7c022c4 855be17139344c2bafa232e157bfed6b 7f691d76c1524012a51b466dcf28e673 - - 937bc54d18a543028d61db14cb5645ab 937bc54d18a543028d61db14cb5645ab] 199.19.213.169 "GET /v2.0/floatingips?fixed_ip_address=10.100.0.6&port_id=9c545668-51e3-4288-9408-333fdbea5d23 HTTP/1.1" status: 200 len: 217 time: 0.0459816
2026-06-23 19:54:01.391 9 INFO neutron.db.ovn_revision_numbers_db [None req-c826a422-2a3b-4ca8-878f-fd50aa9e9184 599012f15c50452ab27af327eacca65f ef79fdce1b974c49bae250c2e99e271b - - - -] Successfully bumped revision number for resource ce24686f-e6f7-4954-a0fb-121fee475a21 (type: ports) to 1
2026-06-23 19:54:01.409 10 INFO neutron.wsgi [req-27e37395-88fc-4f87-934e-3b62accb66ef req-682b937d-8a72-44b4-a9e0-3acbb1186738 855be17139344c2bafa232e157bfed6b 7f691d76c1524012a51b466dcf28e673 - - 937bc54d18a543028d61db14cb5645ab 937bc54d18a543028d61db14cb5645ab] 199.19.213.169 "GET /v2.0/subnets?id=83641735-ced5-4d33-a9c7-27156ddfc33c HTTP/1.1" status: 200 len: 862 time: 0.0602782
2026-06-23 19:54:01.426 9 INFO neutron.wsgi [None req-c826a422-2a3b-4ca8-878f-fd50aa9e9184 599012f15c50452ab27af327eacca65f ef79fdce1b974c49bae250c2e99e271b - - - -] 10.0.0.52 "POST /v2.0/ports HTTP/1.1" status: 201 len: 973 time: 0.4080389 /var/lib/openstack/lib/python3.10/site-packages/pycadf/identifier.py:71: UserWarning: Invalid uuid: neutron. To ensure interoperability, identifiers should be a valid uuid. warnings.warn(('Invalid uuid: %s. To ensure interoperability, '
2026-06-23 19:54:01.455 10 INFO neutron.wsgi [req-27e37395-88fc-4f87-934e-3b62accb66ef req-d9eb83a4-f4a0-4925-9ba0-6c6e26969446 855be17139344c2bafa232e157bfed6b 7f691d76c1524012a51b466dcf28e673 - - 937bc54d18a543028d61db14cb5645ab 937bc54d18a543028d61db14cb5645ab] 199.19.213.169 "GET /v2.0/ports?network_id=d87031b7-8ede-45ed-ba57-ee68614fedb9&device_owner=network%3Adhcp HTTP/1.1" status: 200 len: 210 time: 0.0386348
2026-06-23 19:54:01.475 10 INFO neutron.db.ovn_revision_numbers_db [None req-a86457de-42d1-4ede-bd84-ed780d810358 ff9f0868e2054a6f9f5432265c3f0ed4 4999d6e441014abfa28d30ba930cdae0 - - - -] Successfully bumped revision number for resource 0283bb74-25ee-4faa-ace5-52765b0edbd4 (type: router_ports) to 1
2026-06-23 19:54:01.525 9 INFO neutron.db.segments_db [None req-ef08a353-4067-4a10-aa9b-f4832d627b8d 599012f15c50452ab27af327eacca65f ef79fdce1b974c49bae250c2e99e271b - - - -] Added segment d49b2a32-beee-4f85-b1fe-b1be6d0f88ae of type geneve for network 7e3176d2-a84d-4fb2-a313-f4c5779bc70f
2026-06-23 19:54:01.576 10 INFO neutron.wsgi [req-27e37395-88fc-4f87-934e-3b62accb66ef req-557f0179-8191-49be-9901-3c7d5c38099e 855be17139344c2bafa232e157bfed6b 7f691d76c1524012a51b466dcf28e673 - - 937bc54d18a543028d61db14cb5645ab 937bc54d18a543028d61db14cb5645ab] 199.19.213.169 "GET /v2.0/networks/d87031b7-8ede-45ed-ba57-ee68614fedb9?fields=segments HTTP/1.1" status: 200 len: 212 time: 0.1158323
2026-06-23 19:54:01.624 9 WARNING neutron.plugins.ml2.drivers.ovn.mech_driver.ovsdb.ovn_client [None req-d2287baf-eecb-4188-aeb7-f1a27a7ace34 - - - - - -] No port found with ID 4c5cd3e6-fc0d-4904-8243-dae06c07a60a: RuntimeError: No port found with ID 4c5cd3e6-fc0d-4904-8243-dae06c07a60a
2026-06-23 19:54:01.625 9 INFO neutron.plugins.ml2.drivers.ovn.mech_driver.mech_driver [None req-d2287baf-eecb-4188-aeb7-f1a27a7ace34 - - - - - -] OVN reports status up for port: 0283bb74-25ee-4faa-ace5-52765b0edbd4
2026-06-23 19:54:01.633 9 INFO neutron.plugins.ml2.plugin [None req-d2287baf-eecb-4188-aeb7-f1a27a7ace34 - - - - - -] Attempt 1 to provision port 0283bb74-25ee-4faa-ace5-52765b0edbd4
2026-06-23 19:54:01.652 10 INFO neutron.db.ovn_revision_numbers_db [None req-a86457de-42d1-4ede-bd84-ed780d810358 ff9f0868e2054a6f9f5432265c3f0ed4 4999d6e441014abfa28d30ba930cdae0 - - - -] Successfully bumped revision number for resource 98d3f120-7ccc-434b-9f9e-82a264d93d3c (type: routers) to 3
2026-06-23 19:54:01.693 10 INFO neutron.wsgi [None req-a86457de-42d1-4ede-bd84-ed780d810358 ff9f0868e2054a6f9f5432265c3f0ed4 4999d6e441014abfa28d30ba930cdae0 - - - -] 10.0.0.52 "POST /v2.0/routers HTTP/1.1" status: 201 len: 871 time: 2.7021556
2026-06-23 19:54:01.698 10 INFO neutron.wsgi [req-27e37395-88fc-4f87-934e-3b62accb66ef req-af24e5b2-312a-4675-96c4-75f2cd493b13 855be17139344c2bafa232e157bfed6b 7f691d76c1524012a51b466dcf28e673 - - 937bc54d18a543028d61db14cb5645ab 937bc54d18a543028d61db14cb5645ab] 199.19.213.169 "GET /v2.0/networks/d87031b7-8ede-45ed-ba57-ee68614fedb9?fields=provider%3Aphysical_network&fields=provider%3Anetwork_type HTTP/1.1" status: 200 len: 277 time: 0.1133990
2026-06-23 19:54:01.771 9 INFO neutron.db.ovn_revision_numbers_db [None req-ef08a353-4067-4a10-aa9b-f4832d627b8d 599012f15c50452ab27af327eacca65f ef79fdce1b974c49bae250c2e99e271b - - - -] Successfully bumped revision number for resource 7e3176d2-a84d-4fb2-a313-f4c5779bc70f (type: networks) to 1
2026-06-23 19:54:01.833 9 INFO neutron.wsgi [None req-34767c2b-ccea-45a8-9d7d-0acbe0913043 ff9f0868e2054a6f9f5432265c3f0ed4 4999d6e441014abfa28d30ba930cdae0 - - default default] 10.0.0.52 "GET /v2.0/routers/98d3f120-7ccc-434b-9f9e-82a264d93d3c HTTP/1.1" status: 200 len: 872 time: 0.1309471
2026-06-23 19:54:02.023 9 INFO neutron.wsgi [None req-91a01963-d33b-4501-90d7-9521c1cc2fd9 ff9f0868e2054a6f9f5432265c3f0ed4 4999d6e441014abfa28d30ba930cdae0 - - default default] 10.0.0.52 "GET /v2.0/routers HTTP/1.1" status: 200 len: 875 time: 0.1835668
2026-06-23 19:54:02.145 9 INFO neutron.wsgi [req-bba08d8f-7fd8-48d1-9026-2b0ad30983ca req-966082b6-beec-4871-a240-066fa9a1db6d 736993532fd040629ce2813b7ec96171 c09dfeae250a472a8201408ca72d1d5d - - default default] 10.0.0.84 "GET /v2.0/ports?device_id=9ddbcc5b-ba4f-43eb-a7f9-1ff096ade5cb HTTP/1.1" status: 200 len: 1168 time: 0.1596498
2026-06-23 19:54:02.179 9 WARNING neutron.scheduler.dhcp_agent_scheduler [None req-ef08a353-4067-4a10-aa9b-f4832d627b8d 599012f15c50452ab27af327eacca65f ef79fdce1b974c49bae250c2e99e271b - - - -] No more DHCP agents
2026-06-23 19:54:02.183 9 WARNING neutron.api.rpc.agentnotifiers.dhcp_rpc_agent_api [None req-ef08a353-4067-4a10-aa9b-f4832d627b8d 599012f15c50452ab27af327eacca65f ef79fdce1b974c49bae250c2e99e271b - - - -] Unable to schedule network 7e3176d2-a84d-4fb2-a313-f4c5779bc70f: no agents available; will retry on subsequent port and subnet creation events.
2026-06-23 19:54:02.256 9 INFO neutron.wsgi [req-bba08d8f-7fd8-48d1-9026-2b0ad30983ca req-49f83a05-a99d-4165-85b4-05099e46d112 736993532fd040629ce2813b7ec96171 c09dfeae250a472a8201408ca72d1d5d - - default default] 10.0.0.84 "GET /v2.0/security-groups?id=1600a057-e35e-4a83-9a22-c344de8eadc9&fields=id&fields=name HTTP/1.1" status: 200 len: 312 time: 0.1043167
2026-06-23 19:54:02.310 9 INFO neutron.db.ovn_revision_numbers_db [None req-ef08a353-4067-4a10-aa9b-f4832d627b8d 599012f15c50452ab27af327eacca65f ef79fdce1b974c49bae250c2e99e271b - - - -] Successfully bumped revision number for resource f3bedfc2-c897-4759-a352-de628d2ea9dc (type: ports) to 1
2026-06-23 19:54:02.330 10 INFO neutron.wsgi [None req-ac3214d5-06b7-47f6-a782-4d249a2225ee 100be27e382543af9d976d6eeebeb24c 485cb84c23dd43ecb94645b1d2c5eea5 - - - -] 10.0.0.52 "PUT /v2.0/routers/25c663e2-d201-4eab-97c9-f931aedd448b/remove_router_interface HTTP/1.1" status: 200 len: 503 time: 1.5272677
2026-06-23 19:54:02.337 9 INFO neutron.wsgi [None req-ef08a353-4067-4a10-aa9b-f4832d627b8d 599012f15c50452ab27af327eacca65f ef79fdce1b974c49bae250c2e99e271b - - - -] 10.0.0.52 "POST /v2.0/networks HTTP/1.1" status: 201 len: 830 time: 0.9037805 /var/lib/openstack/lib/python3.10/site-packages/pycadf/identifier.py:71: UserWarning: Invalid uuid: neutron. To ensure interoperability, identifiers should be a valid uuid. warnings.warn(('Invalid uuid: %s. To ensure interoperability, '
2026-06-23 19:54:02.416 10 INFO neutron.api.v2.resource [None req-0317d427-deb7-47c1-abaa-8dc872c13e50 100be27e382543af9d976d6eeebeb24c 485cb84c23dd43ecb94645b1d2c5eea5 - - default default] remove_router_interface failed (client error): The resource could not be found.
2026-06-23 19:54:02.417 10 INFO neutron.wsgi [None req-0317d427-deb7-47c1-abaa-8dc872c13e50 100be27e382543af9d976d6eeebeb24c 485cb84c23dd43ecb94645b1d2c5eea5 - - default default] 10.0.0.52 "PUT /v2.0/routers/25c663e2-d201-4eab-97c9-f931aedd448b/remove_router_interface HTTP/1.1" status: 404 len: 398 time: 0.0814493
2026-06-23 19:54:02.450 10 INFO neutron.wsgi [None req-03ee9e14-4df1-4f8f-ab9c-4453d87e1829 100be27e382543af9d976d6eeebeb24c 485cb84c23dd43ecb94645b1d2c5eea5 - - default default] 10.0.0.52 "GET /v2.0/ports?device_id=25c663e2-d201-4eab-97c9-f931aedd448b HTTP/1.1" status: 200 len: 205 time: 0.0292344
2026-06-23 19:54:02.673 10 INFO neutron.wsgi [None req-63235172-ce7a-486b-9d20-e5a5178bec3b 100be27e382543af9d976d6eeebeb24c 485cb84c23dd43ecb94645b1d2c5eea5 - - - -] 10.0.0.52 "DELETE /v2.0/routers/25c663e2-d201-4eab-97c9-f931aedd448b HTTP/1.1" status: 204 len: 168 time: 0.2191052
2026-06-23 19:54:02.877 9 INFO neutron.db.ovn_revision_numbers_db [None req-6707efbe-79d9-4dbc-bd21-f3384a87bda6 ff9f0868e2054a6f9f5432265c3f0ed4 4999d6e441014abfa28d30ba930cdae0 - - - -] Successfully bumped revision number for resource 98d3f120-7ccc-434b-9f9e-82a264d93d3c (type: routers) to 4
2026-06-23 19:54:02.880 9 INFO neutron.wsgi [None req-6707efbe-79d9-4dbc-bd21-f3384a87bda6 ff9f0868e2054a6f9f5432265c3f0ed4 4999d6e441014abfa28d30ba930cdae0 - - - -] 10.0.0.52 "PUT /v2.0/routers/98d3f120-7ccc-434b-9f9e-82a264d93d3c HTTP/1.1" status: 200 len: 879 time: 0.8426230
2026-06-23 19:54:02.908 9 WARNING neutron.scheduler.dhcp_agent_scheduler [None req-bdece405-b592-4037-ab69-5993eff58f91 599012f15c50452ab27af327eacca65f ef79fdce1b974c49bae250c2e99e271b - - - -] No more DHCP agents
2026-06-23 19:54:02.910 9 WARNING neutron.api.rpc.agentnotifiers.dhcp_rpc_agent_api [None req-bdece405-b592-4037-ab69-5993eff58f91 599012f15c50452ab27af327eacca65f ef79fdce1b974c49bae250c2e99e271b - - - -] Unable to schedule network 7e3176d2-a84d-4fb2-a313-f4c5779bc70f: no agents available; will retry on subsequent port and subnet creation events.
2026-06-23 19:54:02.946 10 INFO neutron.wsgi [None req-9c7e57a9-7b1b-4d7e-bffd-ab685325c748 100be27e382543af9d976d6eeebeb24c 485cb84c23dd43ecb94645b1d2c5eea5 - - - -] 10.0.0.52 "DELETE /v2.0/subnets/61cde49a-78bf-4b0f-a619-3877b377247c HTTP/1.1" status: 204 len: 168 time: 0.2659431
2026-06-23 19:54:02.960 10 INFO neutron.wsgi [None req-27df6b9f-231f-4587-b31c-e2c6974c0064 ff9f0868e2054a6f9f5432265c3f0ed4 4999d6e441014abfa28d30ba930cdae0 - - default default] 10.0.0.52 "GET /v2.0/routers/98d3f120-7ccc-434b-9f9e-82a264d93d3c HTTP/1.1" status: 200 len: 879 time: 0.0736189
2026-06-23 19:54:02.986 10 INFO neutron.wsgi [None req-63ce78e1-2b8d-46ee-b46e-debf9a538afa ff9f0868e2054a6f9f5432265c3f0ed4 4999d6e441014abfa28d30ba930cdae0 - - default default] 10.0.0.52 "GET /v2.0/ports?device_id=98d3f120-7ccc-434b-9f9e-82a264d93d3c HTTP/1.1" status: 200 len: 205 time: 0.0216310
2026-06-23 19:54:03.419 9 INFO neutron.services.segments.plugin [-] Segment 46111fc4-a396-4c3a-9458-9ba9852c03a9 resource provider aggregate not found
2026-06-23 19:54:03.424 9 INFO neutron.services.segments.plugin [-] Segment 46111fc4-a396-4c3a-9458-9ba9852c03a9 resource provider aggregate not found
2026-06-23 19:54:03.443 9 INFO neutron.wsgi [req-e0229b53-aa29-4806-b62a-9dfc362389ba req-950da9e4-d026-49aa-a4c7-6f4a861ae855 736993532fd040629ce2813b7ec96171 c09dfeae250a472a8201408ca72d1d5d - - default default] 10.0.0.84 "GET /v2.0/ports?device_id=9ddbcc5b-ba4f-43eb-a7f9-1ff096ade5cb HTTP/1.1" status: 200 len: 1168 time: 0.0990210
2026-06-23 19:54:03.455 9 INFO neutron.services.segments.plugin [-] Segment 46111fc4-a396-4c3a-9458-9ba9852c03a9 resource provider not found; error: Placement Client Error (4xx): {"errors": [{"status": 404, "title": "Not Found", "detail": "The resource could not be found.\n\n No resource provider with uuid 46111fc4-a396-4c3a-9458-9ba9852c03a9 found for delete ", "request_id": "req-4cdebebc-c265-4fd1-bfcf-ddd1a62fd768"}]}
2026-06-23 19:54:03.459 9 INFO neutron.services.segments.plugin [-] Segment 46111fc4-a396-4c3a-9458-9ba9852c03a9 resource provider not found; error: Placement Client Error (4xx): {"errors": [{"status": 404, "title": "Not Found", "detail": "The resource could not be found.\n\n No resource provider with uuid 46111fc4-a396-4c3a-9458-9ba9852c03a9 found for delete ", "request_id": "req-1feab306-5e67-438c-9446-8ca6730442ce"}]}
2026-06-23 19:54:03.517 9 INFO neutron.wsgi [None req-e851a867-f5ec-49d8-ba90-e02e508e0777 100be27e382543af9d976d6eeebeb24c 485cb84c23dd43ecb94645b1d2c5eea5 - - - -] 10.0.0.52 "DELETE /v2.0/networks/b098e440-b214-4fdc-8a28-143b96d6a6de HTTP/1.1" status: 204 len: 168 time: 0.5658116
2026-06-23 19:54:03.522 9 INFO neutron.wsgi [req-e0229b53-aa29-4806-b62a-9dfc362389ba req-91b8bb10-49dd-473a-a49a-65a11ad74744 736993532fd040629ce2813b7ec96171 c09dfeae250a472a8201408ca72d1d5d - - default default] 10.0.0.84 "GET /v2.0/security-groups?id=1600a057-e35e-4a83-9a22-c344de8eadc9&fields=id&fields=name HTTP/1.1" status: 200 len: 312 time: 0.0711555
2026-06-23 19:54:03.571 9 INFO neutron.db.ovn_revision_numbers_db [None req-bdece405-b592-4037-ab69-5993eff58f91 599012f15c50452ab27af327eacca65f ef79fdce1b974c49bae250c2e99e271b - - - -] Successfully bumped revision number for resource f3bedfc2-c897-4759-a352-de628d2ea9dc (type: ports) to 2
2026-06-23 19:54:03.595 9 INFO neutron.db.ovn_revision_numbers_db [None req-bdece405-b592-4037-ab69-5993eff58f91 599012f15c50452ab27af327eacca65f ef79fdce1b974c49bae250c2e99e271b - - - -] Successfully bumped revision number for resource e0a59979-59bb-4995-b6ef-5f8fd36001b2 (type: subnets) to 0
2026-06-23 19:54:03.614 9 INFO neutron.wsgi [None req-bdece405-b592-4037-ab69-5993eff58f91 599012f15c50452ab27af327eacca65f ef79fdce1b974c49bae250c2e99e271b - - - -] 10.0.0.52 "POST /v2.0/subnets HTTP/1.1" status: 201 len: 801 time: 1.2729900
2026-06-23 19:54:03.645 9 INFO neutron.db.segments_db [None req-9bd1f65e-88f8-4db0-b841-c4dbe8423767 100be27e382543af9d976d6eeebeb24c 485cb84c23dd43ecb94645b1d2c5eea5 - - - -] Added segment dc37a097-1ed5-4c0f-b08b-c2bb274ce214 of type geneve for network f37f97b4-22ad-435f-8554-b1a5603ccd34
2026-06-23 19:54:03.728 10 INFO neutron.wsgi [None req-ab4742b5-87ba-4a45-a0eb-ca65fec8620c ff9f0868e2054a6f9f5432265c3f0ed4 4999d6e441014abfa28d30ba930cdae0 - - - -] 10.0.0.52 "DELETE /v2.0/routers/98d3f120-7ccc-434b-9f9e-82a264d93d3c HTTP/1.1" status: 204 len: 168 time: 0.7371237
2026-06-23 19:54:03.762 10 INFO neutron.wsgi [None req-b6fb22cc-494c-4106-b737-29bd41545a32 ff9f0868e2054a6f9f5432265c3f0ed4 4999d6e441014abfa28d30ba930cdae0 - - default default] 10.0.0.52 "GET /v2.0/ports?device_id=98d3f120-7ccc-434b-9f9e-82a264d93d3c HTTP/1.1" status: 200 len: 205 time: 0.0270236
2026-06-23 19:54:03.799 10 INFO neutron.api.v2.resource [None req-50b106ec-fae4-4e9b-9f1e-10d195ad7d1d ff9f0868e2054a6f9f5432265c3f0ed4 4999d6e441014abfa28d30ba930cdae0 - - - -] delete failed (client error): The resource could not be found.
2026-06-23 19:54:03.800 10 INFO neutron.wsgi [None req-50b106ec-fae4-4e9b-9f1e-10d195ad7d1d ff9f0868e2054a6f9f5432265c3f0ed4 4999d6e441014abfa28d30ba930cdae0 - - - -] 10.0.0.52 "DELETE /v2.0/routers/98d3f120-7ccc-434b-9f9e-82a264d93d3c HTTP/1.1" status: 404 len: 336 time: 0.0337899
2026-06-23 19:54:03.828 9 INFO neutron.db.ovn_revision_numbers_db [None req-9bd1f65e-88f8-4db0-b841-c4dbe8423767 100be27e382543af9d976d6eeebeb24c 485cb84c23dd43ecb94645b1d2c5eea5 - - - -] Successfully bumped revision number for resource f37f97b4-22ad-435f-8554-b1a5603ccd34 (type: networks) to 1
2026-06-23 19:54:03.834 10 INFO neutron.wsgi [None req-9117d41f-e5fe-4262-ba10-48c498ba3d02 ff9f0868e2054a6f9f5432265c3f0ed4 4999d6e441014abfa28d30ba930cdae0 - - default default] 10.0.0.52 "GET /v2.0/ports?device_id=41ba0cb7-4c9d-4396-90b6-0b9078a55c3c HTTP/1.1" status: 200 len: 205 time: 0.0227189
2026-06-23 19:54:03.866 10 INFO neutron.api.v2.resource [None req-a374eb25-85ec-4732-bdd1-d2c9557feca7 ff9f0868e2054a6f9f5432265c3f0ed4 4999d6e441014abfa28d30ba930cdae0 - - - -] delete failed (client error): The resource could not be found.
2026-06-23 19:54:03.867 10 INFO neutron.wsgi [None req-a374eb25-85ec-4732-bdd1-d2c9557feca7 ff9f0868e2054a6f9f5432265c3f0ed4 4999d6e441014abfa28d30ba930cdae0 - - - -] 10.0.0.52 "DELETE /v2.0/routers/41ba0cb7-4c9d-4396-90b6-0b9078a55c3c HTTP/1.1" status: 404 len: 336 time: 0.0280828
2026-06-23 19:54:03.894 10 INFO neutron.pecan_wsgi.hooks.translation [None req-4aece6d0-3ed2-4a3e-b745-ebe3a186cddb ff9f0868e2054a6f9f5432265c3f0ed4 4999d6e441014abfa28d30ba930cdae0 - - - -] DELETE failed (client error): The resource could not be found.
2026-06-23 19:54:03.897 10 INFO neutron.wsgi [None req-4aece6d0-3ed2-4a3e-b745-ebe3a186cddb ff9f0868e2054a6f9f5432265c3f0ed4 4999d6e441014abfa28d30ba930cdae0 - - - -] 10.0.0.52 "DELETE /v2.0/subnets/05872910-f98d-4c2a-8fc6-e047531f069f HTTP/1.1" status: 404 len: 337 time: 0.0246336
2026-06-23 19:54:03.923 10 INFO neutron.wsgi [None req-a6c57d10-7e2c-4794-9ce1-2d5c0b81fcf3 ff9f0868e2054a6f9f5432265c3f0ed4 4999d6e441014abfa28d30ba930cdae0 - - default default] 10.0.0.52 "GET /v2.0/ports?device_id=302402a6-ae0e-4bc7-9206-d1e2d22fe574 HTTP/1.1" status: 200 len: 205 time: 0.0204422
2026-06-23 19:54:03.955 10 INFO neutron.api.v2.resource [None req-4d7a77b6-33c2-42b5-aed3-0f6ae3be2064 ff9f0868e2054a6f9f5432265c3f0ed4 4999d6e441014abfa28d30ba930cdae0 - - - -] delete failed (client error): The resource could not be found.
2026-06-23 19:54:03.957 10 INFO neutron.wsgi [None req-4d7a77b6-33c2-42b5-aed3-0f6ae3be2064 ff9f0868e2054a6f9f5432265c3f0ed4 4999d6e441014abfa28d30ba930cdae0 - - - -] 10.0.0.52 "DELETE /v2.0/routers/302402a6-ae0e-4bc7-9206-d1e2d22fe574 HTTP/1.1" status: 404 len: 336 time: 0.0301485
2026-06-23 19:54:03.982 10 INFO neutron.pecan_wsgi.hooks.translation [None req-3c7e1084-4987-470d-a427-1228066911eb ff9f0868e2054a6f9f5432265c3f0ed4 4999d6e441014abfa28d30ba930cdae0 - - - -] DELETE failed (client error): The resource could not be found.
2026-06-23 19:54:03.985 10 INFO neutron.wsgi [None req-3c7e1084-4987-470d-a427-1228066911eb ff9f0868e2054a6f9f5432265c3f0ed4 4999d6e441014abfa28d30ba930cdae0 - - - -] 10.0.0.52 "DELETE /v2.0/subnets/4f14605e-b332-45e6-adf8-93f033bed375 HTTP/1.1" status: 404 len: 337 time: 0.0234461
2026-06-23 19:54:04.012 10 INFO neutron.wsgi [None req-c6c01a2c-0e95-4e40-a286-bf0c6b4a9fac ff9f0868e2054a6f9f5432265c3f0ed4 4999d6e441014abfa28d30ba930cdae0 - - default default] 10.0.0.52 "GET /v2.0/ports?device_id=35516f83-3652-405b-ba26-5dd302a18be9 HTTP/1.1" status: 200 len: 205 time: 0.0217824
2026-06-23 19:54:04.043 10 INFO neutron.api.v2.resource [None req-c1f2955d-80b3-45af-9218-4961c779b1e7 ff9f0868e2054a6f9f5432265c3f0ed4 4999d6e441014abfa28d30ba930cdae0 - - - -] delete failed (client error): The resource could not be found.
2026-06-23 19:54:04.044 10 INFO neutron.wsgi [None req-c1f2955d-80b3-45af-9218-4961c779b1e7 ff9f0868e2054a6f9f5432265c3f0ed4 4999d6e441014abfa28d30ba930cdae0 - - - -] 10.0.0.52 "DELETE /v2.0/routers/35516f83-3652-405b-ba26-5dd302a18be9 HTTP/1.1" status: 404 len: 336 time: 0.0263708
2026-06-23 19:54:04.069 10 INFO neutron.pecan_wsgi.hooks.translation [None req-7f94ee69-9bea-40e0-bd31-101c7c0829db ff9f0868e2054a6f9f5432265c3f0ed4 4999d6e441014abfa28d30ba930cdae0 - - - -] DELETE failed (client error): The resource could not be found.
2026-06-23 19:54:04.071 10 INFO neutron.wsgi [None req-7f94ee69-9bea-40e0-bd31-101c7c0829db ff9f0868e2054a6f9f5432265c3f0ed4 4999d6e441014abfa28d30ba930cdae0 - - - -] 10.0.0.52 "DELETE /v2.0/subnets/f199fb85-a8f0-4773-9232-941ed3b8411e HTTP/1.1" status: 404 len: 337 time: 0.0223715
2026-06-23 19:54:04.093 10 INFO neutron.pecan_wsgi.hooks.translation [None req-006e4ec1-cf0e-47c5-888d-2f191a59481d ff9f0868e2054a6f9f5432265c3f0ed4 4999d6e441014abfa28d30ba930cdae0 - - - -] DELETE failed (client error): The resource could not be found.
2026-06-23 19:54:04.096 10 INFO neutron.wsgi [None req-006e4ec1-cf0e-47c5-888d-2f191a59481d ff9f0868e2054a6f9f5432265c3f0ed4 4999d6e441014abfa28d30ba930cdae0 - - - -] 10.0.0.52 "DELETE /v2.0/subnets/39899e31-3630-46db-a408-db72cc8579b1 HTTP/1.1" status: 404 len: 337 time: 0.0190618
2026-06-23 19:54:04.112 9 WARNING neutron.scheduler.dhcp_agent_scheduler [None req-9bd1f65e-88f8-4db0-b841-c4dbe8423767 100be27e382543af9d976d6eeebeb24c 485cb84c23dd43ecb94645b1d2c5eea5 - - - -] No more DHCP agents
2026-06-23 19:54:04.115 9 WARNING neutron.api.rpc.agentnotifiers.dhcp_rpc_agent_api [None req-9bd1f65e-88f8-4db0-b841-c4dbe8423767 100be27e382543af9d976d6eeebeb24c 485cb84c23dd43ecb94645b1d2c5eea5 - - - -] Unable to schedule network f37f97b4-22ad-435f-8554-b1a5603ccd34: no agents available; will retry on subsequent port and subnet creation events.
2026-06-23 19:54:04.163 9 WARNING neutron.scheduler.dhcp_agent_scheduler [None req-2b4fc624-e707-4ee8-8e68-ab9e2c65df8e 599012f15c50452ab27af327eacca65f ef79fdce1b974c49bae250c2e99e271b - - - -] No more DHCP agents
2026-06-23 19:54:04.182 9 WARNING neutron.api.rpc.agentnotifiers.dhcp_rpc_agent_api [None req-2b4fc624-e707-4ee8-8e68-ab9e2c65df8e 599012f15c50452ab27af327eacca65f ef79fdce1b974c49bae250c2e99e271b - - - -] Unable to schedule network 7e3176d2-a84d-4fb2-a313-f4c5779bc70f: no agents available; will retry on subsequent port and subnet creation events.
2026-06-23 19:54:04.213 9 INFO neutron.db.ovn_revision_numbers_db [None req-9bd1f65e-88f8-4db0-b841-c4dbe8423767 100be27e382543af9d976d6eeebeb24c 485cb84c23dd43ecb94645b1d2c5eea5 - - - -] Successfully bumped revision number for resource 25e3a9a2-c311-4fed-91d2-21fe890231c2 (type: ports) to 1
2026-06-23 19:54:04.246 9 INFO neutron.wsgi [None req-9bd1f65e-88f8-4db0-b841-c4dbe8423767 100be27e382543af9d976d6eeebeb24c 485cb84c23dd43ecb94645b1d2c5eea5 - - - -] 10.0.0.52 "POST /v2.0/networks HTTP/1.1" status: 201 len: 829 time: 0.7167230 /var/lib/openstack/lib/python3.10/site-packages/pycadf/identifier.py:71: UserWarning: Invalid uuid: neutron. To ensure interoperability, identifiers should be a valid uuid. warnings.warn(('Invalid uuid: %s. To ensure interoperability, '
2026-06-23 19:54:04.395 9 INFO neutron.db.ovn_revision_numbers_db [None req-2b4fc624-e707-4ee8-8e68-ab9e2c65df8e 599012f15c50452ab27af327eacca65f ef79fdce1b974c49bae250c2e99e271b - - - -] Successfully bumped revision number for resource e53e7205-815a-4e38-93ca-7f161e57f24b (type: ports) to 1
2026-06-23 19:54:04.435 9 INFO neutron.wsgi [None req-2b4fc624-e707-4ee8-8e68-ab9e2c65df8e 599012f15c50452ab27af327eacca65f ef79fdce1b974c49bae250c2e99e271b - - - -] 10.0.0.52 "POST /v2.0/ports HTTP/1.1" status: 201 len: 1149 time: 0.8145566
2026-06-23 19:54:04.557 9 WARNING neutron.scheduler.dhcp_agent_scheduler [None req-20360ac5-cf69-4de4-9f22-2a25dcf1df7e 100be27e382543af9d976d6eeebeb24c 485cb84c23dd43ecb94645b1d2c5eea5 - - - -] No more DHCP agents
2026-06-23 19:54:04.560 9 WARNING neutron.api.rpc.agentnotifiers.dhcp_rpc_agent_api [None req-20360ac5-cf69-4de4-9f22-2a25dcf1df7e 100be27e382543af9d976d6eeebeb24c 485cb84c23dd43ecb94645b1d2c5eea5 - - - -] Unable to schedule network f37f97b4-22ad-435f-8554-b1a5603ccd34: no agents available; will retry on subsequent port and subnet creation events.
2026-06-23 19:54:04.618 9 INFO neutron.wsgi [req-bde15f9d-8dda-4d20-8a7f-a9fe1d688072 req-16171f1a-5661-44b0-9c1d-d7fd2991923d 736993532fd040629ce2813b7ec96171 c09dfeae250a472a8201408ca72d1d5d - - default default] 10.0.0.84 "GET /v2.0/ports?device_id=9ddbcc5b-ba4f-43eb-a7f9-1ff096ade5cb HTTP/1.1" status: 200 len: 1168 time: 0.0393546
2026-06-23 19:54:04.676 9 INFO neutron.wsgi [req-bde15f9d-8dda-4d20-8a7f-a9fe1d688072 req-224e7b09-b92d-44cf-ab1f-193ed947a461 736993532fd040629ce2813b7ec96171 c09dfeae250a472a8201408ca72d1d5d - - default default] 10.0.0.84 "GET /v2.0/security-groups?id=1600a057-e35e-4a83-9a22-c344de8eadc9&fields=id&fields=name HTTP/1.1" status: 200 len: 312 time: 0.0528193
2026-06-23 19:54:04.816 9 INFO neutron.wsgi [None req-5f54b947-f5a9-48cb-a763-5067e43b0ef9 5d23929a18d74fe9a3352a75b245aecc 453c9fb63fbf436cb14a698f59aea67b - - default default] 10.0.0.52 "GET /v2.0/security-groups?tenant_id=4999d6e441014abfa28d30ba930cdae0&name=default HTTP/1.1" status: 200 len: 2996 time: 0.1838965
2026-06-23 19:54:04.869 10 INFO neutron.wsgi [None req-5c5ab0ed-aa59-4d40-aacd-e0bc6bd7f81d 599012f15c50452ab27af327eacca65f ef79fdce1b974c49bae250c2e99e271b - - - -] 10.0.0.52 "DELETE /v2.0/ports/e53e7205-815a-4e38-93ca-7f161e57f24b HTTP/1.1" status: 204 len: 168 time: 0.4284050
2026-06-23 19:54:04.894 10 INFO neutron.pecan_wsgi.hooks.translation [None req-e6026f46-46a9-49db-8767-696f4f6e39d5 599012f15c50452ab27af327eacca65f ef79fdce1b974c49bae250c2e99e271b - - - -] DELETE failed (client error): The resource could not be found.
2026-06-23 19:54:04.896 10 INFO neutron.wsgi [None req-e6026f46-46a9-49db-8767-696f4f6e39d5 599012f15c50452ab27af327eacca65f ef79fdce1b974c49bae250c2e99e271b - - - -] 10.0.0.52 "DELETE /v2.0/ports/e53e7205-815a-4e38-93ca-7f161e57f24b HTTP/1.1" status: 404 len: 333 time: 0.0221691
2026-06-23 19:54:04.927 10 INFO neutron.pecan_wsgi.hooks.translation [None req-d59fbaa4-4835-444f-8e45-04fdf3294e6d 599012f15c50452ab27af327eacca65f ef79fdce1b974c49bae250c2e99e271b - - default default] GET failed (client error): The resource could not be found.
2026-06-23 19:54:04.928 10 INFO neutron.wsgi [None req-d59fbaa4-4835-444f-8e45-04fdf3294e6d 599012f15c50452ab27af327eacca65f ef79fdce1b974c49bae250c2e99e271b - - default default] 10.0.0.52 "GET /v2.0/ports/e53e7205-815a-4e38-93ca-7f161e57f24b HTTP/1.1" status: 404 len: 333 time: 0.0243325
2026-06-23 19:54:05.054 9 INFO neutron.db.ovn_revision_numbers_db [None req-20360ac5-cf69-4de4-9f22-2a25dcf1df7e 100be27e382543af9d976d6eeebeb24c 485cb84c23dd43ecb94645b1d2c5eea5 - - - -] Successfully bumped revision number for resource 25e3a9a2-c311-4fed-91d2-21fe890231c2 (type: ports) to 2
2026-06-23 19:54:05.068 9 INFO neutron.db.ovn_revision_numbers_db [None req-20360ac5-cf69-4de4-9f22-2a25dcf1df7e 100be27e382543af9d976d6eeebeb24c 485cb84c23dd43ecb94645b1d2c5eea5 - - - -] Successfully bumped revision number for resource 7de5f2b9-c08e-46b2-9ee4-e57e9eb52716 (type: subnets) to 0
2026-06-23 19:54:05.089 9 INFO neutron.wsgi [None req-20360ac5-cf69-4de4-9f22-2a25dcf1df7e 100be27e382543af9d976d6eeebeb24c 485cb84c23dd43ecb94645b1d2c5eea5 - - - -] 10.0.0.52 "POST /v2.0/subnets HTTP/1.1" status: 201 len: 801 time: 0.8390670
2026-06-23 19:54:05.115 10 INFO neutron.wsgi [None req-984d16ce-640b-4193-864c-b2823b2acc97 5d23929a18d74fe9a3352a75b245aecc 453c9fb63fbf436cb14a698f59aea67b - - - -] 10.0.0.52 "DELETE /v2.0/security-groups/f902ea59-d67b-4b3f-b939-3c4c55f161a7 HTTP/1.1" status: 204 len: 168 time: 0.2892282
