2026-06-23 19:57:39.527 9 INFO neutron.wsgi [None req-f933217c-4114-4451-917e-6366d6a100a4 5d23929a18d74fe9a3352a75b245aecc 453c9fb63fbf436cb14a698f59aea67b - - default default] 10.0.0.228 "GET /v2.0/extensions/allowed-address-pairs HTTP/1.1" status: 200 len: 383 time: 0.0043468
2026-06-23 19:57:39.591 9 INFO neutron.wsgi [None req-4778e573-5072-47a8-aae9-0ac63336a847 5d23929a18d74fe9a3352a75b245aecc 453c9fb63fbf436cb14a698f59aea67b - - default default] 10.0.0.228 "GET /v2.0/networks/d94b0207-28e4-4d93-9411-44bf178d9510 HTTP/1.1" status: 200 len: 1002 time: 0.0585542
2026-06-23 19:57:39.602 9 INFO neutron.wsgi [None req-4339c04e-5853-4fb8-b66f-c1ad81f3dc26 5d23929a18d74fe9a3352a75b245aecc 453c9fb63fbf436cb14a698f59aea67b - - default default] 10.0.0.228 "GET /v2.0/extensions/project-id HTTP/1.1" status: 200 len: 403 time: 0.0045364
2026-06-23 19:57:39.685 10 INFO neutron.wsgi [None req-02aad732-5ed8-43ec-9135-48e7e94a23d7 5d23929a18d74fe9a3352a75b245aecc 453c9fb63fbf436cb14a698f59aea67b - - - -] 10.0.0.52 "DELETE /v2.0/security-groups/54bec2ad-5461-4875-9d3e-ca238a24f400 HTTP/1.1" status: 204 len: 168 time: 0.1857560
2026-06-23 19:57:39.726 10 INFO neutron.wsgi [-] 10.0.0.153 "GET / HTTP/1.1" status: 200 len: 247 time: 0.0041032
2026-06-23 19:57:39.733 10 INFO neutron.wsgi [-] 10.0.0.153 "GET / HTTP/1.1" status: 200 len: 247 time: 0.0023792
2026-06-23 19:57:39.980 9 WARNING neutron.scheduler.dhcp_agent_scheduler [None req-dfca017b-154a-4f7d-a74a-51fd496b0a4b 5d23929a18d74fe9a3352a75b245aecc 453c9fb63fbf436cb14a698f59aea67b - - - -] No more DHCP agents
2026-06-23 19:57:39.983 9 WARNING neutron.api.rpc.agentnotifiers.dhcp_rpc_agent_api [None req-dfca017b-154a-4f7d-a74a-51fd496b0a4b 5d23929a18d74fe9a3352a75b245aecc 453c9fb63fbf436cb14a698f59aea67b - - - -] Unable to schedule network d94b0207-28e4-4d93-9411-44bf178d9510: no agents available; will retry on subsequent port and subnet creation events.
2026-06-23 19:57:40.190 9 INFO neutron.db.ovn_revision_numbers_db [None req-dfca017b-154a-4f7d-a74a-51fd496b0a4b 5d23929a18d74fe9a3352a75b245aecc 453c9fb63fbf436cb14a698f59aea67b - - - -] Successfully bumped revision number for resource 68790ae8-f80c-4d7f-a453-935cfb2779ed (type: ports) to 1
2026-06-23 19:57:40.211 9 INFO neutron.wsgi [None req-dfca017b-154a-4f7d-a74a-51fd496b0a4b 5d23929a18d74fe9a3352a75b245aecc 453c9fb63fbf436cb14a698f59aea67b - - - -] 10.0.0.228 "POST /v2.0/ports HTTP/1.1" status: 201 len: 1337 time: 0.6052210
2026-06-23 19:57:41.910 10 INFO neutron.wsgi [None req-db32ece5-4285-4696-9514-e561ddaf8d08 5d23929a18d74fe9a3352a75b245aecc 453c9fb63fbf436cb14a698f59aea67b - - default default] 199.19.213.169 "GET /v2.0/extensions/security-group HTTP/1.1" status: 200 len: 369 time: 0.1915517
2026-06-23 19:57:41.921 10 INFO neutron.wsgi [None req-de189907-0dd4-4af6-b09e-fea6aab38618 5d23929a18d74fe9a3352a75b245aecc 453c9fb63fbf436cb14a698f59aea67b - - default default] 199.19.213.169 "GET /v2.0/extensions/dns-integration HTTP/1.1" status: 200 len: 371 time: 0.0039454
2026-06-23 19:57:41.932 10 INFO neutron.wsgi [None req-a4768b4d-6269-43f5-9155-3606bc13b1db 5d23929a18d74fe9a3352a75b245aecc 453c9fb63fbf436cb14a698f59aea67b - - default default] 199.19.213.169 "GET /v2.0/extensions/qos HTTP/1.1" status: 200 len: 365 time: 0.0064604
2026-06-23 19:57:41.943 10 INFO neutron.wsgi [None req-8ffce91a-8067-48c0-aef8-efeaa428ed9c 5d23929a18d74fe9a3352a75b245aecc 453c9fb63fbf436cb14a698f59aea67b - - default default] 199.19.213.169 "GET /v2.0/extensions/allowed-address-pairs HTTP/1.1" status: 200 len: 383 time: 0.0043080
2026-06-23 19:57:41.976 10 INFO neutron.wsgi [None req-99502022-6e2c-4dc0-b273-dd135acead27 5d23929a18d74fe9a3352a75b245aecc 453c9fb63fbf436cb14a698f59aea67b - - default default] 199.19.213.169 "GET /v2.0/ports/68790ae8-f80c-4d7f-a453-935cfb2779ed HTTP/1.1" status: 200 len: 1332 time: 0.0267963
2026-06-23 19:57:42.106 10 INFO neutron.wsgi [None req-7a040f8f-e924-45c1-84b1-69488ce2ba25 5d23929a18d74fe9a3352a75b245aecc 453c9fb63fbf436cb14a698f59aea67b - - default default] 199.19.213.169 "GET /v2.0/extensions/security-group HTTP/1.1" status: 200 len: 369 time: 0.0134728
2026-06-23 19:57:42.117 10 INFO neutron.wsgi [None req-3a339208-36c5-403b-b72a-595e88b38f2f 5d23929a18d74fe9a3352a75b245aecc 453c9fb63fbf436cb14a698f59aea67b - - default default] 199.19.213.169 "GET /v2.0/extensions/dns-integration HTTP/1.1" status: 200 len: 371 time: 0.0078390
2026-06-23 19:57:42.126 10 INFO neutron.wsgi [None req-ee2a1c76-2a36-484e-9ec4-5fb29273c672 5d23929a18d74fe9a3352a75b245aecc 453c9fb63fbf436cb14a698f59aea67b - - default default] 199.19.213.169 "GET /v2.0/extensions/qos HTTP/1.1" status: 200 len: 365 time: 0.0051503
2026-06-23 19:57:42.141 10 INFO neutron.wsgi [None req-16e27646-8319-4039-9199-972b8f88614a 5d23929a18d74fe9a3352a75b245aecc 453c9fb63fbf436cb14a698f59aea67b - - default default] 199.19.213.169 "GET /v2.0/extensions/allowed-address-pairs HTTP/1.1" status: 200 len: 383 time: 0.0073373
2026-06-23 19:57:42.169 10 INFO neutron.wsgi [None req-863104db-4816-4e47-8ece-e7f6a7b46833 5d23929a18d74fe9a3352a75b245aecc 453c9fb63fbf436cb14a698f59aea67b - - default default] 199.19.213.169 "GET /v2.0/security-groups?name=lb-c8247965-ea80-4aa1-a4ac-dedf1c8398f5 HTTP/1.1" status: 200 len: 221 time: 0.0233207
2026-06-23 19:57:42.272 10 INFO neutron.db.ovn_revision_numbers_db [None req-ee9cda9b-1352-4570-bda7-3034ec861578 5d23929a18d74fe9a3352a75b245aecc 453c9fb63fbf436cb14a698f59aea67b - - - -] Successfully bumped revision number for resource 111a9a0d-f0d5-43af-9035-f406746d40af (type: security_groups) to 1
2026-06-23 19:57:42.298 10 INFO neutron.wsgi [None req-ee9cda9b-1352-4570-bda7-3034ec861578 5d23929a18d74fe9a3352a75b245aecc 453c9fb63fbf436cb14a698f59aea67b - - - -] 199.19.213.169 "POST /v2.0/security-groups HTTP/1.1" status: 201 len: 1779 time: 0.1236293
2026-06-23 19:57:42.326 10 INFO neutron.wsgi [None req-d4696ad6-57cc-4bf8-b1ee-b9866f2c736f 5d23929a18d74fe9a3352a75b245aecc 453c9fb63fbf436cb14a698f59aea67b - - default default] 199.19.213.169 "GET /v2.0/security-group-rules?security_group_id=111a9a0d-f0d5-43af-9035-f406746d40af HTTP/1.1" status: 200 len: 1318 time: 0.0219061
2026-06-23 19:57:42.730 10 INFO neutron.db.ovn_revision_numbers_db [None req-fcc402df-27bb-4f31-aa51-702d34bccaaf 5d23929a18d74fe9a3352a75b245aecc 453c9fb63fbf436cb14a698f59aea67b - - - -] Successfully bumped revision number for resource 68790ae8-f80c-4d7f-a453-935cfb2779ed (type: ports) to 2
2026-06-23 19:57:42.742 10 INFO neutron.wsgi [None req-fcc402df-27bb-4f31-aa51-702d34bccaaf 5d23929a18d74fe9a3352a75b245aecc 453c9fb63fbf436cb14a698f59aea67b - - - -] 199.19.213.169 "PUT /v2.0/ports/68790ae8-f80c-4d7f-a453-935cfb2779ed HTTP/1.1" status: 200 len: 1332 time: 0.4102178 /var/lib/openstack/lib/python3.10/site-packages/pycadf/identifier.py:71: UserWarning: Invalid uuid: neutron. To ensure interoperability, identifiers should be a valid uuid. warnings.warn(('Invalid uuid: %s. To ensure interoperability, '
2026-06-23 19:57:42.763 10 INFO neutron.wsgi [None req-7eee3589-4fd1-447d-a67a-1aade5a62509 5d23929a18d74fe9a3352a75b245aecc 453c9fb63fbf436cb14a698f59aea67b - - default default] 199.19.213.169 "GET /v2.0/extensions/security-group HTTP/1.1" status: 200 len: 369 time: 0.0093226
2026-06-23 19:57:42.779 10 INFO neutron.wsgi [None req-5607da4d-9cd3-4da0-b69d-9d436806b8f2 5d23929a18d74fe9a3352a75b245aecc 453c9fb63fbf436cb14a698f59aea67b - - default default] 199.19.213.169 "GET /v2.0/extensions/dns-integration HTTP/1.1" status: 200 len: 371 time: 0.0114882
2026-06-23 19:57:42.793 10 INFO neutron.wsgi [None req-56c39364-1854-4349-b330-2faf2b82f72d 5d23929a18d74fe9a3352a75b245aecc 453c9fb63fbf436cb14a698f59aea67b - - default default] 199.19.213.169 "GET /v2.0/extensions/qos HTTP/1.1" status: 200 len: 365 time: 0.0048749
2026-06-23 19:57:42.803 10 INFO neutron.wsgi [None req-67363e6a-788f-42ec-b3c9-a9a56a10d031 5d23929a18d74fe9a3352a75b245aecc 453c9fb63fbf436cb14a698f59aea67b - - default default] 199.19.213.169 "GET /v2.0/extensions/allowed-address-pairs HTTP/1.1" status: 200 len: 383 time: 0.0048876
2026-06-23 19:57:42.842 10 INFO neutron.wsgi [None req-bc197ecc-cf28-4878-abd1-ab4a98ef8860 5d23929a18d74fe9a3352a75b245aecc 453c9fb63fbf436cb14a698f59aea67b - - default default] 199.19.213.169 "GET /v2.0/subnets/3d7f360c-5c18-4f59-bb7a-8ec78bd41ec5 HTTP/1.1" status: 200 len: 851 time: 0.0330834 /var/lib/openstack/lib/python3.10/site-packages/pycadf/identifier.py:71: UserWarning: Invalid uuid: neutron. To ensure interoperability, identifiers should be a valid uuid. warnings.warn(('Invalid uuid: %s. To ensure interoperability, '
2026-06-23 19:57:50.529 9 INFO neutron.wsgi [req-8b32eae3-af80-4763-963a-8ea57845b589 req-7f392a4c-5f1b-401b-832f-8ec7b4f20090 5d23929a18d74fe9a3352a75b245aecc 453c9fb63fbf436cb14a698f59aea67b - - default default] 10.0.0.84 "GET /v2.0/security-groups?id=ae635500-99c2-4de5-8c05-8136800f92e1&fields=id HTTP/1.1" status: 200 len: 267 time: 0.0241222
2026-06-23 19:57:50.599 9 INFO neutron.wsgi [req-8b32eae3-af80-4763-963a-8ea57845b589 req-8bf78fb1-dd25-469d-8ec8-b8c9e9feb40a 5d23929a18d74fe9a3352a75b245aecc 453c9fb63fbf436cb14a698f59aea67b - - default default] 10.0.0.84 "GET /v2.0/networks?id=e1fd4be8-e816-4ead-9502-88c314e4439c HTTP/1.1" status: 200 len: 937 time: 0.0657456
2026-06-23 19:57:50.621 9 INFO neutron.wsgi [req-8b32eae3-af80-4763-963a-8ea57845b589 req-42f1f07c-7805-41bc-a3db-6a3ec2bf3f52 5d23929a18d74fe9a3352a75b245aecc 453c9fb63fbf436cb14a698f59aea67b - - default default] 10.0.0.84 "GET /v2.0/quotas/453c9fb63fbf436cb14a698f59aea67b HTTP/1.1" status: 200 len: 385 time: 0.0128155
2026-06-23 19:57:50.687 9 INFO neutron.wsgi [req-8b32eae3-af80-4763-963a-8ea57845b589 req-435770c3-4c2d-4e7c-8dc2-27fb756067d0 5d23929a18d74fe9a3352a75b245aecc 453c9fb63fbf436cb14a698f59aea67b - - default default] 10.0.0.84 "GET /v2.0/ports?tenant_id=453c9fb63fbf436cb14a698f59aea67b&fields=id HTTP/1.1" status: 200 len: 348 time: 0.0584357
2026-06-23 19:57:50.823 9 INFO neutron.wsgi [req-8b32eae3-af80-4763-963a-8ea57845b589 req-cdd71cc8-cfec-4bfd-b23d-b0260611c0dc 855be17139344c2bafa232e157bfed6b 7f691d76c1524012a51b466dcf28e673 - - 937bc54d18a543028d61db14cb5645ab 937bc54d18a543028d61db14cb5645ab] 10.0.0.84 "GET /v2.0/networks/e1fd4be8-e816-4ead-9502-88c314e4439c?fields=segments HTTP/1.1" status: 200 len: 212 time: 0.1212835
2026-06-23 19:57:50.865 10 INFO neutron.wsgi [None req-11a86bb7-1ce8-4966-be67-673a7963cc0f 5d23929a18d74fe9a3352a75b245aecc 453c9fb63fbf436cb14a698f59aea67b - - default default] 10.0.0.171 "GET /v2.0/floatingips HTTP/1.1" status: 200 len: 1879 time: 0.1181071
2026-06-23 19:57:50.892 9 INFO neutron.wsgi [req-8b32eae3-af80-4763-963a-8ea57845b589 req-69a34dc9-e030-4107-a05d-d966401b2ff7 855be17139344c2bafa232e157bfed6b 7f691d76c1524012a51b466dcf28e673 - - 937bc54d18a543028d61db14cb5645ab 937bc54d18a543028d61db14cb5645ab] 10.0.0.84 "GET /v2.0/networks/e1fd4be8-e816-4ead-9502-88c314e4439c?fields=provider%3Aphysical_network&fields=provider%3Anetwork_type HTTP/1.1" status: 200 len: 277 time: 0.0627286
2026-06-23 19:57:50.971 10 INFO neutron.wsgi [None req-5152e327-ec77-4406-add1-265b81616b41 5d23929a18d74fe9a3352a75b245aecc 453c9fb63fbf436cb14a698f59aea67b - - default default] 10.0.0.171 "GET /v2.0/security-groups HTTP/1.1" status: 200 len: 29080 time: 0.1047540
2026-06-23 19:57:50.995 10 INFO neutron.wsgi [None req-5e354794-620c-49a1-9b6a-185222c4d9f0 5d23929a18d74fe9a3352a75b245aecc 453c9fb63fbf436cb14a698f59aea67b - - default default] 10.0.0.171 "GET /v2.0/agents HTTP/1.1" status: 200 len: 997 time: 0.0132060
2026-06-23 19:57:51.003 10 INFO neutron.wsgi [req-18e52522-68b2-4d47-a46a-1f1b3717222e req-729aaae0-7cda-4878-8012-aa74e4730341 855be17139344c2bafa232e157bfed6b 7f691d76c1524012a51b466dcf28e673 - - 937bc54d18a543028d61db14cb5645ab 937bc54d18a543028d61db14cb5645ab] 199.19.213.169 "GET /v2.0/ports?device_id=69e54a99-8e9d-496b-8599-f618f07e0ad2&fields=binding%3Ahost_id&fields=binding%3Avif_type HTTP/1.1" status: 200 len: 265 time: 0.1603172
2026-06-23 19:57:51.079 10 INFO neutron.wsgi [None req-0d7d1d22-dcd6-44c3-86bc-8ea2506bee2b 5d23929a18d74fe9a3352a75b245aecc 453c9fb63fbf436cb14a698f59aea67b - - default default] 10.0.0.171 "GET /v2.0/networks HTTP/1.1" status: 200 len: 4721 time: 0.0821252
2026-06-23 19:57:51.138 10 INFO neutron.wsgi [req-18e52522-68b2-4d47-a46a-1f1b3717222e req-cd8881f9-bd6a-4f31-88a5-3414f988e482 855be17139344c2bafa232e157bfed6b 7f691d76c1524012a51b466dcf28e673 - - 937bc54d18a543028d61db14cb5645ab 937bc54d18a543028d61db14cb5645ab] 199.19.213.169 "GET /v2.0/ports?tenant_id=ff67304d3dc24467b7b52eaeb662325f&device_id=69e54a99-8e9d-496b-8599-f618f07e0ad2 HTTP/1.1" status: 200 len: 1590 time: 0.0900030
2026-06-23 19:57:51.251 10 INFO neutron.wsgi [None req-66c5c55a-8129-4b94-b9eb-c85e4825691f 5d23929a18d74fe9a3352a75b245aecc 453c9fb63fbf436cb14a698f59aea67b - - default default] 10.0.0.171 "GET /v2.0/routers HTTP/1.1" status: 200 len: 849 time: 0.1570523
2026-06-23 19:57:51.265 10 INFO neutron.wsgi [None req-127a2300-168b-42bc-8010-ae591e6f7081 5d23929a18d74fe9a3352a75b245aecc 453c9fb63fbf436cb14a698f59aea67b - - default default] 10.0.0.171 "GET /v2.0/agents?binary=ovn-controller HTTP/1.1" status: 200 len: 591 time: 0.0130019
2026-06-23 19:57:51.276 10 INFO neutron.wsgi [req-18e52522-68b2-4d47-a46a-1f1b3717222e req-1b70bcfc-c7f4-45ae-af6a-052d4c8b6a7a 855be17139344c2bafa232e157bfed6b 7f691d76c1524012a51b466dcf28e673 - - 937bc54d18a543028d61db14cb5645ab 937bc54d18a543028d61db14cb5645ab] 199.19.213.169 "GET /v2.0/networks?id=4693b7af-3712-4cd0-882a-edce7ff8620c HTTP/1.1" status: 200 len: 1002 time: 0.1015174
2026-06-23 19:57:51.288 9 INFO neutron.wsgi [req-da5880b8-d8c6-4efe-b7b8-671010fa0811 req-81b39016-44c0-41f2-a9c9-70729dae54ba 5d23929a18d74fe9a3352a75b245aecc 453c9fb63fbf436cb14a698f59aea67b - - default default] 10.0.0.84 "GET /v2.0/ports?device_id=51fcc49b-13d8-41d3-a89a-ce5111c4df29 HTTP/1.1" status: 200 len: 210 time: 0.0718868
2026-06-23 19:57:51.330 10 INFO neutron.wsgi [None req-a695b7cf-dfd3-434a-bfc7-09fd291467b1 5d23929a18d74fe9a3352a75b245aecc 453c9fb63fbf436cb14a698f59aea67b - - default default] 10.0.0.171 "GET /v2.0/ports HTTP/1.1" status: 200 len: 18463 time: 0.0633752
2026-06-23 19:57:51.361 10 INFO neutron.wsgi [req-18e52522-68b2-4d47-a46a-1f1b3717222e req-184c43f6-5f35-4aea-aede-b53374b63abc 855be17139344c2bafa232e157bfed6b 7f691d76c1524012a51b466dcf28e673 - - 937bc54d18a543028d61db14cb5645ab 937bc54d18a543028d61db14cb5645ab] 199.19.213.169 "GET /v2.0/floatingips?fixed_ip_address=10.2.1.242&port_id=f2e438ec-b34e-40f9-ab02-f49927566176 HTTP/1.1" status: 200 len: 1059 time: 0.0697780
2026-06-23 19:57:51.374 9 INFO neutron.wsgi [req-0bea43b1-6977-4288-87ec-0db19d7e2371 req-603fa7c0-7e43-47c0-b51d-3fe132af44ce 5d23929a18d74fe9a3352a75b245aecc 453c9fb63fbf436cb14a698f59aea67b - - default default] 10.0.0.84 "GET /v2.0/ports?device_id=51fcc49b-13d8-41d3-a89a-ce5111c4df29 HTTP/1.1" status: 200 len: 210 time: 0.0304742
2026-06-23 19:57:51.387 10 INFO neutron.wsgi [None req-b6b0db55-5842-48ab-a470-307f2620a652 5d23929a18d74fe9a3352a75b245aecc 453c9fb63fbf436cb14a698f59aea67b - - default default] 10.0.0.171 "GET /v2.0/subnets HTTP/1.1" status: 200 len: 5497 time: 0.0491827
2026-06-23 19:57:51.407 10 INFO neutron.wsgi [req-18e52522-68b2-4d47-a46a-1f1b3717222e req-bc771089-7645-4112-99b4-e786e90950f9 855be17139344c2bafa232e157bfed6b 7f691d76c1524012a51b466dcf28e673 - - 937bc54d18a543028d61db14cb5645ab 937bc54d18a543028d61db14cb5645ab] 199.19.213.169 "GET /v2.0/floatingips?fixed_ip_address=fd7b%3Af9f7%3Afff%3A4eca%3A%3A19a&port_id=f2e438ec-b34e-40f9-ab02-f49927566176 HTTP/1.1" status: 200 len: 217 time: 0.0363972
2026-06-23 19:57:51.414 10 INFO neutron.wsgi [None req-b22c21f6-b879-443f-a278-387790a11861 5d23929a18d74fe9a3352a75b245aecc 453c9fb63fbf436cb14a698f59aea67b - - default default] 10.0.0.171 "GET /v2.0/subnetpools HTTP/1.1" status: 200 len: 193 time: 0.0115113
2026-06-23 19:57:51.469 10 INFO neutron.wsgi [None req-7897ca41-4707-4458-9886-3c55d8aaf56f 5d23929a18d74fe9a3352a75b245aecc 453c9fb63fbf436cb14a698f59aea67b - - default default] 10.0.0.171 "GET /v2.0/subnets HTTP/1.1" status: 200 len: 5497 time: 0.0547903
2026-06-23 19:57:51.481 10 INFO neutron.wsgi [req-18e52522-68b2-4d47-a46a-1f1b3717222e req-1fd71e8e-b68b-4cf0-87d3-84d057a91527 855be17139344c2bafa232e157bfed6b 7f691d76c1524012a51b466dcf28e673 - - 937bc54d18a543028d61db14cb5645ab 937bc54d18a543028d61db14cb5645ab] 199.19.213.169 "GET /v2.0/subnets?id=d151bef7-3625-4b15-ab65-30ea57b6f34c&id=efac8e49-276a-4b87-a982-4eea09f331ac HTTP/1.1" status: 200 len: 1563 time: 0.0574324
2026-06-23 19:57:51.488 10 INFO neutron.wsgi [None req-3234494c-1ef7-465e-9d41-c96bca17e991 5d23929a18d74fe9a3352a75b245aecc 453c9fb63fbf436cb14a698f59aea67b - - default default] 10.0.0.171 "GET /v2.0/network-ip-availabilities HTTP/1.1" status: 200 len: 3365 time: 0.0138476
2026-06-23 19:57:51.516 10 INFO neutron.wsgi [req-18e52522-68b2-4d47-a46a-1f1b3717222e req-e3794f62-3268-428b-834d-3f78c95ab618 855be17139344c2bafa232e157bfed6b 7f691d76c1524012a51b466dcf28e673 - - 937bc54d18a543028d61db14cb5645ab 937bc54d18a543028d61db14cb5645ab] 199.19.213.169 "GET /v2.0/ports?network_id=4693b7af-3712-4cd0-882a-edce7ff8620c&device_owner=network%3Adhcp HTTP/1.1" status: 200 len: 210 time: 0.0271990
2026-06-23 19:57:51.546 10 INFO neutron.wsgi [req-18e52522-68b2-4d47-a46a-1f1b3717222e req-d950f2fb-d268-483b-931b-70ec73c6dd04 855be17139344c2bafa232e157bfed6b 7f691d76c1524012a51b466dcf28e673 - - 937bc54d18a543028d61db14cb5645ab 937bc54d18a543028d61db14cb5645ab] 199.19.213.169 "GET /v2.0/ports?network_id=4693b7af-3712-4cd0-882a-edce7ff8620c&device_owner=network%3Adhcp HTTP/1.1" status: 200 len: 210 time: 0.0226784
2026-06-23 19:57:51.613 10 INFO neutron.wsgi [req-18e52522-68b2-4d47-a46a-1f1b3717222e req-683b7634-42da-4297-ae64-56475017b1e0 855be17139344c2bafa232e157bfed6b 7f691d76c1524012a51b466dcf28e673 - - 937bc54d18a543028d61db14cb5645ab 937bc54d18a543028d61db14cb5645ab] 199.19.213.169 "GET /v2.0/networks/4693b7af-3712-4cd0-882a-edce7ff8620c?fields=segments HTTP/1.1" status: 200 len: 212 time: 0.0602269
2026-06-23 19:57:51.691 10 INFO neutron.wsgi [req-18e52522-68b2-4d47-a46a-1f1b3717222e req-95fdf387-2252-4e79-a8a5-fa642121e09d 855be17139344c2bafa232e157bfed6b 7f691d76c1524012a51b466dcf28e673 - - 937bc54d18a543028d61db14cb5645ab 937bc54d18a543028d61db14cb5645ab] 199.19.213.169 "GET /v2.0/networks/4693b7af-3712-4cd0-882a-edce7ff8620c?fields=provider%3Aphysical_network&fields=provider%3Anetwork_type HTTP/1.1" status: 200 len: 277 time: 0.0721383
2026-06-23 19:57:52.159 10 INFO neutron.wsgi [req-8b32eae3-af80-4763-963a-8ea57845b589 req-ae8cf11a-cca2-4d10-93c5-0a7f877731d4 5d23929a18d74fe9a3352a75b245aecc 453c9fb63fbf436cb14a698f59aea67b - - default default] 199.19.213.169 "GET /v2.0/networks?id=e1fd4be8-e816-4ead-9502-88c314e4439c HTTP/1.1" status: 200 len: 937 time: 0.0624230
2026-06-23 19:57:52.241 10 INFO neutron.wsgi [req-8b32eae3-af80-4763-963a-8ea57845b589 req-0d0e4c95-77ad-4ddf-b234-594fc31aff0e 5d23929a18d74fe9a3352a75b245aecc 453c9fb63fbf436cb14a698f59aea67b - - default default] 199.19.213.169 "GET /v2.0/security-groups?fields=id&fields=name&tenant_id=453c9fb63fbf436cb14a698f59aea67b HTTP/1.1" status: 200 len: 542 time: 0.0656762
2026-06-23 19:57:52.483 10 WARNING neutron.scheduler.dhcp_agent_scheduler [None req-d0b30bab-363c-408a-a0fc-4a721efe98bb 5d23929a18d74fe9a3352a75b245aecc 453c9fb63fbf436cb14a698f59aea67b - - - -] No more DHCP agents
2026-06-23 19:57:52.485 10 WARNING neutron.api.rpc.agentnotifiers.dhcp_rpc_agent_api [None req-d0b30bab-363c-408a-a0fc-4a721efe98bb 5d23929a18d74fe9a3352a75b245aecc 453c9fb63fbf436cb14a698f59aea67b - - - -] Unable to schedule network e1fd4be8-e816-4ead-9502-88c314e4439c: no agents available; will retry on subsequent port and subnet creation events.
2026-06-23 19:57:52.629 10 INFO neutron.db.ovn_revision_numbers_db [None req-d0b30bab-363c-408a-a0fc-4a721efe98bb 5d23929a18d74fe9a3352a75b245aecc 453c9fb63fbf436cb14a698f59aea67b - - - -] Successfully bumped revision number for resource b06a1be3-a014-4d73-be37-973444510e8f (type: ports) to 1
2026-06-23 19:57:52.650 10 INFO neutron.wsgi [None req-d0b30bab-363c-408a-a0fc-4a721efe98bb 5d23929a18d74fe9a3352a75b245aecc 453c9fb63fbf436cb14a698f59aea67b - - - -] 199.19.213.169 "POST /v2.0/ports HTTP/1.1" status: 201 len: 1283 time: 0.4043424 /var/lib/openstack/lib/python3.10/site-packages/pycadf/identifier.py:71: UserWarning: Invalid uuid: neutron. To ensure interoperability, identifiers should be a valid uuid. warnings.warn(('Invalid uuid: %s. To ensure interoperability, '
2026-06-23 19:57:53.373 10 INFO neutron.db.ovn_revision_numbers_db [None req-439a6f86-84b9-4e83-bd6b-63b40a42ef3c 855be17139344c2bafa232e157bfed6b 7f691d76c1524012a51b466dcf28e673 - - - -] Successfully bumped revision number for resource b06a1be3-a014-4d73-be37-973444510e8f (type: ports) to 2
2026-06-23 19:57:53.549 9 INFO neutron.wsgi [req-9c1dfc38-7643-41da-a89d-068f9361375a req-7be20a6f-66c6-4c79-b972-daa3804db7fc 5d23929a18d74fe9a3352a75b245aecc 453c9fb63fbf436cb14a698f59aea67b - - default default] 10.0.0.84 "GET /v2.0/ports?device_id=51fcc49b-13d8-41d3-a89a-ce5111c4df29 HTTP/1.1" status: 200 len: 1363 time: 0.0358362
2026-06-23 19:57:53.555 10 INFO neutron.db.ovn_revision_numbers_db [None req-439a6f86-84b9-4e83-bd6b-63b40a42ef3c 855be17139344c2bafa232e157bfed6b 7f691d76c1524012a51b466dcf28e673 - - - -] Successfully bumped revision number for resource b06a1be3-a014-4d73-be37-973444510e8f (type: ports) to 2
2026-06-23 19:57:53.571 10 INFO neutron.wsgi [None req-439a6f86-84b9-4e83-bd6b-63b40a42ef3c 855be17139344c2bafa232e157bfed6b 7f691d76c1524012a51b466dcf28e673 - - - -] 199.19.213.169 "PUT /v2.0/ports/b06a1be3-a014-4d73-be37-973444510e8f HTTP/1.1" status: 200 len: 1332 time: 0.9139354
2026-06-23 19:57:53.607 9 INFO neutron.wsgi [req-9c1dfc38-7643-41da-a89d-068f9361375a req-9ecc895a-c618-4a5f-bc7b-c22ba0f1ce6c 5d23929a18d74fe9a3352a75b245aecc 453c9fb63fbf436cb14a698f59aea67b - - default default] 10.0.0.84 "GET /v2.0/security-groups?id=ae635500-99c2-4de5-8c05-8136800f92e1&fields=id&fields=name HTTP/1.1" status: 200 len: 294 time: 0.0502760 /var/lib/openstack/lib/python3.10/site-packages/pycadf/identifier.py:71: UserWarning: Invalid uuid: neutron. To ensure interoperability, identifiers should be a valid uuid. warnings.warn(('Invalid uuid: %s. To ensure interoperability, '
2026-06-23 19:57:53.640 10 INFO neutron.wsgi [req-8b32eae3-af80-4763-963a-8ea57845b589 req-99a58bda-9b66-459e-a847-c18f8c594fb3 855be17139344c2bafa232e157bfed6b 7f691d76c1524012a51b466dcf28e673 - - 937bc54d18a543028d61db14cb5645ab 937bc54d18a543028d61db14cb5645ab] 199.19.213.169 "GET /v2.0/ports?tenant_id=453c9fb63fbf436cb14a698f59aea67b&device_id=51fcc49b-13d8-41d3-a89a-ce5111c4df29 HTTP/1.1" status: 200 len: 1363 time: 0.0278263
2026-06-23 19:57:53.666 10 INFO neutron.wsgi [req-8b32eae3-af80-4763-963a-8ea57845b589 req-807a254a-3fff-4ce7-8965-1c58670a1942 855be17139344c2bafa232e157bfed6b 7f691d76c1524012a51b466dcf28e673 - - 937bc54d18a543028d61db14cb5645ab 937bc54d18a543028d61db14cb5645ab] 199.19.213.169 "GET /v2.0/floatingips?fixed_ip_address=172.24.0.52&port_id=b06a1be3-a014-4d73-be37-973444510e8f HTTP/1.1" status: 200 len: 217 time: 0.0219979
2026-06-23 19:57:53.673 10 INFO neutron.notifiers.nova [-] Nova event matching ['req-bf905675-7301-4de8-8ab9-aed206871a6c'] response: {'name': 'network-changed', 'server_uuid': '51fcc49b-13d8-41d3-a89a-ce5111c4df29', 'tag': 'b06a1be3-a014-4d73-be37-973444510e8f', 'status': 'completed', 'code': 200}
2026-06-23 19:57:53.711 10 INFO neutron.wsgi [req-8b32eae3-af80-4763-963a-8ea57845b589 req-f455e32d-cac8-4327-b1ee-faff736ca0d5 855be17139344c2bafa232e157bfed6b 7f691d76c1524012a51b466dcf28e673 - - 937bc54d18a543028d61db14cb5645ab 937bc54d18a543028d61db14cb5645ab] 199.19.213.169 "GET /v2.0/subnets?id=ebe773ec-d6a3-4e08-9025-0edb0fdeeb91 HTTP/1.1" status: 200 len: 829 time: 0.0395198
2026-06-23 19:57:53.742 9 INFO neutron.wsgi [req-268a5ebe-fb83-46d5-bb1d-e49bb4d92190 req-744cecaa-2ada-4074-abb4-c9fe2629b67d 5d23929a18d74fe9a3352a75b245aecc 453c9fb63fbf436cb14a698f59aea67b - - default default] 10.0.0.84 "GET /v2.0/ports?device_id=51fcc49b-13d8-41d3-a89a-ce5111c4df29 HTTP/1.1" status: 200 len: 1363 time: 0.0459614
2026-06-23 19:57:53.748 10 INFO neutron.wsgi [req-8b32eae3-af80-4763-963a-8ea57845b589 req-abd2d279-e91c-4f22-bd90-d80209df623e 855be17139344c2bafa232e157bfed6b 7f691d76c1524012a51b466dcf28e673 - - 937bc54d18a543028d61db14cb5645ab 937bc54d18a543028d61db14cb5645ab] 199.19.213.169 "GET /v2.0/ports?network_id=e1fd4be8-e816-4ead-9502-88c314e4439c&device_owner=network%3Adhcp HTTP/1.1" status: 200 len: 210 time: 0.0269330
2026-06-23 19:57:53.815 10 INFO neutron.wsgi [req-8b32eae3-af80-4763-963a-8ea57845b589 req-edacf3bf-9001-4ab1-9d5f-d4807d54a3fe 855be17139344c2bafa232e157bfed6b 7f691d76c1524012a51b466dcf28e673 - - 937bc54d18a543028d61db14cb5645ab 937bc54d18a543028d61db14cb5645ab] 199.19.213.169 "GET /v2.0/networks/e1fd4be8-e816-4ead-9502-88c314e4439c?fields=segments HTTP/1.1" status: 200 len: 212 time: 0.0599105
2026-06-23 19:57:53.883 10 INFO neutron.wsgi [req-8b32eae3-af80-4763-963a-8ea57845b589 req-dfb8aafd-fa71-4749-9ef6-7ea29077d6bf 855be17139344c2bafa232e157bfed6b 7f691d76c1524012a51b466dcf28e673 - - 937bc54d18a543028d61db14cb5645ab 937bc54d18a543028d61db14cb5645ab] 199.19.213.169 "GET /v2.0/networks/e1fd4be8-e816-4ead-9502-88c314e4439c?fields=provider%3Aphysical_network&fields=provider%3Anetwork_type HTTP/1.1" status: 200 len: 277 time: 0.0603511
2026-06-23 19:57:53.951 10 INFO neutron.wsgi [req-920db03e-11c2-4140-82ae-f2f5d18de549 req-f403c9ce-4d8b-4411-95a4-c06e52ef2a2c 855be17139344c2bafa232e157bfed6b 7f691d76c1524012a51b466dcf28e673 - - 937bc54d18a543028d61db14cb5645ab 937bc54d18a543028d61db14cb5645ab] 199.19.213.169 "GET /v2.0/ports?tenant_id=453c9fb63fbf436cb14a698f59aea67b&device_id=51fcc49b-13d8-41d3-a89a-ce5111c4df29 HTTP/1.1" status: 200 len: 1363 time: 0.0282679
2026-06-23 19:57:54.026 10 INFO neutron.wsgi [req-920db03e-11c2-4140-82ae-f2f5d18de549 req-9205514c-d833-46de-8ee0-22044273c6a9 855be17139344c2bafa232e157bfed6b 7f691d76c1524012a51b466dcf28e673 - - 937bc54d18a543028d61db14cb5645ab 937bc54d18a543028d61db14cb5645ab] 199.19.213.169 "GET /v2.0/networks?id=e1fd4be8-e816-4ead-9502-88c314e4439c HTTP/1.1" status: 200 len: 937 time: 0.0668311
2026-06-23 19:57:54.070 10 INFO neutron.wsgi [req-920db03e-11c2-4140-82ae-f2f5d18de549 req-0aa60a17-495f-4d22-9cbb-43902e19bdb4 855be17139344c2bafa232e157bfed6b 7f691d76c1524012a51b466dcf28e673 - - 937bc54d18a543028d61db14cb5645ab 937bc54d18a543028d61db14cb5645ab] 199.19.213.169 "GET /v2.0/floatingips?fixed_ip_address=172.24.0.52&port_id=b06a1be3-a014-4d73-be37-973444510e8f HTTP/1.1" status: 200 len: 217 time: 0.0369196
2026-06-23 19:57:54.104 10 INFO neutron.wsgi [req-ac37ea08-a0e1-4e1f-aa40-473203170389 req-34d590c3-7a5e-4dd8-8ffa-d58366e3212e 855be17139344c2bafa232e157bfed6b 7f691d76c1524012a51b466dcf28e673 - - 937bc54d18a543028d61db14cb5645ab 937bc54d18a543028d61db14cb5645ab] 199.19.213.169 "GET /v2.0/ports?device_id=51fcc49b-13d8-41d3-a89a-ce5111c4df29 HTTP/1.1" status: 200 len: 1363 time: 0.0416260
2026-06-23 19:57:54.132 10 INFO neutron.wsgi [req-920db03e-11c2-4140-82ae-f2f5d18de549 req-6eddb880-58ef-45b0-b82f-0fafbded81be 855be17139344c2bafa232e157bfed6b 7f691d76c1524012a51b466dcf28e673 - - 937bc54d18a543028d61db14cb5645ab 937bc54d18a543028d61db14cb5645ab] 199.19.213.169 "GET /v2.0/subnets?id=ebe773ec-d6a3-4e08-9025-0edb0fdeeb91 HTTP/1.1" status: 200 len: 829 time: 0.0512311
2026-06-23 19:57:54.162 10 INFO neutron.wsgi [req-920db03e-11c2-4140-82ae-f2f5d18de549 req-7ccd4aa3-351d-4608-aba2-df453222fe42 855be17139344c2bafa232e157bfed6b 7f691d76c1524012a51b466dcf28e673 - - 937bc54d18a543028d61db14cb5645ab 937bc54d18a543028d61db14cb5645ab] 199.19.213.169 "GET /v2.0/ports?network_id=e1fd4be8-e816-4ead-9502-88c314e4439c&device_owner=network%3Adhcp HTTP/1.1" status: 200 len: 210 time: 0.0228345
2026-06-23 19:57:54.164 10 INFO neutron.wsgi [req-ac37ea08-a0e1-4e1f-aa40-473203170389 req-ca69128a-00df-4ec6-9fe8-5fa217b06e5d 855be17139344c2bafa232e157bfed6b 7f691d76c1524012a51b466dcf28e673 - - 937bc54d18a543028d61db14cb5645ab 937bc54d18a543028d61db14cb5645ab] 199.19.213.169 "GET /v2.0/security-groups?id=ae635500-99c2-4de5-8c05-8136800f92e1&fields=id&fields=name HTTP/1.1" status: 200 len: 294 time: 0.0487566
2026-06-23 19:57:54.267 10 INFO neutron.plugins.ml2.drivers.ovn.mech_driver.mech_driver [None req-cd124f05-fe4b-4713-b34a-28e0d1c08eaa - - - - - -] OVN reports status up for port: b06a1be3-a014-4d73-be37-973444510e8f
2026-06-23 19:57:54.280 10 INFO neutron.wsgi [req-920db03e-11c2-4140-82ae-f2f5d18de549 req-e22d3722-684d-449b-b465-6a836386cb70 855be17139344c2bafa232e157bfed6b 7f691d76c1524012a51b466dcf28e673 - - 937bc54d18a543028d61db14cb5645ab 937bc54d18a543028d61db14cb5645ab] 199.19.213.169 "GET /v2.0/networks/e1fd4be8-e816-4ead-9502-88c314e4439c?fields=segments HTTP/1.1" status: 200 len: 212 time: 0.0875041
2026-06-23 19:57:54.285 10 INFO neutron.plugins.ml2.plugin [None req-cd124f05-fe4b-4713-b34a-28e0d1c08eaa - - - - - -] Attempt 1 to provision port b06a1be3-a014-4d73-be37-973444510e8f
2026-06-23 19:57:54.356 10 INFO neutron.wsgi [req-920db03e-11c2-4140-82ae-f2f5d18de549 req-c3f09fed-9a69-4695-9eaf-1ef7852c1c6e 855be17139344c2bafa232e157bfed6b 7f691d76c1524012a51b466dcf28e673 - - 937bc54d18a543028d61db14cb5645ab 937bc54d18a543028d61db14cb5645ab] 199.19.213.169 "GET /v2.0/networks/e1fd4be8-e816-4ead-9502-88c314e4439c?fields=provider%3Aphysical_network&fields=provider%3Anetwork_type HTTP/1.1" status: 200 len: 277 time: 0.0688813
2026-06-23 19:57:54.536 10 INFO neutron.db.ovn_revision_numbers_db [None req-cd124f05-fe4b-4713-b34a-28e0d1c08eaa - - - - - -] Successfully bumped revision number for resource b06a1be3-a014-4d73-be37-973444510e8f (type: ports) to 4
2026-06-23 19:57:54.720 10 INFO neutron.wsgi [-] 10.0.0.153 "GET / HTTP/1.1" status: 200 len: 247 time: 0.0020130
2026-06-23 19:57:54.723 9 INFO neutron.wsgi [-] 10.0.0.153 "GET / HTTP/1.1" status: 200 len: 247 time: 0.0048287
2026-06-23 19:57:55.719 10 INFO neutron.notifiers.nova [-] Nova event matching ['req-9b239072-0db3-4c66-a352-9c991bb40b4f'] response: {'server_uuid': '51fcc49b-13d8-41d3-a89a-ce5111c4df29', 'name': 'network-vif-plugged', 'status': 'completed', 'tag': 'b06a1be3-a014-4d73-be37-973444510e8f', 'code': 200}
2026-06-23 19:57:55.719 10 INFO neutron.notifiers.nova [-] Nova event matching ['req-9b239072-0db3-4c66-a352-9c991bb40b4f'] response: {'server_uuid': '51fcc49b-13d8-41d3-a89a-ce5111c4df29', 'name': 'network-vif-plugged', 'status': 'completed', 'tag': 'b06a1be3-a014-4d73-be37-973444510e8f', 'code': 200}
2026-06-23 19:57:56.026 9 INFO neutron.wsgi [req-269cae2f-28e5-46df-9577-0406b335e3f5 req-6d88ea01-b345-44fd-a279-1a01574a2123 5d23929a18d74fe9a3352a75b245aecc 453c9fb63fbf436cb14a698f59aea67b - - default default] 10.0.0.84 "GET /v2.0/ports?device_id=51fcc49b-13d8-41d3-a89a-ce5111c4df29 HTTP/1.1" status: 200 len: 1365 time: 0.0412893
2026-06-23 19:57:56.063 9 INFO neutron.wsgi [req-269cae2f-28e5-46df-9577-0406b335e3f5 req-e7b95336-c557-458c-b5d5-848cadc0f1ea 5d23929a18d74fe9a3352a75b245aecc 453c9fb63fbf436cb14a698f59aea67b - - default default] 10.0.0.84 "GET /v2.0/security-groups?id=ae635500-99c2-4de5-8c05-8136800f92e1&fields=id&fields=name HTTP/1.1" status: 200 len: 294 time: 0.0317183
2026-06-23 19:57:56.154 9 INFO neutron.wsgi [req-8cc79e3b-25f1-422d-b550-f89777e92496 req-01a86f3a-0454-45d8-b975-c076d9262fed 5d23929a18d74fe9a3352a75b245aecc 453c9fb63fbf436cb14a698f59aea67b - - default default] 10.0.0.84 "GET /v2.0/ports?device_id=51fcc49b-13d8-41d3-a89a-ce5111c4df29 HTTP/1.1" status: 200 len: 1365 time: 0.0321453
2026-06-23 19:57:58.384 9 INFO neutron.wsgi [req-994ceb58-6238-4eee-bf09-fbeb672dcf41 req-4560f231-aa0a-431c-aeb8-87e6807883ee 5d23929a18d74fe9a3352a75b245aecc 453c9fb63fbf436cb14a698f59aea67b - - default default] 10.0.0.84 "GET /v2.0/ports?device_id=51fcc49b-13d8-41d3-a89a-ce5111c4df29 HTTP/1.1" status: 200 len: 1365 time: 0.0471454
2026-06-23 19:57:58.428 9 INFO neutron.wsgi [req-994ceb58-6238-4eee-bf09-fbeb672dcf41 req-b2ea3924-8194-4d79-bbdf-79b406892a37 5d23929a18d74fe9a3352a75b245aecc 453c9fb63fbf436cb14a698f59aea67b - - default default] 10.0.0.84 "GET /v2.0/security-groups?id=ae635500-99c2-4de5-8c05-8136800f92e1&fields=id&fields=name HTTP/1.1" status: 200 len: 294 time: 0.0356758
2026-06-23 19:57:58.515 9 INFO neutron.wsgi [req-b2743576-c2b0-40eb-ab7c-097e2cd9515f req-8b74576d-4f93-4098-81b0-ce93cc4dd60f 5d23929a18d74fe9a3352a75b245aecc 453c9fb63fbf436cb14a698f59aea67b - - default default] 10.0.0.84 "GET /v2.0/ports?device_id=51fcc49b-13d8-41d3-a89a-ce5111c4df29 HTTP/1.1" status: 200 len: 1365 time: 0.0305154
2026-06-23 19:58:09.721 9 INFO neutron.wsgi [-] 10.0.0.153 "GET / HTTP/1.1" status: 200 len: 247 time: 0.0023367
2026-06-23 19:58:09.721 10 INFO neutron.wsgi [-] 10.0.0.153 "GET / HTTP/1.1" status: 200 len: 247 time: 0.0028372
2026-06-23 19:58:24.720 9 INFO neutron.wsgi [-] 10.0.0.153 "GET / HTTP/1.1" status: 200 len: 247 time: 0.0016968
2026-06-23 19:58:24.721 10 INFO neutron.wsgi [-] 10.0.0.153 "GET / HTTP/1.1" status: 200 len: 247 time: 0.0027401 /var/lib/openstack/lib/python3.10/site-packages/pycadf/identifier.py:71: UserWarning: Invalid uuid: neutron. To ensure interoperability, identifiers should be a valid uuid. warnings.warn(('Invalid uuid: %s. To ensure interoperability, '
2026-06-23 19:58:30.145 10 INFO neutron.wsgi [None req-bd05c444-f43b-4cdd-8d34-9458b6001712 5d23929a18d74fe9a3352a75b245aecc 453c9fb63fbf436cb14a698f59aea67b - - default default] 199.19.213.169 "GET /v2.0/extensions/security-group HTTP/1.1" status: 200 len: 369 time: 0.0105343
2026-06-23 19:58:30.155 10 INFO neutron.wsgi [None req-97df9441-44c8-4d76-a08c-ff85ad30589c 5d23929a18d74fe9a3352a75b245aecc 453c9fb63fbf436cb14a698f59aea67b - - default default] 199.19.213.169 "GET /v2.0/extensions/dns-integration HTTP/1.1" status: 200 len: 371 time: 0.0039487
2026-06-23 19:58:30.168 10 INFO neutron.wsgi [None req-8b5d2a74-1eb4-4c87-a514-d06f5bec05cc 5d23929a18d74fe9a3352a75b245aecc 453c9fb63fbf436cb14a698f59aea67b - - default default] 199.19.213.169 "GET /v2.0/extensions/qos HTTP/1.1" status: 200 len: 365 time: 0.0093470
2026-06-23 19:58:30.179 10 INFO neutron.wsgi [None req-660b888c-b2fc-4535-a6a5-571ca9ad97ba 5d23929a18d74fe9a3352a75b245aecc 453c9fb63fbf436cb14a698f59aea67b - - default default] 199.19.213.169 "GET /v2.0/extensions/allowed-address-pairs HTTP/1.1" status: 200 len: 383 time: 0.0048847
2026-06-23 19:58:30.217 10 INFO neutron.wsgi [None req-c5c9d749-aefc-4d3e-96ee-e15a21ecffb1 5d23929a18d74fe9a3352a75b245aecc 453c9fb63fbf436cb14a698f59aea67b - - default default] 199.19.213.169 "GET /v2.0/subnets/3d7f360c-5c18-4f59-bb7a-8ec78bd41ec5 HTTP/1.1" status: 200 len: 851 time: 0.0325897
2026-06-23 19:58:30.284 10 INFO neutron.wsgi [None req-12bf1ebb-a360-42fc-a6a8-0c3443fe3a6f 5d23929a18d74fe9a3352a75b245aecc 453c9fb63fbf436cb14a698f59aea67b - - default default] 199.19.213.169 "GET /v2.0/ports?device_id=51fcc49b-13d8-41d3-a89a-ce5111c4df29 HTTP/1.1" status: 200 len: 1365 time: 0.0379012
2026-06-23 19:58:30.570 10 WARNING neutron.scheduler.dhcp_agent_scheduler [None req-7ec0a009-0a39-4792-b3e3-4a9ff815cd23 5d23929a18d74fe9a3352a75b245aecc 453c9fb63fbf436cb14a698f59aea67b - - - -] No more DHCP agents
2026-06-23 19:58:30.574 10 WARNING neutron.api.rpc.agentnotifiers.dhcp_rpc_agent_api [None req-7ec0a009-0a39-4792-b3e3-4a9ff815cd23 5d23929a18d74fe9a3352a75b245aecc 453c9fb63fbf436cb14a698f59aea67b - - - -] Unable to schedule network d94b0207-28e4-4d93-9411-44bf178d9510: no agents available; will retry on subsequent port and subnet creation events.
2026-06-23 19:58:30.776 10 INFO neutron.db.ovn_revision_numbers_db [None req-7ec0a009-0a39-4792-b3e3-4a9ff815cd23 5d23929a18d74fe9a3352a75b245aecc 453c9fb63fbf436cb14a698f59aea67b - - - -] Successfully bumped revision number for resource ad559102-2f94-43e3-b895-312393a9563a (type: ports) to 1
2026-06-23 19:58:30.803 10 INFO neutron.wsgi [None req-7ec0a009-0a39-4792-b3e3-4a9ff815cd23 5d23929a18d74fe9a3352a75b245aecc 453c9fb63fbf436cb14a698f59aea67b - - - -] 199.19.213.169 "POST /v2.0/ports HTTP/1.1" status: 201 len: 1298 time: 0.5120525
2026-06-23 19:58:30.885 9 INFO neutron.wsgi [req-5780c148-07e8-46fb-8e0a-be8cd1f65c37 req-0e8c8892-376f-4cdf-a100-35ffdbee2b03 5d23929a18d74fe9a3352a75b245aecc 453c9fb63fbf436cb14a698f59aea67b - - default default] 10.0.0.84 "GET /v2.0/ports/ad559102-2f94-43e3-b895-312393a9563a HTTP/1.1" status: 200 len: 1293 time: 0.0311954
2026-06-23 19:58:30.900 9 INFO neutron.wsgi [req-5780c148-07e8-46fb-8e0a-be8cd1f65c37 req-6caec5fa-72c8-45d2-bf18-3d5d8a6152c9 5d23929a18d74fe9a3352a75b245aecc 453c9fb63fbf436cb14a698f59aea67b - - default default] 10.0.0.84 "GET /v2.0/extensions HTTP/1.1" status: 200 len: 16525 time: 0.0072334 /var/lib/openstack/lib/python3.10/site-packages/pycadf/identifier.py:71: UserWarning: Invalid uuid: neutron. To ensure interoperability, identifiers should be a valid uuid. warnings.warn(('Invalid uuid: %s. To ensure interoperability, '
2026-06-23 19:58:31.028 10 INFO neutron.wsgi [req-5780c148-07e8-46fb-8e0a-be8cd1f65c37 req-919d96c0-e3e4-4b56-8dfa-70dcf2cef4f5 855be17139344c2bafa232e157bfed6b 7f691d76c1524012a51b466dcf28e673 - - 937bc54d18a543028d61db14cb5645ab 937bc54d18a543028d61db14cb5645ab] 199.19.213.169 "GET /v2.0/ports/ad559102-2f94-43e3-b895-312393a9563a?fields=binding%3Avnic_type&fields=binding%3Aprofile&fields=network_id&fields=resource_request&fields=numa_affinity_policy&fields=device_profile HTTP/1.1" status: 200 len: 335 time: 0.0323238
2026-06-23 19:58:31.094 10 INFO neutron.wsgi [req-5780c148-07e8-46fb-8e0a-be8cd1f65c37 req-4f7d0991-5583-4064-896d-35c8e9a5d8b3 855be17139344c2bafa232e157bfed6b 7f691d76c1524012a51b466dcf28e673 - - 937bc54d18a543028d61db14cb5645ab 937bc54d18a543028d61db14cb5645ab] 199.19.213.169 "GET /v2.0/networks/d94b0207-28e4-4d93-9411-44bf178d9510?fields=segments HTTP/1.1" status: 200 len: 212 time: 0.0561328
2026-06-23 19:58:31.158 10 INFO neutron.wsgi [req-5780c148-07e8-46fb-8e0a-be8cd1f65c37 req-db0e7ce5-388f-4372-8135-598d362277fb 855be17139344c2bafa232e157bfed6b 7f691d76c1524012a51b466dcf28e673 - - 937bc54d18a543028d61db14cb5645ab 937bc54d18a543028d61db14cb5645ab] 199.19.213.169 "GET /v2.0/networks/d94b0207-28e4-4d93-9411-44bf178d9510?fields=provider%3Aphysical_network&fields=provider%3Anetwork_type HTTP/1.1" status: 200 len: 277 time: 0.0591168
2026-06-23 19:58:31.214 10 INFO neutron.wsgi [req-5780c148-07e8-46fb-8e0a-be8cd1f65c37 req-b3e8e862-1ca1-46a6-ac64-b2aed3552f3e 855be17139344c2bafa232e157bfed6b 7f691d76c1524012a51b466dcf28e673 - - 937bc54d18a543028d61db14cb5645ab 937bc54d18a543028d61db14cb5645ab] 199.19.213.169 "GET /v2.0/ports/ad559102-2f94-43e3-b895-312393a9563a HTTP/1.1" status: 200 len: 1293 time: 0.0314264
2026-06-23 19:58:31.285 10 INFO neutron.wsgi [req-5780c148-07e8-46fb-8e0a-be8cd1f65c37 req-fde4ac86-94b9-470e-a5b3-a43ea378d79f 5d23929a18d74fe9a3352a75b245aecc 453c9fb63fbf436cb14a698f59aea67b - - default default] 199.19.213.169 "GET /v2.0/networks?id=d94b0207-28e4-4d93-9411-44bf178d9510 HTTP/1.1" status: 200 len: 1005 time: 0.0638740
2026-06-23 19:58:31.679 10 INFO neutron.db.ovn_revision_numbers_db [None req-7ce7bcc8-03a0-4de2-8c87-a67a0bd5add8 855be17139344c2bafa232e157bfed6b 7f691d76c1524012a51b466dcf28e673 - - - -] Successfully bumped revision number for resource ad559102-2f94-43e3-b895-312393a9563a (type: ports) to 2
2026-06-23 19:58:31.870 10 INFO neutron.db.ovn_revision_numbers_db [None req-7ce7bcc8-03a0-4de2-8c87-a67a0bd5add8 855be17139344c2bafa232e157bfed6b 7f691d76c1524012a51b466dcf28e673 - - - -] Successfully bumped revision number for resource ad559102-2f94-43e3-b895-312393a9563a (type: ports) to 2
2026-06-23 19:58:31.885 10 INFO neutron.wsgi [None req-7ce7bcc8-03a0-4de2-8c87-a67a0bd5add8 855be17139344c2bafa232e157bfed6b 7f691d76c1524012a51b466dcf28e673 - - - -] 199.19.213.169 "PUT /v2.0/ports/ad559102-2f94-43e3-b895-312393a9563a HTTP/1.1" status: 200 len: 1376 time: 0.5909469
2026-06-23 19:58:31.923 10 INFO neutron.notifiers.nova [-] Nova event matching ['req-d424500d-731b-4533-a2d3-51c910c3a874'] response: {'name': 'network-changed', 'server_uuid': '51fcc49b-13d8-41d3-a89a-ce5111c4df29', 'tag': 'ad559102-2f94-43e3-b895-312393a9563a', 'status': 'completed', 'code': 200} /var/lib/openstack/lib/python3.10/site-packages/pycadf/identifier.py:71: UserWarning: Invalid uuid: neutron. To ensure interoperability, identifiers should be a valid uuid. warnings.warn(('Invalid uuid: %s. To ensure interoperability, '
2026-06-23 19:58:31.953 10 INFO neutron.wsgi [req-5780c148-07e8-46fb-8e0a-be8cd1f65c37 req-cb138d92-0e66-4238-8ffd-eab563929941 855be17139344c2bafa232e157bfed6b 7f691d76c1524012a51b466dcf28e673 - - 937bc54d18a543028d61db14cb5645ab 937bc54d18a543028d61db14cb5645ab] 199.19.213.169 "GET /v2.0/ports?tenant_id=453c9fb63fbf436cb14a698f59aea67b&device_id=51fcc49b-13d8-41d3-a89a-ce5111c4df29 HTTP/1.1" status: 200 len: 2561 time: 0.0344758
2026-06-23 19:58:31.986 10 INFO neutron.wsgi [req-5780c148-07e8-46fb-8e0a-be8cd1f65c37 req-405701e4-c779-4b6b-afdc-a2a0c17e4c54 855be17139344c2bafa232e157bfed6b 7f691d76c1524012a51b466dcf28e673 - - 937bc54d18a543028d61db14cb5645ab 937bc54d18a543028d61db14cb5645ab] 199.19.213.169 "GET /v2.0/floatingips?fixed_ip_address=172.24.0.52&port_id=b06a1be3-a014-4d73-be37-973444510e8f HTTP/1.1" status: 200 len: 217 time: 0.0274582
2026-06-23 19:58:32.026 10 INFO neutron.wsgi [req-5780c148-07e8-46fb-8e0a-be8cd1f65c37 req-54d3342f-aa1b-4686-b548-f0e5355a8b74 855be17139344c2bafa232e157bfed6b 7f691d76c1524012a51b466dcf28e673 - - 937bc54d18a543028d61db14cb5645ab 937bc54d18a543028d61db14cb5645ab] 199.19.213.169 "GET /v2.0/subnets?id=ebe773ec-d6a3-4e08-9025-0edb0fdeeb91 HTTP/1.1" status: 200 len: 829 time: 0.0324206
2026-06-23 19:58:32.054 10 INFO neutron.wsgi [req-5780c148-07e8-46fb-8e0a-be8cd1f65c37 req-72f65f41-02d9-4cf5-b2ef-0ef1d868b2da 855be17139344c2bafa232e157bfed6b 7f691d76c1524012a51b466dcf28e673 - - 937bc54d18a543028d61db14cb5645ab 937bc54d18a543028d61db14cb5645ab] 199.19.213.169 "GET /v2.0/ports?network_id=e1fd4be8-e816-4ead-9502-88c314e4439c&device_owner=network%3Adhcp HTTP/1.1" status: 200 len: 210 time: 0.0225978
2026-06-23 19:58:32.119 10 INFO neutron.wsgi [req-5780c148-07e8-46fb-8e0a-be8cd1f65c37 req-d4bb13b8-7292-4ae0-a71d-c02fe6cdb33e 855be17139344c2bafa232e157bfed6b 7f691d76c1524012a51b466dcf28e673 - - 937bc54d18a543028d61db14cb5645ab 937bc54d18a543028d61db14cb5645ab] 199.19.213.169 "GET /v2.0/networks/e1fd4be8-e816-4ead-9502-88c314e4439c?fields=segments HTTP/1.1" status: 200 len: 212 time: 0.0554278
2026-06-23 19:58:32.181 10 INFO neutron.wsgi [req-5780c148-07e8-46fb-8e0a-be8cd1f65c37 req-3466cd7d-5ae0-4471-9f43-b0819e53791e 855be17139344c2bafa232e157bfed6b 7f691d76c1524012a51b466dcf28e673 - - 937bc54d18a543028d61db14cb5645ab 937bc54d18a543028d61db14cb5645ab] 199.19.213.169 "GET /v2.0/networks/e1fd4be8-e816-4ead-9502-88c314e4439c?fields=provider%3Aphysical_network&fields=provider%3Anetwork_type HTTP/1.1" status: 200 len: 277 time: 0.0544212
2026-06-23 19:58:32.219 10 INFO neutron.wsgi [req-5780c148-07e8-46fb-8e0a-be8cd1f65c37 req-ad627e35-743a-42fe-a1a1-7bb239d48d1a 855be17139344c2bafa232e157bfed6b 7f691d76c1524012a51b466dcf28e673 - - 937bc54d18a543028d61db14cb5645ab 937bc54d18a543028d61db14cb5645ab] 199.19.213.169 "GET /v2.0/floatingips?fixed_ip_address=10.1.1.52&port_id=ad559102-2f94-43e3-b895-312393a9563a HTTP/1.1" status: 200 len: 217 time: 0.0308459
2026-06-23 19:58:32.269 10 INFO neutron.wsgi [req-5780c148-07e8-46fb-8e0a-be8cd1f65c37 req-57debec6-a7da-4cea-b4f1-f74221ccd06d 855be17139344c2bafa232e157bfed6b 7f691d76c1524012a51b466dcf28e673 - - 937bc54d18a543028d61db14cb5645ab 937bc54d18a543028d61db14cb5645ab] 199.19.213.169 "GET /v2.0/subnets?id=3d7f360c-5c18-4f59-bb7a-8ec78bd41ec5 HTTP/1.1" status: 200 len: 854 time: 0.0428119
2026-06-23 19:58:32.301 10 INFO neutron.wsgi [req-5780c148-07e8-46fb-8e0a-be8cd1f65c37 req-78ecc6dc-10d7-42b6-9f4e-b74310779e35 855be17139344c2bafa232e157bfed6b 7f691d76c1524012a51b466dcf28e673 - - 937bc54d18a543028d61db14cb5645ab 937bc54d18a543028d61db14cb5645ab] 199.19.213.169 "GET /v2.0/ports?network_id=d94b0207-28e4-4d93-9411-44bf178d9510&device_owner=network%3Adhcp HTTP/1.1" status: 200 len: 210 time: 0.0257609
2026-06-23 19:58:32.376 10 INFO neutron.wsgi [req-5780c148-07e8-46fb-8e0a-be8cd1f65c37 req-bedfffd1-62c4-4fe0-b12f-d94fa9a2d36f 855be17139344c2bafa232e157bfed6b 7f691d76c1524012a51b466dcf28e673 - - 937bc54d18a543028d61db14cb5645ab 937bc54d18a543028d61db14cb5645ab] 199.19.213.169 "GET /v2.0/networks/d94b0207-28e4-4d93-9411-44bf178d9510?fields=segments HTTP/1.1" status: 200 len: 212 time: 0.0667841
2026-06-23 19:58:32.452 10 INFO neutron.wsgi [req-5780c148-07e8-46fb-8e0a-be8cd1f65c37 req-80f07740-c62e-447c-9502-e60757aa3242 855be17139344c2bafa232e157bfed6b 7f691d76c1524012a51b466dcf28e673 - - 937bc54d18a543028d61db14cb5645ab 937bc54d18a543028d61db14cb5645ab] 199.19.213.169 "GET /v2.0/networks/d94b0207-28e4-4d93-9411-44bf178d9510?fields=provider%3Aphysical_network&fields=provider%3Anetwork_type HTTP/1.1" status: 200 len: 277 time: 0.0693233
2026-06-23 19:58:32.543 10 INFO neutron.wsgi [req-48e54f2d-96fe-4e96-8fd9-53712c31b8b7 req-906e83af-1d12-4441-a44e-18ea67b2ec82 855be17139344c2bafa232e157bfed6b 7f691d76c1524012a51b466dcf28e673 - - 937bc54d18a543028d61db14cb5645ab 937bc54d18a543028d61db14cb5645ab] 199.19.213.169 "GET /v2.0/ports?tenant_id=453c9fb63fbf436cb14a698f59aea67b&device_id=51fcc49b-13d8-41d3-a89a-ce5111c4df29 HTTP/1.1" status: 200 len: 2561 time: 0.0438135
2026-06-23 19:58:32.550 10 INFO neutron.plugins.ml2.drivers.ovn.mech_driver.mech_driver [None req-cd124f05-fe4b-4713-b34a-28e0d1c08eaa - - - - - -] OVN reports status up for port: ad559102-2f94-43e3-b895-312393a9563a
2026-06-23 19:58:32.574 10 INFO neutron.plugins.ml2.plugin [None req-cd124f05-fe4b-4713-b34a-28e0d1c08eaa - - - - - -] Attempt 1 to provision port ad559102-2f94-43e3-b895-312393a9563a
2026-06-23 19:58:32.637 10 INFO neutron.wsgi [req-48e54f2d-96fe-4e96-8fd9-53712c31b8b7 req-aa892f20-1a1c-4c29-86de-8f43ea8d4f9a 855be17139344c2bafa232e157bfed6b 7f691d76c1524012a51b466dcf28e673 - - 937bc54d18a543028d61db14cb5645ab 937bc54d18a543028d61db14cb5645ab] 199.19.213.169 "GET /v2.0/networks?id=d94b0207-28e4-4d93-9411-44bf178d9510 HTTP/1.1" status: 200 len: 1005 time: 0.0843806
2026-06-23 19:58:32.684 10 INFO neutron.wsgi [req-48e54f2d-96fe-4e96-8fd9-53712c31b8b7 req-9495c313-4d77-4bd3-8134-17619b90086f 855be17139344c2bafa232e157bfed6b 7f691d76c1524012a51b466dcf28e673 - - 937bc54d18a543028d61db14cb5645ab 937bc54d18a543028d61db14cb5645ab] 199.19.213.169 "GET /v2.0/floatingips?fixed_ip_address=10.1.1.52&port_id=ad559102-2f94-43e3-b895-312393a9563a HTTP/1.1" status: 200 len: 217 time: 0.0374796
2026-06-23 19:58:32.741 10 INFO neutron.wsgi [req-48e54f2d-96fe-4e96-8fd9-53712c31b8b7 req-81f8c38a-1995-4be9-803f-905df015325b 855be17139344c2bafa232e157bfed6b 7f691d76c1524012a51b466dcf28e673 - - 937bc54d18a543028d61db14cb5645ab 937bc54d18a543028d61db14cb5645ab] 199.19.213.169 "GET /v2.0/subnets?id=3d7f360c-5c18-4f59-bb7a-8ec78bd41ec5 HTTP/1.1" status: 200 len: 854 time: 0.0513902
2026-06-23 19:58:32.750 9 INFO neutron.wsgi [req-5780c148-07e8-46fb-8e0a-be8cd1f65c37 req-8e304eca-f8f7-44df-a084-ac137ca78cbf 5d23929a18d74fe9a3352a75b245aecc 453c9fb63fbf436cb14a698f59aea67b - - default default] 10.0.0.84 "GET /v2.0/ports/ad559102-2f94-43e3-b895-312393a9563a HTTP/1.1" status: 200 len: 1404 time: 0.0419688
2026-06-23 19:58:32.791 10 INFO neutron.wsgi [req-48e54f2d-96fe-4e96-8fd9-53712c31b8b7 req-eb8040cb-4f30-4052-adf3-19db2a822d7e 855be17139344c2bafa232e157bfed6b 7f691d76c1524012a51b466dcf28e673 - - 937bc54d18a543028d61db14cb5645ab 937bc54d18a543028d61db14cb5645ab] 199.19.213.169 "GET /v2.0/ports?network_id=d94b0207-28e4-4d93-9411-44bf178d9510&device_owner=network%3Adhcp HTTP/1.1" status: 200 len: 210 time: 0.0450821
2026-06-23 19:58:32.903 10 INFO neutron.wsgi [req-48e54f2d-96fe-4e96-8fd9-53712c31b8b7 req-7be6a080-27d0-4889-8b44-46398d3ca918 855be17139344c2bafa232e157bfed6b 7f691d76c1524012a51b466dcf28e673 - - 937bc54d18a543028d61db14cb5645ab 937bc54d18a543028d61db14cb5645ab] 199.19.213.169 "GET /v2.0/networks/d94b0207-28e4-4d93-9411-44bf178d9510?fields=segments HTTP/1.1" status: 200 len: 212 time: 0.1013918
2026-06-23 19:58:33.022 10 INFO neutron.wsgi [req-48e54f2d-96fe-4e96-8fd9-53712c31b8b7 req-00da83bb-0124-4b6a-b10c-d581857e38f8 855be17139344c2bafa232e157bfed6b 7f691d76c1524012a51b466dcf28e673 - - 937bc54d18a543028d61db14cb5645ab 937bc54d18a543028d61db14cb5645ab] 199.19.213.169 "GET /v2.0/networks/d94b0207-28e4-4d93-9411-44bf178d9510?fields=provider%3Aphysical_network&fields=provider%3Anetwork_type HTTP/1.1" status: 200 len: 277 time: 0.1078153
2026-06-23 19:58:33.049 10 INFO neutron.db.ovn_revision_numbers_db [None req-cd124f05-fe4b-4713-b34a-28e0d1c08eaa - - - - - -] Successfully bumped revision number for resource ad559102-2f94-43e3-b895-312393a9563a (type: ports) to 4
2026-06-23 19:58:33.585 10 INFO neutron.db.ovn_revision_numbers_db [None req-d4efd773-ee86-4ce1-99c6-bd53074aec3d 5d23929a18d74fe9a3352a75b245aecc 453c9fb63fbf436cb14a698f59aea67b - - - -] Successfully bumped revision number for resource ad559102-2f94-43e3-b895-312393a9563a (type: ports) to 5
