2026-04-23 01:26:31.087 7 INFO neutron.db.ovn_revision_numbers_db [None req-3ef6cc3e-30e8-465c-879f-066f268a674c c7d21f484a0c4e7ba9976d18d9e89f02 78b3fe5211be4b729860bbb0f21a2f34 - - default default] Successfully bumped revision number for resource 5124deac-58c4-41b3-9511-72bf1fadb938 (type: routers) to 8 [pid: 7|app: 0|req: 1138/2254] 10.0.0.108 () {34 vars in 707 bytes} [Thu Apr 23 01:26:30 2026] POST /v2.0/vpn/ipsec-site-connections => generated 803 bytes in 807 msecs (HTTP/1.1 201) 4 headers in 162 bytes (1 switches on core 0) [pid: 8|app: 0|req: 1117/2255] 10.0.0.108 () {32 vars in 724 bytes} [Thu Apr 23 01:26:31 2026] DELETE /v2.0/subnets/a785fdc0-9a8c-403f-bd15-b477ce2489b5 => generated 0 bytes in 184 msecs (HTTP/1.1 204) 3 headers in 131 bytes (1 switches on core 0)
2026-04-23 01:26:31.406 8 INFO neutron_taas.services.taas.taas_plugin [None req-6f4a94f6-c58c-4385-89ef-d24b1a13d963 6299d6e967ff4586a005a5c2b0177d7f d643963548874cbe8efb547d406d1f71 - - default default] TaaS: Handle Delete Port: 3a08cde0-71ce-4f36-bb30-99a447796248
2026-04-23 01:26:31.410 8 INFO neutron_taas.services.taas.tap_mirror_plugin [None req-6f4a94f6-c58c-4385-89ef-d24b1a13d963 6299d6e967ff4586a005a5c2b0177d7f d643963548874cbe8efb547d406d1f71 - - default default] Tap Mirror: Handle Delete Port: 3a08cde0-71ce-4f36-bb30-99a447796248
2026-04-23 01:26:31.631 8 INFO neutron.services.segments.plugin [-] Segment 418065b0-efb7-4452-93a6-ead1351f9d60 resource provider aggregate not found
2026-04-23 01:26:31.634 8 INFO neutron.services.segments.plugin [-] Segment 418065b0-efb7-4452-93a6-ead1351f9d60 resource provider aggregate not found
2026-04-23 01:26:31.652 8 INFO neutron.services.segments.plugin [-] Segment 418065b0-efb7-4452-93a6-ead1351f9d60 resource provider not found; error: Placement Client Error (4xx): {"errors": [{"status": 404, "title": "Not Found", "detail": "The resource could not be found.\n\n No resource provider with uuid 418065b0-efb7-4452-93a6-ead1351f9d60 found for delete ", "request_id": "req-084992bb-785c-4c08-ba1a-7f6237d5a8e9"}]}
2026-04-23 01:26:31.656 8 INFO neutron.services.segments.plugin [-] Segment 418065b0-efb7-4452-93a6-ead1351f9d60 resource provider not found; error: Placement Client Error (4xx): {"errors": [{"status": 404, "title": "Not Found", "detail": "The resource could not be found.\n\n No resource provider with uuid 418065b0-efb7-4452-93a6-ead1351f9d60 found for delete ", "request_id": "req-4c60e794-b715-4a91-ab12-2dfb8e66c9ea"}]} [pid: 8|app: 0|req: 1118/2256] 10.0.0.108 () {32 vars in 726 bytes} [Thu Apr 23 01:26:31 2026] DELETE /v2.0/networks/c4cc72cf-c79e-42ce-bb7c-2104213c2316 => generated 0 bytes in 416 msecs (HTTP/1.1 204) 3 headers in 131 bytes (1 switches on core 0)
2026-04-23 01:26:31.750 7 INFO neutron.db.ovn_revision_numbers_db [None req-ef9c5f59-6ec0-4e45-8247-5bc7595978b4 c7d21f484a0c4e7ba9976d18d9e89f02 78b3fe5211be4b729860bbb0f21a2f34 - - default default] Successfully bumped revision number for resource 5124deac-58c4-41b3-9511-72bf1fadb938 (type: routers) to 9 [pid: 7|app: 0|req: 1139/2257] 10.0.0.108 () {32 vars in 762 bytes} [Thu Apr 23 01:26:31 2026] DELETE /v2.0/vpn/ipsec-site-connections/f243c0c4-fd19-428f-8944-7ab3e29cf087 => generated 0 bytes in 605 msecs (HTTP/1.1 204) 2 headers in 112 bytes (1 switches on core 0) [pid: 8|app: 0|req: 1119/2258] 10.0.0.108 () {32 vars in 685 bytes} [Thu Apr 23 01:26:31 2026] GET /v2.0/vpn/ipsec-site-connections => generated 806 bytes in 13 msecs (HTTP/1.1 200) 4 headers in 157 bytes (1 switches on core 0)
2026-04-23 01:26:31.804 7 INFO neutron.api.v2.resource [None req-07cbb161-8988-45fc-8025-48d488cf891b c7d21f484a0c4e7ba9976d18d9e89f02 78b3fe5211be4b729860bbb0f21a2f34 - - default default] delete failed (client error): The resource could not be found. [pid: 7|app: 0|req: 1140/2259] 10.0.0.108 () {32 vars in 762 bytes} [Thu Apr 23 01:26:31 2026] DELETE /v2.0/vpn/ipsec-site-connections/f243c0c4-fd19-428f-8944-7ab3e29cf087 => generated 154 bytes in 12 msecs (HTTP/1.1 404) 4 headers in 164 bytes (1 switches on core 0) [pid: 8|app: 0|req: 1120/2260] 10.0.0.108 () {34 vars in 693 bytes} [Thu Apr 23 01:26:31 2026] POST /v2.0/vpn/endpoint-groups => generated 289 bytes in 48 msecs (HTTP/1.1 201) 4 headers in 162 bytes (1 switches on core 0) [pid: 7|app: 0|req: 1141/2261] 10.0.0.108 () {30 vars in 702 bytes} [Thu Apr 23 01:26:31 2026] PUT /v2.0/vpn/endpoint-groups/64d88688-08f9-4caa-80f5-cd7b8576556b => generated 289 bytes in 19 msecs (HTTP/1.1 200) 4 headers in 157 bytes (1 switches on core 0) [pid: 8|app: 0|req: 1121/2262] 10.0.0.108 () {32 vars in 745 bytes} [Thu Apr 23 01:26:31 2026] GET /v2.0/vpn/endpoint-groups/64d88688-08f9-4caa-80f5-cd7b8576556b => generated 289 bytes in 13 msecs (HTTP/1.1 200) 4 headers in 157 bytes (1 switches on core 0) [pid: 7|app: 0|req: 1142/2263] 10.0.0.108 () {32 vars in 748 bytes} [Thu Apr 23 01:26:31 2026] DELETE /v2.0/vpn/endpoint-groups/64d88688-08f9-4caa-80f5-cd7b8576556b => generated 0 bytes in 23 msecs (HTTP/1.1 204) 2 headers in 112 bytes (1 switches on core 0) [pid: 8|app: 0|req: 1122/2264] 10.0.0.108 () {32 vars in 671 bytes} [Thu Apr 23 01:26:31 2026] GET /v2.0/vpn/endpoint-groups => generated 633 bytes in 15 msecs (HTTP/1.1 200) 4 headers in 157 bytes (1 switches on core 0) [pid: 7|app: 0|req: 1143/2265] 10.0.0.108 () {32 vars in 671 bytes} [Thu Apr 23 01:26:31 2026] GET /v2.0/vpn/endpoint-groups => generated 633 bytes in 18 msecs (HTTP/1.1 200) 4 headers in 157 bytes (1 switches on core 0) [pid: 8|app: 0|req: 1123/2266] 10.0.0.108 () {34 vars in 685 bytes} [Thu Apr 23 01:26:32 2026] POST /v2.0/vpn/ikepolicies => generated 403 bytes in 46 msecs (HTTP/1.1 201) 4 headers in 162 bytes (1 switches on core 0) [pid: 7|app: 0|req: 1144/2267] 10.0.0.108 () {30 vars in 695 bytes} [Thu Apr 23 01:26:32 2026] PUT /v2.0/vpn/ikepolicies/ee3356f0-8b34-47ff-ad58-c13887f20c03 => generated 418 bytes in 31 msecs (HTTP/1.1 200) 4 headers in 157 bytes (1 switches on core 0) [pid: 8|app: 0|req: 1124/2268] 10.0.0.108 () {32 vars in 737 bytes} [Thu Apr 23 01:26:32 2026] GET /v2.0/vpn/ikepolicies/ee3356f0-8b34-47ff-ad58-c13887f20c03 => generated 418 bytes in 10 msecs (HTTP/1.1 200) 4 headers in 157 bytes (1 switches on core 0) [pid: 7|app: 0|req: 1145/2269] 10.0.0.108 () {32 vars in 740 bytes} [Thu Apr 23 01:26:32 2026] DELETE /v2.0/vpn/ikepolicies/ee3356f0-8b34-47ff-ad58-c13887f20c03 => generated 0 bytes in 48 msecs (HTTP/1.1 204) 2 headers in 112 bytes (1 switches on core 0) [pid: 8|app: 0|req: 1125/2270] 10.0.0.108 () {32 vars in 663 bytes} [Thu Apr 23 01:26:32 2026] GET /v2.0/vpn/ikepolicies => generated 408 bytes in 12 msecs (HTTP/1.1 200) 4 headers in 157 bytes (1 switches on core 0) [pid: 7|app: 0|req: 1146/2271] 10.0.0.108 () {32 vars in 663 bytes} [Thu Apr 23 01:26:32 2026] GET /v2.0/vpn/ikepolicies => generated 408 bytes in 11 msecs (HTTP/1.1 200) 4 headers in 157 bytes (1 switches on core 0) [pid: 7|app: 0|req: 1147/2272] 10.0.0.108 () {34 vars in 689 bytes} [Thu Apr 23 01:26:32 2026] POST /v2.0/vpn/ipsecpolicies => generated 412 bytes in 37 msecs (HTTP/1.1 201) 4 headers in 162 bytes (1 switches on core 0) [pid: 7|app: 0|req: 1148/2273] 10.0.0.108 () {30 vars in 699 bytes} [Thu Apr 23 01:26:32 2026] PUT /v2.0/vpn/ipsecpolicies/580e719f-72df-4ebd-bd3d-611a830c47a3 => generated 431 bytes in 27 msecs (HTTP/1.1 200) 4 headers in 157 bytes (1 switches on core 0) [pid: 7|app: 0|req: 1149/2274] 10.0.0.108 () {32 vars in 744 bytes} [Thu Apr 23 01:26:32 2026] DELETE /v2.0/vpn/ipsecpolicies/580e719f-72df-4ebd-bd3d-611a830c47a3 => generated 0 bytes in 26 msecs (HTTP/1.1 204) 2 headers in 112 bytes (1 switches on core 0)
2026-04-23 01:26:32.304 7 INFO neutron.api.v2.resource [None req-375aaee4-2cea-41cc-ae4e-2271d4dcfcbf c7d21f484a0c4e7ba9976d18d9e89f02 78b3fe5211be4b729860bbb0f21a2f34 - - default default] delete failed (client error): The resource could not be found. [pid: 7|app: 0|req: 1150/2275] 10.0.0.108 () {32 vars in 744 bytes} [Thu Apr 23 01:26:32 2026] DELETE /v2.0/vpn/ipsecpolicies/580e719f-72df-4ebd-bd3d-611a830c47a3 => generated 145 bytes in 8 msecs (HTTP/1.1 404) 4 headers in 164 bytes (1 switches on core 0)
2026-04-23 01:26:32.318 7 INFO neutron.api.v2.resource [None req-24a68e8d-d8b9-44ed-9c1b-280ad92e70db c7d21f484a0c4e7ba9976d18d9e89f02 78b3fe5211be4b729860bbb0f21a2f34 - - default default] delete failed (client error): The resource could not be found. [pid: 7|app: 0|req: 1151/2276] 10.0.0.108 () {32 vars in 744 bytes} [Thu Apr 23 01:26:32 2026] DELETE /v2.0/vpn/ipsecpolicies/580e719f-72df-4ebd-bd3d-611a830c47a3 => generated 145 bytes in 9 msecs (HTTP/1.1 404) 4 headers in 164 bytes (1 switches on core 0) [pid: 8|app: 0|req: 1126/2277] 10.0.0.108 () {32 vars in 774 bytes} [Thu Apr 23 01:26:32 2026] GET /v2.0/security-groups?tenant_id=d643963548874cbe8efb547d406d1f71&name=default => generated 2925 bytes in 179 msecs (HTTP/1.1 200) 4 headers in 158 bytes (1 switches on core 0)
2026-04-23 01:26:32.408 7 INFO neutron.db.segments_db [None req-8cd3c219-6736-4699-b73a-bc0e8ec0e1e5 c7d21f484a0c4e7ba9976d18d9e89f02 78b3fe5211be4b729860bbb0f21a2f34 - - default default] Added segment a98fb1bb-ed70-47c0-adb6-850fa41501c8 of type geneve for network 81972fb1-49ae-4f2b-83dc-fba5223d98a8
2026-04-23 01:26:32.526 7 INFO neutron.db.ovn_revision_numbers_db [None req-8cd3c219-6736-4699-b73a-bc0e8ec0e1e5 c7d21f484a0c4e7ba9976d18d9e89f02 78b3fe5211be4b729860bbb0f21a2f34 - - default default] Successfully bumped revision number for resource 81972fb1-49ae-4f2b-83dc-fba5223d98a8 (type: networks) to 1 [pid: 8|app: 0|req: 1127/2278] 10.0.0.108 () {32 vars in 740 bytes} [Thu Apr 23 01:26:32 2026] DELETE /v2.0/security-groups/8737ff68-5453-4222-a17d-0cf459a4fd26 => generated 0 bytes in 224 msecs (HTTP/1.1 204) 2 headers in 112 bytes (1 switches on core 0)
2026-04-23 01:26:32.702 7 WARNING neutron.scheduler.dhcp_agent_scheduler [None req-8cd3c219-6736-4699-b73a-bc0e8ec0e1e5 c7d21f484a0c4e7ba9976d18d9e89f02 78b3fe5211be4b729860bbb0f21a2f34 - - default default] No more DHCP agents
2026-04-23 01:26:32.703 7 WARNING neutron.api.rpc.agentnotifiers.dhcp_rpc_agent_api [None req-8cd3c219-6736-4699-b73a-bc0e8ec0e1e5 c7d21f484a0c4e7ba9976d18d9e89f02 78b3fe5211be4b729860bbb0f21a2f34 - - default default] Unable to schedule network 81972fb1-49ae-4f2b-83dc-fba5223d98a8: no agents available; will retry on subsequent port and subnet creation events.
2026-04-23 01:26:32.754 7 INFO neutron.plugins.ml2.drivers.ovn.mech_driver.mech_driver [None req-1292aa51-151a-4452-996a-bfcd8dadcbe7 - - - - - -] OVN reports status down for port: 998ab4fb-0be0-4ae3-b750-a7aae5d6937f
2026-04-23 01:26:32.806 7 INFO neutron.db.ovn_revision_numbers_db [None req-8cd3c219-6736-4699-b73a-bc0e8ec0e1e5 c7d21f484a0c4e7ba9976d18d9e89f02 78b3fe5211be4b729860bbb0f21a2f34 - - default default] Successfully bumped revision number for resource 998ab4fb-0be0-4ae3-b750-a7aae5d6937f (type: ports) to 1 [pid: 7|app: 0|req: 1152/2279] 10.0.0.108 () {34 vars in 670 bytes} [Thu Apr 23 01:26:32 2026] POST /v2.0/networks => generated 630 bytes in 511 msecs (HTTP/1.1 201) 4 headers in 162 bytes (1 switches on core 0)
2026-04-23 01:26:33.048 8 WARNING neutron.scheduler.dhcp_agent_scheduler [None req-f98b6d52-a489-4b2a-b432-27d4e94f49ca c7d21f484a0c4e7ba9976d18d9e89f02 78b3fe5211be4b729860bbb0f21a2f34 - - default default] No more DHCP agents
2026-04-23 01:26:33.051 8 WARNING neutron.api.rpc.agentnotifiers.dhcp_rpc_agent_api [None req-f98b6d52-a489-4b2a-b432-27d4e94f49ca c7d21f484a0c4e7ba9976d18d9e89f02 78b3fe5211be4b729860bbb0f21a2f34 - - default default] Unable to schedule network 81972fb1-49ae-4f2b-83dc-fba5223d98a8: no agents available; will retry on subsequent port and subnet creation events.
2026-04-23 01:26:33.502 8 INFO neutron.db.ovn_revision_numbers_db [None req-68bc6846-ea40-45bb-aac0-2bfbed5a4dae - - - - - -] Successfully bumped revision number for resource 998ab4fb-0be0-4ae3-b750-a7aae5d6937f (type: ports) to 2
2026-04-23 01:26:33.535 8 INFO neutron.db.ovn_revision_numbers_db [None req-68bc6846-ea40-45bb-aac0-2bfbed5a4dae - - - - - -] Successfully bumped revision number for resource 7cdcb2db-e058-4ddb-9f13-1f9fd7a6c06e (type: subnets) to 0 [pid: 8|app: 0|req: 1128/2280] 10.0.0.108 () {34 vars in 669 bytes} [Thu Apr 23 01:26:32 2026] POST /v2.0/subnets => generated 629 bytes in 708 msecs (HTTP/1.1 201) 4 headers in 162 bytes (1 switches on core 0)
2026-04-23 01:26:33.871 7 INFO neutron.db.ovn_revision_numbers_db [None req-ec1def86-a9b5-4883-bfec-5b0aa915f7a1 795ab10146cc4092a5280011ea85cdd6 57d181a686f84c39929826ab9c6922f4 - - default default] Successfully bumped revision number for resource f1f94bc8-0c70-4529-a8ee-e65c824ee783 (type: security_groups) to 1
2026-04-23 01:26:33.881 7 INFO neutron.db.ovn_revision_numbers_db [None req-ec1def86-a9b5-4883-bfec-5b0aa915f7a1 795ab10146cc4092a5280011ea85cdd6 57d181a686f84c39929826ab9c6922f4 - - default default] Successfully bumped revision number for resource 043e8c03-e02c-4bae-b4b4-cf688a0eded4 (type: security_group_rules) to 0
2026-04-23 01:26:33.892 7 INFO neutron.db.ovn_revision_numbers_db [None req-ec1def86-a9b5-4883-bfec-5b0aa915f7a1 795ab10146cc4092a5280011ea85cdd6 57d181a686f84c39929826ab9c6922f4 - - default default] Successfully bumped revision number for resource 321f3381-bacd-49a7-aeaf-f66806f7abb0 (type: security_group_rules) to 0
2026-04-23 01:26:33.904 7 INFO neutron.db.ovn_revision_numbers_db [None req-ec1def86-a9b5-4883-bfec-5b0aa915f7a1 795ab10146cc4092a5280011ea85cdd6 57d181a686f84c39929826ab9c6922f4 - - default default] Successfully bumped revision number for resource 69d6fc9a-2e4c-464b-ad36-42afdef1347d (type: security_group_rules) to 0
2026-04-23 01:26:33.916 7 INFO neutron.db.ovn_revision_numbers_db [None req-ec1def86-a9b5-4883-bfec-5b0aa915f7a1 795ab10146cc4092a5280011ea85cdd6 57d181a686f84c39929826ab9c6922f4 - - default default] Successfully bumped revision number for resource 69f6c6cb-55bf-4160-bc1a-dc51ee4a24cf (type: security_group_rules) to 0
2026-04-23 01:26:33.978 7 INFO neutron.db.segments_db [None req-ec1def86-a9b5-4883-bfec-5b0aa915f7a1 795ab10146cc4092a5280011ea85cdd6 57d181a686f84c39929826ab9c6922f4 - - default default] Added segment dec028ec-b478-41b3-ac95-10c087726261 of type geneve for network 76a3f9a3-aedb-4e4e-90d4-9b1a36185356
2026-04-23 01:26:33.980 8 WARNING neutron.scheduler.dhcp_agent_scheduler [None req-35a87d9c-d77d-4738-9005-b5913b5e5b94 c7d21f484a0c4e7ba9976d18d9e89f02 78b3fe5211be4b729860bbb0f21a2f34 - - default default] No more DHCP agents
2026-04-23 01:26:33.981 8 WARNING neutron.api.rpc.agentnotifiers.dhcp_rpc_agent_api [None req-35a87d9c-d77d-4738-9005-b5913b5e5b94 c7d21f484a0c4e7ba9976d18d9e89f02 78b3fe5211be4b729860bbb0f21a2f34 - - default default] Unable to schedule network f16560c7-6673-4ceb-8c89-16b5acaffae6: no agents available; will retry on subsequent port and subnet creation events.
2026-04-23 01:26:34.078 7 INFO neutron.db.ovn_revision_numbers_db [None req-ec1def86-a9b5-4883-bfec-5b0aa915f7a1 795ab10146cc4092a5280011ea85cdd6 57d181a686f84c39929826ab9c6922f4 - - default default] Successfully bumped revision number for resource 76a3f9a3-aedb-4e4e-90d4-9b1a36185356 (type: networks) to 1
2026-04-23 01:26:34.153 8 INFO neutron.db.ovn_revision_numbers_db [None req-35a87d9c-d77d-4738-9005-b5913b5e5b94 c7d21f484a0c4e7ba9976d18d9e89f02 78b3fe5211be4b729860bbb0f21a2f34 - - default default] Successfully bumped revision number for resource 8e210f5b-1519-4771-8b00-dfbd9b8e8612 (type: ports) to 1
2026-04-23 01:26:34.157 7 INFO neutron.plugins.ml2.drivers.ovn.mech_driver.mech_driver [None req-1292aa51-151a-4452-996a-bfcd8dadcbe7 - - - - - -] OVN reports status down for port: 8e210f5b-1519-4771-8b00-dfbd9b8e8612
2026-04-23 01:26:34.343 7 WARNING neutron.scheduler.dhcp_agent_scheduler [None req-ec1def86-a9b5-4883-bfec-5b0aa915f7a1 795ab10146cc4092a5280011ea85cdd6 57d181a686f84c39929826ab9c6922f4 - - default default] No more DHCP agents
2026-04-23 01:26:34.344 7 WARNING neutron.api.rpc.agentnotifiers.dhcp_rpc_agent_api [None req-ec1def86-a9b5-4883-bfec-5b0aa915f7a1 795ab10146cc4092a5280011ea85cdd6 57d181a686f84c39929826ab9c6922f4 - - default default] Unable to schedule network 76a3f9a3-aedb-4e4e-90d4-9b1a36185356: no agents available; will retry on subsequent port and subnet creation events.
2026-04-23 01:26:34.406 8 INFO neutron.plugins.ml2.drivers.ovn.mech_driver.mech_driver [None req-8740da94-9fee-4449-a407-aa129e737adb - - - - - -] OVN reports status down for port: d195f82d-1016-4474-a9d2-888c012cf508
2026-04-23 01:26:34.415 7 INFO neutron.db.ovn_revision_numbers_db [None req-ec1def86-a9b5-4883-bfec-5b0aa915f7a1 795ab10146cc4092a5280011ea85cdd6 57d181a686f84c39929826ab9c6922f4 - - default default] Successfully bumped revision number for resource d195f82d-1016-4474-a9d2-888c012cf508 (type: ports) to 1 [pid: 7|app: 0|req: 1153/2281] 10.0.0.108 () {34 vars in 670 bytes} [Thu Apr 23 01:26:33 2026] POST /v2.0/networks => generated 631 bytes in 903 msecs (HTTP/1.1 201) 4 headers in 162 bytes (1 switches on core 0)
2026-04-23 01:26:34.667 7 INFO neutron.db.ovn_revision_numbers_db [None req-779c6df8-db9b-44a7-be04-05a9cd115cbc 6142135ed29b46349b2fefbfb167c78b ac584cdd479f4ab1b17f1afa1b59a060 - - default default] Successfully bumped revision number for resource 8d1e8500-7fe7-43d8-9283-098b97a5fec3 (type: security_groups) to 1
2026-04-23 01:26:34.680 7 INFO neutron.db.ovn_revision_numbers_db [None req-779c6df8-db9b-44a7-be04-05a9cd115cbc 6142135ed29b46349b2fefbfb167c78b ac584cdd479f4ab1b17f1afa1b59a060 - - default default] Successfully bumped revision number for resource 3b2e0dd1-061d-41d7-886d-bd0870a8adf4 (type: security_group_rules) to 0
2026-04-23 01:26:34.699 7 INFO neutron.db.ovn_revision_numbers_db [None req-779c6df8-db9b-44a7-be04-05a9cd115cbc 6142135ed29b46349b2fefbfb167c78b ac584cdd479f4ab1b17f1afa1b59a060 - - default default] Successfully bumped revision number for resource 6b411f3a-db7c-4854-be88-cc5438371a71 (type: security_group_rules) to 0
2026-04-23 01:26:34.720 7 INFO neutron.db.ovn_revision_numbers_db [None req-779c6df8-db9b-44a7-be04-05a9cd115cbc 6142135ed29b46349b2fefbfb167c78b ac584cdd479f4ab1b17f1afa1b59a060 - - default default] Successfully bumped revision number for resource aa726ac7-5b88-4bf6-a102-20ba2d0e8c9f (type: security_group_rules) to 0
2026-04-23 01:26:34.734 7 INFO neutron.db.ovn_revision_numbers_db [None req-779c6df8-db9b-44a7-be04-05a9cd115cbc 6142135ed29b46349b2fefbfb167c78b ac584cdd479f4ab1b17f1afa1b59a060 - - default default] Successfully bumped revision number for resource faf181c2-7a6b-41f5-90ca-78205e067499 (type: security_group_rules) to 0
2026-04-23 01:26:34.784 8 INFO neutron.plugins.ml2.drivers.ovn.mech_driver.ovsdb.commands [None req-ca42f350-3b16-4b2d-93ba-82b5af84493b - - - - - -] Schedule LRP lrp-8e210f5b-1519-4771-8b00-dfbd9b8e8612 on gateway 515bcfe3-0615-440b-a855-e013bf2113de with priority 1
2026-04-23 01:26:34.817 7 INFO neutron.db.segments_db [None req-779c6df8-db9b-44a7-be04-05a9cd115cbc 6142135ed29b46349b2fefbfb167c78b ac584cdd479f4ab1b17f1afa1b59a060 - - default default] Added segment 03662d6a-5bf9-4b1e-bba5-dc07d04f9332 of type geneve for network 29a650e3-61ae-461e-ab99-f24b38fc05fa
2026-04-23 01:26:34.823 7 INFO neutron.plugins.ml2.drivers.ovn.mech_driver.mech_driver [None req-1292aa51-151a-4452-996a-bfcd8dadcbe7 - - - - - -] OVN reports status up for port: 8e210f5b-1519-4771-8b00-dfbd9b8e8612
2026-04-23 01:26:34.834 8 INFO neutron.db.ovn_revision_numbers_db [None req-35a87d9c-d77d-4738-9005-b5913b5e5b94 c7d21f484a0c4e7ba9976d18d9e89f02 78b3fe5211be4b729860bbb0f21a2f34 - - default default] Successfully bumped revision number for resource 8e210f5b-1519-4771-8b00-dfbd9b8e8612 (type: router_ports) to 1
2026-04-23 01:26:34.843 7 INFO neutron.plugins.ml2.plugin [None req-1292aa51-151a-4452-996a-bfcd8dadcbe7 - - - - - -] Attempt 1 to provision port 8e210f5b-1519-4771-8b00-dfbd9b8e8612
2026-04-23 01:26:34.894 8 INFO neutron.db.ovn_revision_numbers_db [None req-35a87d9c-d77d-4738-9005-b5913b5e5b94 c7d21f484a0c4e7ba9976d18d9e89f02 78b3fe5211be4b729860bbb0f21a2f34 - - default default] Successfully bumped revision number for resource 3d50de3a-874a-4572-a7dc-5f8fe64b6e7c (type: routers) to 2 [pid: 8|app: 0|req: 1129/2282] 10.0.0.108 () {34 vars in 669 bytes} [Thu Apr 23 01:26:33 2026] POST /v2.0/routers => generated 937 bytes in 1354 msecs (HTTP/1.1 201) 4 headers in 162 bytes (1 switches on core 0) [pid: 8|app: 0|req: 1130/2283] 10.0.0.108 () {34 vars in 753 bytes} [Thu Apr 23 01:26:34 2026] PUT /v2.0/networks/76a3f9a3-aedb-4e4e-90d4-9b1a36185356/tags => generated 25 bytes in 62 msecs (HTTP/1.1 200) 4 headers in 156 bytes (1 switches on core 0)
2026-04-23 01:26:34.973 7 INFO neutron.db.ovn_revision_numbers_db [None req-779c6df8-db9b-44a7-be04-05a9cd115cbc 6142135ed29b46349b2fefbfb167c78b ac584cdd479f4ab1b17f1afa1b59a060 - - default default] Successfully bumped revision number for resource 29a650e3-61ae-461e-ab99-f24b38fc05fa (type: networks) to 1
2026-04-23 01:26:35.134 7 WARNING neutron.scheduler.dhcp_agent_scheduler [None req-779c6df8-db9b-44a7-be04-05a9cd115cbc 6142135ed29b46349b2fefbfb167c78b ac584cdd479f4ab1b17f1afa1b59a060 - - default default] No more DHCP agents
2026-04-23 01:26:35.136 7 WARNING neutron.api.rpc.agentnotifiers.dhcp_rpc_agent_api [None req-779c6df8-db9b-44a7-be04-05a9cd115cbc 6142135ed29b46349b2fefbfb167c78b ac584cdd479f4ab1b17f1afa1b59a060 - - default default] Unable to schedule network 29a650e3-61ae-461e-ab99-f24b38fc05fa: no agents available; will retry on subsequent port and subnet creation events.
2026-04-23 01:26:35.203 8 INFO neutron.plugins.ml2.drivers.ovn.mech_driver.mech_driver [None req-8740da94-9fee-4449-a407-aa129e737adb - - - - - -] OVN reports status down for port: 70b44a1f-1830-411f-b7bc-ff7955ba321e
2026-04-23 01:26:35.214 7 INFO neutron.db.ovn_revision_numbers_db [None req-779c6df8-db9b-44a7-be04-05a9cd115cbc 6142135ed29b46349b2fefbfb167c78b ac584cdd479f4ab1b17f1afa1b59a060 - - default default] Successfully bumped revision number for resource 70b44a1f-1830-411f-b7bc-ff7955ba321e (type: ports) to 1 [pid: 7|app: 0|req: 1154/2284] 10.0.0.108 () {34 vars in 670 bytes} [Thu Apr 23 01:26:34 2026] POST /v2.0/networks => generated 644 bytes in 799 msecs (HTTP/1.1 201) 4 headers in 162 bytes (1 switches on core 0) [pid: 7|app: 0|req: 1155/2285] 10.0.0.108 () {32 vars in 733 bytes} [Thu Apr 23 01:26:35 2026] GET /v2.0/networks/76a3f9a3-aedb-4e4e-90d4-9b1a36185356/tags => generated 25 bytes in 40 msecs (HTTP/1.1 200) 4 headers in 156 bytes (1 switches on core 0)
2026-04-23 01:26:35.456 7 WARNING neutron.scheduler.dhcp_agent_scheduler [None req-7be7f91a-03b8-4e83-970b-9348925b0b4e 6142135ed29b46349b2fefbfb167c78b ac584cdd479f4ab1b17f1afa1b59a060 - - default default] No more DHCP agents
2026-04-23 01:26:35.459 7 WARNING neutron.api.rpc.agentnotifiers.dhcp_rpc_agent_api [None req-7be7f91a-03b8-4e83-970b-9348925b0b4e 6142135ed29b46349b2fefbfb167c78b ac584cdd479f4ab1b17f1afa1b59a060 - - default default] Unable to schedule network 29a650e3-61ae-461e-ab99-f24b38fc05fa: no agents available; will retry on subsequent port and subnet creation events.
2026-04-23 01:26:35.494 8 WARNING neutron.scheduler.dhcp_agent_scheduler [None req-98ca7913-c97c-42f9-9cb4-ea571f5ad98d c7d21f484a0c4e7ba9976d18d9e89f02 78b3fe5211be4b729860bbb0f21a2f34 - - default default] No more DHCP agents
2026-04-23 01:26:35.496 8 WARNING neutron.api.rpc.agentnotifiers.dhcp_rpc_agent_api [None req-98ca7913-c97c-42f9-9cb4-ea571f5ad98d c7d21f484a0c4e7ba9976d18d9e89f02 78b3fe5211be4b729860bbb0f21a2f34 - - default default] Unable to schedule network 81972fb1-49ae-4f2b-83dc-fba5223d98a8: no agents available; will retry on subsequent port and subnet creation events.
2026-04-23 01:26:35.665 8 INFO neutron.db.ovn_revision_numbers_db [None req-98ca7913-c97c-42f9-9cb4-ea571f5ad98d c7d21f484a0c4e7ba9976d18d9e89f02 78b3fe5211be4b729860bbb0f21a2f34 - - default default] Successfully bumped revision number for resource 9359a762-8282-4679-944a-235c45f7d7a7 (type: ports) to 1
2026-04-23 01:26:35.943 7 INFO neutron.db.ovn_revision_numbers_db [None req-7729ae5f-1054-4155-8849-3cbb9da8d53a - - - - - -] Successfully bumped revision number for resource 70b44a1f-1830-411f-b7bc-ff7955ba321e (type: ports) to 2
2026-04-23 01:26:35.975 7 INFO neutron.db.ovn_revision_numbers_db [None req-7729ae5f-1054-4155-8849-3cbb9da8d53a - - - - - -] Successfully bumped revision number for resource 0f00d4b2-ea53-4c59-9c92-798405b1c627 (type: subnets) to 0 [pid: 7|app: 0|req: 1156/2286] 10.0.0.108 () {34 vars in 669 bytes} [Thu Apr 23 01:26:35 2026] POST /v2.0/subnets => generated 641 bytes in 714 msecs (HTTP/1.1 201) 4 headers in 162 bytes (1 switches on core 0) [pid: 7|app: 0|req: 1157/2287] 10.0.0.108 () {34 vars in 764 bytes} [Thu Apr 23 01:26:35 2026] PUT /v2.0/networks/76a3f9a3-aedb-4e4e-90d4-9b1a36185356/tags/green => generated 4 bytes in 67 msecs (HTTP/1.1 201) 4 headers in 160 bytes (1 switches on core 0)
2026-04-23 01:26:36.143 7 INFO neutron.db.segments_db [None req-73d0a29a-009a-4190-b20b-7d33b85560d8 6142135ed29b46349b2fefbfb167c78b ac584cdd479f4ab1b17f1afa1b59a060 - - default default] Added segment ec4664ef-8c7f-4e25-8d37-eca11d1acb8a of type geneve for network e1305f85-2486-4a74-8fc3-dfa68dbbb91e
2026-04-23 01:26:36.248 7 INFO neutron.db.ovn_revision_numbers_db [None req-73d0a29a-009a-4190-b20b-7d33b85560d8 6142135ed29b46349b2fefbfb167c78b ac584cdd479f4ab1b17f1afa1b59a060 - - default default] Successfully bumped revision number for resource e1305f85-2486-4a74-8fc3-dfa68dbbb91e (type: networks) to 1
2026-04-23 01:26:36.374 8 WARNING neutron.scheduler.dhcp_agent_scheduler [None req-98ca7913-c97c-42f9-9cb4-ea571f5ad98d c7d21f484a0c4e7ba9976d18d9e89f02 78b3fe5211be4b729860bbb0f21a2f34 - - default default] No more DHCP agents
2026-04-23 01:26:36.375 8 WARNING neutron.api.rpc.agentnotifiers.dhcp_rpc_agent_api [None req-98ca7913-c97c-42f9-9cb4-ea571f5ad98d c7d21f484a0c4e7ba9976d18d9e89f02 78b3fe5211be4b729860bbb0f21a2f34 - - default default] Unable to schedule network 81972fb1-49ae-4f2b-83dc-fba5223d98a8: no agents available; will retry on subsequent port and subnet creation events.
2026-04-23 01:26:36.422 7 WARNING neutron.scheduler.dhcp_agent_scheduler [None req-73d0a29a-009a-4190-b20b-7d33b85560d8 6142135ed29b46349b2fefbfb167c78b ac584cdd479f4ab1b17f1afa1b59a060 - - default default] No more DHCP agents
2026-04-23 01:26:36.424 7 WARNING neutron.api.rpc.agentnotifiers.dhcp_rpc_agent_api [None req-73d0a29a-009a-4190-b20b-7d33b85560d8 6142135ed29b46349b2fefbfb167c78b ac584cdd479f4ab1b17f1afa1b59a060 - - default default] Unable to schedule network e1305f85-2486-4a74-8fc3-dfa68dbbb91e: no agents available; will retry on subsequent port and subnet creation events.
2026-04-23 01:26:36.512 7 INFO neutron.db.ovn_revision_numbers_db [None req-73d0a29a-009a-4190-b20b-7d33b85560d8 6142135ed29b46349b2fefbfb167c78b ac584cdd479f4ab1b17f1afa1b59a060 - - default default] Successfully bumped revision number for resource 66dcdc37-8f2f-4e71-b94c-a041691afa5e (type: ports) to 1 [pid: 7|app: 0|req: 1158/2288] 10.0.0.108 () {34 vars in 670 bytes} [Thu Apr 23 01:26:36 2026] POST /v2.0/networks => generated 643 bytes in 478 msecs (HTTP/1.1 201) 4 headers in 162 bytes (1 switches on core 0) [pid: 7|app: 0|req: 1159/2289] 10.0.0.108 () {32 vars in 733 bytes} [Thu Apr 23 01:26:36 2026] GET /v2.0/networks/76a3f9a3-aedb-4e4e-90d4-9b1a36185356/tags => generated 34 bytes in 38 msecs (HTTP/1.1 200) 4 headers in 156 bytes (1 switches on core 0)
2026-04-23 01:26:36.724 8 INFO neutron.db.ovn_revision_numbers_db [None req-98ca7913-c97c-42f9-9cb4-ea571f5ad98d c7d21f484a0c4e7ba9976d18d9e89f02 78b3fe5211be4b729860bbb0f21a2f34 - - default default] Successfully bumped revision number for resource 9359a762-8282-4679-944a-235c45f7d7a7 (type: router_ports) to 1 [pid: 8|app: 0|req: 1131/2290] 10.0.0.108 () {34 vars in 783 bytes} [Thu Apr 23 01:26:34 2026] PUT /v2.0/routers/3d50de3a-874a-4572-a7dc-5f8fe64b6e7c/add_router_interface => generated 309 bytes in 1759 msecs (HTTP/1.1 200) 4 headers in 157 bytes (1 switches on core 0)
2026-04-23 01:26:36.769 7 INFO neutron.db.ovn_revision_numbers_db [None req-dc8d6e49-942a-4473-bb50-592d51ac3e6c 6142135ed29b46349b2fefbfb167c78b ac584cdd479f4ab1b17f1afa1b59a060 - - default default] Successfully bumped revision number for resource e1305f85-2486-4a74-8fc3-dfa68dbbb91e (type: networks) to 2 [pid: 7|app: 0|req: 1160/2291] 10.0.0.108 () {34 vars in 743 bytes} [Thu Apr 23 01:26:36 2026] PUT /v2.0/networks/e1305f85-2486-4a74-8fc3-dfa68dbbb91e => generated 598 bytes in 198 msecs (HTTP/1.1 200) 4 headers in 157 bytes (1 switches on core 0) [pid: 8|app: 0|req: 1132/2292] 10.0.0.108 () {34 vars in 760 bytes} [Thu Apr 23 01:26:36 2026] PUT /v2.0/networks/76a3f9a3-aedb-4e4e-90d4-9b1a36185356/tags/red => generated 4 bytes in 64 msecs (HTTP/1.1 201) 4 headers in 160 bytes (1 switches on core 0)
2026-04-23 01:26:36.969 8 WARNING neutron.scheduler.dhcp_agent_scheduler [None req-1ea98b7e-790a-4903-b6e8-e492b69e676d 6142135ed29b46349b2fefbfb167c78b ac584cdd479f4ab1b17f1afa1b59a060 - - default default] No more DHCP agents
2026-04-23 01:26:36.970 8 WARNING neutron.api.rpc.agentnotifiers.dhcp_rpc_agent_api [None req-1ea98b7e-790a-4903-b6e8-e492b69e676d 6142135ed29b46349b2fefbfb167c78b ac584cdd479f4ab1b17f1afa1b59a060 - - default default] Unable to schedule network e1305f85-2486-4a74-8fc3-dfa68dbbb91e: no agents available; will retry on subsequent port and subnet creation events.
2026-04-23 01:26:37.243 7 WARNING neutron.scheduler.dhcp_agent_scheduler [None req-ccb37719-5585-4e1d-bf27-4038d9cc8696 - - - - - -] No more DHCP agents
2026-04-23 01:26:37.244 7 WARNING neutron.api.rpc.agentnotifiers.dhcp_rpc_agent_api [None req-ccb37719-5585-4e1d-bf27-4038d9cc8696 - - - - - -] Unable to schedule network f16560c7-6673-4ceb-8c89-16b5acaffae6: no agents available; will retry on subsequent port and subnet creation events.
2026-04-23 01:26:37.369 8 INFO neutron.plugins.ml2.drivers.ovn.mech_driver.mech_driver [None req-8740da94-9fee-4449-a407-aa129e737adb - - - - - -] OVN reports status down for port: e1551814-3474-4248-8ac4-0fafaf24ca6d
2026-04-23 01:26:37.396 7 INFO neutron.db.ovn_revision_numbers_db [None req-ccb37719-5585-4e1d-bf27-4038d9cc8696 - - - - - -] Successfully bumped revision number for resource e1551814-3474-4248-8ac4-0fafaf24ca6d (type: ports) to 1
2026-04-23 01:26:37.420 8 INFO neutron.db.ovn_revision_numbers_db [None req-961807b6-b9d1-424a-b4f2-f484119aae78 - - - - - -] Successfully bumped revision number for resource 66dcdc37-8f2f-4e71-b94c-a041691afa5e (type: ports) to 2
2026-04-23 01:26:37.461 8 INFO neutron.db.ovn_revision_numbers_db [None req-961807b6-b9d1-424a-b4f2-f484119aae78 - - - - - -] Successfully bumped revision number for resource 4b784b2c-5c6b-4ee8-abf6-c67e8308de0d (type: subnets) to 0 [pid: 8|app: 0|req: 1133/2293] 10.0.0.108 () {34 vars in 669 bytes} [Thu Apr 23 01:26:36 2026] POST /v2.0/subnets => generated 626 bytes in 683 msecs (HTTP/1.1 201) 4 headers in 162 bytes (1 switches on core 0) [pid: 8|app: 0|req: 1134/2294] 10.0.0.108 () {32 vars in 733 bytes} [Thu Apr 23 01:26:37 2026] GET /v2.0/networks/76a3f9a3-aedb-4e4e-90d4-9b1a36185356/tags => generated 34 bytes in 42 msecs (HTTP/1.1 200) 4 headers in 156 bytes (1 switches on core 0)
2026-04-23 01:26:37.621 7 INFO neutron.db.ovn_revision_numbers_db [None req-ccb37719-5585-4e1d-bf27-4038d9cc8696 - - - - - -] Successfully bumped revision number for resource e1551814-3474-4248-8ac4-0fafaf24ca6d (type: ports) to 3
2026-04-23 01:26:37.680 7 INFO neutron.db.segments_db [None req-ccb37719-5585-4e1d-bf27-4038d9cc8696 - - - - - -] Added segment 589c4f00-719c-40fa-bf9e-08c9c0b7b3db of type geneve for network fbc04cfe-fbd3-4ebb-b991-614eb4f0097f
2026-04-23 01:26:37.762 8 INFO neutron.db.ovn_revision_numbers_db [None req-1c827326-55d7-4680-b38f-4be408393581 6142135ed29b46349b2fefbfb167c78b ac584cdd479f4ab1b17f1afa1b59a060 - - default default] Successfully bumped revision number for resource 4b784b2c-5c6b-4ee8-abf6-c67e8308de0d (type: subnets) to 1 [pid: 8|app: 0|req: 1135/2295] 10.0.0.108 () {34 vars in 741 bytes} [Thu Apr 23 01:26:37 2026] PUT /v2.0/subnets/4b784b2c-5c6b-4ee8-abf6-c67e8308de0d => generated 636 bytes in 244 msecs (HTTP/1.1 200) 4 headers in 157 bytes (1 switches on core 0)
2026-04-23 01:26:37.792 7 INFO neutron.db.ovn_revision_numbers_db [None req-cd2a716e-cfe6-48b4-a75e-df804378ce15 - - - - - -] Successfully bumped revision number for resource fbc04cfe-fbd3-4ebb-b991-614eb4f0097f (type: networks) to 1 [pid: 8|app: 0|req: 1136/2296] 10.0.0.108 () {34 vars in 782 bytes} [Thu Apr 23 01:26:37 2026] PUT /v2.0/networks/76a3f9a3-aedb-4e4e-90d4-9b1a36185356/tags/black.or.white => generated 4 bytes in 68 msecs (HTTP/1.1 201) 4 headers in 160 bytes (1 switches on core 0)
2026-04-23 01:26:37.920 7 WARNING neutron.scheduler.dhcp_agent_scheduler [None req-cd2a716e-cfe6-48b4-a75e-df804378ce15 - - - - - -] No more DHCP agents
2026-04-23 01:26:37.922 7 WARNING neutron.api.rpc.agentnotifiers.dhcp_rpc_agent_api [None req-cd2a716e-cfe6-48b4-a75e-df804378ce15 - - - - - -] Unable to schedule network fbc04cfe-fbd3-4ebb-b991-614eb4f0097f: no agents available; will retry on subsequent port and subnet creation events.
2026-04-23 01:26:37.975 8 INFO neutron.plugins.ml2.drivers.ovn.mech_driver.mech_driver [None req-8740da94-9fee-4449-a407-aa129e737adb - - - - - -] OVN reports status down for port: de3debc0-2ac1-4880-bb7d-e4e6629a70c8
2026-04-23 01:26:37.995 8 INFO neutron_taas.services.taas.taas_plugin [None req-99e933f5-6276-4629-9c7f-e3f9b9413f3d 6142135ed29b46349b2fefbfb167c78b ac584cdd479f4ab1b17f1afa1b59a060 - - default default] TaaS: Handle Delete Port: 66dcdc37-8f2f-4e71-b94c-a041691afa5e
2026-04-23 01:26:38.002 7 INFO neutron.db.ovn_revision_numbers_db [None req-cd2a716e-cfe6-48b4-a75e-df804378ce15 - - - - - -] Successfully bumped revision number for resource de3debc0-2ac1-4880-bb7d-e4e6629a70c8 (type: ports) to 1
2026-04-23 01:26:38.006 8 INFO neutron_taas.services.taas.tap_mirror_plugin [None req-99e933f5-6276-4629-9c7f-e3f9b9413f3d 6142135ed29b46349b2fefbfb167c78b ac584cdd479f4ab1b17f1afa1b59a060 - - default default] Tap Mirror: Handle Delete Port: 66dcdc37-8f2f-4e71-b94c-a041691afa5e
2026-04-23 01:26:38.113 7 WARNING neutron.scheduler.dhcp_agent_scheduler [None req-cd2a716e-cfe6-48b4-a75e-df804378ce15 - - - - - -] No more DHCP agents
2026-04-23 01:26:38.114 7 WARNING neutron.api.rpc.agentnotifiers.dhcp_rpc_agent_api [None req-cd2a716e-cfe6-48b4-a75e-df804378ce15 - - - - - -] Unable to schedule network fbc04cfe-fbd3-4ebb-b991-614eb4f0097f: no agents available; will retry on subsequent port and subnet creation events.
2026-04-23 01:26:38.138 7 INFO neutron.db.ovn_revision_numbers_db [None req-cd2a716e-cfe6-48b4-a75e-df804378ce15 - - - - - -] Successfully bumped revision number for resource 26d95c55-747a-4dd6-bfe4-545b40fce740 (type: subnets) to 0
2026-04-23 01:26:38.350 8 INFO neutron.services.segments.plugin [-] Segment ec4664ef-8c7f-4e25-8d37-eca11d1acb8a resource provider aggregate not found
2026-04-23 01:26:38.356 8 INFO neutron.services.segments.plugin [-] Segment ec4664ef-8c7f-4e25-8d37-eca11d1acb8a resource provider aggregate not found
2026-04-23 01:26:38.368 8 INFO neutron.services.segments.plugin [-] Segment ec4664ef-8c7f-4e25-8d37-eca11d1acb8a resource provider not found; error: Placement Client Error (4xx): {"errors": [{"status": 404, "title": "Not Found", "detail": "The resource could not be found.\n\n No resource provider with uuid ec4664ef-8c7f-4e25-8d37-eca11d1acb8a found for delete ", "request_id": "req-85aa4ea9-7e9b-4010-9871-f7ee498bfbab"}]}
2026-04-23 01:26:38.376 8 INFO neutron.services.segments.plugin [-] Segment ec4664ef-8c7f-4e25-8d37-eca11d1acb8a resource provider not found; error: Placement Client Error (4xx): {"errors": [{"status": 404, "title": "Not Found", "detail": "The resource could not be found.\n\n No resource provider with uuid ec4664ef-8c7f-4e25-8d37-eca11d1acb8a found for delete ", "request_id": "req-2b9c433f-d2c1-4e76-be42-0d7052cb85b9"}]} [pid: 8|app: 0|req: 1137/2297] 10.0.0.108 () {32 vars in 726 bytes} [Thu Apr 23 01:26:37 2026] DELETE /v2.0/networks/e1305f85-2486-4a74-8fc3-dfa68dbbb91e => generated 0 bytes in 559 msecs (HTTP/1.1 204) 3 headers in 131 bytes (1 switches on core 0) [pid: 8|app: 0|req: 1138/2298] 10.0.0.108 () {32 vars in 733 bytes} [Thu Apr 23 01:26:38 2026] GET /v2.0/networks/76a3f9a3-aedb-4e4e-90d4-9b1a36185356/tags => generated 52 bytes in 40 msecs (HTTP/1.1 200) 4 headers in 156 bytes (1 switches on core 0)
2026-04-23 01:26:38.447 8 INFO neutron.pecan_wsgi.hooks.translation [None req-fc9b2a04-bd88-4307-b2db-c5dc0cc1a512 6142135ed29b46349b2fefbfb167c78b ac584cdd479f4ab1b17f1afa1b59a060 - - default default] DELETE failed (client error): The resource could not be found. [pid: 8|app: 0|req: 1139/2299] 10.0.0.108 () {32 vars in 726 bytes} [Thu Apr 23 01:26:38 2026] DELETE /v2.0/networks/e1305f85-2486-4a74-8fc3-dfa68dbbb91e => generated 138 bytes in 14 msecs (HTTP/1.1 404) 4 headers in 164 bytes (1 switches on core 0) [pid: 8|app: 0|req: 1140/2300] 10.0.0.108 () {34 vars in 753 bytes} [Thu Apr 23 01:26:38 2026] PUT /v2.0/networks/76a3f9a3-aedb-4e4e-90d4-9b1a36185356/tags => generated 37 bytes in 60 msecs (HTTP/1.1 200) 4 headers in 156 bytes (1 switches on core 0)
2026-04-23 01:26:38.534 7 WARNING neutron.scheduler.dhcp_agent_scheduler [None req-cd2a716e-cfe6-48b4-a75e-df804378ce15 - - - - - -] No more DHCP agents
2026-04-23 01:26:38.535 7 WARNING neutron.api.rpc.agentnotifiers.dhcp_rpc_agent_api [None req-cd2a716e-cfe6-48b4-a75e-df804378ce15 - - - - - -] Unable to schedule network fbc04cfe-fbd3-4ebb-b991-614eb4f0097f: no agents available; will retry on subsequent port and subnet creation events. [pid: 8|app: 0|req: 1141/2301] 10.0.0.108 () {32 vars in 694 bytes} [Thu Apr 23 01:26:38 2026] GET /v2.0/networks?router%3Aexternal=True => generated 651 bytes in 61 msecs (HTTP/1.1 200) 4 headers in 157 bytes (1 switches on core 0) [pid: 8|app: 0|req: 1142/2302] 10.0.0.108 () {32 vars in 733 bytes} [Thu Apr 23 01:26:38 2026] GET /v2.0/networks/76a3f9a3-aedb-4e4e-90d4-9b1a36185356/tags => generated 37 bytes in 43 msecs (HTTP/1.1 200) 4 headers in 156 bytes (1 switches on core 0) [pid: 8|app: 0|req: 1143/2303] 10.0.0.108 () {32 vars in 742 bytes} [Thu Apr 23 01:26:38 2026] GET /v2.0/subnets?network_id=f16560c7-6673-4ceb-8c89-16b5acaffae6 => generated 649 bytes in 42 msecs (HTTP/1.1 200) 4 headers in 157 bytes (1 switches on core 0)
2026-04-23 01:26:38.680 7 INFO neutron.db.ovn_revision_numbers_db [None req-cd2a716e-cfe6-48b4-a75e-df804378ce15 - - - - - -] Successfully bumped revision number for resource 62d45d0b-956b-4807-ae58-7153ba2879e4 (type: ports) to 1 [pid: 8|app: 0|req: 1144/2304] 10.0.0.108 () {32 vars in 741 bytes} [Thu Apr 23 01:26:38 2026] GET /v2.0/networks/76a3f9a3-aedb-4e4e-90d4-9b1a36185356/tags/red => generated 0 bytes in 31 msecs (HTTP/1.1 204) 2 headers in 112 bytes (1 switches on core 0) [pid: 8|app: 0|req: 1145/2305] 10.0.0.108 () {32 vars in 653 bytes} [Thu Apr 23 01:26:38 2026] GET /v2.0/extensions => generated 20118 bytes in 4 msecs (HTTP/1.1 200) 4 headers in 159 bytes (1 switches on core 0)
2026-04-23 01:26:38.729 8 INFO neutron.api.v2.resource [None req-36ee6d69-acf5-402b-9057-10244f56d065 795ab10146cc4092a5280011ea85cdd6 57d181a686f84c39929826ab9c6922f4 - - default default] show failed (client error): The resource could not be found. [pid: 8|app: 0|req: 1146/2306] 10.0.0.108 () {32 vars in 745 bytes} [Thu Apr 23 01:26:38 2026] GET /v2.0/networks/76a3f9a3-aedb-4e4e-90d4-9b1a36185356/tags/green => generated 99 bytes in 35 msecs (HTTP/1.1 404) 4 headers in 163 bytes (1 switches on core 0) [pid: 8|app: 0|req: 1147/2307] 10.0.0.108 () {32 vars in 649 bytes} [Thu Apr 23 01:26:38 2026] GET /v2.0/networks => generated 1309 bytes in 34 msecs (HTTP/1.1 200) 4 headers in 158 bytes (1 switches on core 0) [pid: 8|app: 0|req: 1148/2308] 10.0.0.108 () {32 vars in 744 bytes} [Thu Apr 23 01:26:38 2026] DELETE /v2.0/networks/76a3f9a3-aedb-4e4e-90d4-9b1a36185356/tags/red => generated 0 bytes in 40 msecs (HTTP/1.1 204) 2 headers in 112 bytes (1 switches on core 0) [pid: 8|app: 0|req: 1149/2309] 10.0.0.108 () {32 vars in 647 bytes} [Thu Apr 23 01:26:38 2026] GET /v2.0/subnets => generated 1280 bytes in 26 msecs (HTTP/1.1 200) 4 headers in 158 bytes (1 switches on core 0) [pid: 8|app: 0|req: 1150/2310] 10.0.0.108 () {32 vars in 733 bytes} [Thu Apr 23 01:26:38 2026] GET /v2.0/networks/76a3f9a3-aedb-4e4e-90d4-9b1a36185356/tags => generated 30 bytes in 32 msecs (HTTP/1.1 200) 4 headers in 156 bytes (1 switches on core 0) [pid: 8|app: 0|req: 1151/2311] 10.0.0.108 () {32 vars in 723 bytes} [Thu Apr 23 01:26:38 2026] GET /v2.0/networks/29a650e3-61ae-461e-ab99-f24b38fc05fa => generated 669 bytes in 29 msecs (HTTP/1.1 200) 4 headers in 157 bytes (1 switches on core 0)
2026-04-23 01:26:38.930 8 INFO neutron.api.v2.resource [None req-63f402bf-d661-43f2-823d-3d26ade680a3 795ab10146cc4092a5280011ea85cdd6 57d181a686f84c39929826ab9c6922f4 - - default default] delete failed (client error): The resource could not be found. [pid: 8|app: 0|req: 1152/2312] 10.0.0.108 () {32 vars in 748 bytes} [Thu Apr 23 01:26:38 2026] DELETE /v2.0/networks/76a3f9a3-aedb-4e4e-90d4-9b1a36185356/tags/green => generated 99 bytes in 37 msecs (HTTP/1.1 404) 4 headers in 163 bytes (1 switches on core 0) [pid: 8|app: 0|req: 1153/2313] 10.0.0.108 () {32 vars in 721 bytes} [Thu Apr 23 01:26:38 2026] GET /v2.0/subnets/0f00d4b2-ea53-4c59-9c92-798405b1c627 => generated 641 bytes in 24 msecs (HTTP/1.1 200) 4 headers in 157 bytes (1 switches on core 0) [pid: 8|app: 0|req: 1154/2314] 10.0.0.108 () {32 vars in 736 bytes} [Thu Apr 23 01:26:38 2026] DELETE /v2.0/networks/76a3f9a3-aedb-4e4e-90d4-9b1a36185356/tags => generated 0 bytes in 59 msecs (HTTP/1.1 204) 2 headers in 112 bytes (1 switches on core 0)
2026-04-23 01:26:39.027 8 INFO neutron.pecan_wsgi.hooks.translation [None req-9aaa54b1-91a3-47e3-afe7-c55ef976cc4e 6142135ed29b46349b2fefbfb167c78b ac584cdd479f4ab1b17f1afa1b59a060 - - default default] DELETE failed (client error): The resource could not be found. [pid: 8|app: 0|req: 1155/2315] 10.0.0.108 () {32 vars in 724 bytes} [Thu Apr 23 01:26:39 2026] DELETE /v2.0/subnets/4b784b2c-5c6b-4ee8-abf6-c67e8308de0d => generated 136 bytes in 13 msecs (HTTP/1.1 404) 4 headers in 164 bytes (1 switches on core 0) [pid: 8|app: 0|req: 1156/2316] 10.0.0.108 () {32 vars in 733 bytes} [Thu Apr 23 01:26:39 2026] GET /v2.0/networks/76a3f9a3-aedb-4e4e-90d4-9b1a36185356/tags => generated 12 bytes in 37 msecs (HTTP/1.1 200) 4 headers in 156 bytes (1 switches on core 0)
2026-04-23 01:26:39.081 8 INFO neutron.pecan_wsgi.hooks.translation [None req-5cdbfe24-f8ab-486c-aec6-20869cf8cbec 6142135ed29b46349b2fefbfb167c78b ac584cdd479f4ab1b17f1afa1b59a060 - - default default] DELETE failed (client error): The resource could not be found. [pid: 8|app: 0|req: 1157/2317] 10.0.0.108 () {32 vars in 726 bytes} [Thu Apr 23 01:26:39 2026] DELETE /v2.0/networks/e1305f85-2486-4a74-8fc3-dfa68dbbb91e => generated 138 bytes in 16 msecs (HTTP/1.1 404) 4 headers in 164 bytes (1 switches on core 0)
2026-04-23 01:26:39.224 8 INFO neutron_taas.services.taas.taas_plugin [None req-2c30d42a-15ad-43a5-885f-aefea9f46892 795ab10146cc4092a5280011ea85cdd6 57d181a686f84c39929826ab9c6922f4 - - default default] TaaS: Handle Delete Port: d195f82d-1016-4474-a9d2-888c012cf508
2026-04-23 01:26:39.227 8 INFO neutron_taas.services.taas.tap_mirror_plugin [None req-2c30d42a-15ad-43a5-885f-aefea9f46892 795ab10146cc4092a5280011ea85cdd6 57d181a686f84c39929826ab9c6922f4 - - default default] Tap Mirror: Handle Delete Port: d195f82d-1016-4474-a9d2-888c012cf508
2026-04-23 01:26:39.291 7 WARNING neutron.scheduler.dhcp_agent_scheduler [None req-cd2a716e-cfe6-48b4-a75e-df804378ce15 - - - - - -] No more DHCP agents
2026-04-23 01:26:39.292 7 WARNING neutron.api.rpc.agentnotifiers.dhcp_rpc_agent_api [None req-cd2a716e-cfe6-48b4-a75e-df804378ce15 - - - - - -] Unable to schedule network fbc04cfe-fbd3-4ebb-b991-614eb4f0097f: no agents available; will retry on subsequent port and subnet creation events. [pid: 8|app: 0|req: 1158/2318] 10.0.0.108 () {32 vars in 726 bytes} [Thu Apr 23 01:26:39 2026] DELETE /v2.0/networks/76a3f9a3-aedb-4e4e-90d4-9b1a36185356 => generated 0 bytes in 386 msecs (HTTP/1.1 204) 3 headers in 131 bytes (1 switches on core 0) [pid: 8|app: 0|req: 1159/2319] 10.0.0.108 () {32 vars in 724 bytes} [Thu Apr 23 01:26:39 2026] DELETE /v2.0/subnets/0f00d4b2-ea53-4c59-9c92-798405b1c627 => generated 0 bytes in 175 msecs (HTTP/1.1 204) 3 headers in 131 bytes (1 switches on core 0)
2026-04-23 01:26:39.755 7 INFO neutron.db.ovn_revision_numbers_db [None req-cd2a716e-cfe6-48b4-a75e-df804378ce15 - - - - - -] Successfully bumped revision number for resource 62d45d0b-956b-4807-ae58-7153ba2879e4 (type: router_ports) to 1
2026-04-23 01:26:39.934 7 WARNING neutron.plugins.ml2.drivers.ovn.mech_driver.ovsdb.ovn_client [None req-1292aa51-151a-4452-996a-bfcd8dadcbe7 - - - - - -] No hosting information found for port 8e210f5b-1519-4771-8b00-dfbd9b8e8612: RuntimeError: No hosting information found for port 8e210f5b-1519-4771-8b00-dfbd9b8e8612
2026-04-23 01:26:39.934 7 INFO neutron.plugins.ml2.drivers.ovn.mech_driver.mech_driver [None req-1292aa51-151a-4452-996a-bfcd8dadcbe7 - - - - - -] OVN reports status down for port: 9359a762-8282-4679-944a-235c45f7d7a7
2026-04-23 01:26:40.021 7 WARNING neutron.scheduler.dhcp_agent_scheduler [None req-cd2a716e-cfe6-48b4-a75e-df804378ce15 - - - - - -] No more DHCP agents
2026-04-23 01:26:40.025 7 WARNING neutron.api.rpc.agentnotifiers.dhcp_rpc_agent_api [None req-cd2a716e-cfe6-48b4-a75e-df804378ce15 - - - - - -] Unable to schedule network fbc04cfe-fbd3-4ebb-b991-614eb4f0097f: no agents available; will retry on subsequent port and subnet creation events.
2026-04-23 01:26:40.031 8 INFO neutron.db.ovn_revision_numbers_db [None req-a6752ca8-18be-472d-891a-b55ffae230e5 4de1018e8b534affb3016bb4fc94fc85 b8d9d7493a744e28a85f77246c6685d1 - - default default] Successfully bumped revision number for resource e29e1cba-aec8-4942-bfc3-4047cbfad0bd (type: security_groups) to 1
2026-04-23 01:26:40.042 8 INFO neutron.db.ovn_revision_numbers_db [None req-a6752ca8-18be-472d-891a-b55ffae230e5 4de1018e8b534affb3016bb4fc94fc85 b8d9d7493a744e28a85f77246c6685d1 - - default default] Successfully bumped revision number for resource 1b7eea5d-5862-40c2-895f-09766aa88992 (type: security_group_rules) to 0
2026-04-23 01:26:40.051 7 WARNING neutron.plugins.ml2.drivers.ovn.mech_driver.ovsdb.ovn_client [None req-1292aa51-151a-4452-996a-bfcd8dadcbe7 - - - - - -] Logical_Switch_Port 9359a762-8282-4679-944a-235c45f7d7a7 host information not removed, the port state is up
2026-04-23 01:26:40.053 8 INFO neutron.db.ovn_revision_numbers_db [None req-a6752ca8-18be-472d-891a-b55ffae230e5 4de1018e8b534affb3016bb4fc94fc85 b8d9d7493a744e28a85f77246c6685d1 - - default default] Successfully bumped revision number for resource 290b3c4a-1c8a-420d-aeb6-3ba4e552eaf3 (type: security_group_rules) to 0
2026-04-23 01:26:40.053 7 INFO neutron.plugins.ml2.drivers.ovn.mech_driver.mech_driver [None req-1292aa51-151a-4452-996a-bfcd8dadcbe7 - - - - - -] OVN reports status up for port: 9359a762-8282-4679-944a-235c45f7d7a7
2026-04-23 01:26:40.064 8 INFO neutron.db.ovn_revision_numbers_db [None req-a6752ca8-18be-472d-891a-b55ffae230e5 4de1018e8b534affb3016bb4fc94fc85 b8d9d7493a744e28a85f77246c6685d1 - - default default] Successfully bumped revision number for resource 2e4a87ec-5acd-4db9-8000-23737027c663 (type: security_group_rules) to 0
2026-04-23 01:26:40.075 8 INFO neutron.db.ovn_revision_numbers_db [None req-a6752ca8-18be-472d-891a-b55ffae230e5 4de1018e8b534affb3016bb4fc94fc85 b8d9d7493a744e28a85f77246c6685d1 - - default default] Successfully bumped revision number for resource da30572d-83b8-47eb-9f0d-6ab8a1a15051 (type: security_group_rules) to 0
2026-04-23 01:26:40.076 7 INFO neutron.plugins.ml2.plugin [None req-1292aa51-151a-4452-996a-bfcd8dadcbe7 - - - - - -] Attempt 1 to provision port 9359a762-8282-4679-944a-235c45f7d7a7 [pid: 8|app: 0|req: 1160/2320] 10.0.0.108 () {32 vars in 774 bytes} [Thu Apr 23 01:26:39 2026] GET /v2.0/security-groups?tenant_id=1514e832cb9b426e93e817577ebe2662&name=default => generated 2925 bytes in 468 msecs (HTTP/1.1 200) 4 headers in 158 bytes (1 switches on core 0)
2026-04-23 01:26:40.229 8 INFO neutron_taas.services.taas.taas_plugin [None req-6d1d53ef-165e-4b0c-bd07-9bf0d00ef4e5 6142135ed29b46349b2fefbfb167c78b ac584cdd479f4ab1b17f1afa1b59a060 - - default default] TaaS: Handle Delete Port: 70b44a1f-1830-411f-b7bc-ff7955ba321e
2026-04-23 01:26:40.232 8 INFO neutron_taas.services.taas.tap_mirror_plugin [None req-6d1d53ef-165e-4b0c-bd07-9bf0d00ef4e5 6142135ed29b46349b2fefbfb167c78b ac584cdd479f4ab1b17f1afa1b59a060 - - default default] Tap Mirror: Handle Delete Port: 70b44a1f-1830-411f-b7bc-ff7955ba321e
2026-04-23 01:26:40.276 7 INFO neutron.db.ovn_revision_numbers_db [None req-cd2a716e-cfe6-48b4-a75e-df804378ce15 - - - - - -] Successfully bumped revision number for resource a86aa305-d646-4313-bcab-09fecf2d56ad (type: ports) to 1
2026-04-23 01:26:40.390 8 INFO neutron.services.segments.plugin [-] Segment dec028ec-b478-41b3-ac95-10c087726261 resource provider aggregate not found
2026-04-23 01:26:40.393 8 INFO neutron.services.segments.plugin [-] Segment dec028ec-b478-41b3-ac95-10c087726261 resource provider aggregate not found
2026-04-23 01:26:40.409 8 INFO neutron.services.segments.plugin [-] Segment dec028ec-b478-41b3-ac95-10c087726261 resource provider not found; error: Placement Client Error (4xx): {"errors": [{"status": 404, "title": "Not Found", "detail": "The resource could not be found.\n\n No resource provider with uuid dec028ec-b478-41b3-ac95-10c087726261 found for delete ", "request_id": "req-e64fe439-a351-4886-83ff-31a0877dbae8"}]}
