2026-04-23 01:23:39.056 7 INFO neutron.db.ovn_revision_numbers_db [None req-c0a515b1-602f-49c2-bcb9-65ef792a9394 6cb6239167074ece8e9514077c61d787 d1291ca04c9542eeb34d98e2860df279 - - default default] Successfully bumped revision number for resource 19a82f40-d444-4053-b147-0c31c42099ea (type: ports) to 1
2026-04-23 01:23:39.124 7 INFO neutron.db.ovn_revision_numbers_db [None req-74c07e63-121e-4976-bd3a-1bfefd4572be - - - - - -] Successfully bumped revision number for resource db01f47a-873b-403b-a511-c0122da301eb (type: ports) to 6
2026-04-23 01:23:39.132 7 WARNING neutron.scheduler.dhcp_agent_scheduler [None req-c0a515b1-602f-49c2-bcb9-65ef792a9394 6cb6239167074ece8e9514077c61d787 d1291ca04c9542eeb34d98e2860df279 - - default default] No more DHCP agents
2026-04-23 01:23:39.134 7 WARNING neutron.api.rpc.agentnotifiers.dhcp_rpc_agent_api [None req-c0a515b1-602f-49c2-bcb9-65ef792a9394 6cb6239167074ece8e9514077c61d787 d1291ca04c9542eeb34d98e2860df279 - - default default] Unable to schedule network 730f0f5b-7797-45f3-9a6d-9a0915f15f12: no agents available; will retry on subsequent port and subnet creation events.
2026-04-23 01:23:39.218 8 INFO neutron_taas.services.taas.taas_plugin [None req-80407da3-290e-410e-ad40-099e8dd8487f 4de1018e8b534affb3016bb4fc94fc85 b8d9d7493a744e28a85f77246c6685d1 - - default default] TaaS: Handle Delete Port: d4aa5040-5f2f-4c51-9dee-60aee564fbd1
2026-04-23 01:23:39.221 8 INFO neutron_taas.services.taas.tap_mirror_plugin [None req-80407da3-290e-410e-ad40-099e8dd8487f 4de1018e8b534affb3016bb4fc94fc85 b8d9d7493a744e28a85f77246c6685d1 - - default default] Tap Mirror: Handle Delete Port: d4aa5040-5f2f-4c51-9dee-60aee564fbd1
2026-04-23 01:23:39.242 7 INFO neutron.plugins.ml2.drivers.ovn.mech_driver.mech_driver [None req-a4ad1877-e8f5-45eb-b5aa-7b4c42a86f85 - - - - - -] OVN reports status down for port: 19a82f40-d444-4053-b147-0c31c42099ea
2026-04-23 01:23:39.277 7 INFO neutron.db.ovn_revision_numbers_db [None req-c0a515b1-602f-49c2-bcb9-65ef792a9394 6cb6239167074ece8e9514077c61d787 d1291ca04c9542eeb34d98e2860df279 - - default default] Successfully bumped revision number for resource a1e0448f-76a8-4280-bcb0-14791550d7ab (type: ports) to 1
2026-04-23 01:23:39.340 7 INFO neutron.plugins.ml2.drivers.ovn.mech_driver.mech_driver [None req-a4ad1877-e8f5-45eb-b5aa-7b4c42a86f85 - - - - - -] OVN reports status down for port: a1e0448f-76a8-4280-bcb0-14791550d7ab
2026-04-23 01:23:39.391 7 INFO neutron.notifiers.nova [-] Nova event matching ['req-eb7afe0c-e6fd-4d97-aa27-5371ecc986fd'] response: {'server_uuid': 'd77bb4ce-45e9-46e5-a8d6-f833ea65c07c', 'name': 'network-vif-unplugged', 'status': 'completed', 'tag': 'db01f47a-873b-403b-a511-c0122da301eb', 'code': 200}
2026-04-23 01:23:39.391 7 INFO neutron.notifiers.nova [-] Nova event matching ['req-eb7afe0c-e6fd-4d97-aa27-5371ecc986fd'] response: {'server_uuid': 'd77bb4ce-45e9-46e5-a8d6-f833ea65c07c', 'name': 'network-vif-unplugged', 'status': 'completed', 'tag': 'db01f47a-873b-403b-a511-c0122da301eb', 'code': 200} [pid: 7|app: 0|req: 476/984] 10.0.0.108 () {34 vars in 665 bytes} [Thu Apr 23 01:23:38 2026] POST /v2.0/ports => generated 1506 bytes in 1063 msecs (HTTP/1.1 201) 4 headers in 163 bytes (1 switches on core 0) /var/lib/openstack/lib/python3.12/site-packages/pycadf/identifier.py:70: UserWarning: Invalid uuid: neutron. To ensure interoperability, identifiers should be a valid uuid. warnings.warn(('Invalid uuid: %s. To ensure interoperability, ' [pid: 7|app: 0|req: 477/985] 10.0.0.35 () {34 vars in 1039 bytes} [Thu Apr 23 01:23:39 2026] GET /v2.0/security-groups?id=20d79867-a4bd-4066-aaa0-a7dff0eaefe8&fields=id&fields=name => generated 114 bytes in 40 msecs (HTTP/1.1 200) 4 headers in 157 bytes (1 switches on core 0) [pid: 7|app: 0|req: 478/986] 10.0.0.108 () {32 vars in 643 bytes} [Thu Apr 23 01:23:39 2026] GET /v2.0/ports => generated 3018 bytes in 69 msecs (HTTP/1.1 200) 4 headers in 158 bytes (1 switches on core 0)
2026-04-23 01:23:39.670 7 INFO neutron_taas.services.taas.taas_plugin [None req-298fae19-5f7e-4ab4-af38-991ff04273d3 6cb6239167074ece8e9514077c61d787 d1291ca04c9542eeb34d98e2860df279 - - default default] TaaS: Handle Delete Port: 19a82f40-d444-4053-b147-0c31c42099ea
2026-04-23 01:23:39.677 7 INFO neutron_taas.services.taas.tap_mirror_plugin [None req-298fae19-5f7e-4ab4-af38-991ff04273d3 6cb6239167074ece8e9514077c61d787 d1291ca04c9542eeb34d98e2860df279 - - default default] Tap Mirror: Handle Delete Port: 19a82f40-d444-4053-b147-0c31c42099ea [pid: 8|app: 0|req: 509/987] 10.0.0.108 () {34 vars in 789 bytes} [Thu Apr 23 01:23:38 2026] PUT /v2.0/routers/3af122ba-ae96-4427-a4f3-a60c49be29cf/remove_router_interface => generated 309 bytes in 819 msecs (HTTP/1.1 200) 4 headers in 157 bytes (1 switches on core 0) /var/lib/openstack/lib/python3.12/site-packages/pycadf/identifier.py:70: UserWarning: Invalid uuid: neutron. To ensure interoperability, identifiers should be a valid uuid. warnings.warn(('Invalid uuid: %s. To ensure interoperability, ' [pid: 7|app: 0|req: 479/988] 10.0.0.108 () {32 vars in 720 bytes} [Thu Apr 23 01:23:39 2026] DELETE /v2.0/ports/19a82f40-d444-4053-b147-0c31c42099ea => generated 0 bytes in 266 msecs (HTTP/1.1 204) 3 headers in 131 bytes (1 switches on core 0)
2026-04-23 01:23:39.945 7 INFO neutron_taas.services.taas.taas_plugin [None req-b44105b3-127b-4021-ab2e-b6a33962861f 6cb6239167074ece8e9514077c61d787 d1291ca04c9542eeb34d98e2860df279 - - default default] TaaS: Handle Delete Port: a1e0448f-76a8-4280-bcb0-14791550d7ab
2026-04-23 01:23:39.948 7 INFO neutron_taas.services.taas.tap_mirror_plugin [None req-b44105b3-127b-4021-ab2e-b6a33962861f 6cb6239167074ece8e9514077c61d787 d1291ca04c9542eeb34d98e2860df279 - - default default] Tap Mirror: Handle Delete Port: a1e0448f-76a8-4280-bcb0-14791550d7ab [pid: 7|app: 0|req: 480/989] 10.0.0.108 () {32 vars in 720 bytes} [Thu Apr 23 01:23:39 2026] DELETE /v2.0/ports/a1e0448f-76a8-4280-bcb0-14791550d7ab => generated 0 bytes in 249 msecs (HTTP/1.1 204) 3 headers in 131 bytes (1 switches on core 0)
2026-04-23 01:23:40.088 8 INFO neutron_taas.services.taas.taas_plugin [None req-3c0f1d31-3cd5-4da2-9475-e294ac825f34 4de1018e8b534affb3016bb4fc94fc85 b8d9d7493a744e28a85f77246c6685d1 - - default default] TaaS: Handle Delete Port: 497f5e06-1381-4f05-9d35-54dfa7f41ec7
2026-04-23 01:23:40.092 8 INFO neutron_taas.services.taas.tap_mirror_plugin [None req-3c0f1d31-3cd5-4da2-9475-e294ac825f34 4de1018e8b534affb3016bb4fc94fc85 b8d9d7493a744e28a85f77246c6685d1 - - default default] Tap Mirror: Handle Delete Port: 497f5e06-1381-4f05-9d35-54dfa7f41ec7 [pid: 7|app: 0|req: 481/990] 199.204.45.227 () {34 vars in 994 bytes} [Thu Apr 23 01:23:40 2026] GET /v2.0/ports?device_id=d77bb4ce-45e9-46e5-a8d6-f833ea65c07c => generated 969 bytes in 67 msecs (HTTP/1.1 200) 4 headers in 157 bytes (1 switches on core 0) [pid: 7|app: 0|req: 482/991] 10.0.0.108 () {32 vars in 643 bytes} [Thu Apr 23 01:23:40 2026] GET /v2.0/ports => generated 1523 bytes in 33 msecs (HTTP/1.1 200) 4 headers in 158 bytes (1 switches on core 0)
2026-04-23 01:23:40.289 7 INFO neutron_taas.services.taas.taas_plugin [req-1cf7c894-98d8-45da-a4f1-6a8cbb629d66 req-42871a81-474e-4f87-a81f-3acd0e82d535 e7b61e1ffb554c759a6f3e5a159a9fe5 4ce4a57c086d4c4bb557d95b708c3df5 - - default default] TaaS: Handle Delete Port: db01f47a-873b-403b-a511-c0122da301eb
2026-04-23 01:23:40.293 7 INFO neutron_taas.services.taas.tap_mirror_plugin [req-1cf7c894-98d8-45da-a4f1-6a8cbb629d66 req-42871a81-474e-4f87-a81f-3acd0e82d535 e7b61e1ffb554c759a6f3e5a159a9fe5 4ce4a57c086d4c4bb557d95b708c3df5 - - default default] Tap Mirror: Handle Delete Port: db01f47a-873b-403b-a511-c0122da301eb [pid: 8|app: 0|req: 510/992] 10.0.0.108 () {32 vars in 724 bytes} [Thu Apr 23 01:23:39 2026] DELETE /v2.0/routers/3af122ba-ae96-4427-a4f3-a60c49be29cf => generated 0 bytes in 704 msecs (HTTP/1.1 204) 2 headers in 112 bytes (1 switches on core 0)
2026-04-23 01:23:40.551 8 INFO neutron.db.segments_db [None req-b59c209f-5a67-4f9e-9a53-ad30b27359e5 6cb6239167074ece8e9514077c61d787 d1291ca04c9542eeb34d98e2860df279 - - default default] Added segment 77219535-f249-4fb9-ac4a-badde183ea6e of type geneve for network f39d3667-e254-4471-bcff-1a358287fcd7
2026-04-23 01:23:40.555 7 INFO neutron.db.l3_db [req-1cf7c894-98d8-45da-a4f1-6a8cbb629d66 req-42871a81-474e-4f87-a81f-3acd0e82d535 e7b61e1ffb554c759a6f3e5a159a9fe5 4ce4a57c086d4c4bb557d95b708c3df5 - - default default] Floating IP cfef6a81-adf7-49dc-94f9-ea6090fb52e7 disassociated. External IP: 10.96.250.212, port: db01f47a-873b-403b-a511-c0122da301eb.
2026-04-23 01:23:40.653 8 INFO neutron.db.ovn_revision_numbers_db [None req-b59c209f-5a67-4f9e-9a53-ad30b27359e5 6cb6239167074ece8e9514077c61d787 d1291ca04c9542eeb34d98e2860df279 - - default default] Successfully bumped revision number for resource f39d3667-e254-4471-bcff-1a358287fcd7 (type: networks) to 1 [pid: 7|app: 0|req: 483/993] 199.204.45.227 () {36 vars in 997 bytes} [Thu Apr 23 01:23:40 2026] DELETE /v2.0/ports/db01f47a-873b-403b-a511-c0122da301eb => generated 0 bytes in 542 msecs (HTTP/1.1 204) 3 headers in 131 bytes (1 switches on core 0) /var/lib/openstack/lib/python3.12/site-packages/pycadf/identifier.py:70: UserWarning: Invalid uuid: neutron. To ensure interoperability, identifiers should be a valid uuid. warnings.warn(('Invalid uuid: %s. To ensure interoperability, '
2026-04-23 01:23:40.838 8 WARNING neutron.scheduler.dhcp_agent_scheduler [None req-b59c209f-5a67-4f9e-9a53-ad30b27359e5 6cb6239167074ece8e9514077c61d787 d1291ca04c9542eeb34d98e2860df279 - - default default] No more DHCP agents
2026-04-23 01:23:40.839 8 WARNING neutron.api.rpc.agentnotifiers.dhcp_rpc_agent_api [None req-b59c209f-5a67-4f9e-9a53-ad30b27359e5 6cb6239167074ece8e9514077c61d787 d1291ca04c9542eeb34d98e2860df279 - - default default] Unable to schedule network f39d3667-e254-4471-bcff-1a358287fcd7: no agents available; will retry on subsequent port and subnet creation events. [pid: 7|app: 0|req: 484/994] 10.0.0.108 () {32 vars in 724 bytes} [Thu Apr 23 01:23:40 2026] DELETE /v2.0/subnets/5c4de2d9-c175-44dd-a809-f6ed9c69b75d => generated 0 bytes in 148 msecs (HTTP/1.1 204) 3 headers in 131 bytes (1 switches on core 0) [pid: 7|app: 0|req: 485/995] 10.0.0.35 () {34 vars in 989 bytes} [Thu Apr 23 01:23:40 2026] GET /v2.0/ports?device_id=d77bb4ce-45e9-46e5-a8d6-f833ea65c07c => generated 12 bytes in 24 msecs (HTTP/1.1 200) 4 headers in 156 bytes (1 switches on core 0)
2026-04-23 01:23:40.893 8 INFO neutron.plugins.ml2.drivers.ovn.mech_driver.mech_driver [None req-757f851f-5dcf-4b51-ae59-d1336cea03f7 - - - - - -] OVN reports status down for port: 60836ca6-c8fb-4ab4-b34a-f800b222fe60
2026-04-23 01:23:40.965 8 INFO neutron.db.ovn_revision_numbers_db [None req-b59c209f-5a67-4f9e-9a53-ad30b27359e5 6cb6239167074ece8e9514077c61d787 d1291ca04c9542eeb34d98e2860df279 - - default default] Successfully bumped revision number for resource 60836ca6-c8fb-4ab4-b34a-f800b222fe60 (type: ports) to 1 [pid: 8|app: 0|req: 511/998] 10.0.0.108 () {34 vars in 670 bytes} [Thu Apr 23 01:23:40 2026] POST /v2.0/networks => generated 654 bytes in 544 msecs (HTTP/1.1 201) 4 headers in 162 bytes (1 switches on core 0)
2026-04-23 01:23:41.049 7 INFO neutron_taas.services.taas.taas_plugin [None req-74437e6d-3f0f-4a7e-906d-1596c1087d86 4de1018e8b534affb3016bb4fc94fc85 b8d9d7493a744e28a85f77246c6685d1 - - default default] TaaS: Handle Delete Port: 403ed61a-edbd-4e6a-b187-877326a2320f
2026-04-23 01:23:41.052 7 INFO neutron_taas.services.taas.tap_mirror_plugin [None req-74437e6d-3f0f-4a7e-906d-1596c1087d86 4de1018e8b534affb3016bb4fc94fc85 b8d9d7493a744e28a85f77246c6685d1 - - default default] Tap Mirror: Handle Delete Port: 403ed61a-edbd-4e6a-b187-877326a2320f
2026-04-23 01:23:41.125 8 INFO neutron.db.segments_db [None req-03089b18-fd7e-4250-aaa4-74e3dadf01bb 6cb6239167074ece8e9514077c61d787 d1291ca04c9542eeb34d98e2860df279 - - default default] Added segment f994bbda-a22f-4c3e-ae76-101beecbb00a of type geneve for network 39913818-243b-4289-b46b-4517b2a23f52
2026-04-23 01:23:41.249 8 INFO neutron.db.ovn_revision_numbers_db [None req-03089b18-fd7e-4250-aaa4-74e3dadf01bb 6cb6239167074ece8e9514077c61d787 d1291ca04c9542eeb34d98e2860df279 - - default default] Successfully bumped revision number for resource 39913818-243b-4289-b46b-4517b2a23f52 (type: networks) to 1 [pid: 7|app: 0|req: 488/999] 10.0.0.108 () {32 vars in 726 bytes} [Thu Apr 23 01:23:40 2026] DELETE /v2.0/networks/8924e76d-eaa8-45d5-aad6-97eea91a4271 => generated 0 bytes in 410 msecs (HTTP/1.1 204) 3 headers in 131 bytes (1 switches on core 0)
2026-04-23 01:23:41.403 8 WARNING neutron.scheduler.dhcp_agent_scheduler [None req-03089b18-fd7e-4250-aaa4-74e3dadf01bb 6cb6239167074ece8e9514077c61d787 d1291ca04c9542eeb34d98e2860df279 - - default default] No more DHCP agents
2026-04-23 01:23:41.404 8 WARNING neutron.api.rpc.agentnotifiers.dhcp_rpc_agent_api [None req-03089b18-fd7e-4250-aaa4-74e3dadf01bb 6cb6239167074ece8e9514077c61d787 d1291ca04c9542eeb34d98e2860df279 - - default default] Unable to schedule network 39913818-243b-4289-b46b-4517b2a23f52: no agents available; will retry on subsequent port and subnet creation events.
2026-04-23 01:23:41.416 7 INFO neutron.notifiers.nova [-] Nova event matching ['req-cfcae4ab-b6f0-4543-b964-338870435dee'] response: {'server_uuid': 'd77bb4ce-45e9-46e5-a8d6-f833ea65c07c', 'name': 'network-vif-deleted', 'tag': 'db01f47a-873b-403b-a511-c0122da301eb', 'status': 'completed', 'code': 200}
2026-04-23 01:23:41.465 8 INFO neutron.plugins.ml2.drivers.ovn.mech_driver.mech_driver [None req-757f851f-5dcf-4b51-ae59-d1336cea03f7 - - - - - -] OVN reports status down for port: 753655f0-4ce7-4699-9332-a1b754bbb99e
2026-04-23 01:23:41.513 8 INFO neutron.db.ovn_revision_numbers_db [None req-03089b18-fd7e-4250-aaa4-74e3dadf01bb 6cb6239167074ece8e9514077c61d787 d1291ca04c9542eeb34d98e2860df279 - - default default] Successfully bumped revision number for resource 753655f0-4ce7-4699-9332-a1b754bbb99e (type: ports) to 1 [pid: 7|app: 0|req: 489/1000] 10.0.0.108 () {32 vars in 774 bytes} [Thu Apr 23 01:23:41 2026] GET /v2.0/security-groups?tenant_id=a19ee8470b604bfdab51e8171d3a00e3&name=default => generated 2925 bytes in 25 msecs (HTTP/1.1 200) 4 headers in 158 bytes (1 switches on core 0) [pid: 8|app: 0|req: 512/1001] 10.0.0.108 () {34 vars in 670 bytes} [Thu Apr 23 01:23:41 2026] POST /v2.0/networks => generated 653 bytes in 538 msecs (HTTP/1.1 201) 4 headers in 162 bytes (1 switches on core 0) [pid: 7|app: 0|req: 490/1002] 10.0.0.108 () {32 vars in 740 bytes} [Thu Apr 23 01:23:41 2026] DELETE /v2.0/security-groups/43304a62-597e-4f2b-bc07-d2f689ef24be => generated 0 bytes in 263 msecs (HTTP/1.1 204) 2 headers in 112 bytes (1 switches on core 0)
2026-04-23 01:23:41.808 7 INFO neutron.services.segments.plugin [-] Segment 738bf328-e26c-49c8-a41a-75343fdc1ddc resource provider aggregate not found
2026-04-23 01:23:41.847 7 INFO neutron.services.segments.plugin [-] Segment 738bf328-e26c-49c8-a41a-75343fdc1ddc resource provider not found; error: Placement Client Error (4xx): {"errors": [{"status": 404, "title": "Not Found", "detail": "The resource could not be found.\n\n No resource provider with uuid 738bf328-e26c-49c8-a41a-75343fdc1ddc found for delete ", "request_id": "req-47eac700-200b-49be-ba02-8ec321f49208"}]}
2026-04-23 01:23:41.849 7 INFO neutron.services.segments.plugin [-] Segment 738bf328-e26c-49c8-a41a-75343fdc1ddc resource provider aggregate not found [pid: 8|app: 0|req: 513/1003] 10.0.0.174 () {34 vars in 990 bytes} [Thu Apr 23 01:23:41 2026] GET /v2.0/ports?device_id=3bca6e57-2831-4c62-a5a4-9a1e8757d786 => generated 1209 bytes in 307 msecs (HTTP/1.1 200) 4 headers in 158 bytes (1 switches on core 0)
2026-04-23 01:23:41.868 7 INFO neutron.services.segments.plugin [-] Segment 738bf328-e26c-49c8-a41a-75343fdc1ddc resource provider not found; error: Placement Client Error (4xx): {"errors": [{"status": 404, "title": "Not Found", "detail": "The resource could not be found.\n\n No resource provider with uuid 738bf328-e26c-49c8-a41a-75343fdc1ddc found for delete ", "request_id": "req-7afa1240-2a32-4d67-9d91-bba27a0c520f"}]} [pid: 7|app: 0|req: 491/1004] 10.0.0.174 () {34 vars in 1040 bytes} [Thu Apr 23 01:23:41 2026] GET /v2.0/security-groups?id=aeccc3c4-08d5-4356-a5d6-4d8b5284a3d4&fields=id&fields=name => generated 114 bytes in 51 msecs (HTTP/1.1 200) 4 headers in 157 bytes (1 switches on core 0) [pid: 8|app: 0|req: 514/1005] 10.0.0.35 () {34 vars in 989 bytes} [Thu Apr 23 01:23:41 2026] GET /v2.0/ports?device_id=d77bb4ce-45e9-46e5-a8d6-f833ea65c07c => generated 12 bytes in 22 msecs (HTTP/1.1 200) 4 headers in 156 bytes (1 switches on core 0)
2026-04-23 01:23:42.372 7 WARNING neutron.scheduler.dhcp_agent_scheduler [None req-5252c61c-17ee-4050-83f2-82e3982b2a9f 6cb6239167074ece8e9514077c61d787 d1291ca04c9542eeb34d98e2860df279 - - default default] No more DHCP agents
2026-04-23 01:23:42.373 7 WARNING neutron.api.rpc.agentnotifiers.dhcp_rpc_agent_api [None req-5252c61c-17ee-4050-83f2-82e3982b2a9f 6cb6239167074ece8e9514077c61d787 d1291ca04c9542eeb34d98e2860df279 - - default default] Unable to schedule network f39d3667-e254-4471-bcff-1a358287fcd7: no agents available; will retry on subsequent port and subnet creation events.
2026-04-23 01:23:42.415 7 INFO neutron.db.ovn_revision_numbers_db [None req-5252c61c-17ee-4050-83f2-82e3982b2a9f 6cb6239167074ece8e9514077c61d787 d1291ca04c9542eeb34d98e2860df279 - - default default] Successfully bumped revision number for resource 9834de8a-447f-4498-80c3-9e1a9e0cbfe4 (type: subnets) to 0
2026-04-23 01:23:42.448 7 WARNING neutron.scheduler.dhcp_agent_scheduler [None req-5252c61c-17ee-4050-83f2-82e3982b2a9f 6cb6239167074ece8e9514077c61d787 d1291ca04c9542eeb34d98e2860df279 - - default default] No more DHCP agents
2026-04-23 01:23:42.449 7 WARNING neutron.api.rpc.agentnotifiers.dhcp_rpc_agent_api [None req-5252c61c-17ee-4050-83f2-82e3982b2a9f 6cb6239167074ece8e9514077c61d787 d1291ca04c9542eeb34d98e2860df279 - - default default] Unable to schedule network 39913818-243b-4289-b46b-4517b2a23f52: no agents available; will retry on subsequent port and subnet creation events.
2026-04-23 01:23:42.477 7 INFO neutron.db.ovn_revision_numbers_db [None req-5252c61c-17ee-4050-83f2-82e3982b2a9f 6cb6239167074ece8e9514077c61d787 d1291ca04c9542eeb34d98e2860df279 - - default default] Successfully bumped revision number for resource 95ef4962-e57b-4981-b0d8-a87555e38640 (type: subnets) to 0 [pid: 7|app: 0|req: 492/1006] 10.0.0.108 () {34 vars in 669 bytes} [Thu Apr 23 01:23:42 2026] POST /v2.0/subnets => generated 1323 bytes in 466 msecs (HTTP/1.1 201) 4 headers in 163 bytes (1 switches on core 0) [pid: 8|app: 0|req: 515/1007] 10.0.0.108 () {32 vars in 647 bytes} [Thu Apr 23 01:23:42 2026] GET /v2.0/subnets => generated 1959 bytes in 44 msecs (HTTP/1.1 200) 4 headers in 158 bytes (1 switches on core 0) [pid: 7|app: 0|req: 493/1008] 10.0.0.108 () {32 vars in 724 bytes} [Thu Apr 23 01:23:42 2026] DELETE /v2.0/subnets/9834de8a-447f-4498-80c3-9e1a9e0cbfe4 => generated 0 bytes in 132 msecs (HTTP/1.1 204) 3 headers in 131 bytes (1 switches on core 0) [pid: 8|app: 0|req: 516/1009] 10.0.0.108 () {32 vars in 724 bytes} [Thu Apr 23 01:23:42 2026] DELETE /v2.0/subnets/95ef4962-e57b-4981-b0d8-a87555e38640 => generated 0 bytes in 133 msecs (HTTP/1.1 204) 3 headers in 131 bytes (1 switches on core 0) [pid: 7|app: 0|req: 494/1010] 10.0.0.108 () {32 vars in 647 bytes} [Thu Apr 23 01:23:42 2026] GET /v2.0/subnets => generated 649 bytes in 39 msecs (HTTP/1.1 200) 4 headers in 157 bytes (1 switches on core 0)
2026-04-23 01:23:42.989 8 INFO neutron_taas.services.taas.taas_plugin [None req-065e24be-bbf1-4122-89da-faccb906ba46 6cb6239167074ece8e9514077c61d787 d1291ca04c9542eeb34d98e2860df279 - - default default] TaaS: Handle Delete Port: 753655f0-4ce7-4699-9332-a1b754bbb99e
2026-04-23 01:23:42.993 8 INFO neutron_taas.services.taas.tap_mirror_plugin [None req-065e24be-bbf1-4122-89da-faccb906ba46 6cb6239167074ece8e9514077c61d787 d1291ca04c9542eeb34d98e2860df279 - - default default] Tap Mirror: Handle Delete Port: 753655f0-4ce7-4699-9332-a1b754bbb99e [pid: 7|app: 0|req: 495/1011] 10.0.0.35 () {34 vars in 989 bytes} [Thu Apr 23 01:23:43 2026] GET /v2.0/ports?device_id=d77bb4ce-45e9-46e5-a8d6-f833ea65c07c => generated 12 bytes in 20 msecs (HTTP/1.1 200) 4 headers in 156 bytes (1 switches on core 0)
2026-04-23 01:23:43.191 8 INFO neutron.services.segments.plugin [-] Segment f994bbda-a22f-4c3e-ae76-101beecbb00a resource provider aggregate not found
2026-04-23 01:23:43.202 8 INFO neutron.services.segments.plugin [-] Segment f994bbda-a22f-4c3e-ae76-101beecbb00a resource provider aggregate not found
2026-04-23 01:23:43.209 8 INFO neutron.services.segments.plugin [-] Segment f994bbda-a22f-4c3e-ae76-101beecbb00a resource provider not found; error: Placement Client Error (4xx): {"errors": [{"status": 404, "title": "Not Found", "detail": "The resource could not be found.\n\n No resource provider with uuid f994bbda-a22f-4c3e-ae76-101beecbb00a found for delete ", "request_id": "req-83a1d66d-4ed5-49a4-82f2-e68e7f19987b"}]}
2026-04-23 01:23:43.221 8 INFO neutron.services.segments.plugin [-] Segment f994bbda-a22f-4c3e-ae76-101beecbb00a resource provider not found; error: Placement Client Error (4xx): {"errors": [{"status": 404, "title": "Not Found", "detail": "The resource could not be found.\n\n No resource provider with uuid f994bbda-a22f-4c3e-ae76-101beecbb00a found for delete ", "request_id": "req-48aec290-3e2c-4ce5-909f-371552a6ce66"}]} [pid: 8|app: 0|req: 517/1012] 10.0.0.108 () {32 vars in 726 bytes} [Thu Apr 23 01:23:42 2026] DELETE /v2.0/networks/39913818-243b-4289-b46b-4517b2a23f52 => generated 0 bytes in 362 msecs (HTTP/1.1 204) 3 headers in 131 bytes (1 switches on core 0)
2026-04-23 01:23:43.374 7 INFO neutron_taas.services.taas.taas_plugin [None req-721fbab2-198e-4c56-9b7e-f636dbca70b4 6cb6239167074ece8e9514077c61d787 d1291ca04c9542eeb34d98e2860df279 - - default default] TaaS: Handle Delete Port: 60836ca6-c8fb-4ab4-b34a-f800b222fe60
2026-04-23 01:23:43.377 7 INFO neutron_taas.services.taas.tap_mirror_plugin [None req-721fbab2-198e-4c56-9b7e-f636dbca70b4 6cb6239167074ece8e9514077c61d787 d1291ca04c9542eeb34d98e2860df279 - - default default] Tap Mirror: Handle Delete Port: 60836ca6-c8fb-4ab4-b34a-f800b222fe60 [pid: 7|app: 0|req: 496/1013] 10.0.0.108 () {32 vars in 726 bytes} [Thu Apr 23 01:23:43 2026] DELETE /v2.0/networks/f39d3667-e254-4471-bcff-1a358287fcd7 => generated 0 bytes in 373 msecs (HTTP/1.1 204) 3 headers in 131 bytes (1 switches on core 0)
2026-04-23 01:23:43.712 8 INFO neutron_taas.services.taas.taas_plugin [None req-fec6392b-b39d-4047-bbd8-77d0d8105362 6cb6239167074ece8e9514077c61d787 d1291ca04c9542eeb34d98e2860df279 - - default default] TaaS: Handle Delete Port: 27e267b4-10e5-4db1-89e1-55c994b70c02
2026-04-23 01:23:43.714 8 INFO neutron_taas.services.taas.tap_mirror_plugin [None req-fec6392b-b39d-4047-bbd8-77d0d8105362 6cb6239167074ece8e9514077c61d787 d1291ca04c9542eeb34d98e2860df279 - - default default] Tap Mirror: Handle Delete Port: 27e267b4-10e5-4db1-89e1-55c994b70c02
2026-04-23 01:23:43.872 7 INFO neutron.services.segments.plugin [-] Segment 77219535-f249-4fb9-ac4a-badde183ea6e resource provider aggregate not found
2026-04-23 01:23:43.885 7 INFO neutron.services.segments.plugin [-] Segment 77219535-f249-4fb9-ac4a-badde183ea6e resource provider not found; error: Placement Client Error (4xx): {"errors": [{"status": 404, "title": "Not Found", "detail": "The resource could not be found.\n\n No resource provider with uuid 77219535-f249-4fb9-ac4a-badde183ea6e found for delete ", "request_id": "req-6d4b56ea-6928-4674-8389-71cb004a218a"}]}
2026-04-23 01:23:43.888 7 INFO neutron.services.segments.plugin [-] Segment 77219535-f249-4fb9-ac4a-badde183ea6e resource provider aggregate not found [pid: 8|app: 0|req: 518/1014] 10.0.0.108 () {32 vars in 726 bytes} [Thu Apr 23 01:23:43 2026] DELETE /v2.0/networks/730f0f5b-7797-45f3-9a6d-9a0915f15f12 => generated 0 bytes in 292 msecs (HTTP/1.1 204) 3 headers in 131 bytes (1 switches on core 0)
2026-04-23 01:23:43.915 7 INFO neutron.services.segments.plugin [-] Segment 77219535-f249-4fb9-ac4a-badde183ea6e resource provider not found; error: Placement Client Error (4xx): {"errors": [{"status": 404, "title": "Not Found", "detail": "The resource could not be found.\n\n No resource provider with uuid 77219535-f249-4fb9-ac4a-badde183ea6e found for delete ", "request_id": "req-342ea2a0-692e-40ab-9cce-71245e6f8876"}]}
2026-04-23 01:23:44.021 7 INFO neutron_taas.services.taas.taas_plugin [None req-7c91d012-0dd5-43fa-b894-e269c50d4168 6cb6239167074ece8e9514077c61d787 d1291ca04c9542eeb34d98e2860df279 - - default default] TaaS: Handle Delete Port: 2a2d4ce1-6f6c-46a3-8998-e4e54fd60de2
2026-04-23 01:23:44.024 7 INFO neutron_taas.services.taas.tap_mirror_plugin [None req-7c91d012-0dd5-43fa-b894-e269c50d4168 6cb6239167074ece8e9514077c61d787 d1291ca04c9542eeb34d98e2860df279 - - default default] Tap Mirror: Handle Delete Port: 2a2d4ce1-6f6c-46a3-8998-e4e54fd60de2 [pid: 7|app: 0|req: 497/1015] 10.0.0.108 () {32 vars in 726 bytes} [Thu Apr 23 01:23:43 2026] DELETE /v2.0/networks/22b7c33c-4efd-45b7-baff-5307ce8c5cd3 => generated 0 bytes in 312 msecs (HTTP/1.1 204) 3 headers in 131 bytes (1 switches on core 0) [pid: 8|app: 0|req: 519/1016] 10.0.0.108 () {32 vars in 740 bytes} [Thu Apr 23 01:23:44 2026] DELETE /v2.0/security-groups/20d79867-a4bd-4066-aaa0-a7dff0eaefe8 => generated 0 bytes in 121 msecs (HTTP/1.1 204) 2 headers in 112 bytes (1 switches on core 0)
2026-04-23 01:23:44.289 7 INFO neutron.api.v2.resource [None req-8af48cde-8400-4b40-bc6d-3f64d744ff2d e7b61e1ffb554c759a6f3e5a159a9fe5 4ce4a57c086d4c4bb557d95b708c3df5 - - default default] show failed (client error): The resource could not be found. [pid: 7|app: 0|req: 498/1017] 10.0.0.108 () {32 vars in 737 bytes} [Thu Apr 23 01:23:44 2026] GET /v2.0/security-groups/20d79867-a4bd-4066-aaa0-a7dff0eaefe8 => generated 146 bytes in 12 msecs (HTTP/1.1 404) 4 headers in 164 bytes (1 switches on core 0)
2026-04-23 01:23:44.414 8 INFO neutron_taas.services.taas.taas_plugin [None req-f1a970f8-67d9-41c0-af3c-9540628ff0a4 e7b61e1ffb554c759a6f3e5a159a9fe5 4ce4a57c086d4c4bb557d95b708c3df5 - - default default] TaaS: Handle Delete Port: 3e67b61e-9655-4f7f-b948-2c5298dc4577
2026-04-23 01:23:44.418 8 INFO neutron_taas.services.taas.tap_mirror_plugin [None req-f1a970f8-67d9-41c0-af3c-9540628ff0a4 e7b61e1ffb554c759a6f3e5a159a9fe5 4ce4a57c086d4c4bb557d95b708c3df5 - - default default] Tap Mirror: Handle Delete Port: 3e67b61e-9655-4f7f-b948-2c5298dc4577 [pid: 8|app: 0|req: 520/1018] 10.0.0.108 () {32 vars in 732 bytes} [Thu Apr 23 01:23:44 2026] DELETE /v2.0/floatingips/cfef6a81-adf7-49dc-94f9-ea6090fb52e7 => generated 0 bytes in 250 msecs (HTTP/1.1 204) 2 headers in 112 bytes (1 switches on core 0)
2026-04-23 01:23:44.801 8 INFO neutron_taas.services.taas.taas_plugin [None req-3248ebe5-0347-4870-a46f-d85bacfd6b94 4de1018e8b534affb3016bb4fc94fc85 b8d9d7493a744e28a85f77246c6685d1 - - default default] TaaS: Handle Delete Port: 307962f4-777b-45a0-aac7-7cfa4b3afc88
2026-04-23 01:23:44.804 8 INFO neutron_taas.services.taas.tap_mirror_plugin [None req-3248ebe5-0347-4870-a46f-d85bacfd6b94 4de1018e8b534affb3016bb4fc94fc85 b8d9d7493a744e28a85f77246c6685d1 - - default default] Tap Mirror: Handle Delete Port: 307962f4-777b-45a0-aac7-7cfa4b3afc88
2026-04-23 01:23:44.809 7 INFO neutron.db.ovn_revision_numbers_db [None req-668fba3a-8a95-46b8-bb20-dfdf1a8812d4 4de1018e8b534affb3016bb4fc94fc85 b8d9d7493a744e28a85f77246c6685d1 - - default default] Successfully bumped revision number for resource e3d9d1ac-2428-41a3-afeb-3bc01087f24f (type: security_groups) to 1
2026-04-23 01:23:44.818 7 INFO neutron.db.ovn_revision_numbers_db [None req-668fba3a-8a95-46b8-bb20-dfdf1a8812d4 4de1018e8b534affb3016bb4fc94fc85 b8d9d7493a744e28a85f77246c6685d1 - - default default] Successfully bumped revision number for resource 6808d4be-0fb7-46ea-8ca0-917e13601cbc (type: security_group_rules) to 0
2026-04-23 01:23:44.829 7 INFO neutron.db.ovn_revision_numbers_db [None req-668fba3a-8a95-46b8-bb20-dfdf1a8812d4 4de1018e8b534affb3016bb4fc94fc85 b8d9d7493a744e28a85f77246c6685d1 - - default default] Successfully bumped revision number for resource 7bd8ebed-7710-4e9e-a77b-99f3336e634a (type: security_group_rules) to 0
2026-04-23 01:23:44.839 7 INFO neutron.db.ovn_revision_numbers_db [None req-668fba3a-8a95-46b8-bb20-dfdf1a8812d4 4de1018e8b534affb3016bb4fc94fc85 b8d9d7493a744e28a85f77246c6685d1 - - default default] Successfully bumped revision number for resource 9051a057-9d8a-499b-94f2-0469f9ea1425 (type: security_group_rules) to 0
2026-04-23 01:23:44.850 7 INFO neutron.db.ovn_revision_numbers_db [None req-668fba3a-8a95-46b8-bb20-dfdf1a8812d4 4de1018e8b534affb3016bb4fc94fc85 b8d9d7493a744e28a85f77246c6685d1 - - default default] Successfully bumped revision number for resource b37f2fbd-0d21-4c6b-a2fe-950e39d3bff7 (type: security_group_rules) to 0 [pid: 7|app: 0|req: 499/1019] 10.0.0.108 () {32 vars in 774 bytes} [Thu Apr 23 01:23:44 2026] GET /v2.0/security-groups?tenant_id=a066555f73d94bf2ae98901fe9cbb691&name=default => generated 2925 bytes in 359 msecs (HTTP/1.1 200) 4 headers in 158 bytes (1 switches on core 0) [pid: 7|app: 0|req: 500/1020] 10.0.0.108 () {32 vars in 774 bytes} [Thu Apr 23 01:23:44 2026] GET /v2.0/security-groups?tenant_id=d1291ca04c9542eeb34d98e2860df279&name=default => generated 2925 bytes in 53 msecs (HTTP/1.1 200) 4 headers in 158 bytes (1 switches on core 0) [pid: 7|app: 0|req: 501/1021] 10.0.0.108 () {32 vars in 740 bytes} [Thu Apr 23 01:23:44 2026] DELETE /v2.0/security-groups/e3d9d1ac-2428-41a3-afeb-3bc01087f24f => generated 0 bytes in 182 msecs (HTTP/1.1 204) 2 headers in 112 bytes (1 switches on core 0)
2026-04-23 01:23:45.234 8 INFO neutron.services.segments.plugin [-] Segment 75ade186-1f29-497c-8bba-7b2bb80bd114 resource provider aggregate not found
2026-04-23 01:23:45.242 8 INFO neutron.services.segments.plugin [-] Segment 75ade186-1f29-497c-8bba-7b2bb80bd114 resource provider aggregate not found
2026-04-23 01:23:45.257 8 INFO neutron.services.segments.plugin [-] Segment 75ade186-1f29-497c-8bba-7b2bb80bd114 resource provider not found; error: Placement Client Error (4xx): {"errors": [{"status": 404, "title": "Not Found", "detail": "The resource could not be found.\n\n No resource provider with uuid 75ade186-1f29-497c-8bba-7b2bb80bd114 found for delete ", "request_id": "req-1ed20dcb-ba85-4c42-9600-839281e09dfe"}]}
2026-04-23 01:23:45.260 8 INFO neutron.services.segments.plugin [-] Segment 75ade186-1f29-497c-8bba-7b2bb80bd114 resource provider not found; error: Placement Client Error (4xx): {"errors": [{"status": 404, "title": "Not Found", "detail": "The resource could not be found.\n\n No resource provider with uuid 75ade186-1f29-497c-8bba-7b2bb80bd114 found for delete ", "request_id": "req-688788d2-1c17-4deb-bd0d-82105c4eb414"}]} [pid: 7|app: 0|req: 502/1022] 10.0.0.108 () {32 vars in 740 bytes} [Thu Apr 23 01:23:45 2026] DELETE /v2.0/security-groups/221bbd86-177f-410b-bd9d-0e5c371ea56e => generated 0 bytes in 183 msecs (HTTP/1.1 204) 2 headers in 112 bytes (1 switches on core 0) [pid: 8|app: 0|req: 521/1023] 10.0.0.108 () {34 vars in 789 bytes} [Thu Apr 23 01:23:44 2026] PUT /v2.0/routers/95600fc4-c841-4df6-923a-9f5d41a85e23/remove_router_interface => generated 309 bytes in 850 msecs (HTTP/1.1 200) 4 headers in 157 bytes (1 switches on core 0)
2026-04-23 01:23:45.678 7 INFO neutron_taas.services.taas.taas_plugin [None req-663640e8-f33c-419e-806b-5ad4f1863a3f 4de1018e8b534affb3016bb4fc94fc85 b8d9d7493a744e28a85f77246c6685d1 - - default default] TaaS: Handle Delete Port: b0273a8a-628e-4cfe-98cf-eedf27100a4d
2026-04-23 01:23:45.680 7 INFO neutron_taas.services.taas.tap_mirror_plugin [None req-663640e8-f33c-419e-806b-5ad4f1863a3f 4de1018e8b534affb3016bb4fc94fc85 b8d9d7493a744e28a85f77246c6685d1 - - default default] Tap Mirror: Handle Delete Port: b0273a8a-628e-4cfe-98cf-eedf27100a4d
2026-04-23 01:23:45.911 7 INFO neutron.services.segments.plugin [-] Segment 56ad76b7-1040-453f-bf75-07a88be883be resource provider aggregate not found
2026-04-23 01:23:45.940 7 INFO neutron.services.segments.plugin [-] Segment 56ad76b7-1040-453f-bf75-07a88be883be resource provider not found; error: Placement Client Error (4xx): {"errors": [{"status": 404, "title": "Not Found", "detail": "The resource could not be found.\n\n No resource provider with uuid 56ad76b7-1040-453f-bf75-07a88be883be found for delete ", "request_id": "req-ed440b3a-17eb-433e-8304-f6cef26dfac1"}]}
2026-04-23 01:23:45.940 7 INFO neutron.services.segments.plugin [-] Segment 56ad76b7-1040-453f-bf75-07a88be883be resource provider aggregate not found
2026-04-23 01:23:45.959 7 INFO neutron.services.segments.plugin [-] Segment 56ad76b7-1040-453f-bf75-07a88be883be resource provider not found; error: Placement Client Error (4xx): {"errors": [{"status": 404, "title": "Not Found", "detail": "The resource could not be found.\n\n No resource provider with uuid 56ad76b7-1040-453f-bf75-07a88be883be found for delete ", "request_id": "req-35855161-43fc-425b-82fb-d95de18f863d"}]} [pid: 7|app: 0|req: 503/1024] 10.0.0.108 () {32 vars in 724 bytes} [Thu Apr 23 01:23:45 2026] DELETE /v2.0/routers/95600fc4-c841-4df6-923a-9f5d41a85e23 => generated 0 bytes in 705 msecs (HTTP/1.1 204) 2 headers in 112 bytes (1 switches on core 0) /var/lib/openstack/lib/python3.12/site-packages/pycadf/identifier.py:70: UserWarning: Invalid uuid: neutron. To ensure interoperability, identifiers should be a valid uuid. warnings.warn(('Invalid uuid: %s. To ensure interoperability, ' [pid: 8|app: 0|req: 522/1025] 10.0.0.108 () {32 vars in 724 bytes} [Thu Apr 23 01:23:46 2026] DELETE /v2.0/subnets/98fd7057-c7fd-4884-bd3c-c529e7a1f2d0 => generated 0 bytes in 135 msecs (HTTP/1.1 204) 3 headers in 131 bytes (1 switches on core 0)
2026-04-23 01:23:46.371 7 INFO neutron_taas.services.taas.taas_plugin [None req-0b1e6d1c-70e9-4d88-b9a6-7611a4cb3ab7 4de1018e8b534affb3016bb4fc94fc85 b8d9d7493a744e28a85f77246c6685d1 - - default default] TaaS: Handle Delete Port: c8ef8ba7-63db-47fb-a4b5-56ccffafd3ea
2026-04-23 01:23:46.374 7 INFO neutron_taas.services.taas.tap_mirror_plugin [None req-0b1e6d1c-70e9-4d88-b9a6-7611a4cb3ab7 4de1018e8b534affb3016bb4fc94fc85 b8d9d7493a744e28a85f77246c6685d1 - - default default] Tap Mirror: Handle Delete Port: c8ef8ba7-63db-47fb-a4b5-56ccffafd3ea [pid: 7|app: 0|req: 504/1026] 10.0.0.108 () {32 vars in 726 bytes} [Thu Apr 23 01:23:46 2026] DELETE /v2.0/networks/1485db8a-a885-49cb-ad49-571312366062 => generated 0 bytes in 307 msecs (HTTP/1.1 204) 3 headers in 131 bytes (1 switches on core 0) [pid: 8|app: 0|req: 523/1027] 10.0.0.35 () {34 vars in 989 bytes} [Thu Apr 23 01:23:46 2026] GET /v2.0/ports?device_id=3bca6e57-2831-4c62-a5a4-9a1e8757d786 => generated 971 bytes in 75 msecs (HTTP/1.1 200) 4 headers in 157 bytes (1 switches on core 0) [pid: 7|app: 0|req: 505/1028] 10.0.0.108 () {32 vars in 774 bytes} [Thu Apr 23 01:23:46 2026] GET /v2.0/security-groups?tenant_id=4ce4a57c086d4c4bb557d95b708c3df5&name=default => generated 2925 bytes in 31 msecs (HTTP/1.1 200) 4 headers in 158 bytes (1 switches on core 0) [pid: 7|app: 0|req: 506/1029] 10.0.0.35 () {34 vars in 970 bytes} [Thu Apr 23 01:23:46 2026] GET /v2.0/ports/13ec705a-8cbd-4e57-a8f6-a17cf13a5121 => generated 968 bytes in 62 msecs (HTTP/1.1 200) 4 headers in 157 bytes (1 switches on core 0) [pid: 8|app: 0|req: 524/1030] 10.0.0.108 () {32 vars in 740 bytes} [Thu Apr 23 01:23:46 2026] DELETE /v2.0/security-groups/93bc7c86-713e-4756-9c4c-645450796b48 => generated 0 bytes in 254 msecs (HTTP/1.1 204) 2 headers in 112 bytes (1 switches on core 0)
2026-04-23 01:23:47.205 7 INFO neutron.db.ovn_revision_numbers_db [None req-7798453e-ed68-4b5a-83c6-663ce1f14734 54733f2a775444819f30f1090376c448 e44cce208bbd4d10b78f574845bf4e1f - - default default] Successfully bumped revision number for resource b639f7b2-14a7-4c88-ba49-551c786b60ea (type: security_groups) to 1
2026-04-23 01:23:47.215 7 INFO neutron.db.ovn_revision_numbers_db [None req-7798453e-ed68-4b5a-83c6-663ce1f14734 54733f2a775444819f30f1090376c448 e44cce208bbd4d10b78f574845bf4e1f - - default default] Successfully bumped revision number for resource 4b8848e2-5f53-479d-bd09-5b31b9beaf30 (type: security_group_rules) to 0
2026-04-23 01:23:47.227 7 INFO neutron.db.ovn_revision_numbers_db [None req-7798453e-ed68-4b5a-83c6-663ce1f14734 54733f2a775444819f30f1090376c448 e44cce208bbd4d10b78f574845bf4e1f - - default default] Successfully bumped revision number for resource 7d72ed7c-4897-418c-8af6-449c8e946c02 (type: security_group_rules) to 0
2026-04-23 01:23:47.238 7 INFO neutron.db.ovn_revision_numbers_db [None req-7798453e-ed68-4b5a-83c6-663ce1f14734 54733f2a775444819f30f1090376c448 e44cce208bbd4d10b78f574845bf4e1f - - default default] Successfully bumped revision number for resource d8dbfc7d-ff04-4ff1-aa40-7df374d1f5af (type: security_group_rules) to 0
2026-04-23 01:23:47.249 7 INFO neutron.db.ovn_revision_numbers_db [None req-7798453e-ed68-4b5a-83c6-663ce1f14734 54733f2a775444819f30f1090376c448 e44cce208bbd4d10b78f574845bf4e1f - - default default] Successfully bumped revision number for resource f7454c7d-fa18-4d6d-a59e-da76c4216925 (type: security_group_rules) to 0
2026-04-23 01:23:47.318 7 INFO neutron.db.segments_db [None req-7798453e-ed68-4b5a-83c6-663ce1f14734 54733f2a775444819f30f1090376c448 e44cce208bbd4d10b78f574845bf4e1f - - default default] Added segment 6661a5d2-1234-4bb4-9a87-80a21fc631f1 of type geneve for network c7152acf-5626-4c1f-9b81-59dbdefc4fc7
2026-04-23 01:23:47.432 7 INFO neutron.db.ovn_revision_numbers_db [None req-7798453e-ed68-4b5a-83c6-663ce1f14734 54733f2a775444819f30f1090376c448 e44cce208bbd4d10b78f574845bf4e1f - - default default] Successfully bumped revision number for resource c7152acf-5626-4c1f-9b81-59dbdefc4fc7 (type: networks) to 1 [pid: 8|app: 0|req: 525/1031] 199.204.45.227 () {34 vars in 1000 bytes} [Thu Apr 23 01:23:47 2026] GET /v2.0/subnets?network_id=987f0af7-5f83-4e67-8d84-786f6ffd7529 => generated 684 bytes in 42 msecs (HTTP/1.1 200) 4 headers in 157 bytes (1 switches on core 0) [pid: 8|app: 0|req: 526/1032] 199.204.45.227 () {34 vars in 1146 bytes} [Thu Apr 23 01:23:47 2026] GET /v2.0/ports?device_id=3bca6e57-2831-4c62-a5a4-9a1e8757d786&device_owner=compute%3Anova&network_id=987f0af7-5f83-4e67-8d84-786f6ffd7529 => generated 971 bytes in 56 msecs (HTTP/1.1 200) 4 headers in 157 bytes (1 switches on core 0)
2026-04-23 01:23:47.631 7 WARNING neutron.scheduler.dhcp_agent_scheduler [None req-7798453e-ed68-4b5a-83c6-663ce1f14734 54733f2a775444819f30f1090376c448 e44cce208bbd4d10b78f574845bf4e1f - - default default] No more DHCP agents
2026-04-23 01:23:47.632 7 WARNING neutron.api.rpc.agentnotifiers.dhcp_rpc_agent_api [None req-7798453e-ed68-4b5a-83c6-663ce1f14734 54733f2a775444819f30f1090376c448 e44cce208bbd4d10b78f574845bf4e1f - - default default] Unable to schedule network c7152acf-5626-4c1f-9b81-59dbdefc4fc7: no agents available; will retry on subsequent port and subnet creation events.
2026-04-23 01:23:47.690 8 INFO neutron.plugins.ml2.drivers.ovn.mech_driver.mech_driver [None req-757f851f-5dcf-4b51-ae59-d1336cea03f7 - - - - - -] OVN reports status down for port: 8b68f2a4-3db2-4a18-9806-fcef200a8e77
2026-04-23 01:23:47.717 7 INFO neutron.db.ovn_revision_numbers_db [None req-7798453e-ed68-4b5a-83c6-663ce1f14734 54733f2a775444819f30f1090376c448 e44cce208bbd4d10b78f574845bf4e1f - - default default] Successfully bumped revision number for resource 8b68f2a4-3db2-4a18-9806-fcef200a8e77 (type: ports) to 1 [pid: 7|app: 0|req: 507/1033] 10.0.0.108 () {34 vars in 670 bytes} [Thu Apr 23 01:23:46 2026] POST /v2.0/networks => generated 649 bytes in 773 msecs (HTTP/1.1 201) 4 headers in 162 bytes (1 switches on core 0)
2026-04-23 01:23:47.953 7 INFO neutron.services.segments.plugin [-] Segment e9779ec0-129c-4cb2-ae21-8a9e8ad32462 resource provider aggregate not found
2026-04-23 01:23:47.985 7 INFO neutron.services.segments.plugin [-] Segment e9779ec0-129c-4cb2-ae21-8a9e8ad32462 resource provider aggregate not found
2026-04-23 01:23:47.994 7 INFO neutron.services.segments.plugin [-] Segment e9779ec0-129c-4cb2-ae21-8a9e8ad32462 resource provider not found; error: Placement Client Error (4xx): {"errors": [{"status": 404, "title": "Not Found", "detail": "The resource could not be found.\n\n No resource provider with uuid e9779ec0-129c-4cb2-ae21-8a9e8ad32462 found for delete ", "request_id": "req-0bf07c67-7dbd-42a5-be6a-f0956a1f6840"}]}
2026-04-23 01:23:48.017 7 INFO neutron.services.segments.plugin [-] Segment e9779ec0-129c-4cb2-ae21-8a9e8ad32462 resource provider not found; error: Placement Client Error (4xx): {"errors": [{"status": 404, "title": "Not Found", "detail": "The resource could not be found.\n\n No resource provider with uuid e9779ec0-129c-4cb2-ae21-8a9e8ad32462 found for delete ", "request_id": "req-be44ed30-9184-4338-b3ff-8d6e7da60620"}]}
2026-04-23 01:23:48.018 8 INFO neutron.db.ovn_revision_numbers_db [req-cc1ef92b-db5a-4350-8501-72db728e4770 req-0518c975-40d9-4c6a-addf-3e750cbd87d0 9386ae98cb7c4dd1bf0129eced437ef7 d0e5895037a04fcf860b9418b4f989fa - - default default] Successfully bumped revision number for resource 13ec705a-8cbd-4e57-a8f6-a17cf13a5121 (type: ports) to 6 [pid: 8|app: 0|req: 527/1034] 199.204.45.227 () {38 vars in 1028 bytes} [Thu Apr 23 01:23:47 2026] PUT /v2.0/ports/13ec705a-8cbd-4e57-a8f6-a17cf13a5121 => generated 1145 bytes in 529 msecs (HTTP/1.1 200) 4 headers in 158 bytes (1 switches on core 0)
2026-04-23 01:23:48.048 7 WARNING neutron.scheduler.dhcp_agent_scheduler [None req-2d72e035-0024-458c-9155-111a73f67605 54733f2a775444819f30f1090376c448 e44cce208bbd4d10b78f574845bf4e1f - - default default] No more DHCP agents
2026-04-23 01:23:48.055 7 WARNING neutron.api.rpc.agentnotifiers.dhcp_rpc_agent_api [None req-2d72e035-0024-458c-9155-111a73f67605 54733f2a775444819f30f1090376c448 e44cce208bbd4d10b78f574845bf4e1f - - default default] Unable to schedule network c7152acf-5626-4c1f-9b81-59dbdefc4fc7: no agents available; will retry on subsequent port and subnet creation events.
2026-04-23 01:23:48.068 8 INFO neutron.notifiers.nova [-] Nova event matching ['req-9c12dd34-5598-4e1f-812b-0323492123ae'] response: {'name': 'network-changed', 'server_uuid': '3bca6e57-2831-4c62-a5a4-9a1e8757d786', 'tag': '13ec705a-8cbd-4e57-a8f6-a17cf13a5121', 'status': 'completed', 'code': 200}
2026-04-23 01:23:48.113 7 INFO neutron.plugins.ml2.drivers.ovn.mech_driver.mech_driver [None req-a4ad1877-e8f5-45eb-b5aa-7b4c42a86f85 - - - - - -] OVN reports status down for port: 29e0f717-5908-4c19-aa2f-7ca2d882e092
2026-04-23 01:23:48.168 7 INFO neutron.db.ovn_revision_numbers_db [None req-2d72e035-0024-458c-9155-111a73f67605 54733f2a775444819f30f1090376c448 e44cce208bbd4d10b78f574845bf4e1f - - default default] Successfully bumped revision number for resource 29e0f717-5908-4c19-aa2f-7ca2d882e092 (type: ports) to 1 [pid: 7|app: 0|req: 508/1035] 10.0.0.108 () {34 vars in 665 bytes} [Thu Apr 23 01:23:47 2026] POST /v2.0/ports => generated 778 bytes in 487 msecs (HTTP/1.1 201) 4 headers in 162 bytes (1 switches on core 0) /var/lib/openstack/lib/python3.12/site-packages/pycadf/identifier.py:70: UserWarning: Invalid uuid: neutron. To ensure interoperability, identifiers should be a valid uuid. warnings.warn(('Invalid uuid: %s. To ensure interoperability, '
2026-04-23 01:23:48.333 8 INFO neutron.db.segments_db [None req-50a59729-7761-447e-9350-b133808b67e9 54733f2a775444819f30f1090376c448 e44cce208bbd4d10b78f574845bf4e1f - - default default] Added segment be58210f-d903-41bd-81a8-64b744fe193e of type geneve for network 49c78b18-6504-44e1-b286-d5608329d307
2026-04-23 01:23:48.449 8 INFO neutron.db.ovn_revision_numbers_db [None req-50a59729-7761-447e-9350-b133808b67e9 54733f2a775444819f30f1090376c448 e44cce208bbd4d10b78f574845bf4e1f - - default default] Successfully bumped revision number for resource 49c78b18-6504-44e1-b286-d5608329d307 (type: networks) to 1 /var/lib/openstack/lib/python3.12/site-packages/pycadf/identifier.py:70: UserWarning: Invalid uuid: neutron. To ensure interoperability, identifiers should be a valid uuid. warnings.warn(('Invalid uuid: %s. To ensure interoperability, ' [pid: 7|app: 0|req: 509/1036] 199.204.45.227 () {34 vars in 1080 bytes} [Thu Apr 23 01:23:48 2026] GET /v2.0/ports?tenant_id=d0e5895037a04fcf860b9418b4f989fa&device_id=3bca6e57-2831-4c62-a5a4-9a1e8757d786 => generated 1386 bytes in 43 msecs (HTTP/1.1 200) 4 headers in 158 bytes (1 switches on core 0)
2026-04-23 01:23:48.619 8 WARNING neutron.scheduler.dhcp_agent_scheduler [None req-50a59729-7761-447e-9350-b133808b67e9 54733f2a775444819f30f1090376c448 e44cce208bbd4d10b78f574845bf4e1f - - default default] No more DHCP agents
2026-04-23 01:23:48.620 8 WARNING neutron.api.rpc.agentnotifiers.dhcp_rpc_agent_api [None req-50a59729-7761-447e-9350-b133808b67e9 54733f2a775444819f30f1090376c448 e44cce208bbd4d10b78f574845bf4e1f - - default default] Unable to schedule network 49c78b18-6504-44e1-b286-d5608329d307: no agents available; will retry on subsequent port and subnet creation events. [pid: 7|app: 0|req: 510/1037] 199.204.45.227 () {34 vars in 986 bytes} [Thu Apr 23 01:23:48 2026] GET /v2.0/networks?id=987f0af7-5f83-4e67-8d84-786f6ffd7529 => generated 783 bytes in 43 msecs (HTTP/1.1 200) 4 headers in 157 bytes (1 switches on core 0) [pid: 7|app: 0|req: 511/1038] 199.204.45.227 () {34 vars in 1058 bytes} [Thu Apr 23 01:23:48 2026] GET /v2.0/floatingips?fixed_ip_address=10.100.0.5&port_id=13ec705a-8cbd-4e57-a8f6-a17cf13a5121 => generated 19 bytes in 45 msecs (HTTP/1.1 200) 4 headers in 156 bytes (1 switches on core 0)
2026-04-23 01:23:48.703 7 INFO neutron.plugins.ml2.drivers.ovn.mech_driver.mech_driver [None req-a4ad1877-e8f5-45eb-b5aa-7b4c42a86f85 - - - - - -] OVN reports status down for port: 24931582-bee8-4fda-bc4d-cfa3016d4dfd
2026-04-23 01:23:48.706 8 INFO neutron.db.ovn_revision_numbers_db [None req-50a59729-7761-447e-9350-b133808b67e9 54733f2a775444819f30f1090376c448 e44cce208bbd4d10b78f574845bf4e1f - - default default] Successfully bumped revision number for resource 24931582-bee8-4fda-bc4d-cfa3016d4dfd (type: ports) to 1 [pid: 8|app: 0|req: 528/1039] 10.0.0.108 () {34 vars in 670 bytes} [Thu Apr 23 01:23:48 2026] POST /v2.0/networks => generated 635 bytes in 486 msecs (HTTP/1.1 201) 4 headers in 162 bytes (1 switches on core 0) [pid: 8|app: 0|req: 529/1040] 199.204.45.227 () {34 vars in 1058 bytes} [Thu Apr 23 01:23:48 2026] GET /v2.0/floatingips?fixed_ip_address=10.100.0.7&port_id=13ec705a-8cbd-4e57-a8f6-a17cf13a5121 => generated 860 bytes in 45 msecs (HTTP/1.1 200) 4 headers in 157 bytes (1 switches on core 0)
2026-04-23 01:23:48.947 8 WARNING neutron.scheduler.dhcp_agent_scheduler [None req-3e4ff1fc-7c49-4754-929a-4629ef3f8d03 54733f2a775444819f30f1090376c448 e44cce208bbd4d10b78f574845bf4e1f - - default default] No more DHCP agents
2026-04-23 01:23:48.949 8 WARNING neutron.api.rpc.agentnotifiers.dhcp_rpc_agent_api [None req-3e4ff1fc-7c49-4754-929a-4629ef3f8d03 54733f2a775444819f30f1090376c448 e44cce208bbd4d10b78f574845bf4e1f - - default default] Unable to schedule network 49c78b18-6504-44e1-b286-d5608329d307: no agents available; will retry on subsequent port and subnet creation events.
2026-04-23 01:23:48.956 7 INFO neutron.db.ovn_revision_numbers_db [None req-92f141bb-228e-4d75-907a-f139c1a71f85 4de1018e8b534affb3016bb4fc94fc85 b8d9d7493a744e28a85f77246c6685d1 - - default default] Successfully bumped revision number for resource 97df2736-146f-4a34-a73c-33ab43e2a100 (type: security_groups) to 1
2026-04-23 01:23:48.970 7 INFO neutron.db.ovn_revision_numbers_db [None req-92f141bb-228e-4d75-907a-f139c1a71f85 4de1018e8b534affb3016bb4fc94fc85 b8d9d7493a744e28a85f77246c6685d1 - - default default] Successfully bumped revision number for resource 0c5d320e-0ef7-403b-bde8-06266944dbea (type: security_group_rules) to 0
2026-04-23 01:23:48.978 8 INFO neutron.db.ovn_revision_numbers_db [None req-3e4ff1fc-7c49-4754-929a-4629ef3f8d03 54733f2a775444819f30f1090376c448 e44cce208bbd4d10b78f574845bf4e1f - - default default] Successfully bumped revision number for resource b77ca521-bc93-409b-939b-faead015ff34 (type: subnets) to 0
2026-04-23 01:23:48.984 7 INFO neutron.db.ovn_revision_numbers_db [None req-92f141bb-228e-4d75-907a-f139c1a71f85 4de1018e8b534affb3016bb4fc94fc85 b8d9d7493a744e28a85f77246c6685d1 - - default default] Successfully bumped revision number for resource 361c63a7-2ac4-4fc4-89cb-1ad362899207 (type: security_group_rules) to 0 [pid: 8|app: 0|req: 530/1041] 10.0.0.108 () {34 vars in 669 bytes} [Thu Apr 23 01:23:48 2026] POST /v2.0/subnets => generated 646 bytes in 220 msecs (HTTP/1.1 201) 4 headers in 162 bytes (1 switches on core 0)
2026-04-23 01:23:49.000 7 INFO neutron.db.ovn_revision_numbers_db [None req-92f141bb-228e-4d75-907a-f139c1a71f85 4de1018e8b534affb3016bb4fc94fc85 b8d9d7493a744e28a85f77246c6685d1 - - default default] Successfully bumped revision number for resource 99802b02-1a5f-4a16-87d5-c786df3f14b1 (type: security_group_rules) to 0
2026-04-23 01:23:49.012 7 INFO neutron.db.ovn_revision_numbers_db [None req-92f141bb-228e-4d75-907a-f139c1a71f85 4de1018e8b534affb3016bb4fc94fc85 b8d9d7493a744e28a85f77246c6685d1 - - default default] Successfully bumped revision number for resource 9b04cd1a-a8c0-4d94-907d-da9048d4f2b1 (type: security_group_rules) to 0 [pid: 8|app: 0|req: 531/1042] 199.204.45.227 () {34 vars in 984 bytes} [Thu Apr 23 01:23:48 2026] GET /v2.0/subnets?id=0eb6cd72-d1e9-4099-bffc-f510aeeec5e7 => generated 702 bytes in 26 msecs (HTTP/1.1 200) 4 headers in 157 bytes (1 switches on core 0)
