2026-04-23 01:27:11.677 7 INFO neutron.db.segments_db [None req-edeca041-03bd-4b75-a7ea-6c6de87061bf 6012da7732564b44854ac7a9d28cdb1e 9f180398d98a4e9dba86ce2190254461 - - default default] Added segment 046a006d-f880-4c57-a719-716f79d38a6e of type geneve for network 2445bda8-d278-4aff-afcd-30d7d0f5b43f [pid: 8|app: 0|req: 1279/2528] 10.0.0.35 () {34 vars in 989 bytes} [Thu Apr 23 01:27:11 2026] GET /v2.0/ports?device_id=f77968f5-4517-45fa-ad40-badc6bd4598e => generated 1012 bytes in 40 msecs (HTTP/1.1 200) 4 headers in 158 bytes (1 switches on core 0)
2026-04-23 01:27:11.777 7 INFO neutron.db.ovn_revision_numbers_db [None req-edeca041-03bd-4b75-a7ea-6c6de87061bf 6012da7732564b44854ac7a9d28cdb1e 9f180398d98a4e9dba86ce2190254461 - - default default] Successfully bumped revision number for resource 2445bda8-d278-4aff-afcd-30d7d0f5b43f (type: networks) to 1 [pid: 8|app: 0|req: 1280/2529] 10.0.0.35 () {34 vars in 1119 bytes} [Thu Apr 23 01:27:11 2026] GET /v2.0/security-groups?id=09ed14e8-956d-4c6c-bf34-ae87e3c13766&id=ff15bc6c-f5ca-491a-bd92-43509cbf9a5b&fields=id&fields=name => generated 207 bytes in 26 msecs (HTTP/1.1 200) 4 headers in 157 bytes (1 switches on core 0)
2026-04-23 01:27:11.936 7 WARNING neutron.scheduler.dhcp_agent_scheduler [None req-edeca041-03bd-4b75-a7ea-6c6de87061bf 6012da7732564b44854ac7a9d28cdb1e 9f180398d98a4e9dba86ce2190254461 - - default default] No more DHCP agents
2026-04-23 01:27:11.937 7 WARNING neutron.api.rpc.agentnotifiers.dhcp_rpc_agent_api [None req-edeca041-03bd-4b75-a7ea-6c6de87061bf 6012da7732564b44854ac7a9d28cdb1e 9f180398d98a4e9dba86ce2190254461 - - default default] Unable to schedule network 2445bda8-d278-4aff-afcd-30d7d0f5b43f: no agents available; will retry on subsequent port and subnet creation events.
2026-04-23 01:27:11.986 8 INFO neutron.plugins.ml2.drivers.ovn.mech_driver.mech_driver [None req-11dc3095-a712-43d9-8930-51d136a05908 - - - - - -] OVN reports status down for port: 9e16cf4e-f3c6-4b22-be1c-1bcd4c4df97b
2026-04-23 01:27:12.004 7 INFO neutron.db.ovn_revision_numbers_db [None req-edeca041-03bd-4b75-a7ea-6c6de87061bf 6012da7732564b44854ac7a9d28cdb1e 9f180398d98a4e9dba86ce2190254461 - - default default] Successfully bumped revision number for resource 9e16cf4e-f3c6-4b22-be1c-1bcd4c4df97b (type: ports) to 1 [pid: 7|app: 0|req: 1250/2530] 10.0.0.108 () {34 vars in 670 bytes} [Thu Apr 23 01:27:11 2026] POST /v2.0/networks => generated 632 bytes in 439 msecs (HTTP/1.1 201) 4 headers in 162 bytes (1 switches on core 0)
2026-04-23 01:27:12.129 8 INFO neutron.db.segments_db [None req-a82dcdb6-dabb-462c-a36a-c550e5ee2502 6012da7732564b44854ac7a9d28cdb1e 9f180398d98a4e9dba86ce2190254461 - - default default] Added segment cb04bb7d-57fd-4fc9-a3ca-a0cf9a3d64ae of type geneve for network 1f7ec5ea-19f1-4a36-b6d7-38b274c3ea8d
2026-04-23 01:27:12.218 8 INFO neutron.db.ovn_revision_numbers_db [None req-a82dcdb6-dabb-462c-a36a-c550e5ee2502 6012da7732564b44854ac7a9d28cdb1e 9f180398d98a4e9dba86ce2190254461 - - default default] Successfully bumped revision number for resource 1f7ec5ea-19f1-4a36-b6d7-38b274c3ea8d (type: networks) to 1
2026-04-23 01:27:12.373 8 WARNING neutron.scheduler.dhcp_agent_scheduler [None req-a82dcdb6-dabb-462c-a36a-c550e5ee2502 6012da7732564b44854ac7a9d28cdb1e 9f180398d98a4e9dba86ce2190254461 - - default default] No more DHCP agents
2026-04-23 01:27:12.375 8 WARNING neutron.api.rpc.agentnotifiers.dhcp_rpc_agent_api [None req-a82dcdb6-dabb-462c-a36a-c550e5ee2502 6012da7732564b44854ac7a9d28cdb1e 9f180398d98a4e9dba86ce2190254461 - - default default] Unable to schedule network 1f7ec5ea-19f1-4a36-b6d7-38b274c3ea8d: no agents available; will retry on subsequent port and subnet creation events.
2026-04-23 01:27:12.419 8 INFO neutron.plugins.ml2.drivers.ovn.mech_driver.mech_driver [None req-11dc3095-a712-43d9-8930-51d136a05908 - - - - - -] OVN reports status down for port: 2ec84081-47b1-41ed-af3b-e68bc766d951
2026-04-23 01:27:12.474 8 INFO neutron.db.ovn_revision_numbers_db [None req-a82dcdb6-dabb-462c-a36a-c550e5ee2502 6012da7732564b44854ac7a9d28cdb1e 9f180398d98a4e9dba86ce2190254461 - - default default] Successfully bumped revision number for resource 2ec84081-47b1-41ed-af3b-e68bc766d951 (type: ports) to 1 [pid: 8|app: 0|req: 1281/2531] 10.0.0.108 () {34 vars in 670 bytes} [Thu Apr 23 01:27:12 2026] POST /v2.0/networks => generated 632 bytes in 484 msecs (HTTP/1.1 201) 4 headers in 162 bytes (1 switches on core 0)
2026-04-23 01:27:12.601 7 INFO neutron.db.segments_db [None req-93419f0e-a92d-44eb-89d4-6f5ad0dde87f 6012da7732564b44854ac7a9d28cdb1e 9f180398d98a4e9dba86ce2190254461 - - default default] Added segment 96b52fb1-f338-4d6a-b3b9-2f8b88f0a9d0 of type geneve for network 083f25d9-d610-47e1-a2ef-a931e6fe99e9
2026-04-23 01:27:12.708 7 INFO neutron.db.ovn_revision_numbers_db [None req-93419f0e-a92d-44eb-89d4-6f5ad0dde87f 6012da7732564b44854ac7a9d28cdb1e 9f180398d98a4e9dba86ce2190254461 - - default default] Successfully bumped revision number for resource 083f25d9-d610-47e1-a2ef-a931e6fe99e9 (type: networks) to 1
2026-04-23 01:27:12.848 7 WARNING neutron.scheduler.dhcp_agent_scheduler [None req-93419f0e-a92d-44eb-89d4-6f5ad0dde87f 6012da7732564b44854ac7a9d28cdb1e 9f180398d98a4e9dba86ce2190254461 - - default default] No more DHCP agents
2026-04-23 01:27:12.851 7 WARNING neutron.api.rpc.agentnotifiers.dhcp_rpc_agent_api [None req-93419f0e-a92d-44eb-89d4-6f5ad0dde87f 6012da7732564b44854ac7a9d28cdb1e 9f180398d98a4e9dba86ce2190254461 - - default default] Unable to schedule network 083f25d9-d610-47e1-a2ef-a931e6fe99e9: no agents available; will retry on subsequent port and subnet creation events.
2026-04-23 01:27:12.918 8 INFO neutron.plugins.ml2.drivers.ovn.mech_driver.mech_driver [None req-11dc3095-a712-43d9-8930-51d136a05908 - - - - - -] OVN reports status down for port: 08c50930-2ab1-4bed-89d9-bb74716c03c7
2026-04-23 01:27:12.923 7 INFO neutron.db.ovn_revision_numbers_db [None req-93419f0e-a92d-44eb-89d4-6f5ad0dde87f 6012da7732564b44854ac7a9d28cdb1e 9f180398d98a4e9dba86ce2190254461 - - default default] Successfully bumped revision number for resource 08c50930-2ab1-4bed-89d9-bb74716c03c7 (type: ports) to 1 [pid: 7|app: 0|req: 1251/2532] 10.0.0.108 () {34 vars in 670 bytes} [Thu Apr 23 01:27:12 2026] POST /v2.0/networks => generated 631 bytes in 419 msecs (HTTP/1.1 201) 4 headers in 162 bytes (1 switches on core 0) [pid: 7|app: 0|req: 1252/2533] 199.204.45.227 () {34 vars in 994 bytes} [Thu Apr 23 01:27:12 2026] GET /v2.0/ports?device_id=f77968f5-4517-45fa-ad40-badc6bd4598e => generated 1250 bytes in 36 msecs (HTTP/1.1 200) 4 headers in 158 bytes (1 switches on core 0) [pid: 8|app: 0|req: 1282/2534] 10.0.0.35 () {34 vars in 989 bytes} [Thu Apr 23 01:27:12 2026] GET /v2.0/ports?device_id=f77968f5-4517-45fa-ad40-badc6bd4598e => generated 1012 bytes in 120 msecs (HTTP/1.1 200) 4 headers in 158 bytes (1 switches on core 0) [pid: 8|app: 0|req: 1283/2535] 199.204.45.227 () {34 vars in 1124 bytes} [Thu Apr 23 01:27:12 2026] GET /v2.0/security-groups?id=ff15bc6c-f5ca-491a-bd92-43509cbf9a5b&id=09ed14e8-956d-4c6c-bf34-ae87e3c13766&fields=id&fields=name => generated 207 bytes in 68 msecs (HTTP/1.1 200) 4 headers in 157 bytes (1 switches on core 0)
2026-04-23 01:27:13.064 7 INFO neutron.db.segments_db [None req-52623885-9866-42ae-ae53-2d32c30f9c43 6012da7732564b44854ac7a9d28cdb1e 9f180398d98a4e9dba86ce2190254461 - - default default] Added segment 19c9dd40-9999-4de1-b732-01ee9bc441f1 of type geneve for network 70807869-cdb1-4ae8-a7c2-61abd37c7bd7 [pid: 8|app: 0|req: 1284/2536] 10.0.0.35 () {34 vars in 1119 bytes} [Thu Apr 23 01:27:13 2026] GET /v2.0/security-groups?id=09ed14e8-956d-4c6c-bf34-ae87e3c13766&id=ff15bc6c-f5ca-491a-bd92-43509cbf9a5b&fields=id&fields=name => generated 207 bytes in 40 msecs (HTTP/1.1 200) 4 headers in 157 bytes (1 switches on core 0)
2026-04-23 01:27:13.179 7 INFO neutron.plugins.ml2.drivers.ovn.mech_driver.mech_driver [None req-aed0fd86-8a38-423e-9b24-8e16237a18f2 - - - - - -] OVN reports status up for port: 6ed9da5c-8f98-4c95-a497-a5478da3a7e6
2026-04-23 01:27:13.226 7 INFO neutron.plugins.ml2.plugin [None req-aed0fd86-8a38-423e-9b24-8e16237a18f2 - - - - - -] Attempt 1 to provision port 6ed9da5c-8f98-4c95-a497-a5478da3a7e6
2026-04-23 01:27:13.252 7 INFO neutron.db.ovn_revision_numbers_db [None req-52623885-9866-42ae-ae53-2d32c30f9c43 6012da7732564b44854ac7a9d28cdb1e 9f180398d98a4e9dba86ce2190254461 - - default default] Successfully bumped revision number for resource 70807869-cdb1-4ae8-a7c2-61abd37c7bd7 (type: networks) to 1
2026-04-23 01:27:13.417 7 INFO neutron.notifiers.nova [-] Nova event matching ['req-d8ea179e-1863-422c-b80e-66c15d6cd595'] response: {'server_uuid': 'f77968f5-4517-45fa-ad40-badc6bd4598e', 'name': 'network-vif-plugged', 'status': 'completed', 'tag': '6ed9da5c-8f98-4c95-a497-a5478da3a7e6', 'code': 200}
2026-04-23 01:27:13.541 7 WARNING neutron.scheduler.dhcp_agent_scheduler [None req-52623885-9866-42ae-ae53-2d32c30f9c43 6012da7732564b44854ac7a9d28cdb1e 9f180398d98a4e9dba86ce2190254461 - - default default] No more DHCP agents
2026-04-23 01:27:13.545 7 WARNING neutron.api.rpc.agentnotifiers.dhcp_rpc_agent_api [None req-52623885-9866-42ae-ae53-2d32c30f9c43 6012da7732564b44854ac7a9d28cdb1e 9f180398d98a4e9dba86ce2190254461 - - default default] Unable to schedule network 70807869-cdb1-4ae8-a7c2-61abd37c7bd7: no agents available; will retry on subsequent port and subnet creation events.
2026-04-23 01:27:13.631 7 INFO neutron.db.ovn_revision_numbers_db [None req-aed0fd86-8a38-423e-9b24-8e16237a18f2 - - - - - -] Successfully bumped revision number for resource 6ed9da5c-8f98-4c95-a497-a5478da3a7e6 (type: ports) to 5
2026-04-23 01:27:13.690 7 INFO neutron.db.ovn_revision_numbers_db [None req-52623885-9866-42ae-ae53-2d32c30f9c43 6012da7732564b44854ac7a9d28cdb1e 9f180398d98a4e9dba86ce2190254461 - - default default] Successfully bumped revision number for resource 466c6e56-27e6-4edc-aae1-1e56aa024510 (type: ports) to 1 [pid: 7|app: 0|req: 1253/2537] 10.0.0.108 () {34 vars in 670 bytes} [Thu Apr 23 01:27:12 2026] POST /v2.0/networks => generated 632 bytes in 752 msecs (HTTP/1.1 201) 4 headers in 162 bytes (1 switches on core 0)
2026-04-23 01:27:13.739 7 INFO neutron.plugins.ml2.drivers.ovn.mech_driver.mech_driver [None req-c2b727c1-e3f6-4e68-b6e5-b741925b7a2c - - - - - -] OVN reports status down for port: 466c6e56-27e6-4edc-aae1-1e56aa024510 [pid: 8|app: 0|req: 1285/2538] 10.0.0.108 () {34 vars in 753 bytes} [Thu Apr 23 01:27:13 2026] PUT /v2.0/networks/8e835888-bfac-441d-9f8b-1cf018de5a46/tags => generated 17 bytes in 65 msecs (HTTP/1.1 200) 4 headers in 156 bytes (1 switches on core 0) /var/lib/openstack/lib/python3.12/site-packages/pycadf/identifier.py:70: UserWarning: Invalid uuid: neutron. To ensure interoperability, identifiers should be a valid uuid. warnings.warn(('Invalid uuid: %s. To ensure interoperability, ' [pid: 7|app: 0|req: 1254/2539] 10.0.0.108 () {34 vars in 753 bytes} [Thu Apr 23 01:27:13 2026] PUT /v2.0/networks/2445bda8-d278-4aff-afcd-30d7d0f5b43f/tags => generated 25 bytes in 52 msecs (HTTP/1.1 200) 4 headers in 156 bytes (1 switches on core 0) [pid: 8|app: 0|req: 1286/2540] 10.0.0.108 () {34 vars in 753 bytes} [Thu Apr 23 01:27:13 2026] PUT /v2.0/networks/1f7ec5ea-19f1-4a36-b6d7-38b274c3ea8d/tags => generated 34 bytes in 64 msecs (HTTP/1.1 200) 4 headers in 156 bytes (1 switches on core 0) [pid: 7|app: 0|req: 1255/2541] 10.0.0.108 () {34 vars in 753 bytes} [Thu Apr 23 01:27:13 2026] PUT /v2.0/networks/083f25d9-d610-47e1-a2ef-a931e6fe99e9/tags => generated 19 bytes in 53 msecs (HTTP/1.1 200) 4 headers in 156 bytes (1 switches on core 0) [pid: 8|app: 0|req: 1287/2542] 10.0.0.108 () {32 vars in 666 bytes} [Thu Apr 23 01:27:13 2026] GET /v2.0/networks?tags=red => generated 1874 bytes in 54 msecs (HTTP/1.1 200) 4 headers in 158 bytes (1 switches on core 0) [pid: 7|app: 0|req: 1256/2543] 10.0.0.108 () {32 vars in 680 bytes} [Thu Apr 23 01:27:14 2026] GET /v2.0/networks?tags=red%2Cblue => generated 1262 bytes in 47 msecs (HTTP/1.1 200) 4 headers in 158 bytes (1 switches on core 0) [pid: 8|app: 0|req: 1288/2544] 10.0.0.108 () {32 vars in 676 bytes} [Thu Apr 23 01:27:14 2026] GET /v2.0/networks?tags-any=blue => generated 1262 bytes in 57 msecs (HTTP/1.1 200) 4 headers in 158 bytes (1 switches on core 0) [pid: 7|app: 0|req: 1257/2545] 10.0.0.35 () {34 vars in 989 bytes} [Thu Apr 23 01:27:14 2026] GET /v2.0/ports?device_id=f77968f5-4517-45fa-ad40-badc6bd4598e => generated 1014 bytes in 64 msecs (HTTP/1.1 200) 4 headers in 158 bytes (1 switches on core 0) [pid: 8|app: 0|req: 1289/2546] 10.0.0.108 () {32 vars in 688 bytes} [Thu Apr 23 01:27:14 2026] GET /v2.0/networks?tags-any=red%2Cblue => generated 1874 bytes in 48 msecs (HTTP/1.1 200) 4 headers in 158 bytes (1 switches on core 0) [pid: 7|app: 0|req: 1258/2547] 10.0.0.35 () {34 vars in 1119 bytes} [Thu Apr 23 01:27:14 2026] GET /v2.0/security-groups?id=09ed14e8-956d-4c6c-bf34-ae87e3c13766&id=ff15bc6c-f5ca-491a-bd92-43509cbf9a5b&fields=id&fields=name => generated 207 bytes in 36 msecs (HTTP/1.1 200) 4 headers in 157 bytes (1 switches on core 0) [pid: 8|app: 0|req: 1290/2548] 10.0.0.108 () {32 vars in 674 bytes} [Thu Apr 23 01:27:14 2026] GET /v2.0/networks?not-tags=red => generated 1873 bytes in 61 msecs (HTTP/1.1 200) 4 headers in 158 bytes (1 switches on core 0) [pid: 7|app: 0|req: 1259/2549] 10.0.0.108 () {32 vars in 688 bytes} [Thu Apr 23 01:27:14 2026] GET /v2.0/networks?not-tags=red%2Cblue => generated 2485 bytes in 64 msecs (HTTP/1.1 200) 4 headers in 158 bytes (1 switches on core 0) [pid: 8|app: 0|req: 1291/2550] 10.0.0.108 () {32 vars in 684 bytes} [Thu Apr 23 01:27:14 2026] GET /v2.0/networks?not-tags-any=blue => generated 2485 bytes in 77 msecs (HTTP/1.1 200) 4 headers in 158 bytes (1 switches on core 0) [pid: 7|app: 0|req: 1260/2551] 10.0.0.108 () {32 vars in 696 bytes} [Thu Apr 23 01:27:14 2026] GET /v2.0/networks?not-tags-any=red%2Cblue => generated 1873 bytes in 67 msecs (HTTP/1.1 200) 4 headers in 158 bytes (1 switches on core 0)
2026-04-23 01:27:14.662 8 INFO neutron_taas.services.taas.taas_plugin [None req-c119be05-a9e6-4757-9b8b-50f4c1121105 6012da7732564b44854ac7a9d28cdb1e 9f180398d98a4e9dba86ce2190254461 - - default default] TaaS: Handle Delete Port: 17dbfd30-b356-4e41-bdb9-d9a48d440972
2026-04-23 01:27:14.664 8 INFO neutron_taas.services.taas.tap_mirror_plugin [None req-c119be05-a9e6-4757-9b8b-50f4c1121105 6012da7732564b44854ac7a9d28cdb1e 9f180398d98a4e9dba86ce2190254461 - - default default] Tap Mirror: Handle Delete Port: 17dbfd30-b356-4e41-bdb9-d9a48d440972
2026-04-23 01:27:14.886 8 INFO neutron.services.segments.plugin [-] Segment 82c371b0-ff17-4695-892d-7246c34baf6c resource provider aggregate not found
2026-04-23 01:27:14.902 8 INFO neutron.services.segments.plugin [-] Segment 82c371b0-ff17-4695-892d-7246c34baf6c resource provider aggregate not found
2026-04-23 01:27:14.902 8 INFO neutron.services.segments.plugin [-] Segment 82c371b0-ff17-4695-892d-7246c34baf6c resource provider not found; error: Placement Client Error (4xx): {"errors": [{"status": 404, "title": "Not Found", "detail": "The resource could not be found.\n\n No resource provider with uuid 82c371b0-ff17-4695-892d-7246c34baf6c found for delete ", "request_id": "req-6490575a-0a67-4189-81a7-d9797ea91400"}]}
2026-04-23 01:27:14.920 8 INFO neutron.services.segments.plugin [-] Segment 82c371b0-ff17-4695-892d-7246c34baf6c resource provider not found; error: Placement Client Error (4xx): {"errors": [{"status": 404, "title": "Not Found", "detail": "The resource could not be found.\n\n No resource provider with uuid 82c371b0-ff17-4695-892d-7246c34baf6c found for delete ", "request_id": "req-c091e4d8-a288-4948-995c-d14fe4914a29"}]} [pid: 8|app: 0|req: 1292/2552] 10.0.0.108 () {32 vars in 726 bytes} [Thu Apr 23 01:27:14 2026] DELETE /v2.0/networks/8e835888-bfac-441d-9f8b-1cf018de5a46 => generated 0 bytes in 426 msecs (HTTP/1.1 204) 3 headers in 131 bytes (1 switches on core 0)
2026-04-23 01:27:15.057 7 INFO neutron_taas.services.taas.taas_plugin [None req-4da1ab3a-51db-4087-8c09-0ef3872ae7c9 6012da7732564b44854ac7a9d28cdb1e 9f180398d98a4e9dba86ce2190254461 - - default default] TaaS: Handle Delete Port: 9e16cf4e-f3c6-4b22-be1c-1bcd4c4df97b
2026-04-23 01:27:15.059 7 INFO neutron_taas.services.taas.tap_mirror_plugin [None req-4da1ab3a-51db-4087-8c09-0ef3872ae7c9 6012da7732564b44854ac7a9d28cdb1e 9f180398d98a4e9dba86ce2190254461 - - default default] Tap Mirror: Handle Delete Port: 9e16cf4e-f3c6-4b22-be1c-1bcd4c4df97b
2026-04-23 01:27:15.224 7 INFO neutron.services.segments.plugin [-] Segment 046a006d-f880-4c57-a719-716f79d38a6e resource provider aggregate not found
2026-04-23 01:27:15.229 7 INFO neutron.services.segments.plugin [-] Segment 046a006d-f880-4c57-a719-716f79d38a6e resource provider aggregate not found
2026-04-23 01:27:15.243 7 INFO neutron.services.segments.plugin [-] Segment 046a006d-f880-4c57-a719-716f79d38a6e resource provider not found; error: Placement Client Error (4xx): {"errors": [{"status": 404, "title": "Not Found", "detail": "The resource could not be found.\n\n No resource provider with uuid 046a006d-f880-4c57-a719-716f79d38a6e found for delete ", "request_id": "req-c2c980e6-08b0-431d-92d8-9b3b1387a532"}]}
2026-04-23 01:27:15.246 7 INFO neutron.services.segments.plugin [-] Segment 046a006d-f880-4c57-a719-716f79d38a6e resource provider not found; error: Placement Client Error (4xx): {"errors": [{"status": 404, "title": "Not Found", "detail": "The resource could not be found.\n\n No resource provider with uuid 046a006d-f880-4c57-a719-716f79d38a6e found for delete ", "request_id": "req-c871324c-8310-47f5-8312-b3a940f4a7d0"}]} [pid: 7|app: 0|req: 1261/2553] 10.0.0.108 () {32 vars in 726 bytes} [Thu Apr 23 01:27:14 2026] DELETE /v2.0/networks/2445bda8-d278-4aff-afcd-30d7d0f5b43f => generated 0 bytes in 375 msecs (HTTP/1.1 204) 3 headers in 131 bytes (1 switches on core 0) [pid: 8|app: 0|req: 1293/2554] 10.0.0.35 () {34 vars in 989 bytes} [Thu Apr 23 01:27:15 2026] GET /v2.0/ports?device_id=f77968f5-4517-45fa-ad40-badc6bd4598e => generated 1014 bytes in 48 msecs (HTTP/1.1 200) 4 headers in 158 bytes (1 switches on core 0) [pid: 8|app: 0|req: 1294/2555] 10.0.0.35 () {34 vars in 1119 bytes} [Thu Apr 23 01:27:15 2026] GET /v2.0/security-groups?id=09ed14e8-956d-4c6c-bf34-ae87e3c13766&id=ff15bc6c-f5ca-491a-bd92-43509cbf9a5b&fields=id&fields=name => generated 207 bytes in 25 msecs (HTTP/1.1 200) 4 headers in 157 bytes (1 switches on core 0)
2026-04-23 01:27:15.456 7 INFO neutron_taas.services.taas.taas_plugin [None req-813af8c2-c6b4-46a0-87ae-4a4cb67c5790 6012da7732564b44854ac7a9d28cdb1e 9f180398d98a4e9dba86ce2190254461 - - default default] TaaS: Handle Delete Port: 2ec84081-47b1-41ed-af3b-e68bc766d951
2026-04-23 01:27:15.458 7 INFO neutron_taas.services.taas.tap_mirror_plugin [None req-813af8c2-c6b4-46a0-87ae-4a4cb67c5790 6012da7732564b44854ac7a9d28cdb1e 9f180398d98a4e9dba86ce2190254461 - - default default] Tap Mirror: Handle Delete Port: 2ec84081-47b1-41ed-af3b-e68bc766d951
2026-04-23 01:27:15.468 7 INFO neutron.notifiers.nova [-] Nova event matching ['req-8750e2c8-432a-4acb-b083-7f75a0863f2f'] response: {'server_uuid': 'f77968f5-4517-45fa-ad40-badc6bd4598e', 'name': 'network-vif-plugged', 'status': 'completed', 'tag': '6ed9da5c-8f98-4c95-a497-a5478da3a7e6', 'code': 200} [pid: 7|app: 0|req: 1262/2556] 10.0.0.108 () {32 vars in 726 bytes} [Thu Apr 23 01:27:15 2026] DELETE /v2.0/networks/1f7ec5ea-19f1-4a36-b6d7-38b274c3ea8d => generated 0 bytes in 325 msecs (HTTP/1.1 204) 3 headers in 131 bytes (1 switches on core 0)
2026-04-23 01:27:15.795 8 INFO neutron_taas.services.taas.taas_plugin [None req-4898e205-58d9-48e8-ac7e-02e56c79e49e 6012da7732564b44854ac7a9d28cdb1e 9f180398d98a4e9dba86ce2190254461 - - default default] TaaS: Handle Delete Port: 08c50930-2ab1-4bed-89d9-bb74716c03c7
2026-04-23 01:27:15.798 8 INFO neutron_taas.services.taas.tap_mirror_plugin [None req-4898e205-58d9-48e8-ac7e-02e56c79e49e 6012da7732564b44854ac7a9d28cdb1e 9f180398d98a4e9dba86ce2190254461 - - default default] Tap Mirror: Handle Delete Port: 08c50930-2ab1-4bed-89d9-bb74716c03c7 [pid: 8|app: 0|req: 1295/2557] 10.0.0.108 () {32 vars in 726 bytes} [Thu Apr 23 01:27:15 2026] DELETE /v2.0/networks/083f25d9-d610-47e1-a2ef-a931e6fe99e9 => generated 0 bytes in 356 msecs (HTTP/1.1 204) 3 headers in 131 bytes (1 switches on core 0)
2026-04-23 01:27:16.131 7 INFO neutron_taas.services.taas.taas_plugin [None req-c01659a9-1f05-4dd1-9aeb-81b46ba3fcee 6012da7732564b44854ac7a9d28cdb1e 9f180398d98a4e9dba86ce2190254461 - - default default] TaaS: Handle Delete Port: 466c6e56-27e6-4edc-aae1-1e56aa024510
2026-04-23 01:27:16.133 7 INFO neutron_taas.services.taas.tap_mirror_plugin [None req-c01659a9-1f05-4dd1-9aeb-81b46ba3fcee 6012da7732564b44854ac7a9d28cdb1e 9f180398d98a4e9dba86ce2190254461 - - default default] Tap Mirror: Handle Delete Port: 466c6e56-27e6-4edc-aae1-1e56aa024510 [pid: 7|app: 0|req: 1263/2558] 10.0.0.108 () {32 vars in 726 bytes} [Thu Apr 23 01:27:16 2026] DELETE /v2.0/networks/70807869-cdb1-4ae8-a7c2-61abd37c7bd7 => generated 0 bytes in 300 msecs (HTTP/1.1 204) 3 headers in 131 bytes (1 switches on core 0) [pid: 7|app: 0|req: 1264/2559] 10.0.0.35 () {34 vars in 989 bytes} [Thu Apr 23 01:27:16 2026] GET /v2.0/ports?device_id=f77968f5-4517-45fa-ad40-badc6bd4598e => generated 1014 bytes in 51 msecs (HTTP/1.1 200) 4 headers in 158 bytes (1 switches on core 0)
2026-04-23 01:27:16.560 8 INFO neutron.db.ovn_revision_numbers_db [None req-a7921517-e46e-4d5e-a10b-eaa0eaa331d1 400c2da04f934877b01e5076e24d0227 2243114003da4258bd8a6a4c10a2eba0 - - default default] Successfully bumped revision number for resource b4c082b7-bc8e-45c7-8e0a-6a7ee4ca5cbe (type: security_groups) to 1
2026-04-23 01:27:16.568 8 INFO neutron.db.ovn_revision_numbers_db [None req-a7921517-e46e-4d5e-a10b-eaa0eaa331d1 400c2da04f934877b01e5076e24d0227 2243114003da4258bd8a6a4c10a2eba0 - - default default] Successfully bumped revision number for resource 0858dfc2-d1e0-4783-a170-68f370dd6bb5 (type: security_group_rules) to 0
2026-04-23 01:27:16.583 8 INFO neutron.db.ovn_revision_numbers_db [None req-a7921517-e46e-4d5e-a10b-eaa0eaa331d1 400c2da04f934877b01e5076e24d0227 2243114003da4258bd8a6a4c10a2eba0 - - default default] Successfully bumped revision number for resource 26296f1b-0781-4c24-8fb4-365fceca4010 (type: security_group_rules) to 0 [pid: 7|app: 0|req: 1265/2560] 10.0.0.35 () {34 vars in 1119 bytes} [Thu Apr 23 01:27:16 2026] GET /v2.0/security-groups?id=09ed14e8-956d-4c6c-bf34-ae87e3c13766&id=ff15bc6c-f5ca-491a-bd92-43509cbf9a5b&fields=id&fields=name => generated 207 bytes in 30 msecs (HTTP/1.1 200) 4 headers in 157 bytes (1 switches on core 0)
2026-04-23 01:27:16.596 8 INFO neutron.db.ovn_revision_numbers_db [None req-a7921517-e46e-4d5e-a10b-eaa0eaa331d1 400c2da04f934877b01e5076e24d0227 2243114003da4258bd8a6a4c10a2eba0 - - default default] Successfully bumped revision number for resource 91531e47-e4a4-423d-9a3c-949d0404471d (type: security_group_rules) to 0
2026-04-23 01:27:16.618 8 INFO neutron.db.ovn_revision_numbers_db [None req-a7921517-e46e-4d5e-a10b-eaa0eaa331d1 400c2da04f934877b01e5076e24d0227 2243114003da4258bd8a6a4c10a2eba0 - - default default] Successfully bumped revision number for resource f23eb17a-7df0-43bb-a539-4d27b45681ea (type: security_group_rules) to 0
2026-04-23 01:27:16.689 8 INFO neutron.db.segments_db [None req-a7921517-e46e-4d5e-a10b-eaa0eaa331d1 400c2da04f934877b01e5076e24d0227 2243114003da4258bd8a6a4c10a2eba0 - - default default] Added segment 690e680b-1bc7-4476-8c78-b56944abfc7c of type geneve for network 45d7c1f4-1391-4377-80b1-4f225e005dbc [pid: 7|app: 0|req: 1266/2561] 10.0.0.35 () {34 vars in 989 bytes} [Thu Apr 23 01:27:16 2026] GET /v2.0/ports?device_id=f77968f5-4517-45fa-ad40-badc6bd4598e => generated 1014 bytes in 40 msecs (HTTP/1.1 200) 4 headers in 158 bytes (1 switches on core 0)
2026-04-23 01:27:16.799 8 INFO neutron.db.ovn_revision_numbers_db [None req-a7921517-e46e-4d5e-a10b-eaa0eaa331d1 400c2da04f934877b01e5076e24d0227 2243114003da4258bd8a6a4c10a2eba0 - - default default] Successfully bumped revision number for resource 45d7c1f4-1391-4377-80b1-4f225e005dbc (type: networks) to 1
2026-04-23 01:27:16.930 8 INFO neutron.services.segments.plugin [-] Segment 96b52fb1-f338-4d6a-b3b9-2f8b88f0a9d0 resource provider aggregate not found
2026-04-23 01:27:16.945 8 INFO neutron.services.segments.plugin [-] Segment 96b52fb1-f338-4d6a-b3b9-2f8b88f0a9d0 resource provider aggregate not found
2026-04-23 01:27:16.951 8 INFO neutron.services.segments.plugin [-] Segment 96b52fb1-f338-4d6a-b3b9-2f8b88f0a9d0 resource provider not found; error: Placement Client Error (4xx): {"errors": [{"status": 404, "title": "Not Found", "detail": "The resource could not be found.\n\n No resource provider with uuid 96b52fb1-f338-4d6a-b3b9-2f8b88f0a9d0 found for delete ", "request_id": "req-5b463306-ed38-4bcb-9fc2-0c6df99f42bc"}]}
2026-04-23 01:27:16.956 8 WARNING neutron.scheduler.dhcp_agent_scheduler [None req-a7921517-e46e-4d5e-a10b-eaa0eaa331d1 400c2da04f934877b01e5076e24d0227 2243114003da4258bd8a6a4c10a2eba0 - - default default] No more DHCP agents
2026-04-23 01:27:16.958 8 WARNING neutron.api.rpc.agentnotifiers.dhcp_rpc_agent_api [None req-a7921517-e46e-4d5e-a10b-eaa0eaa331d1 400c2da04f934877b01e5076e24d0227 2243114003da4258bd8a6a4c10a2eba0 - - default default] Unable to schedule network 45d7c1f4-1391-4377-80b1-4f225e005dbc: no agents available; will retry on subsequent port and subnet creation events.
2026-04-23 01:27:16.968 8 INFO neutron.services.segments.plugin [-] Segment 96b52fb1-f338-4d6a-b3b9-2f8b88f0a9d0 resource provider not found; error: Placement Client Error (4xx): {"errors": [{"status": 404, "title": "Not Found", "detail": "The resource could not be found.\n\n No resource provider with uuid 96b52fb1-f338-4d6a-b3b9-2f8b88f0a9d0 found for delete ", "request_id": "req-fe58fd25-7dac-4445-a3cb-3f9edcf3c935"}]}
2026-04-23 01:27:17.005 8 INFO neutron.plugins.ml2.drivers.ovn.mech_driver.mech_driver [None req-11dc3095-a712-43d9-8930-51d136a05908 - - - - - -] OVN reports status down for port: dc9e77e9-2ce8-4ce3-b987-9462e299a7fa
2026-04-23 01:27:17.062 8 INFO neutron.db.ovn_revision_numbers_db [None req-a7921517-e46e-4d5e-a10b-eaa0eaa331d1 400c2da04f934877b01e5076e24d0227 2243114003da4258bd8a6a4c10a2eba0 - - default default] Successfully bumped revision number for resource dc9e77e9-2ce8-4ce3-b987-9462e299a7fa (type: ports) to 1 [pid: 8|app: 0|req: 1296/2562] 10.0.0.108 () {34 vars in 670 bytes} [Thu Apr 23 01:27:16 2026] POST /v2.0/networks => generated 640 bytes in 834 msecs (HTTP/1.1 201) 4 headers in 162 bytes (1 switches on core 0)
2026-04-23 01:27:17.160 7 INFO neutron.db.ovn_revision_numbers_db [None req-bda5dd90-ba27-4e21-b6dc-243997839ffd 0a5b63b94a604e0b90723256f4e6749f a31325ec746f46cbad5ff95951973738 - - default default] Successfully bumped revision number for resource 72ac8412-ebb4-41e6-82f0-3b0711ccffc6 (type: floatingips) to 1
2026-04-23 01:27:17.272 7 INFO neutron.services.segments.plugin [-] Segment cb04bb7d-57fd-4fc9-a3ca-a0cf9a3d64ae resource provider aggregate not found
2026-04-23 01:27:17.276 7 INFO neutron.services.segments.plugin [-] Segment cb04bb7d-57fd-4fc9-a3ca-a0cf9a3d64ae resource provider aggregate not found
2026-04-23 01:27:17.288 7 INFO neutron.services.segments.plugin [-] Segment cb04bb7d-57fd-4fc9-a3ca-a0cf9a3d64ae resource provider not found; error: Placement Client Error (4xx): {"errors": [{"status": 404, "title": "Not Found", "detail": "The resource could not be found.\n\n No resource provider with uuid cb04bb7d-57fd-4fc9-a3ca-a0cf9a3d64ae found for delete ", "request_id": "req-9fcc7aa9-ba87-483d-b729-6fcf1996b507"}]}
2026-04-23 01:27:17.292 7 INFO neutron.db.ovn_revision_numbers_db [None req-bda5dd90-ba27-4e21-b6dc-243997839ffd 0a5b63b94a604e0b90723256f4e6749f a31325ec746f46cbad5ff95951973738 - - default default] Successfully bumped revision number for resource 72ac8412-ebb4-41e6-82f0-3b0711ccffc6 (type: floatingips) to 2
2026-04-23 01:27:17.293 7 INFO neutron.db.l3_db [None req-bda5dd90-ba27-4e21-b6dc-243997839ffd 0a5b63b94a604e0b90723256f4e6749f a31325ec746f46cbad5ff95951973738 - - default default] Floating IP 72ac8412-ebb4-41e6-82f0-3b0711ccffc6 associated. External IP: 10.96.250.214, port: 6ed9da5c-8f98-4c95-a497-a5478da3a7e6.
2026-04-23 01:27:17.294 7 INFO neutron.services.segments.plugin [-] Segment cb04bb7d-57fd-4fc9-a3ca-a0cf9a3d64ae resource provider not found; error: Placement Client Error (4xx): {"errors": [{"status": 404, "title": "Not Found", "detail": "The resource could not be found.\n\n No resource provider with uuid cb04bb7d-57fd-4fc9-a3ca-a0cf9a3d64ae found for delete ", "request_id": "req-9d067fb2-de77-465f-abe3-957671d638e2"}]}
2026-04-23 01:27:17.305 7 INFO neutron.services.segments.plugin [-] Segment 19c9dd40-9999-4de1-b732-01ee9bc441f1 resource provider aggregate not found
2026-04-23 01:27:17.314 7 INFO neutron.services.segments.plugin [-] Segment 19c9dd40-9999-4de1-b732-01ee9bc441f1 resource provider aggregate not found
2026-04-23 01:27:17.332 7 INFO neutron.services.segments.plugin [-] Segment 19c9dd40-9999-4de1-b732-01ee9bc441f1 resource provider not found; error: Placement Client Error (4xx): {"errors": [{"status": 404, "title": "Not Found", "detail": "The resource could not be found.\n\n No resource provider with uuid 19c9dd40-9999-4de1-b732-01ee9bc441f1 found for delete ", "request_id": "req-ced8ce29-1f89-4284-bbc7-9c065ef902b3"}]}
2026-04-23 01:27:17.332 7 INFO neutron.services.segments.plugin [-] Segment 19c9dd40-9999-4de1-b732-01ee9bc441f1 resource provider not found; error: Placement Client Error (4xx): {"errors": [{"status": 404, "title": "Not Found", "detail": "The resource could not be found.\n\n No resource provider with uuid 19c9dd40-9999-4de1-b732-01ee9bc441f1 found for delete ", "request_id": "req-9e8fe4ec-ba31-49e0-ac9d-9d256baba5d1"}]} [pid: 7|app: 0|req: 1267/2563] 10.0.0.108 () {34 vars in 749 bytes} [Thu Apr 23 01:27:16 2026] PUT /v2.0/floatingips/72ac8412-ebb4-41e6-82f0-3b0711ccffc6 => generated 856 bytes in 627 msecs (HTTP/1.1 200) 4 headers in 157 bytes (1 switches on core 0)
2026-04-23 01:27:17.413 8 WARNING neutron.scheduler.dhcp_agent_scheduler [None req-344c7064-5c38-45cb-8adc-f35a83e5dd48 400c2da04f934877b01e5076e24d0227 2243114003da4258bd8a6a4c10a2eba0 - - default default] No more DHCP agents
2026-04-23 01:27:17.415 8 WARNING neutron.api.rpc.agentnotifiers.dhcp_rpc_agent_api [None req-344c7064-5c38-45cb-8adc-f35a83e5dd48 400c2da04f934877b01e5076e24d0227 2243114003da4258bd8a6a4c10a2eba0 - - default default] Unable to schedule network 45d7c1f4-1391-4377-80b1-4f225e005dbc: no agents available; will retry on subsequent port and subnet creation events.
2026-04-23 01:27:17.505 7 INFO neutron.notifiers.nova [-] Nova event matching ['req-a560dc93-32ba-43d7-ac26-02616da2b521'] response: {'name': 'network-changed', 'server_uuid': 'f77968f5-4517-45fa-ad40-badc6bd4598e', 'tag': '6ed9da5c-8f98-4c95-a497-a5478da3a7e6', 'status': 'completed', 'code': 200} [pid: 7|app: 0|req: 1268/2564] 10.0.0.108 () {32 vars in 774 bytes} [Thu Apr 23 01:27:17 2026] GET /v2.0/security-groups?tenant_id=9f180398d98a4e9dba86ce2190254461&name=default => generated 2925 bytes in 175 msecs (HTTP/1.1 200) 4 headers in 158 bytes (1 switches on core 0) [pid: 7|app: 0|req: 1269/2565] 10.0.0.108 () {32 vars in 740 bytes} [Thu Apr 23 01:27:17 2026] DELETE /v2.0/security-groups/89cb125f-641f-4d25-94ea-c896f2bd21c4 => generated 0 bytes in 256 msecs (HTTP/1.1 204) 2 headers in 112 bytes (1 switches on core 0)
2026-04-23 01:27:17.847 8 INFO neutron.db.ovn_revision_numbers_db [None req-55c5bbbd-f091-4cba-ba03-53417c9a7782 - - - - - -] Successfully bumped revision number for resource dc9e77e9-2ce8-4ce3-b987-9462e299a7fa (type: ports) to 2
2026-04-23 01:27:17.877 8 INFO neutron.db.ovn_revision_numbers_db [None req-55c5bbbd-f091-4cba-ba03-53417c9a7782 - - - - - -] Successfully bumped revision number for resource e0dea32e-22f6-47a2-aeee-b83cd19d9487 (type: subnets) to 0 [pid: 8|app: 0|req: 1297/2566] 10.0.0.108 () {34 vars in 669 bytes} [Thu Apr 23 01:27:17 2026] POST /v2.0/subnets => generated 658 bytes in 785 msecs (HTTP/1.1 201) 4 headers in 162 bytes (1 switches on core 0) /var/lib/openstack/lib/python3.12/site-packages/pycadf/identifier.py:70: UserWarning: Invalid uuid: neutron. To ensure interoperability, identifiers should be a valid uuid. warnings.warn(('Invalid uuid: %s. To ensure interoperability, '
2026-04-23 01:27:18.052 8 INFO neutron.db.ovn_revision_numbers_db [None req-4f78edcb-6522-451b-80ba-3ef4cc161f15 4de1018e8b534affb3016bb4fc94fc85 b8d9d7493a744e28a85f77246c6685d1 - - default default] Successfully bumped revision number for resource e34efdff-68e8-45a1-9c43-0f4d8206bcae (type: security_groups) to 1
2026-04-23 01:27:18.061 8 INFO neutron.db.ovn_revision_numbers_db [None req-4f78edcb-6522-451b-80ba-3ef4cc161f15 4de1018e8b534affb3016bb4fc94fc85 b8d9d7493a744e28a85f77246c6685d1 - - default default] Successfully bumped revision number for resource 847fb8d8-44b1-4a39-8806-e0ae4773fd34 (type: security_group_rules) to 0 [pid: 7|app: 0|req: 1270/2567] 10.0.0.108 () {32 vars in 722 bytes} [Thu Apr 23 01:27:17 2026] GET /v2.0/subnetpools?name=shared-default-subnetpool-v6 => generated 19 bytes in 170 msecs (HTTP/1.1 200) 4 headers in 156 bytes (1 switches on core 0)
2026-04-23 01:27:18.072 8 INFO neutron.db.ovn_revision_numbers_db [None req-4f78edcb-6522-451b-80ba-3ef4cc161f15 4de1018e8b534affb3016bb4fc94fc85 b8d9d7493a744e28a85f77246c6685d1 - - default default] Successfully bumped revision number for resource 8d48e079-da04-4e0e-b937-ce365dc456b6 (type: security_group_rules) to 0
2026-04-23 01:27:18.086 8 INFO neutron.db.ovn_revision_numbers_db [None req-4f78edcb-6522-451b-80ba-3ef4cc161f15 4de1018e8b534affb3016bb4fc94fc85 b8d9d7493a744e28a85f77246c6685d1 - - default default] Successfully bumped revision number for resource 9bbd74e0-84d6-4dee-bdcb-134bf8b24806 (type: security_group_rules) to 0
2026-04-23 01:27:18.096 8 INFO neutron.db.ovn_revision_numbers_db [None req-4f78edcb-6522-451b-80ba-3ef4cc161f15 4de1018e8b534affb3016bb4fc94fc85 b8d9d7493a744e28a85f77246c6685d1 - - default default] Successfully bumped revision number for resource a63bd1e8-25e0-456f-8130-fbaaa0efc843 (type: security_group_rules) to 0 [pid: 7|app: 0|req: 1271/2568] 199.204.45.227 () {34 vars in 1080 bytes} [Thu Apr 23 01:27:18 2026] GET /v2.0/ports?tenant_id=a31325ec746f46cbad5ff95951973738&device_id=f77968f5-4517-45fa-ad40-badc6bd4598e => generated 1252 bytes in 29 msecs (HTTP/1.1 200) 4 headers in 158 bytes (1 switches on core 0) [pid: 8|app: 0|req: 1298/2569] 10.0.0.108 () {32 vars in 774 bytes} [Thu Apr 23 01:27:17 2026] GET /v2.0/security-groups?tenant_id=d787139755634dc79bd2722927092d0a&name=default => generated 2925 bytes in 226 msecs (HTTP/1.1 200) 4 headers in 158 bytes (1 switches on core 0) [pid: 8|app: 0|req: 1299/2570] 199.204.45.227 () {34 vars in 986 bytes} [Thu Apr 23 01:27:18 2026] GET /v2.0/networks?id=f9ce7415-3220-4dd9-a01d-37efa0cec31d => generated 772 bytes in 47 msecs (HTTP/1.1 200) 4 headers in 157 bytes (1 switches on core 0)
2026-04-23 01:27:18.306 7 WARNING neutron.scheduler.dhcp_agent_scheduler [None req-8759f14a-97be-4a26-b021-2e3e0fc01f1d 400c2da04f934877b01e5076e24d0227 2243114003da4258bd8a6a4c10a2eba0 - - default default] No more DHCP agents
2026-04-23 01:27:18.308 7 WARNING neutron.api.rpc.agentnotifiers.dhcp_rpc_agent_api [None req-8759f14a-97be-4a26-b021-2e3e0fc01f1d 400c2da04f934877b01e5076e24d0227 2243114003da4258bd8a6a4c10a2eba0 - - default default] Unable to schedule network 45d7c1f4-1391-4377-80b1-4f225e005dbc: no agents available; will retry on subsequent port and subnet creation events.
2026-04-23 01:27:18.336 7 INFO neutron.db.ovn_revision_numbers_db [None req-8759f14a-97be-4a26-b021-2e3e0fc01f1d 400c2da04f934877b01e5076e24d0227 2243114003da4258bd8a6a4c10a2eba0 - - default default] Successfully bumped revision number for resource 94ce3d83-2120-4639-96d4-8f8b9a50c0bb (type: subnets) to 0 [pid: 7|app: 0|req: 1272/2571] 10.0.0.108 () {34 vars in 669 bytes} [Thu Apr 23 01:27:18 2026] POST /v2.0/subnets => generated 731 bytes in 253 msecs (HTTP/1.1 201) 4 headers in 162 bytes (1 switches on core 0) [pid: 8|app: 0|req: 1300/2572] 10.0.0.108 () {32 vars in 740 bytes} [Thu Apr 23 01:27:18 2026] DELETE /v2.0/security-groups/e34efdff-68e8-45a1-9c43-0f4d8206bcae => generated 0 bytes in 207 msecs (HTTP/1.1 204) 2 headers in 112 bytes (1 switches on core 0) [pid: 7|app: 0|req: 1273/2573] 199.204.45.227 () {34 vars in 1060 bytes} [Thu Apr 23 01:27:18 2026] GET /v2.0/floatingips?fixed_ip_address=10.100.0.10&port_id=6ed9da5c-8f98-4c95-a497-a5478da3a7e6 => generated 861 bytes in 34 msecs (HTTP/1.1 200) 4 headers in 157 bytes (1 switches on core 0) [pid: 7|app: 0|req: 1274/2574] 199.204.45.227 () {34 vars in 984 bytes} [Thu Apr 23 01:27:18 2026] GET /v2.0/subnets?id=cc2ac770-d0f8-4ad0-a9f1-ca3f58004d39 => generated 691 bytes in 25 msecs (HTTP/1.1 200) 4 headers in 157 bytes (1 switches on core 0) [pid: 7|app: 0|req: 1275/2575] 199.204.45.227 () {34 vars in 1052 bytes} [Thu Apr 23 01:27:18 2026] GET /v2.0/ports?network_id=f9ce7415-3220-4dd9-a01d-37efa0cec31d&device_owner=network%3Adhcp => generated 12 bytes in 19 msecs (HTTP/1.1 200) 4 headers in 156 bytes (1 switches on core 0)
2026-04-23 01:27:18.495 8 INFO neutron.db.segments_db [None req-df36de30-569e-4429-8e0a-f88c43022a52 400c2da04f934877b01e5076e24d0227 2243114003da4258bd8a6a4c10a2eba0 - - default default] Added segment 6ff121d8-4305-4743-aa35-adecad1c6849 of type geneve for network ee30572e-ad1f-40a7-a2e8-3e154ad0d1c7 [pid: 7|app: 0|req: 1276/2576] 199.204.45.227 () {34 vars in 1012 bytes} [Thu Apr 23 01:27:18 2026] GET /v2.0/networks/f9ce7415-3220-4dd9-a01d-37efa0cec31d?fields=segments => generated 14 bytes in 51 msecs (HTTP/1.1 200) 4 headers in 156 bytes (1 switches on core 0) [pid: 7|app: 0|req: 1277/2577] 199.204.45.227 () {34 vars in 1112 bytes} [Thu Apr 23 01:27:18 2026] GET /v2.0/networks/f9ce7415-3220-4dd9-a01d-37efa0cec31d?fields=provider%3Aphysical_network&fields=provider%3Anetwork_type => generated 79 bytes in 46 msecs (HTTP/1.1 200) 4 headers in 156 bytes (1 switches on core 0)
2026-04-23 01:27:18.582 8 INFO neutron.db.ovn_revision_numbers_db [None req-df36de30-569e-4429-8e0a-f88c43022a52 400c2da04f934877b01e5076e24d0227 2243114003da4258bd8a6a4c10a2eba0 - - default default] Successfully bumped revision number for resource ee30572e-ad1f-40a7-a2e8-3e154ad0d1c7 (type: networks) to 1
2026-04-23 01:27:18.696 7 INFO neutron.db.ovn_revision_numbers_db [None req-afb9dbde-ada5-43f4-9345-1bcd9b00dd8e 4de1018e8b534affb3016bb4fc94fc85 b8d9d7493a744e28a85f77246c6685d1 - - default default] Successfully bumped revision number for resource 9c8eefb4-fcb7-4986-9d64-ab6d628972a4 (type: security_groups) to 1
2026-04-23 01:27:18.711 7 INFO neutron.db.ovn_revision_numbers_db [None req-afb9dbde-ada5-43f4-9345-1bcd9b00dd8e 4de1018e8b534affb3016bb4fc94fc85 b8d9d7493a744e28a85f77246c6685d1 - - default default] Successfully bumped revision number for resource 58ee4a92-acd7-4cea-b3a0-bf7de669916e (type: security_group_rules) to 0
2026-04-23 01:27:18.723 7 INFO neutron.db.ovn_revision_numbers_db [None req-afb9dbde-ada5-43f4-9345-1bcd9b00dd8e 4de1018e8b534affb3016bb4fc94fc85 b8d9d7493a744e28a85f77246c6685d1 - - default default] Successfully bumped revision number for resource 63501a68-ef57-4559-8a83-0dd6379797f9 (type: security_group_rules) to 0
2026-04-23 01:27:18.734 7 INFO neutron.db.ovn_revision_numbers_db [None req-afb9dbde-ada5-43f4-9345-1bcd9b00dd8e 4de1018e8b534affb3016bb4fc94fc85 b8d9d7493a744e28a85f77246c6685d1 - - default default] Successfully bumped revision number for resource afabe66d-b3e6-4234-b2c8-32dddea7f54b (type: security_group_rules) to 0
2026-04-23 01:27:18.741 8 WARNING neutron.scheduler.dhcp_agent_scheduler [None req-df36de30-569e-4429-8e0a-f88c43022a52 400c2da04f934877b01e5076e24d0227 2243114003da4258bd8a6a4c10a2eba0 - - default default] No more DHCP agents
2026-04-23 01:27:18.742 8 WARNING neutron.api.rpc.agentnotifiers.dhcp_rpc_agent_api [None req-df36de30-569e-4429-8e0a-f88c43022a52 400c2da04f934877b01e5076e24d0227 2243114003da4258bd8a6a4c10a2eba0 - - default default] Unable to schedule network ee30572e-ad1f-40a7-a2e8-3e154ad0d1c7: no agents available; will retry on subsequent port and subnet creation events.
2026-04-23 01:27:18.746 7 INFO neutron.db.ovn_revision_numbers_db [None req-afb9dbde-ada5-43f4-9345-1bcd9b00dd8e 4de1018e8b534affb3016bb4fc94fc85 b8d9d7493a744e28a85f77246c6685d1 - - default default] Successfully bumped revision number for resource e7dd2cfb-8999-4e19-8694-6850cf6f84c5 (type: security_group_rules) to 0
2026-04-23 01:27:18.787 8 INFO neutron.plugins.ml2.drivers.ovn.mech_driver.mech_driver [None req-11dc3095-a712-43d9-8930-51d136a05908 - - - - - -] OVN reports status down for port: 39abddfd-8fec-48f5-843a-1d789764a4f0 [pid: 7|app: 0|req: 1278/2578] 10.0.0.108 () {32 vars in 774 bytes} [Thu Apr 23 01:27:18 2026] GET /v2.0/security-groups?tenant_id=b91b5f770e614de5b829bfbf1882351d&name=default => generated 2929 bytes in 219 msecs (HTTP/1.1 200) 4 headers in 158 bytes (1 switches on core 0)
2026-04-23 01:27:18.837 8 INFO neutron.db.ovn_revision_numbers_db [None req-df36de30-569e-4429-8e0a-f88c43022a52 400c2da04f934877b01e5076e24d0227 2243114003da4258bd8a6a4c10a2eba0 - - default default] Successfully bumped revision number for resource 39abddfd-8fec-48f5-843a-1d789764a4f0 (type: ports) to 1 [pid: 8|app: 0|req: 1301/2579] 10.0.0.108 () {34 vars in 670 bytes} [Thu Apr 23 01:27:18 2026] POST /v2.0/networks => generated 638 bytes in 497 msecs (HTTP/1.1 201) 4 headers in 162 bytes (1 switches on core 0) [pid: 7|app: 0|req: 1279/2580] 10.0.0.108 () {32 vars in 740 bytes} [Thu Apr 23 01:27:18 2026] DELETE /v2.0/security-groups/9c8eefb4-fcb7-4986-9d64-ab6d628972a4 => generated 0 bytes in 256 msecs (HTTP/1.1 204) 2 headers in 112 bytes (1 switches on core 0)
2026-04-23 01:27:19.108 8 WARNING neutron.scheduler.dhcp_agent_scheduler [None req-33e78431-e897-429d-af9b-06473fd2636c 400c2da04f934877b01e5076e24d0227 2243114003da4258bd8a6a4c10a2eba0 - - default default] No more DHCP agents
2026-04-23 01:27:19.109 8 WARNING neutron.api.rpc.agentnotifiers.dhcp_rpc_agent_api [None req-33e78431-e897-429d-af9b-06473fd2636c 400c2da04f934877b01e5076e24d0227 2243114003da4258bd8a6a4c10a2eba0 - - default default] Unable to schedule network ee30572e-ad1f-40a7-a2e8-3e154ad0d1c7: no agents available; will retry on subsequent port and subnet creation events.
2026-04-23 01:27:19.584 8 INFO neutron.db.ovn_revision_numbers_db [None req-2992260e-c4d0-4d76-8d8c-a7b6867aab38 - - - - - -] Successfully bumped revision number for resource 39abddfd-8fec-48f5-843a-1d789764a4f0 (type: ports) to 2
2026-04-23 01:27:19.613 8 INFO neutron.db.ovn_revision_numbers_db [None req-2992260e-c4d0-4d76-8d8c-a7b6867aab38 - - - - - -] Successfully bumped revision number for resource 72a60ed1-4b8f-4a93-9349-9c9361caa52e (type: subnets) to 0 [pid: 8|app: 0|req: 1302/2581] 10.0.0.108 () {34 vars in 669 bytes} [Thu Apr 23 01:27:18 2026] POST /v2.0/subnets => generated 656 bytes in 743 msecs (HTTP/1.1 201) 4 headers in 162 bytes (1 switches on core 0)
2026-04-23 01:27:19.853 7 WARNING neutron.scheduler.dhcp_agent_scheduler [None req-ebd281cf-425f-4d85-a64d-08c87cebc613 400c2da04f934877b01e5076e24d0227 2243114003da4258bd8a6a4c10a2eba0 - - default default] No more DHCP agents
2026-04-23 01:27:19.855 7 WARNING neutron.api.rpc.agentnotifiers.dhcp_rpc_agent_api [None req-ebd281cf-425f-4d85-a64d-08c87cebc613 400c2da04f934877b01e5076e24d0227 2243114003da4258bd8a6a4c10a2eba0 - - default default] Unable to schedule network ee30572e-ad1f-40a7-a2e8-3e154ad0d1c7: no agents available; will retry on subsequent port and subnet creation events.
2026-04-23 01:27:19.887 7 INFO neutron.db.ovn_revision_numbers_db [None req-ebd281cf-425f-4d85-a64d-08c87cebc613 400c2da04f934877b01e5076e24d0227 2243114003da4258bd8a6a4c10a2eba0 - - default default] Successfully bumped revision number for resource 0a187e6b-59ed-485c-ac19-1532f31d4ebc (type: subnets) to 0 [pid: 7|app: 0|req: 1280/2582] 10.0.0.108 () {34 vars in 669 bytes} [Thu Apr 23 01:27:19 2026] POST /v2.0/subnets => generated 725 bytes in 263 msecs (HTTP/1.1 201) 4 headers in 162 bytes (1 switches on core 0)
2026-04-23 01:27:19.990 8 INFO neutron.db.segments_db [None req-0fcab517-a215-40d6-8b84-c62fe03637df 400c2da04f934877b01e5076e24d0227 2243114003da4258bd8a6a4c10a2eba0 - - default default] Added segment c9031cd7-fc8b-4e43-862f-fef1ea6c7270 of type geneve for network c1c24cbe-0afa-4b38-9e18-4dbfd706975c
2026-04-23 01:27:20.091 8 INFO neutron.db.ovn_revision_numbers_db [None req-0fcab517-a215-40d6-8b84-c62fe03637df 400c2da04f934877b01e5076e24d0227 2243114003da4258bd8a6a4c10a2eba0 - - default default] Successfully bumped revision number for resource c1c24cbe-0afa-4b38-9e18-4dbfd706975c (type: networks) to 1
2026-04-23 01:27:20.277 8 WARNING neutron.scheduler.dhcp_agent_scheduler [None req-0fcab517-a215-40d6-8b84-c62fe03637df 400c2da04f934877b01e5076e24d0227 2243114003da4258bd8a6a4c10a2eba0 - - default default] No more DHCP agents
2026-04-23 01:27:20.278 8 WARNING neutron.api.rpc.agentnotifiers.dhcp_rpc_agent_api [None req-0fcab517-a215-40d6-8b84-c62fe03637df 400c2da04f934877b01e5076e24d0227 2243114003da4258bd8a6a4c10a2eba0 - - default default] Unable to schedule network c1c24cbe-0afa-4b38-9e18-4dbfd706975c: no agents available; will retry on subsequent port and subnet creation events.
2026-04-23 01:27:20.330 8 INFO neutron.plugins.ml2.drivers.ovn.mech_driver.mech_driver [None req-11dc3095-a712-43d9-8930-51d136a05908 - - - - - -] OVN reports status down for port: 5e0e4c99-8670-4593-965a-a9f6193f5740
2026-04-23 01:27:20.391 8 INFO neutron.db.ovn_revision_numbers_db [None req-0fcab517-a215-40d6-8b84-c62fe03637df 400c2da04f934877b01e5076e24d0227 2243114003da4258bd8a6a4c10a2eba0 - - default default] Successfully bumped revision number for resource 5e0e4c99-8670-4593-965a-a9f6193f5740 (type: ports) to 1 [pid: 8|app: 0|req: 1303/2583] 10.0.0.108 () {34 vars in 670 bytes} [Thu Apr 23 01:27:19 2026] POST /v2.0/networks => generated 637 bytes in 536 msecs (HTTP/1.1 201) 4 headers in 162 bytes (1 switches on core 0)
2026-04-23 01:27:20.637 7 WARNING neutron.scheduler.dhcp_agent_scheduler [None req-865dce63-b7fc-44a2-9df2-f98f2997de53 400c2da04f934877b01e5076e24d0227 2243114003da4258bd8a6a4c10a2eba0 - - default default] No more DHCP agents
2026-04-23 01:27:20.638 7 WARNING neutron.api.rpc.agentnotifiers.dhcp_rpc_agent_api [None req-865dce63-b7fc-44a2-9df2-f98f2997de53 400c2da04f934877b01e5076e24d0227 2243114003da4258bd8a6a4c10a2eba0 - - default default] Unable to schedule network c1c24cbe-0afa-4b38-9e18-4dbfd706975c: no agents available; will retry on subsequent port and subnet creation events.
2026-04-23 01:27:21.078 7 INFO neutron.db.ovn_revision_numbers_db [None req-1435d186-ed5e-4426-bec5-0b40561eb945 - - - - - -] Successfully bumped revision number for resource 5e0e4c99-8670-4593-965a-a9f6193f5740 (type: ports) to 2
2026-04-23 01:27:21.110 7 INFO neutron.db.ovn_revision_numbers_db [None req-1435d186-ed5e-4426-bec5-0b40561eb945 - - - - - -] Successfully bumped revision number for resource 85b964cf-9f51-4f7a-b4dd-6e2dd9f7d6a8 (type: subnets) to 0 [pid: 7|app: 0|req: 1281/2584] 10.0.0.108 () {34 vars in 669 bytes} [Thu Apr 23 01:27:20 2026] POST /v2.0/subnets => generated 656 bytes in 677 msecs (HTTP/1.1 201) 4 headers in 162 bytes (1 switches on core 0)
2026-04-23 01:27:21.424 8 WARNING neutron.scheduler.dhcp_agent_scheduler [None req-bc5d85cb-1a58-458f-8b13-1b36b8a8dd86 400c2da04f934877b01e5076e24d0227 2243114003da4258bd8a6a4c10a2eba0 - - default default] No more DHCP agents
2026-04-23 01:27:21.425 8 WARNING neutron.api.rpc.agentnotifiers.dhcp_rpc_agent_api [None req-bc5d85cb-1a58-458f-8b13-1b36b8a8dd86 400c2da04f934877b01e5076e24d0227 2243114003da4258bd8a6a4c10a2eba0 - - default default] Unable to schedule network c1c24cbe-0afa-4b38-9e18-4dbfd706975c: no agents available; will retry on subsequent port and subnet creation events.
2026-04-23 01:27:21.556 8 INFO neutron.db.ovn_revision_numbers_db [None req-bc5d85cb-1a58-458f-8b13-1b36b8a8dd86 400c2da04f934877b01e5076e24d0227 2243114003da4258bd8a6a4c10a2eba0 - - default default] Successfully bumped revision number for resource d8e2787c-de55-4c18-bbe0-c228077c2037 (type: subnets) to 0 [pid: 8|app: 0|req: 1304/2585] 10.0.0.108 () {34 vars in 669 bytes} [Thu Apr 23 01:27:21 2026] POST /v2.0/subnets => generated 730 bytes in 464 msecs (HTTP/1.1 201) 4 headers in 162 bytes (1 switches on core 0)
2026-04-23 01:27:22.020 7 WARNING neutron.scheduler.dhcp_agent_scheduler [None req-935f75af-6785-4328-ab3c-40ad664938d8 400c2da04f934877b01e5076e24d0227 2243114003da4258bd8a6a4c10a2eba0 - - default default] No more DHCP agents
2026-04-23 01:27:22.021 7 WARNING neutron.api.rpc.agentnotifiers.dhcp_rpc_agent_api [None req-935f75af-6785-4328-ab3c-40ad664938d8 400c2da04f934877b01e5076e24d0227 2243114003da4258bd8a6a4c10a2eba0 - - default default] Unable to schedule network f16560c7-6673-4ceb-8c89-16b5acaffae6: no agents available; will retry on subsequent port and subnet creation events.
2026-04-23 01:27:22.127 7 INFO neutron.plugins.ml2.drivers.ovn.mech_driver.mech_driver [None req-c2b727c1-e3f6-4e68-b6e5-b741925b7a2c - - - - - -] OVN reports status down for port: d25c2de5-f97e-4f9b-a475-4a5a885560a8
2026-04-23 01:27:22.184 7 INFO neutron.db.ovn_revision_numbers_db [None req-935f75af-6785-4328-ab3c-40ad664938d8 400c2da04f934877b01e5076e24d0227 2243114003da4258bd8a6a4c10a2eba0 - - default default] Successfully bumped revision number for resource d25c2de5-f97e-4f9b-a475-4a5a885560a8 (type: ports) to 1
