2026-04-23 01:21:00.715 8 INFO neutron.api.v2.resource [None req-f2a84841-5703-4bb9-8904-a7ef8a1b1e20 4de1018e8b534affb3016bb4fc94fc85 b8d9d7493a744e28a85f77246c6685d1 - - default default] show failed (client error): The resource could not be found. [pid: 8|app: 0|req: 256/514] 199.204.45.227 () {44 vars in 1074 bytes} [Thu Apr 23 01:21:00 2026] GET /v2.0/security-groups/manila-service-security-group?project_id=2b04c5ac3d0948fb8eafd4a5567f3861 => generated 139 bytes in 37 msecs (HTTP/1.1 404) 4 headers in 164 bytes (1 switches on core 0) [pid: 7|app: 0|req: 259/515] 199.204.45.227 () {44 vars in 1097 bytes} [Thu Apr 23 01:21:00 2026] GET /v2.0/security-groups?name=manila-service-security-group&project_id=2b04c5ac3d0948fb8eafd4a5567f3861 => generated 4072 bytes in 42 msecs (HTTP/1.1 200) 4 headers in 158 bytes (1 switches on core 0) [pid: 8|app: 0|req: 257/516] 199.204.45.227 () {44 vars in 1088 bytes} [Thu Apr 23 01:21:01 2026] GET /v2.0/security-groups/c6ee10ce-ebb5-41ef-87ab-17ed0f939ea6?project_id=2b04c5ac3d0948fb8eafd4a5567f3861 => generated 4075 bytes in 58 msecs (HTTP/1.1 200) 4 headers in 158 bytes (1 switches on core 0) [pid: 7|app: 0|req: 260/517] 199.204.45.227 () {44 vars in 1001 bytes} [Thu Apr 23 01:21:01 2026] GET /v2.0/security-groups/c6ee10ce-ebb5-41ef-87ab-17ed0f939ea6 => generated 4075 bytes in 37 msecs (HTTP/1.1 200) 4 headers in 158 bytes (1 switches on core 0) [pid: 8|app: 0|req: 258/518] 199.204.45.227 () {44 vars in 1011 bytes} [Thu Apr 23 01:21:01 2026] GET /v2.0/security-group-rules/38f105af-8c6d-40f5-9b9b-32405292d597 => generated 597 bytes in 17 msecs (HTTP/1.1 200) 4 headers in 157 bytes (1 switches on core 0) [pid: 7|app: 0|req: 261/519] 199.204.45.227 () {44 vars in 1088 bytes} [Thu Apr 23 01:21:02 2026] GET /v2.0/security-groups/c6ee10ce-ebb5-41ef-87ab-17ed0f939ea6?project_id=2b04c5ac3d0948fb8eafd4a5567f3861 => generated 4075 bytes in 69 msecs (HTTP/1.1 200) 4 headers in 158 bytes (1 switches on core 0) [pid: 8|app: 0|req: 259/520] 199.204.45.227 () {44 vars in 1001 bytes} [Thu Apr 23 01:21:02 2026] GET /v2.0/security-groups/c6ee10ce-ebb5-41ef-87ab-17ed0f939ea6 => generated 4075 bytes in 37 msecs (HTTP/1.1 200) 4 headers in 158 bytes (1 switches on core 0) [pid: 7|app: 0|req: 262/521] 199.204.45.227 () {44 vars in 1011 bytes} [Thu Apr 23 01:21:02 2026] GET /v2.0/security-group-rules/8c9f5ee2-f4eb-42ee-8091-8e631e4b1e96 => generated 599 bytes in 16 msecs (HTTP/1.1 200) 4 headers in 157 bytes (1 switches on core 0) [pid: 8|app: 0|req: 260/522] 199.204.45.227 () {44 vars in 1088 bytes} [Thu Apr 23 01:21:03 2026] GET /v2.0/security-groups/c6ee10ce-ebb5-41ef-87ab-17ed0f939ea6?project_id=2b04c5ac3d0948fb8eafd4a5567f3861 => generated 4075 bytes in 70 msecs (HTTP/1.1 200) 4 headers in 158 bytes (1 switches on core 0) [pid: 7|app: 0|req: 263/523] 199.204.45.227 () {44 vars in 1001 bytes} [Thu Apr 23 01:21:03 2026] GET /v2.0/security-groups/c6ee10ce-ebb5-41ef-87ab-17ed0f939ea6 => generated 4075 bytes in 33 msecs (HTTP/1.1 200) 4 headers in 158 bytes (1 switches on core 0) [pid: 8|app: 0|req: 261/524] 199.204.45.227 () {44 vars in 1011 bytes} [Thu Apr 23 01:21:03 2026] GET /v2.0/security-group-rules/e12ad027-2a0c-4691-b290-c4fd84188cd6 => generated 601 bytes in 18 msecs (HTTP/1.1 200) 4 headers in 157 bytes (1 switches on core 0) [pid: 7|app: 0|req: 264/525] 199.204.45.227 () {44 vars in 1088 bytes} [Thu Apr 23 01:21:04 2026] GET /v2.0/security-groups/c6ee10ce-ebb5-41ef-87ab-17ed0f939ea6?project_id=2b04c5ac3d0948fb8eafd4a5567f3861 => generated 4075 bytes in 58 msecs (HTTP/1.1 200) 4 headers in 158 bytes (1 switches on core 0) [pid: 8|app: 0|req: 262/526] 199.204.45.227 () {44 vars in 1001 bytes} [Thu Apr 23 01:21:04 2026] GET /v2.0/security-groups/c6ee10ce-ebb5-41ef-87ab-17ed0f939ea6 => generated 4075 bytes in 33 msecs (HTTP/1.1 200) 4 headers in 158 bytes (1 switches on core 0) [pid: 7|app: 0|req: 265/527] 199.204.45.227 () {44 vars in 1011 bytes} [Thu Apr 23 01:21:04 2026] GET /v2.0/security-group-rules/1da638aa-ff40-46f2-b8c3-448f03ff9356 => generated 602 bytes in 15 msecs (HTTP/1.1 200) 4 headers in 157 bytes (1 switches on core 0) [pid: 8|app: 0|req: 264/530] 199.204.45.227 () {44 vars in 975 bytes} [Thu Apr 23 01:21:11 2026] GET /v2.0/quotas/2b04c5ac3d0948fb8eafd4a5567f3861 => generated 291 bytes in 12 msecs (HTTP/1.1 200) 4 headers in 157 bytes (1 switches on core 0) [pid: 7|app: 0|req: 270/537] 10.0.0.179 () {28 vars in 583 bytes} [Thu Apr 23 01:21:59 2026] GET /v2.0/subnets => generated 1308 bytes in 91 msecs (HTTP/1.1 200) 4 headers in 158 bytes (1 switches on core 0) [pid: 8|app: 0|req: 268/538] 10.0.0.179 () {28 vars in 591 bytes} [Thu Apr 23 01:21:59 2026] GET /v2.0/subnetpools => generated 19 bytes in 11 msecs (HTTP/1.1 200) 4 headers in 156 bytes (1 switches on core 0) [pid: 7|app: 0|req: 271/539] 10.0.0.179 () {28 vars in 619 bytes} [Thu Apr 23 01:21:59 2026] GET /v2.0/network-ip-availabilities => generated 1104 bytes in 14 msecs (HTTP/1.1 200) 4 headers in 158 bytes (1 switches on core 0) [pid: 8|app: 0|req: 269/540] 10.0.0.179 () {28 vars in 581 bytes} [Thu Apr 23 01:21:59 2026] GET /v2.0/agents => generated 1214 bytes in 19 msecs (HTTP/1.1 200) 4 headers in 158 bytes (1 switches on core 0) [pid: 7|app: 0|req: 272/541] 10.0.0.179 () {28 vars in 585 bytes} [Thu Apr 23 01:21:59 2026] GET /v2.0/networks => generated 2173 bytes in 63 msecs (HTTP/1.1 200) 4 headers in 158 bytes (1 switches on core 0) [pid: 8|app: 0|req: 270/542] 10.0.0.179 () {28 vars in 599 bytes} [Thu Apr 23 01:21:59 2026] GET /v2.0/security-groups => generated 17401 bytes in 26 msecs (HTTP/1.1 200) 4 headers in 159 bytes (1 switches on core 0) [pid: 7|app: 0|req: 273/543] 10.0.0.179 () {28 vars in 583 bytes} [Thu Apr 23 01:21:59 2026] GET /v2.0/subnets => generated 1308 bytes in 29 msecs (HTTP/1.1 200) 4 headers in 158 bytes (1 switches on core 0) [pid: 8|app: 0|req: 271/544] 10.0.0.179 () {28 vars in 583 bytes} [Thu Apr 23 01:21:59 2026] GET /v2.0/routers => generated 15 bytes in 20 msecs (HTTP/1.1 200) 4 headers in 156 bytes (1 switches on core 0) [pid: 7|app: 0|req: 274/545] 10.0.0.179 () {28 vars in 624 bytes} [Thu Apr 23 01:21:59 2026] GET /v2.0/agents?binary=ovn-controller => generated 416 bytes in 13 msecs (HTTP/1.1 200) 4 headers in 157 bytes (1 switches on core 0) [pid: 8|app: 0|req: 272/546] 10.0.0.179 () {28 vars in 591 bytes} [Thu Apr 23 01:21:59 2026] GET /v2.0/floatingips => generated 19 bytes in 18 msecs (HTTP/1.1 200) 4 headers in 156 bytes (1 switches on core 0) [pid: 7|app: 0|req: 275/547] 10.0.0.179 () {28 vars in 579 bytes} [Thu Apr 23 01:22:00 2026] GET /v2.0/ports => generated 5175 bytes in 48 msecs (HTTP/1.1 200) 4 headers in 158 bytes (1 switches on core 0) [pid: 8|app: 0|req: 273/548] 199.204.45.227 () {44 vars in 949 bytes} [Thu Apr 23 01:22:01 2026] GET /v2.0/networks?name=public => generated 753 bytes in 80 msecs (HTTP/1.1 200) 4 headers in 157 bytes (1 switches on core 0) [pid: 8|app: 0|req: 276/553] 10.0.0.108 () {32 vars in 649 bytes} [Thu Apr 23 01:22:40 2026] GET /v2.0/networks => generated 2173 bytes in 187 msecs (HTTP/1.1 200) 4 headers in 158 bytes (1 switches on core 0) [pid: 7|app: 0|req: 279/556] 10.0.0.108 () {32 vars in 655 bytes} [Thu Apr 23 01:22:41 2026] GET /v2.0/floatingips => generated 19 bytes in 29 msecs (HTTP/1.1 200) 4 headers in 156 bytes (1 switches on core 0) [pid: 8|app: 0|req: 278/557] 10.0.0.108 () {32 vars in 647 bytes} [Thu Apr 23 01:22:41 2026] GET /v2.0/routers => generated 15 bytes in 20 msecs (HTTP/1.1 200) 4 headers in 156 bytes (1 switches on core 0) [pid: 7|app: 0|req: 280/558] 10.0.0.108 () {32 vars in 643 bytes} [Thu Apr 23 01:22:41 2026] GET /v2.0/ports => generated 5175 bytes in 55 msecs (HTTP/1.1 200) 4 headers in 158 bytes (1 switches on core 0) [pid: 8|app: 0|req: 279/559] 10.0.0.108 () {32 vars in 647 bytes} [Thu Apr 23 01:22:41 2026] GET /v2.0/subnets => generated 1308 bytes in 27 msecs (HTTP/1.1 200) 4 headers in 158 bytes (1 switches on core 0) [pid: 7|app: 0|req: 281/560] 10.0.0.108 () {32 vars in 649 bytes} [Thu Apr 23 01:22:41 2026] GET /v2.0/networks => generated 2173 bytes in 53 msecs (HTTP/1.1 200) 4 headers in 158 bytes (1 switches on core 0) [pid: 8|app: 0|req: 280/561] 10.0.0.108 () {32 vars in 663 bytes} [Thu Apr 23 01:22:41 2026] GET /v2.0/security-groups => generated 17401 bytes in 34 msecs (HTTP/1.1 200) 4 headers in 159 bytes (1 switches on core 0) [pid: 7|app: 0|req: 282/562] 10.0.0.108 () {32 vars in 655 bytes} [Thu Apr 23 01:22:41 2026] GET /v2.0/subnetpools => generated 19 bytes in 8 msecs (HTTP/1.1 200) 4 headers in 156 bytes (1 switches on core 0)
2026-04-23 01:22:52.337 8 INFO neutron.db.ovn_revision_numbers_db [None req-eb935a47-c66c-4cf5-988c-88326fc7118d 4de1018e8b534affb3016bb4fc94fc85 b8d9d7493a744e28a85f77246c6685d1 - - default default] Successfully bumped revision number for resource 8cdfc459-bdee-47b6-b3cd-7507369c67fb (type: security_groups) to 1
2026-04-23 01:22:52.349 8 INFO neutron.db.ovn_revision_numbers_db [None req-eb935a47-c66c-4cf5-988c-88326fc7118d 4de1018e8b534affb3016bb4fc94fc85 b8d9d7493a744e28a85f77246c6685d1 - - default default] Successfully bumped revision number for resource 2309c63c-d1a5-4c7d-9776-abb075d5c3a2 (type: security_group_rules) to 0
2026-04-23 01:22:52.361 8 INFO neutron.db.ovn_revision_numbers_db [None req-eb935a47-c66c-4cf5-988c-88326fc7118d 4de1018e8b534affb3016bb4fc94fc85 b8d9d7493a744e28a85f77246c6685d1 - - default default] Successfully bumped revision number for resource 93145b2d-8ee3-4880-b5dd-da724eaf779f (type: security_group_rules) to 0
2026-04-23 01:22:52.374 8 INFO neutron.db.ovn_revision_numbers_db [None req-eb935a47-c66c-4cf5-988c-88326fc7118d 4de1018e8b534affb3016bb4fc94fc85 b8d9d7493a744e28a85f77246c6685d1 - - default default] Successfully bumped revision number for resource b7378500-9a41-440e-be07-58b9a4a163a9 (type: security_group_rules) to 0
2026-04-23 01:22:52.391 8 INFO neutron.db.ovn_revision_numbers_db [None req-eb935a47-c66c-4cf5-988c-88326fc7118d 4de1018e8b534affb3016bb4fc94fc85 b8d9d7493a744e28a85f77246c6685d1 - - default default] Successfully bumped revision number for resource ec8d5d9e-9ca9-416c-b98e-9189e63fab69 (type: security_group_rules) to 0
2026-04-23 01:22:52.478 8 INFO neutron.db.segments_db [None req-eb935a47-c66c-4cf5-988c-88326fc7118d 4de1018e8b534affb3016bb4fc94fc85 b8d9d7493a744e28a85f77246c6685d1 - - default default] Added segment 49a6700f-8e4f-4009-bb3c-556a4d57a821 of type geneve for network 5ba272f3-9962-4f92-a939-4962ec9504db
2026-04-23 01:22:52.581 8 INFO neutron.db.ovn_revision_numbers_db [None req-eb935a47-c66c-4cf5-988c-88326fc7118d 4de1018e8b534affb3016bb4fc94fc85 b8d9d7493a744e28a85f77246c6685d1 - - default default] Successfully bumped revision number for resource 5ba272f3-9962-4f92-a939-4962ec9504db (type: networks) to 1
2026-04-23 01:22:52.639 7 INFO neutron.db.ovn_revision_numbers_db [None req-81c43147-ecdd-443a-828c-06002adf1321 4de1018e8b534affb3016bb4fc94fc85 b8d9d7493a744e28a85f77246c6685d1 - - default default] Successfully bumped revision number for resource e2dc796b-8d8f-4b1c-8dda-72e4e36f1879 (type: security_groups) to 1
2026-04-23 01:22:52.656 7 INFO neutron.db.ovn_revision_numbers_db [None req-81c43147-ecdd-443a-828c-06002adf1321 4de1018e8b534affb3016bb4fc94fc85 b8d9d7493a744e28a85f77246c6685d1 - - default default] Successfully bumped revision number for resource 0d4ecfe7-559a-4880-a688-0a1e8bd596ae (type: security_group_rules) to 0
2026-04-23 01:22:52.672 7 INFO neutron.db.ovn_revision_numbers_db [None req-81c43147-ecdd-443a-828c-06002adf1321 4de1018e8b534affb3016bb4fc94fc85 b8d9d7493a744e28a85f77246c6685d1 - - default default] Successfully bumped revision number for resource 14a7b669-853d-4350-88f4-3b18dd8d0cf7 (type: security_group_rules) to 0
2026-04-23 01:22:52.685 7 INFO neutron.db.ovn_revision_numbers_db [None req-81c43147-ecdd-443a-828c-06002adf1321 4de1018e8b534affb3016bb4fc94fc85 b8d9d7493a744e28a85f77246c6685d1 - - default default] Successfully bumped revision number for resource 3be42568-4658-470b-93e2-9c220ed1ef7e (type: security_group_rules) to 0
2026-04-23 01:22:52.697 7 INFO neutron.db.ovn_revision_numbers_db [None req-81c43147-ecdd-443a-828c-06002adf1321 4de1018e8b534affb3016bb4fc94fc85 b8d9d7493a744e28a85f77246c6685d1 - - default default] Successfully bumped revision number for resource 4acd876e-b633-4d69-b673-3106f059bde9 (type: security_group_rules) to 0
2026-04-23 01:22:52.728 8 WARNING neutron.scheduler.dhcp_agent_scheduler [None req-eb935a47-c66c-4cf5-988c-88326fc7118d 4de1018e8b534affb3016bb4fc94fc85 b8d9d7493a744e28a85f77246c6685d1 - - default default] No more DHCP agents
2026-04-23 01:22:52.729 8 WARNING neutron.api.rpc.agentnotifiers.dhcp_rpc_agent_api [None req-eb935a47-c66c-4cf5-988c-88326fc7118d 4de1018e8b534affb3016bb4fc94fc85 b8d9d7493a744e28a85f77246c6685d1 - - default default] Unable to schedule network 5ba272f3-9962-4f92-a939-4962ec9504db: no agents available; will retry on subsequent port and subnet creation events.
2026-04-23 01:22:52.774 7 INFO neutron.plugins.ml2.drivers.ovn.mech_driver.mech_driver [None req-a9b49e08-0c6c-4421-bc91-589de0842aeb - - - - - -] OVN reports status down for port: 0731eb1e-3512-4c8c-aa7e-9639b5ae008b
2026-04-23 01:22:52.786 7 INFO neutron.db.segments_db [None req-81c43147-ecdd-443a-828c-06002adf1321 4de1018e8b534affb3016bb4fc94fc85 b8d9d7493a744e28a85f77246c6685d1 - - default default] Added segment a7dfb668-ee02-416d-9530-4b0bd9736e21 of type geneve for network 987f0af7-5f83-4e67-8d84-786f6ffd7529
2026-04-23 01:22:52.793 8 INFO neutron.db.ovn_revision_numbers_db [None req-eb935a47-c66c-4cf5-988c-88326fc7118d 4de1018e8b534affb3016bb4fc94fc85 b8d9d7493a744e28a85f77246c6685d1 - - default default] Successfully bumped revision number for resource 0731eb1e-3512-4c8c-aa7e-9639b5ae008b (type: ports) to 1 [pid: 8|app: 0|req: 281/563] 10.0.0.108 () {34 vars in 671 bytes} [Thu Apr 23 01:22:52 2026] POST /v2.0/networks => generated 751 bytes in 710 msecs (HTTP/1.1 201) 4 headers in 162 bytes (1 switches on core 0)
2026-04-23 01:22:52.907 7 INFO neutron.db.ovn_revision_numbers_db [None req-81c43147-ecdd-443a-828c-06002adf1321 4de1018e8b534affb3016bb4fc94fc85 b8d9d7493a744e28a85f77246c6685d1 - - default default] Successfully bumped revision number for resource 987f0af7-5f83-4e67-8d84-786f6ffd7529 (type: networks) to 1
2026-04-23 01:22:53.046 7 WARNING neutron.scheduler.dhcp_agent_scheduler [None req-81c43147-ecdd-443a-828c-06002adf1321 4de1018e8b534affb3016bb4fc94fc85 b8d9d7493a744e28a85f77246c6685d1 - - default default] No more DHCP agents
2026-04-23 01:22:53.047 7 WARNING neutron.api.rpc.agentnotifiers.dhcp_rpc_agent_api [None req-81c43147-ecdd-443a-828c-06002adf1321 4de1018e8b534affb3016bb4fc94fc85 b8d9d7493a744e28a85f77246c6685d1 - - default default] Unable to schedule network 987f0af7-5f83-4e67-8d84-786f6ffd7529: no agents available; will retry on subsequent port and subnet creation events.
2026-04-23 01:22:53.053 8 INFO neutron.db.ovn_revision_numbers_db [None req-0d893cf4-9671-40f0-9ceb-dd2176723721 4de1018e8b534affb3016bb4fc94fc85 b8d9d7493a744e28a85f77246c6685d1 - - default default] Successfully bumped revision number for resource cb8bdc1a-12bf-42ae-8e91-40c7862b130a (type: security_groups) to 1
2026-04-23 01:22:53.063 8 INFO neutron.db.ovn_revision_numbers_db [None req-0d893cf4-9671-40f0-9ceb-dd2176723721 4de1018e8b534affb3016bb4fc94fc85 b8d9d7493a744e28a85f77246c6685d1 - - default default] Successfully bumped revision number for resource 08dafe9c-e709-45c3-84c4-ef54627295fc (type: security_group_rules) to 0
2026-04-23 01:22:53.075 8 INFO neutron.db.ovn_revision_numbers_db [None req-0d893cf4-9671-40f0-9ceb-dd2176723721 4de1018e8b534affb3016bb4fc94fc85 b8d9d7493a744e28a85f77246c6685d1 - - default default] Successfully bumped revision number for resource 457f3172-104b-4205-b8bc-76c59d0df260 (type: security_group_rules) to 0
2026-04-23 01:22:53.099 8 INFO neutron.plugins.ml2.drivers.ovn.mech_driver.mech_driver [None req-c984c29c-33f6-4d86-9e35-3030a2a223b3 - - - - - -] OVN reports status down for port: 06e00205-a6a5-4d8e-887d-166623999b13
2026-04-23 01:22:53.114 8 INFO neutron.db.ovn_revision_numbers_db [None req-0d893cf4-9671-40f0-9ceb-dd2176723721 4de1018e8b534affb3016bb4fc94fc85 b8d9d7493a744e28a85f77246c6685d1 - - default default] Successfully bumped revision number for resource 65b5c182-460b-47b7-b6f8-017c41177cd3 (type: security_group_rules) to 0
2026-04-23 01:22:53.124 7 INFO neutron.db.ovn_revision_numbers_db [None req-81c43147-ecdd-443a-828c-06002adf1321 4de1018e8b534affb3016bb4fc94fc85 b8d9d7493a744e28a85f77246c6685d1 - - default default] Successfully bumped revision number for resource 06e00205-a6a5-4d8e-887d-166623999b13 (type: ports) to 1
2026-04-23 01:22:53.135 8 INFO neutron.db.ovn_revision_numbers_db [None req-0d893cf4-9671-40f0-9ceb-dd2176723721 4de1018e8b534affb3016bb4fc94fc85 b8d9d7493a744e28a85f77246c6685d1 - - default default] Successfully bumped revision number for resource 9be90f5a-e744-41eb-9c3e-eabcff897232 (type: security_group_rules) to 0 [pid: 7|app: 0|req: 283/564] 10.0.0.108 () {34 vars in 671 bytes} [Thu Apr 23 01:22:52 2026] POST /v2.0/networks => generated 755 bytes in 821 msecs (HTTP/1.1 201) 4 headers in 162 bytes (1 switches on core 0) [pid: 8|app: 0|req: 282/565] 10.0.0.108 () {32 vars in 774 bytes} [Thu Apr 23 01:22:52 2026] GET /v2.0/security-groups?tenant_id=5435ac8565274316b7486e698fa992d4&name=default => generated 2921 bytes in 385 msecs (HTTP/1.1 200) 4 headers in 158 bytes (1 switches on core 0)
2026-04-23 01:22:53.264 7 WARNING neutron.scheduler.dhcp_agent_scheduler [None req-565916b7-650b-46ed-a259-f18e1227d8fd 4de1018e8b534affb3016bb4fc94fc85 b8d9d7493a744e28a85f77246c6685d1 - - default default] No more DHCP agents
2026-04-23 01:22:53.265 7 WARNING neutron.api.rpc.agentnotifiers.dhcp_rpc_agent_api [None req-565916b7-650b-46ed-a259-f18e1227d8fd 4de1018e8b534affb3016bb4fc94fc85 b8d9d7493a744e28a85f77246c6685d1 - - default default] Unable to schedule network 5ba272f3-9962-4f92-a939-4962ec9504db: no agents available; will retry on subsequent port and subnet creation events.
2026-04-23 01:22:53.310 8 WARNING neutron.scheduler.dhcp_agent_scheduler [None req-a2e93c6f-90db-4ed3-8b32-bc2a8c78c2d4 4de1018e8b534affb3016bb4fc94fc85 b8d9d7493a744e28a85f77246c6685d1 - - default default] No more DHCP agents
2026-04-23 01:22:53.310 8 WARNING neutron.api.rpc.agentnotifiers.dhcp_rpc_agent_api [None req-a2e93c6f-90db-4ed3-8b32-bc2a8c78c2d4 4de1018e8b534affb3016bb4fc94fc85 b8d9d7493a744e28a85f77246c6685d1 - - default default] Unable to schedule network 987f0af7-5f83-4e67-8d84-786f6ffd7529: no agents available; will retry on subsequent port and subnet creation events.
2026-04-23 01:22:53.685 8 INFO neutron.db.ovn_revision_numbers_db [None req-1003b481-3f70-4a5b-8c07-b677311f6542 - - - - - -] Successfully bumped revision number for resource 06e00205-a6a5-4d8e-887d-166623999b13 (type: ports) to 2
2026-04-23 01:22:53.731 8 INFO neutron.db.ovn_revision_numbers_db [None req-1003b481-3f70-4a5b-8c07-b677311f6542 - - - - - -] Successfully bumped revision number for resource 0eb6cd72-d1e9-4099-bffc-f510aeeec5e7 (type: subnets) to 0 [pid: 8|app: 0|req: 283/566] 10.0.0.108 () {34 vars in 669 bytes} [Thu Apr 23 01:22:53 2026] POST /v2.0/subnets => generated 699 bytes in 554 msecs (HTTP/1.1 201) 4 headers in 162 bytes (1 switches on core 0)
2026-04-23 01:22:53.965 7 INFO neutron.db.ovn_revision_numbers_db [None req-fa36b35b-abf0-4dcf-a69d-990ae783fa73 - - - - - -] Successfully bumped revision number for resource 0731eb1e-3512-4c8c-aa7e-9639b5ae008b (type: ports) to 2 [pid: 8|app: 0|req: 284/567] 10.0.0.108 () {32 vars in 740 bytes} [Thu Apr 23 01:22:53 2026] DELETE /v2.0/security-groups/cb8bdc1a-12bf-42ae-8e91-40c7862b130a => generated 0 bytes in 245 msecs (HTTP/1.1 204) 2 headers in 112 bytes (1 switches on core 0)
2026-04-23 01:22:53.998 7 INFO neutron.db.ovn_revision_numbers_db [None req-fa36b35b-abf0-4dcf-a69d-990ae783fa73 - - - - - -] Successfully bumped revision number for resource 73809e96-d7a2-418c-a7f4-c5468612c5c5 (type: subnets) to 0 [pid: 7|app: 0|req: 284/568] 10.0.0.108 () {34 vars in 669 bytes} [Thu Apr 23 01:22:53 2026] POST /v2.0/subnets => generated 696 bytes in 868 msecs (HTTP/1.1 201) 4 headers in 162 bytes (1 switches on core 0)
2026-04-23 01:22:54.574 7 WARNING neutron.scheduler.dhcp_agent_scheduler [None req-df663f3f-fc0c-4c44-a673-796ee4f5bbbc 4de1018e8b534affb3016bb4fc94fc85 b8d9d7493a744e28a85f77246c6685d1 - - default default] No more DHCP agents
2026-04-23 01:22:54.576 7 WARNING neutron.api.rpc.agentnotifiers.dhcp_rpc_agent_api [None req-df663f3f-fc0c-4c44-a673-796ee4f5bbbc 4de1018e8b534affb3016bb4fc94fc85 b8d9d7493a744e28a85f77246c6685d1 - - default default] Unable to schedule network f16560c7-6673-4ceb-8c89-16b5acaffae6: no agents available; will retry on subsequent port and subnet creation events.
2026-04-23 01:22:54.667 8 INFO neutron.plugins.ml2.drivers.ovn.mech_driver.mech_driver [None req-c984c29c-33f6-4d86-9e35-3030a2a223b3 - - - - - -] OVN reports status down for port: 0ea58a74-bf81-43f4-bf64-4d5079f9721c
2026-04-23 01:22:54.690 7 INFO neutron.db.ovn_revision_numbers_db [None req-df663f3f-fc0c-4c44-a673-796ee4f5bbbc 4de1018e8b534affb3016bb4fc94fc85 b8d9d7493a744e28a85f77246c6685d1 - - default default] Successfully bumped revision number for resource 0ea58a74-bf81-43f4-bf64-4d5079f9721c (type: ports) to 1
2026-04-23 01:22:54.806 8 WARNING neutron.scheduler.dhcp_agent_scheduler [None req-7864db75-7f53-4861-8e96-7085c828745a 4de1018e8b534affb3016bb4fc94fc85 b8d9d7493a744e28a85f77246c6685d1 - - default default] No more DHCP agents
2026-04-23 01:22:54.807 8 WARNING neutron.api.rpc.agentnotifiers.dhcp_rpc_agent_api [None req-7864db75-7f53-4861-8e96-7085c828745a 4de1018e8b534affb3016bb4fc94fc85 b8d9d7493a744e28a85f77246c6685d1 - - default default] Unable to schedule network f16560c7-6673-4ceb-8c89-16b5acaffae6: no agents available; will retry on subsequent port and subnet creation events.
2026-04-23 01:22:54.885 7 INFO neutron.plugins.ml2.drivers.ovn.mech_driver.mech_driver [None req-a9b49e08-0c6c-4421-bc91-589de0842aeb - - - - - -] OVN reports status down for port: dd6dfa41-90c4-41d8-993d-be29d51f074c
2026-04-23 01:22:54.913 8 INFO neutron.db.ovn_revision_numbers_db [None req-7864db75-7f53-4861-8e96-7085c828745a 4de1018e8b534affb3016bb4fc94fc85 b8d9d7493a744e28a85f77246c6685d1 - - default default] Successfully bumped revision number for resource dd6dfa41-90c4-41d8-993d-be29d51f074c (type: ports) to 1
2026-04-23 01:22:55.042 7 INFO neutron.plugins.ml2.drivers.ovn.mech_driver.ovsdb.extensions.qos [None req-df663f3f-fc0c-4c44-a673-796ee4f5bbbc 4de1018e8b534affb3016bb4fc94fc85 b8d9d7493a744e28a85f77246c6685d1 - - default default] Starting OVNClientQosExtension
2026-04-23 01:22:55.114 7 WARNING oslo_config.cfg [None req-df663f3f-fc0c-4c44-a673-796ee4f5bbbc 4de1018e8b534affb3016bb4fc94fc85 b8d9d7493a744e28a85f77246c6685d1 - - default default] Deprecated: Option "ovn_emit_need_to_frag" from group "ovn" is deprecated for removal (The option is useful only on very old Linux kernels (version < 5.2).). Its value may be silently ignored in the future.
2026-04-23 01:22:55.207 8 INFO neutron.plugins.ml2.drivers.ovn.mech_driver.ovsdb.extensions.qos [None req-7864db75-7f53-4861-8e96-7085c828745a 4de1018e8b534affb3016bb4fc94fc85 b8d9d7493a744e28a85f77246c6685d1 - - default default] Starting OVNClientQosExtension
2026-04-23 01:22:55.278 8 WARNING oslo_config.cfg [None req-7864db75-7f53-4861-8e96-7085c828745a 4de1018e8b534affb3016bb4fc94fc85 b8d9d7493a744e28a85f77246c6685d1 - - default default] Deprecated: Option "ovn_emit_need_to_frag" from group "ovn" is deprecated for removal (The option is useful only on very old Linux kernels (version < 5.2).). Its value may be silently ignored in the future.
2026-04-23 01:22:55.346 7 INFO neutron.plugins.ml2.drivers.ovn.mech_driver.ovsdb.commands [None req-fc46fb50-004c-40e5-acd3-1db56a8007f9 - - - - - -] Schedule LRP lrp-0ea58a74-bf81-43f4-bf64-4d5079f9721c on gateway 515bcfe3-0615-440b-a855-e013bf2113de with priority 1
2026-04-23 01:22:55.361 8 INFO neutron.plugins.ml2.drivers.ovn.mech_driver.mech_driver [None req-c984c29c-33f6-4d86-9e35-3030a2a223b3 - - - - - -] OVN reports status up for port: 0ea58a74-bf81-43f4-bf64-4d5079f9721c
2026-04-23 01:22:55.384 8 INFO neutron.plugins.ml2.plugin [None req-c984c29c-33f6-4d86-9e35-3030a2a223b3 - - - - - -] Attempt 1 to provision port 0ea58a74-bf81-43f4-bf64-4d5079f9721c
2026-04-23 01:22:55.403 7 INFO neutron.db.ovn_revision_numbers_db [None req-df663f3f-fc0c-4c44-a673-796ee4f5bbbc 4de1018e8b534affb3016bb4fc94fc85 b8d9d7493a744e28a85f77246c6685d1 - - default default] Successfully bumped revision number for resource 0ea58a74-bf81-43f4-bf64-4d5079f9721c (type: router_ports) to 1
2026-04-23 01:22:55.420 7 INFO neutron.plugins.ml2.drivers.ovn.mech_driver.ovsdb.ovsdb_monitor [-] Router 2ed23749-3526-4161-b605-611805a817c9 is bound to host instance
2026-04-23 01:22:55.576 7 INFO neutron.db.ovn_revision_numbers_db [None req-df663f3f-fc0c-4c44-a673-796ee4f5bbbc 4de1018e8b534affb3016bb4fc94fc85 b8d9d7493a744e28a85f77246c6685d1 - - default default] Successfully bumped revision number for resource 2ed23749-3526-4161-b605-611805a817c9 (type: routers) to 2
2026-04-23 01:22:55.583 8 INFO neutron.plugins.ml2.drivers.ovn.mech_driver.ovsdb.commands [None req-ca42f350-3b16-4b2d-93ba-82b5af84493b - - - - - -] Schedule LRP lrp-dd6dfa41-90c4-41d8-993d-be29d51f074c on gateway 515bcfe3-0615-440b-a855-e013bf2113de with priority 1
2026-04-23 01:22:55.619 7 INFO neutron.plugins.ml2.drivers.ovn.mech_driver.mech_driver [None req-a9b49e08-0c6c-4421-bc91-589de0842aeb - - - - - -] OVN reports status up for port: dd6dfa41-90c4-41d8-993d-be29d51f074c
2026-04-23 01:22:55.634 8 INFO neutron.db.ovn_revision_numbers_db [None req-7864db75-7f53-4861-8e96-7085c828745a 4de1018e8b534affb3016bb4fc94fc85 b8d9d7493a744e28a85f77246c6685d1 - - default default] Successfully bumped revision number for resource dd6dfa41-90c4-41d8-993d-be29d51f074c (type: router_ports) to 1 [pid: 7|app: 0|req: 285/569] 10.0.0.108 () {34 vars in 669 bytes} [Thu Apr 23 01:22:54 2026] POST /v2.0/routers => generated 974 bytes in 1618 msecs (HTTP/1.1 201) 4 headers in 162 bytes (1 switches on core 0)
2026-04-23 01:22:55.663 7 INFO neutron.plugins.ml2.plugin [None req-a9b49e08-0c6c-4421-bc91-589de0842aeb - - - - - -] Attempt 1 to provision port dd6dfa41-90c4-41d8-993d-be29d51f074c
2026-04-23 01:22:55.700 8 INFO neutron.db.ovn_revision_numbers_db [None req-7864db75-7f53-4861-8e96-7085c828745a 4de1018e8b534affb3016bb4fc94fc85 b8d9d7493a744e28a85f77246c6685d1 - - default default] Successfully bumped revision number for resource fafd939e-4d96-457c-828d-9b0fcd2877af (type: routers) to 2 [pid: 8|app: 0|req: 285/570] 10.0.0.108 () {34 vars in 669 bytes} [Thu Apr 23 01:22:53 2026] POST /v2.0/routers => generated 977 bytes in 1721 msecs (HTTP/1.1 201) 4 headers in 162 bytes (1 switches on core 0)
2026-04-23 01:22:55.996 7 INFO neutron.db.ovn_revision_numbers_db [None req-a8b01b22-0283-4d16-a665-6c9e5d71cfea 4de1018e8b534affb3016bb4fc94fc85 b8d9d7493a744e28a85f77246c6685d1 - - default default] Successfully bumped revision number for resource 7718b4c8-ca30-40ff-93bb-3a79280bcffa (type: security_groups) to 1
2026-04-23 01:22:56.018 7 INFO neutron.db.ovn_revision_numbers_db [None req-a8b01b22-0283-4d16-a665-6c9e5d71cfea 4de1018e8b534affb3016bb4fc94fc85 b8d9d7493a744e28a85f77246c6685d1 - - default default] Successfully bumped revision number for resource 4836abc4-0aa1-43cf-a5f8-c51214fb3c61 (type: security_group_rules) to 0
2026-04-23 01:22:56.038 7 INFO neutron.db.ovn_revision_numbers_db [None req-a8b01b22-0283-4d16-a665-6c9e5d71cfea 4de1018e8b534affb3016bb4fc94fc85 b8d9d7493a744e28a85f77246c6685d1 - - default default] Successfully bumped revision number for resource 55be8208-65be-403c-9999-9efc5fbac53d (type: security_group_rules) to 0
2026-04-23 01:22:56.060 7 INFO neutron.db.ovn_revision_numbers_db [None req-a8b01b22-0283-4d16-a665-6c9e5d71cfea 4de1018e8b534affb3016bb4fc94fc85 b8d9d7493a744e28a85f77246c6685d1 - - default default] Successfully bumped revision number for resource 5ab2e9d2-5867-41f7-b464-628659bc2ee4 (type: security_group_rules) to 0
2026-04-23 01:22:56.083 8 WARNING neutron.scheduler.dhcp_agent_scheduler [None req-7424871a-ad29-437d-a533-8458ec394f73 4de1018e8b534affb3016bb4fc94fc85 b8d9d7493a744e28a85f77246c6685d1 - - default default] No more DHCP agents
2026-04-23 01:22:56.084 7 INFO neutron.db.ovn_revision_numbers_db [None req-a8b01b22-0283-4d16-a665-6c9e5d71cfea 4de1018e8b534affb3016bb4fc94fc85 b8d9d7493a744e28a85f77246c6685d1 - - default default] Successfully bumped revision number for resource e71a3ac6-7d89-4066-b5fa-a790746d52bc (type: security_group_rules) to 0
2026-04-23 01:22:56.085 8 WARNING neutron.api.rpc.agentnotifiers.dhcp_rpc_agent_api [None req-7424871a-ad29-437d-a533-8458ec394f73 4de1018e8b534affb3016bb4fc94fc85 b8d9d7493a744e28a85f77246c6685d1 - - default default] Unable to schedule network 5ba272f3-9962-4f92-a939-4962ec9504db: no agents available; will retry on subsequent port and subnet creation events. [pid: 7|app: 0|req: 286/571] 10.0.0.108 () {32 vars in 774 bytes} [Thu Apr 23 01:22:55 2026] GET /v2.0/security-groups?tenant_id=dc583572221c4d4a94b3ab684b377ade&name=default => generated 2921 bytes in 534 msecs (HTTP/1.1 200) 4 headers in 158 bytes (1 switches on core 0)
2026-04-23 01:22:56.201 8 INFO neutron.db.ovn_revision_numbers_db [None req-7424871a-ad29-437d-a533-8458ec394f73 4de1018e8b534affb3016bb4fc94fc85 b8d9d7493a744e28a85f77246c6685d1 - - default default] Successfully bumped revision number for resource 5b6128f2-8091-4f0f-8cf3-6e8f9016ce7e (type: ports) to 1
2026-04-23 01:22:56.413 7 INFO neutron.db.ovn_revision_numbers_db [None req-80b3ae77-6e0c-4429-86f9-84de9855ad68 4de1018e8b534affb3016bb4fc94fc85 b8d9d7493a744e28a85f77246c6685d1 - - default default] Successfully bumped revision number for resource 5fd63975-c781-4700-b4bf-9c63ab4645e0 (type: security_groups) to 1
2026-04-23 01:22:56.431 7 INFO neutron.db.ovn_revision_numbers_db [None req-80b3ae77-6e0c-4429-86f9-84de9855ad68 4de1018e8b534affb3016bb4fc94fc85 b8d9d7493a744e28a85f77246c6685d1 - - default default] Successfully bumped revision number for resource 1eb3c34f-52d7-4e92-aaad-6723fdcabd1b (type: security_group_rules) to 0
2026-04-23 01:22:56.448 7 INFO neutron.db.ovn_revision_numbers_db [None req-80b3ae77-6e0c-4429-86f9-84de9855ad68 4de1018e8b534affb3016bb4fc94fc85 b8d9d7493a744e28a85f77246c6685d1 - - default default] Successfully bumped revision number for resource 5ec184db-8ce1-496d-97b6-2fecc5a055ef (type: security_group_rules) to 0
2026-04-23 01:22:56.465 7 INFO neutron.db.ovn_revision_numbers_db [None req-80b3ae77-6e0c-4429-86f9-84de9855ad68 4de1018e8b534affb3016bb4fc94fc85 b8d9d7493a744e28a85f77246c6685d1 - - default default] Successfully bumped revision number for resource c53299a1-6cc6-498f-93e4-2e621d198a95 (type: security_group_rules) to 0
2026-04-23 01:22:56.483 7 INFO neutron.db.ovn_revision_numbers_db [None req-80b3ae77-6e0c-4429-86f9-84de9855ad68 4de1018e8b534affb3016bb4fc94fc85 b8d9d7493a744e28a85f77246c6685d1 - - default default] Successfully bumped revision number for resource e10ab43b-fea6-4b3f-afb5-3b369ecf8251 (type: security_group_rules) to 0
2026-04-23 01:22:56.573 7 INFO neutron.db.segments_db [None req-80b3ae77-6e0c-4429-86f9-84de9855ad68 4de1018e8b534affb3016bb4fc94fc85 b8d9d7493a744e28a85f77246c6685d1 - - default default] Added segment d6605238-56a0-49a4-bd26-15297aa69c77 of type geneve for network c8188e44-b806-403d-ad80-38ca76d7f55c
2026-04-23 01:22:56.671 7 INFO neutron.db.ovn_revision_numbers_db [None req-0de37c5a-9002-4d63-b2d9-63aa45d53329 - - - - - -] Successfully bumped revision number for resource 0ea58a74-bf81-43f4-bf64-4d5079f9721c (type: ports) to 4
2026-04-23 01:22:56.763 7 INFO neutron.db.ovn_revision_numbers_db [None req-80b3ae77-6e0c-4429-86f9-84de9855ad68 4de1018e8b534affb3016bb4fc94fc85 b8d9d7493a744e28a85f77246c6685d1 - - default default] Successfully bumped revision number for resource c8188e44-b806-403d-ad80-38ca76d7f55c (type: networks) to 1
2026-04-23 01:22:56.834 8 WARNING neutron.scheduler.dhcp_agent_scheduler [None req-7424871a-ad29-437d-a533-8458ec394f73 4de1018e8b534affb3016bb4fc94fc85 b8d9d7493a744e28a85f77246c6685d1 - - default default] No more DHCP agents
2026-04-23 01:22:56.836 8 WARNING neutron.api.rpc.agentnotifiers.dhcp_rpc_agent_api [None req-7424871a-ad29-437d-a533-8458ec394f73 4de1018e8b534affb3016bb4fc94fc85 b8d9d7493a744e28a85f77246c6685d1 - - default default] Unable to schedule network 5ba272f3-9962-4f92-a939-4962ec9504db: no agents available; will retry on subsequent port and subnet creation events.
2026-04-23 01:22:57.032 7 WARNING neutron.scheduler.dhcp_agent_scheduler [None req-80b3ae77-6e0c-4429-86f9-84de9855ad68 4de1018e8b534affb3016bb4fc94fc85 b8d9d7493a744e28a85f77246c6685d1 - - default default] No more DHCP agents
2026-04-23 01:22:57.037 7 WARNING neutron.api.rpc.agentnotifiers.dhcp_rpc_agent_api [None req-80b3ae77-6e0c-4429-86f9-84de9855ad68 4de1018e8b534affb3016bb4fc94fc85 b8d9d7493a744e28a85f77246c6685d1 - - default default] Unable to schedule network c8188e44-b806-403d-ad80-38ca76d7f55c: no agents available; will retry on subsequent port and subnet creation events.
2026-04-23 01:22:57.159 7 INFO neutron.db.ovn_revision_numbers_db [None req-80b3ae77-6e0c-4429-86f9-84de9855ad68 4de1018e8b534affb3016bb4fc94fc85 b8d9d7493a744e28a85f77246c6685d1 - - default default] Successfully bumped revision number for resource 33d0bb10-727e-47bb-b8f3-181a00284fd1 (type: ports) to 1 [pid: 7|app: 0|req: 287/572] 10.0.0.108 () {34 vars in 671 bytes} [Thu Apr 23 01:22:56 2026] POST /v2.0/networks => generated 748 bytes in 1030 msecs (HTTP/1.1 201) 4 headers in 162 bytes (1 switches on core 0)
2026-04-23 01:22:57.214 7 INFO neutron.db.ovn_revision_numbers_db [None req-0de37c5a-9002-4d63-b2d9-63aa45d53329 - - - - - -] Successfully bumped revision number for resource 0ea58a74-bf81-43f4-bf64-4d5079f9721c (type: ports) to 5
2026-04-23 01:22:57.256 8 INFO neutron.db.ovn_revision_numbers_db [None req-7424871a-ad29-437d-a533-8458ec394f73 4de1018e8b534affb3016bb4fc94fc85 b8d9d7493a744e28a85f77246c6685d1 - - default default] Successfully bumped revision number for resource 5b6128f2-8091-4f0f-8cf3-6e8f9016ce7e (type: router_ports) to 1 [pid: 8|app: 0|req: 286/575] 10.0.0.108 () {34 vars in 783 bytes} [Thu Apr 23 01:22:55 2026] PUT /v2.0/routers/2ed23749-3526-4161-b605-611805a817c9/add_router_interface => generated 309 bytes in 1545 msecs (HTTP/1.1 200) 4 headers in 157 bytes (1 switches on core 0)
2026-04-23 01:22:57.403 7 INFO neutron.plugins.ml2.drivers.ovn.mech_driver.ovsdb.ovsdb_monitor [None req-0de37c5a-9002-4d63-b2d9-63aa45d53329 - - - - - -] Router fafd939e-4d96-457c-828d-9b0fcd2877af is bound to host instance [pid: 8|app: 0|req: 287/576] 10.0.0.108 () {32 vars in 740 bytes} [Thu Apr 23 01:22:57 2026] DELETE /v2.0/security-groups/7718b4c8-ca30-40ff-93bb-3a79280bcffa => generated 0 bytes in 201 msecs (HTTP/1.1 204) 2 headers in 112 bytes (1 switches on core 0)
2026-04-23 01:22:57.604 8 WARNING neutron.scheduler.dhcp_agent_scheduler [None req-e06ff2a3-ce83-4066-956a-f4c49a707272 4de1018e8b534affb3016bb4fc94fc85 b8d9d7493a744e28a85f77246c6685d1 - - default default] No more DHCP agents
2026-04-23 01:22:57.605 8 WARNING neutron.api.rpc.agentnotifiers.dhcp_rpc_agent_api [None req-e06ff2a3-ce83-4066-956a-f4c49a707272 4de1018e8b534affb3016bb4fc94fc85 b8d9d7493a744e28a85f77246c6685d1 - - default default] Unable to schedule network c8188e44-b806-403d-ad80-38ca76d7f55c: no agents available; will retry on subsequent port and subnet creation events.
2026-04-23 01:22:57.870 8 INFO neutron.plugins.ml2.drivers.ovn.mech_driver.mech_driver [None req-c984c29c-33f6-4d86-9e35-3030a2a223b3 - - - - - -] OVN reports status down for port: 33d0bb10-727e-47bb-b8f3-181a00284fd1
2026-04-23 01:22:58.079 8 INFO neutron.db.ovn_revision_numbers_db [None req-4b0d4633-4889-466a-9550-59b687761ed6 - - - - - -] Successfully bumped revision number for resource 33d0bb10-727e-47bb-b8f3-181a00284fd1 (type: ports) to 2
2026-04-23 01:22:58.122 8 INFO neutron.db.ovn_revision_numbers_db [None req-4b0d4633-4889-466a-9550-59b687761ed6 - - - - - -] Successfully bumped revision number for resource 3f378eb3-5b8a-4798-af76-cf2ce5b15299 (type: subnets) to 0 [pid: 8|app: 0|req: 288/577] 10.0.0.108 () {34 vars in 669 bytes} [Thu Apr 23 01:22:57 2026] POST /v2.0/subnets => generated 692 bytes in 680 msecs (HTTP/1.1 201) 4 headers in 162 bytes (1 switches on core 0)
2026-04-23 01:22:58.253 8 INFO neutron.db.ovn_revision_numbers_db [None req-550a6206-1cb9-4d90-86d6-1421e907f8e7 4de1018e8b534affb3016bb4fc94fc85 b8d9d7493a744e28a85f77246c6685d1 - - default default] Successfully bumped revision number for resource 428131e5-a18c-428c-8636-c5e7830281cf (type: security_groups) to 1
2026-04-23 01:22:58.258 7 INFO neutron.plugins.ml2.drivers.ovn.mech_driver.mech_driver [None req-a9b49e08-0c6c-4421-bc91-589de0842aeb - - - - - -] OVN reports status down for port: 5b6128f2-8091-4f0f-8cf3-6e8f9016ce7e
2026-04-23 01:22:58.266 8 INFO neutron.db.ovn_revision_numbers_db [None req-550a6206-1cb9-4d90-86d6-1421e907f8e7 4de1018e8b534affb3016bb4fc94fc85 b8d9d7493a744e28a85f77246c6685d1 - - default default] Successfully bumped revision number for resource 02fd9b7d-4c1b-4824-8316-cdf983449dc6 (type: security_group_rules) to 0
2026-04-23 01:22:58.279 8 INFO neutron.db.ovn_revision_numbers_db [None req-550a6206-1cb9-4d90-86d6-1421e907f8e7 4de1018e8b534affb3016bb4fc94fc85 b8d9d7493a744e28a85f77246c6685d1 - - default default] Successfully bumped revision number for resource 159a903d-e883-4136-8eb5-3ca80914dd77 (type: security_group_rules) to 0
2026-04-23 01:22:58.291 8 INFO neutron.db.ovn_revision_numbers_db [None req-550a6206-1cb9-4d90-86d6-1421e907f8e7 4de1018e8b534affb3016bb4fc94fc85 b8d9d7493a744e28a85f77246c6685d1 - - default default] Successfully bumped revision number for resource 44b58f9e-8e78-4013-8017-90d369de53f8 (type: security_group_rules) to 0
2026-04-23 01:22:58.304 8 INFO neutron.db.ovn_revision_numbers_db [None req-550a6206-1cb9-4d90-86d6-1421e907f8e7 4de1018e8b534affb3016bb4fc94fc85 b8d9d7493a744e28a85f77246c6685d1 - - default default] Successfully bumped revision number for resource a9a9b810-1185-42b7-8526-b671fe9a17b2 (type: security_group_rules) to 0 [pid: 8|app: 0|req: 289/578] 10.0.0.108 () {32 vars in 774 bytes} [Thu Apr 23 01:22:58 2026] GET /v2.0/security-groups?tenant_id=88e7fb8b9cc34e96bf722c4639fbd6f3&name=default => generated 2921 bytes in 201 msecs (HTTP/1.1 200) 4 headers in 158 bytes (1 switches on core 0)
2026-04-23 01:22:58.390 7 WARNING neutron.plugins.ml2.drivers.ovn.mech_driver.ovsdb.ovn_client [None req-a9b49e08-0c6c-4421-bc91-589de0842aeb - - - - - -] Logical_Switch_Port 5b6128f2-8091-4f0f-8cf3-6e8f9016ce7e host information not removed, the port state is up
2026-04-23 01:22:58.392 7 INFO neutron.plugins.ml2.drivers.ovn.mech_driver.mech_driver [None req-a9b49e08-0c6c-4421-bc91-589de0842aeb - - - - - -] OVN reports status up for port: 5b6128f2-8091-4f0f-8cf3-6e8f9016ce7e
2026-04-23 01:22:58.415 7 WARNING neutron.scheduler.dhcp_agent_scheduler [None req-55399a3c-866d-4030-84c3-ebd7a76a006c 4de1018e8b534affb3016bb4fc94fc85 b8d9d7493a744e28a85f77246c6685d1 - - default default] No more DHCP agents
2026-04-23 01:22:58.417 7 INFO neutron.plugins.ml2.plugin [None req-a9b49e08-0c6c-4421-bc91-589de0842aeb - - - - - -] Attempt 1 to provision port 5b6128f2-8091-4f0f-8cf3-6e8f9016ce7e
2026-04-23 01:22:58.419 7 WARNING neutron.api.rpc.agentnotifiers.dhcp_rpc_agent_api [None req-55399a3c-866d-4030-84c3-ebd7a76a006c 4de1018e8b534affb3016bb4fc94fc85 b8d9d7493a744e28a85f77246c6685d1 - - default default] Unable to schedule network 987f0af7-5f83-4e67-8d84-786f6ffd7529: no agents available; will retry on subsequent port and subnet creation events.
2026-04-23 01:22:58.571 8 INFO neutron.db.ovn_revision_numbers_db [req-18da0ded-82ee-4221-b1cc-0d266fab49c1 req-6e042bcc-b2d0-4045-89f6-d89019a97fea 5783a9c71d5a4eceacf160c3f66cd459 0e64cf7685614211a0aec462bc49e777 - - default default] Successfully bumped revision number for resource 06a9fa76-01eb-4d1d-9578-0c26a8829591 (type: security_groups) to 1
2026-04-23 01:22:58.581 8 INFO neutron.db.ovn_revision_numbers_db [req-18da0ded-82ee-4221-b1cc-0d266fab49c1 req-6e042bcc-b2d0-4045-89f6-d89019a97fea 5783a9c71d5a4eceacf160c3f66cd459 0e64cf7685614211a0aec462bc49e777 - - default default] Successfully bumped revision number for resource a1a9c152-bdbb-47e0-a6e8-0767c225940c (type: security_group_rules) to 0
2026-04-23 01:22:58.610 8 INFO neutron.db.ovn_revision_numbers_db [req-18da0ded-82ee-4221-b1cc-0d266fab49c1 req-6e042bcc-b2d0-4045-89f6-d89019a97fea 5783a9c71d5a4eceacf160c3f66cd459 0e64cf7685614211a0aec462bc49e777 - - default default] Successfully bumped revision number for resource c22f28ac-f0f3-4f34-82cc-df116b5dfb08 (type: security_group_rules) to 0 [pid: 8|app: 0|req: 290/579] 10.0.0.35 () {38 vars in 970 bytes} [Thu Apr 23 01:22:58 2026] POST /v2.0/security-groups => generated 1684 bytes in 330 msecs (HTTP/1.1 201) 4 headers in 163 bytes (1 switches on core 0)
2026-04-23 01:22:58.763 7 INFO neutron.db.ovn_revision_numbers_db [None req-55399a3c-866d-4030-84c3-ebd7a76a006c 4de1018e8b534affb3016bb4fc94fc85 b8d9d7493a744e28a85f77246c6685d1 - - default default] Successfully bumped revision number for resource d9581a90-3b29-459c-8592-cc4446d6d946 (type: ports) to 1
2026-04-23 01:22:59.084 8 WARNING neutron.scheduler.dhcp_agent_scheduler [None req-6c31b06e-d65a-4572-adf0-460430f2dd5e 4de1018e8b534affb3016bb4fc94fc85 b8d9d7493a744e28a85f77246c6685d1 - - default default] No more DHCP agents
2026-04-23 01:22:59.085 8 WARNING neutron.api.rpc.agentnotifiers.dhcp_rpc_agent_api [None req-6c31b06e-d65a-4572-adf0-460430f2dd5e 4de1018e8b534affb3016bb4fc94fc85 b8d9d7493a744e28a85f77246c6685d1 - - default default] Unable to schedule network f16560c7-6673-4ceb-8c89-16b5acaffae6: no agents available; will retry on subsequent port and subnet creation events.
2026-04-23 01:22:59.156 8 INFO neutron.plugins.ml2.drivers.ovn.mech_driver.mech_driver [None req-c984c29c-33f6-4d86-9e35-3030a2a223b3 - - - - - -] OVN reports status down for port: 6de18ec9-d0e5-45ef-9944-a265fcdd5b4c
2026-04-23 01:22:59.205 8 INFO neutron.db.ovn_revision_numbers_db [None req-6c31b06e-d65a-4572-adf0-460430f2dd5e 4de1018e8b534affb3016bb4fc94fc85 b8d9d7493a744e28a85f77246c6685d1 - - default default] Successfully bumped revision number for resource 6de18ec9-d0e5-45ef-9944-a265fcdd5b4c (type: ports) to 1
2026-04-23 01:22:59.662 7 INFO neutron.db.ovn_revision_numbers_db [None req-a9b49e08-0c6c-4421-bc91-589de0842aeb - - - - - -] Successfully bumped revision number for resource 5b6128f2-8091-4f0f-8cf3-6e8f9016ce7e (type: ports) to 2
2026-04-23 01:22:59.771 8 INFO neutron.plugins.ml2.drivers.ovn.mech_driver.ovsdb.commands [None req-ca42f350-3b16-4b2d-93ba-82b5af84493b - - - - - -] Schedule LRP lrp-6de18ec9-d0e5-45ef-9944-a265fcdd5b4c on gateway 515bcfe3-0615-440b-a855-e013bf2113de with priority 1
2026-04-23 01:22:59.783 8 INFO neutron.plugins.ml2.drivers.ovn.mech_driver.mech_driver [None req-c984c29c-33f6-4d86-9e35-3030a2a223b3 - - - - - -] OVN reports status up for port: 6de18ec9-d0e5-45ef-9944-a265fcdd5b4c
2026-04-23 01:22:59.821 8 INFO neutron.plugins.ml2.plugin [None req-c984c29c-33f6-4d86-9e35-3030a2a223b3 - - - - - -] Attempt 1 to provision port 6de18ec9-d0e5-45ef-9944-a265fcdd5b4c
2026-04-23 01:22:59.838 8 INFO neutron.plugins.ml2.drivers.ovn.mech_driver.ovsdb.ovsdb_monitor [-] Router cd4a8fd4-c952-40e7-95dd-ada869be0586 is bound to host instance
2026-04-23 01:22:59.874 8 INFO neutron.db.ovn_revision_numbers_db [None req-6c31b06e-d65a-4572-adf0-460430f2dd5e 4de1018e8b534affb3016bb4fc94fc85 b8d9d7493a744e28a85f77246c6685d1 - - default default] Successfully bumped revision number for resource 6de18ec9-d0e5-45ef-9944-a265fcdd5b4c (type: router_ports) to 1
2026-04-23 01:22:59.914 7 INFO neutron.db.ovn_revision_numbers_db [None req-65f1a79a-7c79-4ec8-ba19-433bdcceacd0 - - - - - -] Successfully bumped revision number for resource dd6dfa41-90c4-41d8-993d-be29d51f074c (type: ports) to 4
2026-04-23 01:23:00.073 8 INFO neutron.db.ovn_revision_numbers_db [None req-6c31b06e-d65a-4572-adf0-460430f2dd5e 4de1018e8b534affb3016bb4fc94fc85 b8d9d7493a744e28a85f77246c6685d1 - - default default] Successfully bumped revision number for resource cd4a8fd4-c952-40e7-95dd-ada869be0586 (type: routers) to 2 [pid: 8|app: 0|req: 291/580] 10.0.0.108 () {34 vars in 669 bytes} [Thu Apr 23 01:22:58 2026] POST /v2.0/routers => generated 970 bytes in 1425 msecs (HTTP/1.1 201) 4 headers in 162 bytes (1 switches on core 0)
2026-04-23 01:23:00.372 7 WARNING neutron.scheduler.dhcp_agent_scheduler [None req-55399a3c-866d-4030-84c3-ebd7a76a006c 4de1018e8b534affb3016bb4fc94fc85 b8d9d7493a744e28a85f77246c6685d1 - - default default] No more DHCP agents
2026-04-23 01:23:00.374 7 WARNING neutron.api.rpc.agentnotifiers.dhcp_rpc_agent_api [None req-55399a3c-866d-4030-84c3-ebd7a76a006c 4de1018e8b534affb3016bb4fc94fc85 b8d9d7493a744e28a85f77246c6685d1 - - default default] Unable to schedule network 987f0af7-5f83-4e67-8d84-786f6ffd7529: no agents available; will retry on subsequent port and subnet creation events.
2026-04-23 01:23:00.458 7 INFO neutron.db.ovn_revision_numbers_db [None req-65f1a79a-7c79-4ec8-ba19-433bdcceacd0 - - - - - -] Successfully bumped revision number for resource dd6dfa41-90c4-41d8-993d-be29d51f074c (type: ports) to 5 [pid: 8|app: 0|req: 292/581] 10.0.0.108 () {32 vars in 740 bytes} [Thu Apr 23 01:23:00 2026] DELETE /v2.0/security-groups/428131e5-a18c-428c-8636-c5e7830281cf => generated 0 bytes in 648 msecs (HTTP/1.1 204) 2 headers in 112 bytes (1 switches on core 0) [pid: 8|app: 0|req: 293/582] 10.0.0.35 () {34 vars in 990 bytes} [Thu Apr 23 01:23:00 2026] GET /v2.0/security-groups/06a9fa76-01eb-4d1d-9578-0c26a8829591 => generated 1684 bytes in 90 msecs (HTTP/1.1 200) 4 headers in 158 bytes (1 switches on core 0)
2026-04-23 01:23:00.984 7 INFO neutron.db.ovn_revision_numbers_db [None req-55399a3c-866d-4030-84c3-ebd7a76a006c 4de1018e8b534affb3016bb4fc94fc85 b8d9d7493a744e28a85f77246c6685d1 - - default default] Successfully bumped revision number for resource d9581a90-3b29-459c-8592-cc4446d6d946 (type: router_ports) to 1 [pid: 7|app: 0|req: 290/583] 10.0.0.108 () {34 vars in 783 bytes} [Thu Apr 23 01:22:57 2026] PUT /v2.0/routers/fafd939e-4d96-457c-828d-9b0fcd2877af/add_router_interface => generated 309 bytes in 3783 msecs (HTTP/1.1 200) 4 headers in 157 bytes (1 switches on core 0) [pid: 8|app: 0|req: 294/584] 10.0.0.179 () {28 vars in 579 bytes} [Thu Apr 23 01:23:00 2026] GET /v2.0/ports => generated 13681 bytes in 355 msecs (HTTP/1.1 200) 4 headers in 159 bytes (1 switches on core 0)
2026-04-23 01:23:01.405 7 WARNING neutron.scheduler.dhcp_agent_scheduler [None req-0ba31163-9867-483b-9e7d-a2b88acc5503 4de1018e8b534affb3016bb4fc94fc85 b8d9d7493a744e28a85f77246c6685d1 - - default default] No more DHCP agents
2026-04-23 01:23:01.407 7 WARNING neutron.api.rpc.agentnotifiers.dhcp_rpc_agent_api [None req-0ba31163-9867-483b-9e7d-a2b88acc5503 4de1018e8b534affb3016bb4fc94fc85 b8d9d7493a744e28a85f77246c6685d1 - - default default] Unable to schedule network c8188e44-b806-403d-ad80-38ca76d7f55c: no agents available; will retry on subsequent port and subnet creation events.
2026-04-23 01:23:01.417 8 INFO neutron.db.ovn_revision_numbers_db [None req-d0030e1d-1f77-499b-a60b-388755ea7aa8 - - - - - -] Successfully bumped revision number for resource 6de18ec9-d0e5-45ef-9944-a265fcdd5b4c (type: ports) to 4
2026-04-23 01:23:01.437 8 INFO neutron.db.ovn_revision_numbers_db [req-dd33c4b4-5ae2-4934-9d6d-fb7ac1093b33 req-c77c1359-e46b-45d6-8ce4-4356f227857e 5783a9c71d5a4eceacf160c3f66cd459 0e64cf7685614211a0aec462bc49e777 - - default default] Successfully bumped revision number for resource 099c6066-a442-4ef5-9669-e79287a1e4b4 (type: security_group_rules) to 0 [pid: 8|app: 0|req: 295/585] 10.0.0.35 () {38 vars in 980 bytes} [Thu Apr 23 01:23:01 2026] POST /v2.0/security-group-rules => generated 614 bytes in 316 msecs (HTTP/1.1 201) 4 headers in 162 bytes (1 switches on core 0)
2026-04-23 01:23:01.517 7 INFO neutron.db.ovn_revision_numbers_db [None req-0ba31163-9867-483b-9e7d-a2b88acc5503 4de1018e8b534affb3016bb4fc94fc85 b8d9d7493a744e28a85f77246c6685d1 - - default default] Successfully bumped revision number for resource 4349863a-9c68-4551-aace-fceae41ef7bc (type: ports) to 1 [pid: 8|app: 0|req: 296/586] 10.0.0.179 () {28 vars in 619 bytes} [Thu Apr 23 01:23:01 2026] GET /v2.0/network-ip-availabilities => generated 2566 bytes in 23 msecs (HTTP/1.1 200) 4 headers in 158 bytes (1 switches on core 0)
2026-04-23 01:23:01.720 8 INFO neutron.db.ovn_revision_numbers_db [None req-0c747fe0-5511-4372-bc7b-311ce3950237 9386ae98cb7c4dd1bf0129eced437ef7 d0e5895037a04fcf860b9418b4f989fa - - default default] Successfully bumped revision number for resource aeccc3c4-08d5-4356-a5d6-4d8b5284a3d4 (type: security_groups) to 1
2026-04-23 01:23:01.743 8 INFO neutron.db.ovn_revision_numbers_db [None req-0c747fe0-5511-4372-bc7b-311ce3950237 9386ae98cb7c4dd1bf0129eced437ef7 d0e5895037a04fcf860b9418b4f989fa - - default default] Successfully bumped revision number for resource a0fa73b7-6ab0-456d-9d79-ce4305cedc5b (type: security_group_rules) to 0
