Apr 02 12:49:12.148836 np0000162893 devstack@neutron-api.service[102054]: DEBUG neutron.api.extensions [None req-4d8b35b3-740e-4a7e-9786-0fbe7171d524 None None] Ext name="Normalized CIDR field for security group rules" alias="security-groups-normalized-cidr" description="Add new field with normalized remote_ip_prefix cidr in SG rule" updated="2020-07-28T10:00:00-00:00" {{(pid=102054) _check_extension /opt/stack/neutron/neutron/api/extensions.py:415}}
Apr 02 12:49:12.148913 np0000162893 devstack@neutron-api.service[102053]: DEBUG neutron.api.extensions [None req-f7b2052d-fa68-4e6e-91fa-8dcd9b1498e5 None None] Extended resource: quotas {{(pid=102053) __init__ /opt/stack/neutron/neutron/api/extensions.py:156}}
Apr 02 12:49:12.149021 np0000162893 devstack@neutron-api.service[102054]: INFO neutron.api.extensions [None req-4d8b35b3-740e-4a7e-9786-0fbe7171d524 None None] Loaded extension: security-groups-normalized-cidr
Apr 02 12:49:12.149113 np0000162893 devstack@neutron-api.service[102054]: DEBUG neutron.api.extensions [None req-4d8b35b3-740e-4a7e-9786-0fbe7171d524 None None] Loading extension file: security_groups_port_filtering.py {{(pid=102054) _load_all_extensions_from_path /opt/stack/neutron/neutron/api/extensions.py:449}}
Apr 02 12:49:12.149337 np0000162893 devstack@neutron-api.service[102054]: DEBUG neutron.api.extensions [None req-4d8b35b3-740e-4a7e-9786-0fbe7171d524 None None] Ext name="Port filtering on security groups" alias="port-security-groups-filtering" description="Provides security groups filtering when listing ports" updated="2018-01-09T09:00:00-00:00" {{(pid=102054) _check_extension /opt/stack/neutron/neutron/api/extensions.py:415}}
Apr 02 12:49:12.149477 np0000162893 devstack@neutron-api.service[102051]: DEBUG neutron.api.extensions [None req-74d13782-cb39-4cd2-a5f0-0a73e40818a6 None None] Extended resource: floatingip-pools {{(pid=102051) __init__ /opt/stack/neutron/neutron/api/extensions.py:156}}
Apr 02 12:49:12.149520 np0000162893 devstack@neutron-api.service[102054]: INFO neutron.api.extensions [None req-4d8b35b3-740e-4a7e-9786-0fbe7171d524 None None] Extension port-security-groups-filtering not supported by any of loaded plugins
Apr 02 12:49:12.149582 np0000162893 devstack@neutron-api.service[102053]: DEBUG neutron.api.extensions [None req-f7b2052d-fa68-4e6e-91fa-8dcd9b1498e5 None None] Extended resource: rbac-policies {{(pid=102053) __init__ /opt/stack/neutron/neutron/api/extensions.py:156}}
Apr 02 12:49:12.149621 np0000162893 devstack@neutron-api.service[102054]: DEBUG neutron.api.extensions [None req-4d8b35b3-740e-4a7e-9786-0fbe7171d524 None None] Loading extension file: security_groups_remote_address_group.py {{(pid=102054) _load_all_extensions_from_path /opt/stack/neutron/neutron/api/extensions.py:449}}
Apr 02 12:49:12.149805 np0000162893 devstack@neutron-api.service[102054]: DEBUG neutron.api.extensions [None req-4d8b35b3-740e-4a7e-9786-0fbe7171d524 None None] Ext name="Remote address group id field for security group rules" alias="security-groups-remote-address-group" description="Add new field of remote address group id in SG rules" updated="2020-08-25T10:00:00-00:00" {{(pid=102054) _check_extension /opt/stack/neutron/neutron/api/extensions.py:415}}
Apr 02 12:49:12.149990 np0000162893 devstack@neutron-api.service[102054]: INFO neutron.api.extensions [None req-4d8b35b3-740e-4a7e-9786-0fbe7171d524 None None] Loaded extension: security-groups-remote-address-group
Apr 02 12:49:12.150029 np0000162893 devstack@neutron-api.service[102051]: DEBUG neutron.api.extensions [None req-74d13782-cb39-4cd2-a5f0-0a73e40818a6 None None] Extended resource: routers {{(pid=102051) __init__ /opt/stack/neutron/neutron/api/extensions.py:156}}
Apr 02 12:49:12.150068 np0000162893 devstack@neutron-api.service[102054]: DEBUG neutron.api.extensions [None req-4d8b35b3-740e-4a7e-9786-0fbe7171d524 None None] Loading extension file: security_groups_rules_belongs_to_default_sg.py {{(pid=102054) _load_all_extensions_from_path /opt/stack/neutron/neutron/api/extensions.py:449}}
Apr 02 12:49:12.150298 np0000162893 devstack@neutron-api.service[102054]: DEBUG neutron.api.extensions [None req-4d8b35b3-740e-4a7e-9786-0fbe7171d524 None None] Ext name="Security group rule belongs to the project's default security group" alias="security-groups-rules-belongs-to-default-sg" description="Flag to determine if the security group rule belongs to the project's default security group" updated="2023-05-23T10:00:00-00:00" {{(pid=102054) _check_extension /opt/stack/neutron/neutron/api/extensions.py:415}}
Apr 02 12:49:12.150463 np0000162893 devstack@neutron-api.service[102054]: INFO neutron.api.extensions [None req-4d8b35b3-740e-4a7e-9786-0fbe7171d524 None None] Loaded extension: security-groups-rules-belongs-to-default-sg
Apr 02 12:49:12.150552 np0000162893 devstack@neutron-api.service[102054]: DEBUG neutron.api.extensions [None req-4d8b35b3-740e-4a7e-9786-0fbe7171d524 None None] Loading extension file: security_groups_shared_filtering.py {{(pid=102054) _load_all_extensions_from_path /opt/stack/neutron/neutron/api/extensions.py:449}}
Apr 02 12:49:12.150772 np0000162893 devstack@neutron-api.service[102054]: DEBUG neutron.api.extensions [None req-4d8b35b3-740e-4a7e-9786-0fbe7171d524 None None] Ext name="Security group filtering on the shared field" alias="security-groups-shared-filtering" description="Support filtering security groups on the shared field" updated="2021-10-05T09:00:00-00:00" {{(pid=102054) _check_extension /opt/stack/neutron/neutron/api/extensions.py:415}}
Apr 02 12:49:12.150920 np0000162893 devstack@neutron-api.service[102051]: DEBUG neutron.api.extensions [None req-74d13782-cb39-4cd2-a5f0-0a73e40818a6 None None] Extended resource: floatingips {{(pid=102051) __init__ /opt/stack/neutron/neutron/api/extensions.py:156}}
Apr 02 12:49:12.150982 np0000162893 devstack@neutron-api.service[102054]: INFO neutron.api.extensions [None req-4d8b35b3-740e-4a7e-9786-0fbe7171d524 None None] Loaded extension: security-groups-shared-filtering
Apr 02 12:49:12.151038 np0000162893 devstack@neutron-api.service[102054]: DEBUG neutron.api.extensions [None req-4d8b35b3-740e-4a7e-9786-0fbe7171d524 None None] Loading extension file: securitygroup.py {{(pid=102054) _load_all_extensions_from_path /opt/stack/neutron/neutron/api/extensions.py:449}}
Apr 02 12:49:12.151492 np0000162893 devstack@neutron-api.service[102051]: DEBUG neutron.api.extensions [None req-74d13782-cb39-4cd2-a5f0-0a73e40818a6 None None] Extended resource: network-ip-availabilities {{(pid=102051) __init__ /opt/stack/neutron/neutron/api/extensions.py:156}}
Apr 02 12:49:12.152051 np0000162893 devstack@neutron-api.service[102051]: DEBUG neutron.api.extensions [None req-74d13782-cb39-4cd2-a5f0-0a73e40818a6 None None] Extended resource: network-ip-availabilities {{(pid=102051) __init__ /opt/stack/neutron/neutron/api/extensions.py:156}}
Apr 02 12:49:12.152620 np0000162893 devstack@neutron-api.service[102051]: DEBUG neutron.api.extensions [None req-74d13782-cb39-4cd2-a5f0-0a73e40818a6 None None] Extended resource: bindings {{(pid=102051) __init__ /opt/stack/neutron/neutron/api/extensions.py:156}}
Apr 02 12:49:12.152764 np0000162893 devstack@neutron-api.service[102054]: DEBUG neutron.api.extensions [None req-4d8b35b3-740e-4a7e-9786-0fbe7171d524 None None] Ext name="security-group" alias="security-group" description="The security groups extension." updated="2012-10-05T10:00:00-00:00" {{(pid=102054) _check_extension /opt/stack/neutron/neutron/api/extensions.py:415}}
Apr 02 12:49:12.152971 np0000162893 devstack@neutron-api.service[102054]: INFO neutron.api.extensions [None req-4d8b35b3-740e-4a7e-9786-0fbe7171d524 None None] Loaded extension: security-group
Apr 02 12:49:12.153059 np0000162893 devstack@neutron-api.service[102054]: DEBUG neutron.api.extensions [None req-4d8b35b3-740e-4a7e-9786-0fbe7171d524 None None] Loading extension file: segment.py {{(pid=102054) _load_all_extensions_from_path /opt/stack/neutron/neutron/api/extensions.py:449}}
Apr 02 12:49:12.153347 np0000162893 devstack@neutron-api.service[102051]: DEBUG neutron.api.extensions [None req-74d13782-cb39-4cd2-a5f0-0a73e40818a6 None None] Extended resource: quotas {{(pid=102051) __init__ /opt/stack/neutron/neutron/api/extensions.py:156}}
Apr 02 12:49:12.153397 np0000162893 devstack@neutron-api.service[102054]: DEBUG neutron.api.extensions [None req-4d8b35b3-740e-4a7e-9786-0fbe7171d524 None None] Ext name="Segment" alias="segment" description="Segments extension." updated="2016-02-24T17:00:00-00:00" {{(pid=102054) _check_extension /opt/stack/neutron/neutron/api/extensions.py:415}}
Apr 02 12:49:12.153540 np0000162893 devstack@neutron-api.service[102054]: INFO neutron.api.extensions [None req-4d8b35b3-740e-4a7e-9786-0fbe7171d524 None None] Extension segment not supported by any of loaded plugins
Apr 02 12:49:12.153631 np0000162893 devstack@neutron-api.service[102054]: DEBUG neutron.api.extensions [None req-4d8b35b3-740e-4a7e-9786-0fbe7171d524 None None] Loading extension file: segments_peer_subnet_host_routes.py {{(pid=102054) _load_all_extensions_from_path /opt/stack/neutron/neutron/api/extensions.py:449}}
Apr 02 12:49:12.153860 np0000162893 devstack@neutron-api.service[102054]: DEBUG neutron.api.extensions [None req-4d8b35b3-740e-4a7e-9786-0fbe7171d524 None None] Ext name="Segments peer-subnet host routes" alias="segments-peer-subnet-host-routes" description="Add host routes to subnets on a routed network (segments)" updated="2018-06-12T10:00:00-00:00" {{(pid=102054) _check_extension /opt/stack/neutron/neutron/api/extensions.py:415}}
Apr 02 12:49:12.154032 np0000162893 devstack@neutron-api.service[102051]: DEBUG neutron.api.extensions [None req-74d13782-cb39-4cd2-a5f0-0a73e40818a6 None None] Extended resource: quotas {{(pid=102051) __init__ /opt/stack/neutron/neutron/api/extensions.py:156}}
Apr 02 12:49:12.154074 np0000162893 devstack@neutron-api.service[102054]: INFO neutron.api.extensions [None req-4d8b35b3-740e-4a7e-9786-0fbe7171d524 None None] Extension segments-peer-subnet-host-routes not supported by any of loaded plugins
Apr 02 12:49:12.154125 np0000162893 devstack@neutron-api.service[102054]: DEBUG neutron.api.extensions [None req-4d8b35b3-740e-4a7e-9786-0fbe7171d524 None None] Loading extension file: servicetype.py {{(pid=102054) _load_all_extensions_from_path /opt/stack/neutron/neutron/api/extensions.py:449}}
Apr 02 12:49:12.154370 np0000162893 devstack@neutron-api.service[102054]: DEBUG neutron.api.extensions [None req-4d8b35b3-740e-4a7e-9786-0fbe7171d524 None None] Ext name="Neutron Service Type Management" alias="service-type" description="API for retrieving service providers for Neutron advanced services" updated="2013-01-20T00:00:00-00:00" {{(pid=102054) _check_extension /opt/stack/neutron/neutron/api/extensions.py:415}}
Apr 02 12:49:12.154538 np0000162893 devstack@neutron-api.service[102054]: INFO neutron.api.extensions [None req-4d8b35b3-740e-4a7e-9786-0fbe7171d524 None None] Loaded extension: service-type
Apr 02 12:49:12.154626 np0000162893 devstack@neutron-api.service[102054]: DEBUG neutron.api.extensions [None req-4d8b35b3-740e-4a7e-9786-0fbe7171d524 None None] Loading extension file: sorting.py {{(pid=102054) _load_all_extensions_from_path /opt/stack/neutron/neutron/api/extensions.py:449}}
Apr 02 12:49:12.154682 np0000162893 devstack@neutron-api.service[102051]: DEBUG neutron.api.extensions [None req-74d13782-cb39-4cd2-a5f0-0a73e40818a6 None None] Extended resource: rbac-policies {{(pid=102051) __init__ /opt/stack/neutron/neutron/api/extensions.py:156}}
Apr 02 12:49:12.154855 np0000162893 devstack@neutron-api.service[102054]: DEBUG neutron.api.extensions [None req-4d8b35b3-740e-4a7e-9786-0fbe7171d524 None None] Ext name="Sorting support" alias="sorting" description="Extension that indicates that sorting is enabled." updated="2016-06-12T00:00:00-00:00" {{(pid=102054) _check_extension /opt/stack/neutron/neutron/api/extensions.py:415}}
Apr 02 12:49:12.154969 np0000162893 devstack@neutron-api.service[102054]: INFO neutron.api.extensions [None req-4d8b35b3-740e-4a7e-9786-0fbe7171d524 None None] Loaded extension: sorting
Apr 02 12:49:12.155056 np0000162893 devstack@neutron-api.service[102054]: DEBUG neutron.api.extensions [None req-4d8b35b3-740e-4a7e-9786-0fbe7171d524 None None] Loading extension file: standard_attr_segment.py {{(pid=102054) _load_all_extensions_from_path /opt/stack/neutron/neutron/api/extensions.py:449}}
Apr 02 12:49:12.155224 np0000162893 devstack@neutron-api.service[102051]: DEBUG neutron.api.extensions [None req-74d13782-cb39-4cd2-a5f0-0a73e40818a6 None None] Extended resource: default-security-group-rules {{(pid=102051) __init__ /opt/stack/neutron/neutron/api/extensions.py:156}}
Apr 02 12:49:12.155264 np0000162893 devstack@neutron-api.service[102054]: DEBUG neutron.api.extensions [None req-4d8b35b3-740e-4a7e-9786-0fbe7171d524 None None] Ext name="Standard Attribute Segment Extension" alias="standard-attr-segment" description="Add standard attributes to Segment resource" updated="2018-04-09T10:00:00-00:00" {{(pid=102054) _check_extension /opt/stack/neutron/neutron/api/extensions.py:415}}
Apr 02 12:49:12.155443 np0000162893 devstack@neutron-api.service[102054]: INFO neutron.api.extensions [None req-4d8b35b3-740e-4a7e-9786-0fbe7171d524 None None] Extension standard-attr-segment not supported by any of loaded plugins
Apr 02 12:49:12.155532 np0000162893 devstack@neutron-api.service[102054]: DEBUG neutron.api.extensions [None req-4d8b35b3-740e-4a7e-9786-0fbe7171d524 None None] Loading extension file: standardattrdescription.py {{(pid=102054) _load_all_extensions_from_path /opt/stack/neutron/neutron/api/extensions.py:449}}
Apr 02 12:49:12.155773 np0000162893 devstack@neutron-api.service[102051]: DEBUG neutron.api.extensions [None req-74d13782-cb39-4cd2-a5f0-0a73e40818a6 None None] Extended resource: security-groups {{(pid=102051) __init__ /opt/stack/neutron/neutron/api/extensions.py:156}}
Apr 02 12:49:12.155817 np0000162893 devstack@neutron-api.service[102054]: DEBUG neutron.api.extensions [None req-4d8b35b3-740e-4a7e-9786-0fbe7171d524 None None] Ext name="standard-attr-description" alias="standard-attr-description" description="Extension to add descriptions to standard attributes" updated="2016-02-10T10:00:00-00:00" {{(pid=102054) _check_extension /opt/stack/neutron/neutron/api/extensions.py:415}}
Apr 02 12:49:12.155968 np0000162893 devstack@neutron-api.service[102054]: INFO neutron.api.extensions [None req-4d8b35b3-740e-4a7e-9786-0fbe7171d524 None None] Loaded extension: standard-attr-description
Apr 02 12:49:12.156053 np0000162893 devstack@neutron-api.service[102054]: DEBUG neutron.api.extensions [None req-4d8b35b3-740e-4a7e-9786-0fbe7171d524 None None] Loading extension file: stateful_security_group.py {{(pid=102054) _load_all_extensions_from_path /opt/stack/neutron/neutron/api/extensions.py:449}}
Apr 02 12:49:12.156279 np0000162893 devstack@neutron-api.service[102051]: DEBUG neutron.api.extensions [None req-74d13782-cb39-4cd2-a5f0-0a73e40818a6 None None] Extended resource: security-group-rules {{(pid=102051) __init__ /opt/stack/neutron/neutron/api/extensions.py:156}}
Apr 02 12:49:12.156322 np0000162893 devstack@neutron-api.service[102054]: DEBUG neutron.api.extensions [None req-4d8b35b3-740e-4a7e-9786-0fbe7171d524 None None] Ext name="Stateful security group" alias="stateful-security-group" description="Indicates if the security group is stateful or not" updated="2019-11-26T09:00:00-00:00" {{(pid=102054) _check_extension /opt/stack/neutron/neutron/api/extensions.py:415}}
Apr 02 12:49:12.156490 np0000162893 devstack@neutron-api.service[102054]: INFO neutron.api.extensions [None req-4d8b35b3-740e-4a7e-9786-0fbe7171d524 None None] Loaded extension: stateful-security-group
Apr 02 12:49:12.156587 np0000162893 devstack@neutron-api.service[102054]: DEBUG neutron.api.extensions [None req-4d8b35b3-740e-4a7e-9786-0fbe7171d524 None None] Loading extension file: stdattrs_common.py {{(pid=102054) _load_all_extensions_from_path /opt/stack/neutron/neutron/api/extensions.py:449}}
Apr 02 12:49:12.156747 np0000162893 devstack@neutron-api.service[102054]: WARNING neutron.api.extensions [None req-4d8b35b3-740e-4a7e-9786-0fbe7171d524 None None] Did not find expected name "Stdattrs_common" in /opt/stack/neutron/neutron/extensions/stdattrs_common.py
Apr 02 12:49:12.156801 np0000162893 devstack@neutron-api.service[102051]: DEBUG neutron.api.extensions [None req-74d13782-cb39-4cd2-a5f0-0a73e40818a6 None None] Extended resource: service-providers {{(pid=102051) __init__ /opt/stack/neutron/neutron/api/extensions.py:156}}
Apr 02 12:49:12.156838 np0000162893 devstack@neutron-api.service[102054]: DEBUG neutron.api.extensions [None req-4d8b35b3-740e-4a7e-9786-0fbe7171d524 None None] Loading extension file: subnet_dns_publish_fixed_ip.py {{(pid=102054) _load_all_extensions_from_path /opt/stack/neutron/neutron/api/extensions.py:449}}
Apr 02 12:49:12.157070 np0000162893 devstack@neutron-api.service[102054]: DEBUG neutron.api.extensions [None req-4d8b35b3-740e-4a7e-9786-0fbe7171d524 None None] Ext name="Subnet DNS publish fixed IP" alias="subnet-dns-publish-fixed-ip" description="Support choosing to publish DNS records for IPs from a subnet" updated="2019-05-24T10:00:00-00:00" {{(pid=102054) _check_extension /opt/stack/neutron/neutron/api/extensions.py:415}}
Apr 02 12:49:12.157239 np0000162893 devstack@neutron-api.service[102054]: INFO neutron.api.extensions [None req-4d8b35b3-740e-4a7e-9786-0fbe7171d524 None None] Loaded extension: subnet-dns-publish-fixed-ip
Apr 02 12:49:12.157327 np0000162893 devstack@neutron-api.service[102054]: DEBUG neutron.api.extensions [None req-4d8b35b3-740e-4a7e-9786-0fbe7171d524 None None] Loading extension file: subnet_external_network.py {{(pid=102054) _load_all_extensions_from_path /opt/stack/neutron/neutron/api/extensions.py:449}}
Apr 02 12:49:12.157377 np0000162893 devstack@neutron-api.service[102051]: DEBUG neutron.api.extensions [None req-74d13782-cb39-4cd2-a5f0-0a73e40818a6 None None] Extended resource: subnetpools {{(pid=102051) __init__ /opt/stack/neutron/neutron/api/extensions.py:156}}
Apr 02 12:49:12.157553 np0000162893 devstack@neutron-api.service[102054]: DEBUG neutron.api.extensions [None req-4d8b35b3-740e-4a7e-9786-0fbe7171d524 None None] Ext name="Subnet belongs to an external network" alias="subnet-external-network" description="Informs if the subnet belongs to an external network" updated="2024-02-05T18:00:00-00:00" {{(pid=102054) _check_extension /opt/stack/neutron/neutron/api/extensions.py:415}}
Apr 02 12:49:12.157764 np0000162893 devstack@neutron-api.service[102054]: INFO neutron.api.extensions [None req-4d8b35b3-740e-4a7e-9786-0fbe7171d524 None None] Loaded extension: subnet-external-network
Apr 02 12:49:12.157833 np0000162893 devstack@neutron-api.service[102054]: DEBUG neutron.api.extensions [None req-4d8b35b3-740e-4a7e-9786-0fbe7171d524 None None] Loading extension file: subnet_onboard.py {{(pid=102054) _load_all_extensions_from_path /opt/stack/neutron/neutron/api/extensions.py:449}}
Apr 02 12:49:12.158017 np0000162893 devstack@neutron-api.service[102051]: DEBUG neutron.api.extensions [None req-74d13782-cb39-4cd2-a5f0-0a73e40818a6 None None] Extended resource: tags {{(pid=102051) __init__ /opt/stack/neutron/neutron/api/extensions.py:156}}
Apr 02 12:49:12.158077 np0000162893 devstack@neutron-api.service[102054]: DEBUG neutron.api.extensions [None req-4d8b35b3-740e-4a7e-9786-0fbe7171d524 None None] Ext name="Subnet Onboard" alias="subnet_onboard" description="Provides support for onboarding subnets into subnet pools" updated="2018-12-18T09:00:00-00:00" {{(pid=102054) _check_extension /opt/stack/neutron/neutron/api/extensions.py:415}}
Apr 02 12:49:12.158224 np0000162893 devstack@neutron-api.service[102054]: INFO neutron.api.extensions [None req-4d8b35b3-740e-4a7e-9786-0fbe7171d524 None None] Extension subnet_onboard not supported by any of loaded plugins
Apr 02 12:49:12.158353 np0000162893 devstack@neutron-api.service[102054]: DEBUG neutron.api.extensions [None req-4d8b35b3-740e-4a7e-9786-0fbe7171d524 None None] Loading extension file: subnet_segmentid_writable.py {{(pid=102054) _load_all_extensions_from_path /opt/stack/neutron/neutron/api/extensions.py:449}}
Apr 02 12:49:12.158529 np0000162893 devstack@neutron-api.service[102054]: DEBUG neutron.api.extensions [None req-4d8b35b3-740e-4a7e-9786-0fbe7171d524 None None] Ext name="Subnet SegmentID (writable)" alias="subnet-segmentid-writable" description="Provides a writable segment_id attribute for a subnet resource." updated="2018-03-12T00:00:00-00:00" {{(pid=102054) _check_extension /opt/stack/neutron/neutron/api/extensions.py:415}}
Apr 02 12:49:12.158702 np0000162893 devstack@neutron-api.service[102054]: INFO neutron.api.extensions [None req-4d8b35b3-740e-4a7e-9786-0fbe7171d524 None None] Extension subnet-segmentid-writable not supported by any of loaded plugins
Apr 02 12:49:12.158738 np0000162893 devstack@neutron-api.service[102051]: DEBUG neutron.api.extensions [None req-74d13782-cb39-4cd2-a5f0-0a73e40818a6 None None] Extended resource: tags {{(pid=102051) __init__ /opt/stack/neutron/neutron/api/extensions.py:156}}
Apr 02 12:49:12.158860 np0000162893 devstack@neutron-api.service[102054]: DEBUG neutron.api.extensions [None req-4d8b35b3-740e-4a7e-9786-0fbe7171d524 None None] Loading extension file: subnet_service_types.py {{(pid=102054) _load_all_extensions_from_path /opt/stack/neutron/neutron/api/extensions.py:449}}
Apr 02 12:49:12.159152 np0000162893 devstack@neutron-api.service[102054]: DEBUG neutron.api.extensions [None req-4d8b35b3-740e-4a7e-9786-0fbe7171d524 None None] Ext name="Subnet service types" alias="subnet-service-types" description="Provides ability to set the subnet service_types field" updated="2016-03-15T18:00:00-00:00" {{(pid=102054) _check_extension /opt/stack/neutron/neutron/api/extensions.py:415}}
Apr 02 12:49:12.159309 np0000162893 devstack@neutron-api.service[102054]: INFO neutron.api.extensions [None req-4d8b35b3-740e-4a7e-9786-0fbe7171d524 None None] Loaded extension: subnet-service-types
Apr 02 12:49:12.159400 np0000162893 devstack@neutron-api.service[102054]: DEBUG neutron.api.extensions [None req-4d8b35b3-740e-4a7e-9786-0fbe7171d524 None None] Loading extension file: subnetallocation.py {{(pid=102054) _load_all_extensions_from_path /opt/stack/neutron/neutron/api/extensions.py:449}}
Apr 02 12:49:12.159603 np0000162893 devstack@neutron-api.service[102051]: DEBUG neutron.api.extensions [None req-74d13782-cb39-4cd2-a5f0-0a73e40818a6 None None] Extended resource: tags {{(pid=102051) __init__ /opt/stack/neutron/neutron/api/extensions.py:156}}
Apr 02 12:49:12.159663 np0000162893 devstack@neutron-api.service[102054]: DEBUG neutron.api.extensions [None req-4d8b35b3-740e-4a7e-9786-0fbe7171d524 None None] Ext name="Subnet Allocation" alias="subnet_allocation" description="Enables allocation of subnets from a subnet pool" updated="2015-03-30T10:00:00-00:00" {{(pid=102054) _check_extension /opt/stack/neutron/neutron/api/extensions.py:415}}
Apr 02 12:49:12.162987 np0000162893 devstack@neutron-api.service[102054]: INFO neutron.api.extensions [None req-4d8b35b3-740e-4a7e-9786-0fbe7171d524 None None] Loaded extension: subnet_allocation
Apr 02 12:49:12.162987 np0000162893 devstack@neutron-api.service[102054]: DEBUG neutron.api.extensions [None req-4d8b35b3-740e-4a7e-9786-0fbe7171d524 None None] Loading extension file: subnetpool_prefix_ops.py {{(pid=102054) _load_all_extensions_from_path /opt/stack/neutron/neutron/api/extensions.py:449}}
Apr 02 12:49:12.162987 np0000162893 devstack@neutron-api.service[102054]: DEBUG neutron.api.extensions [None req-4d8b35b3-740e-4a7e-9786-0fbe7171d524 None None] Ext name="Subnet Pool Prefix Operations" alias="subnetpool-prefix-ops" description="Provides support for adjusting the prefix list of subnet pools" updated="2019-02-08T10:00:00-00:00" {{(pid=102054) _check_extension /opt/stack/neutron/neutron/api/extensions.py:415}}
Apr 02 12:49:12.162987 np0000162893 devstack@neutron-api.service[102054]: INFO neutron.api.extensions [None req-4d8b35b3-740e-4a7e-9786-0fbe7171d524 None None] Loaded extension: subnetpool-prefix-ops
Apr 02 12:49:12.163261 np0000162893 devstack@neutron-api.service[102051]: DEBUG neutron.api.extensions [None req-74d13782-cb39-4cd2-a5f0-0a73e40818a6 None None] Extended resource: tags {{(pid=102051) __init__ /opt/stack/neutron/neutron/api/extensions.py:156}}
Apr 02 12:49:12.163339 np0000162893 devstack@neutron-api.service[102054]: DEBUG neutron.api.extensions [None req-4d8b35b3-740e-4a7e-9786-0fbe7171d524 None None] Loading extension file: tag_creation.py {{(pid=102054) _load_all_extensions_from_path /opt/stack/neutron/neutron/api/extensions.py:449}}
Apr 02 12:49:12.163339 np0000162893 devstack@neutron-api.service[102054]: DEBUG neutron.api.extensions [None req-4d8b35b3-740e-4a7e-9786-0fbe7171d524 None None] Ext name="Tag creation extension" alias="tag-creation" description="Allow to create multiple tags for a resource" updated="2024-23-07T10:00:00-00:00" {{(pid=102054) _check_extension /opt/stack/neutron/neutron/api/extensions.py:415}}
Apr 02 12:49:12.163339 np0000162893 devstack@neutron-api.service[102054]: INFO neutron.api.extensions [None req-4d8b35b3-740e-4a7e-9786-0fbe7171d524 None None] Loaded extension: tag-creation
Apr 02 12:49:12.163339 np0000162893 devstack@neutron-api.service[102054]: DEBUG neutron.api.extensions [None req-4d8b35b3-740e-4a7e-9786-0fbe7171d524 None None] Loading extension file: tag_ports_during_bulk_creation.py {{(pid=102054) _load_all_extensions_from_path /opt/stack/neutron/neutron/api/extensions.py:449}}
Apr 02 12:49:12.163339 np0000162893 devstack@neutron-api.service[102054]: DEBUG neutron.api.extensions [None req-4d8b35b3-740e-4a7e-9786-0fbe7171d524 None None] Ext name="Tag Ports During Bulk Creation" alias="tag-ports-during-bulk-creation" description="Allow to tag ports during bulk creation" updated="2019-12-29T19:00:00-00:00" {{(pid=102054) _check_extension /opt/stack/neutron/neutron/api/extensions.py:415}}
Apr 02 12:49:12.163656 np0000162893 devstack@neutron-api.service[102051]: DEBUG neutron.api.extensions [None req-74d13782-cb39-4cd2-a5f0-0a73e40818a6 None None] Extended resource: tags {{(pid=102051) __init__ /opt/stack/neutron/neutron/api/extensions.py:156}}
Apr 02 12:49:12.163824 np0000162893 devstack@neutron-api.service[102054]: INFO neutron.api.extensions [None req-4d8b35b3-740e-4a7e-9786-0fbe7171d524 None None] Extension tag-ports-during-bulk-creation not supported by any of loaded plugins
Apr 02 12:49:12.163824 np0000162893 devstack@neutron-api.service[102054]: DEBUG neutron.api.extensions [None req-4d8b35b3-740e-4a7e-9786-0fbe7171d524 None None] Loading extension file: tagging.py {{(pid=102054) _load_all_extensions_from_path /opt/stack/neutron/neutron/api/extensions.py:449}}
Apr 02 12:49:12.163998 np0000162893 devstack@neutron-api.service[102052]: [pid: 102052|app: 0|req: 1/1] 199.204.45.109 () {62 vars in 988 bytes} [Thu Apr 2 12:49:12 2026] GET /networking => generated 130 bytes in 2 msecs (HTTP/1.1 200) 3 headers in 91 bytes (1 switches on core 0)
Apr 02 12:49:12.164285 np0000162893 devstack@neutron-api.service[102051]: DEBUG neutron.api.extensions [None req-74d13782-cb39-4cd2-a5f0-0a73e40818a6 None None] Extended resource: tags {{(pid=102051) __init__ /opt/stack/neutron/neutron/api/extensions.py:156}}
Apr 02 12:49:12.164685 np0000162893 devstack@neutron-api.service[102054]: DEBUG neutron.api.extensions [None req-4d8b35b3-740e-4a7e-9786-0fbe7171d524 None None] Ext name="Tag support for resources with standard attribute: port, subnet, subnetpool, network, security_group, router, floatingip, policy, trunk, network_segment_range" alias="standard-attr-tag" description="Enables to set tag on resources with standard attribute." updated="2017-01-01T00:00:00-00:00" {{(pid=102054) _check_extension /opt/stack/neutron/neutron/api/extensions.py:415}}
Apr 02 12:49:12.164685 np0000162893 devstack@neutron-api.service[102054]: INFO neutron.api.extensions [None req-4d8b35b3-740e-4a7e-9786-0fbe7171d524 None None] Loaded extension: standard-attr-tag
Apr 02 12:49:12.164685 np0000162893 devstack@neutron-api.service[102054]: DEBUG neutron.api.extensions [None req-4d8b35b3-740e-4a7e-9786-0fbe7171d524 None None] Loading extension file: timestamp.py {{(pid=102054) _load_all_extensions_from_path /opt/stack/neutron/neutron/api/extensions.py:449}}
Apr 02 12:49:12.164685 np0000162893 devstack@neutron-api.service[102054]: DEBUG neutron.api.extensions [None req-4d8b35b3-740e-4a7e-9786-0fbe7171d524 None None] Ext name="Resource timestamps" alias="standard-attr-timestamp" description="Adds created_at and updated_at fields to all Neutron resources that have Neutron standard attributes." updated="2016-09-12T10:00:00-00:00" {{(pid=102054) _check_extension /opt/stack/neutron/neutron/api/extensions.py:415}}
Apr 02 12:49:12.164685 np0000162893 devstack@neutron-api.service[102054]: INFO neutron.api.extensions [None req-4d8b35b3-740e-4a7e-9786-0fbe7171d524 None None] Loaded extension: standard-attr-timestamp
Apr 02 12:49:12.165049 np0000162893 devstack@neutron-api.service[102051]: DEBUG neutron.api.extensions [None req-74d13782-cb39-4cd2-a5f0-0a73e40818a6 None None] Extended resource: tags {{(pid=102051) __init__ /opt/stack/neutron/neutron/api/extensions.py:156}}
Apr 02 12:49:12.165164 np0000162893 devstack@neutron-api.service[102054]: DEBUG neutron.api.extensions [None req-4d8b35b3-740e-4a7e-9786-0fbe7171d524 None None] Loading extension file: trunk.py {{(pid=102054) _load_all_extensions_from_path /opt/stack/neutron/neutron/api/extensions.py:449}}
Apr 02 12:49:12.165164 np0000162893 devstack@neutron-api.service[102054]: DEBUG neutron.api.extensions [None req-4d8b35b3-740e-4a7e-9786-0fbe7171d524 None None] Ext name="Trunk Extension" alias="trunk" description="Provides support for trunk ports" updated="2016-01-01T10:00:00-00:00" {{(pid=102054) _check_extension /opt/stack/neutron/neutron/api/extensions.py:415}}
Apr 02 12:49:12.165164 np0000162893 devstack@neutron-api.service[102054]: INFO neutron.api.extensions [None req-4d8b35b3-740e-4a7e-9786-0fbe7171d524 None None] Extension trunk not supported by any of loaded plugins
Apr 02 12:49:12.165164 np0000162893 devstack@neutron-api.service[102054]: DEBUG neutron.api.extensions [None req-4d8b35b3-740e-4a7e-9786-0fbe7171d524 None None] Loading extension file: trunk_details.py {{(pid=102054) _load_all_extensions_from_path /opt/stack/neutron/neutron/api/extensions.py:449}}
Apr 02 12:49:12.165164 np0000162893 devstack@neutron-api.service[102054]: DEBUG neutron.api.extensions [None req-4d8b35b3-740e-4a7e-9786-0fbe7171d524 None None] Ext name="Trunk port details" alias="trunk-details" description="Expose trunk port details" updated="2016-01-01T10:00:00-00:00" {{(pid=102054) _check_extension /opt/stack/neutron/neutron/api/extensions.py:415}}
Apr 02 12:49:12.165371 np0000162893 devstack@neutron-api.service[102051]: DEBUG neutron.api.extensions [None req-74d13782-cb39-4cd2-a5f0-0a73e40818a6 None None] Extended resource: tags {{(pid=102051) __init__ /opt/stack/neutron/neutron/api/extensions.py:156}}
Apr 02 12:49:12.165450 np0000162893 devstack@neutron-api.service[102054]: INFO neutron.api.extensions [None req-4d8b35b3-740e-4a7e-9786-0fbe7171d524 None None] Extension trunk-details not supported by any of loaded plugins
Apr 02 12:49:12.165450 np0000162893 devstack@neutron-api.service[102054]: DEBUG neutron.api.extensions [None req-4d8b35b3-740e-4a7e-9786-0fbe7171d524 None None] Loading extension file: uplink_status_propagation.py {{(pid=102054) _load_all_extensions_from_path /opt/stack/neutron/neutron/api/extensions.py:449}}
Apr 02 12:49:12.165450 np0000162893 devstack@neutron-api.service[102054]: DEBUG neutron.api.extensions [None req-4d8b35b3-740e-4a7e-9786-0fbe7171d524 None None] Ext name="Uplink status propagation extension" alias="uplink-status-propagation" description="Provides ability to propagate port uplink status." updated="2018-05-31T18:00:00-00:00" {{(pid=102054) _check_extension /opt/stack/neutron/neutron/api/extensions.py:415}}
Apr 02 12:49:12.165450 np0000162893 devstack@neutron-api.service[102054]: INFO neutron.api.extensions [None req-4d8b35b3-740e-4a7e-9786-0fbe7171d524 None None] Extension uplink-status-propagation not supported by any of loaded plugins
Apr 02 12:49:12.165450 np0000162893 devstack@neutron-api.service[102054]: DEBUG neutron.api.extensions [None req-4d8b35b3-740e-4a7e-9786-0fbe7171d524 None None] Loading extension file: uplink_status_propagation_updatable.py {{(pid=102054) _load_all_extensions_from_path /opt/stack/neutron/neutron/api/extensions.py:449}}
Apr 02 12:49:12.165732 np0000162893 devstack@neutron-api.service[102051]: DEBUG neutron.api.extensions [None req-74d13782-cb39-4cd2-a5f0-0a73e40818a6 None None] Extended resource: tags {{(pid=102051) __init__ /opt/stack/neutron/neutron/api/extensions.py:156}}
Apr 02 12:49:12.165813 np0000162893 devstack@neutron-api.service[102054]: DEBUG neutron.api.extensions [None req-4d8b35b3-740e-4a7e-9786-0fbe7171d524 None None] Ext name="Uplink status propagation updatable extension" alias="uplink-status-propagation-updatable" description="Provides ability to update the port uplink status." updated="2024-09-03T18:00:00-00:00" {{(pid=102054) _check_extension /opt/stack/neutron/neutron/api/extensions.py:415}}
Apr 02 12:49:12.165813 np0000162893 devstack@neutron-api.service[102054]: INFO neutron.api.extensions [None req-4d8b35b3-740e-4a7e-9786-0fbe7171d524 None None] Extension uplink-status-propagation-updatable not supported by any of loaded plugins
Apr 02 12:49:12.165813 np0000162893 devstack@neutron-api.service[102054]: DEBUG neutron.api.extensions [None req-4d8b35b3-740e-4a7e-9786-0fbe7171d524 None None] Loading extension file: vlantransparent.py {{(pid=102054) _load_all_extensions_from_path /opt/stack/neutron/neutron/api/extensions.py:449}}
Apr 02 12:49:12.165813 np0000162893 devstack@neutron-api.service[102054]: DEBUG neutron.api.extensions [None req-4d8b35b3-740e-4a7e-9786-0fbe7171d524 None None] Ext name="Vlantransparent" alias="vlan-transparent" description="Provides Vlan Transparent Networks" updated="2015-03-23T09:00:00-00:00" {{(pid=102054) _check_extension /opt/stack/neutron/neutron/api/extensions.py:415}}
Apr 02 12:49:12.165813 np0000162893 devstack@neutron-api.service[102054]: INFO neutron.api.extensions [None req-4d8b35b3-740e-4a7e-9786-0fbe7171d524 None None] Loaded extension: vlan-transparent
Apr 02 12:49:12.165968 np0000162893 devstack@neutron-api.service[102051]: DEBUG neutron.api.extensions [None req-74d13782-cb39-4cd2-a5f0-0a73e40818a6 None None] Extended resource: tags {{(pid=102051) __init__ /opt/stack/neutron/neutron/api/extensions.py:156}}
Apr 02 12:49:12.167199 np0000162893 devstack@neutron-api.service[102054]: INFO neutron.quota.resource_registry [None req-4d8b35b3-740e-4a7e-9786-0fbe7171d524 None None] Creating instance of TrackedResource for resource:network
Apr 02 12:49:12.167332 np0000162893 devstack@neutron-api.service[102054]: INFO neutron.quota.resource_registry [None req-4d8b35b3-740e-4a7e-9786-0fbe7171d524 None None] Creating instance of TrackedResource for resource:subnet
Apr 02 12:49:12.167469 np0000162893 devstack@neutron-api.service[102054]: INFO neutron.quota.resource_registry [None req-4d8b35b3-740e-4a7e-9786-0fbe7171d524 None None] Creating instance of TrackedResource for resource:subnetpool
Apr 02 12:49:12.167507 np0000162893 devstack@neutron-api.service[102054]: INFO neutron.quota.resource_registry [None req-4d8b35b3-740e-4a7e-9786-0fbe7171d524 None None] Creating instance of TrackedResource for resource:port
Apr 02 12:49:12.169360 np0000162893 devstack@neutron-api.service[102054]: DEBUG neutron.api.v2.resource_helper [None req-4d8b35b3-740e-4a7e-9786-0fbe7171d524 None None] Service L3_ROUTER_NAT assigned prefix: {{(pid=102054) build_resource_info /opt/stack/neutron/neutron/api/v2/resource_helper.py:77}}
Apr 02 12:49:12.169422 np0000162893 devstack@neutron-api.service[102051]: WARNING keystonemiddleware.auth_token [None req-74d13782-cb39-4cd2-a5f0-0a73e40818a6 None None] AuthToken middleware is set with keystone_authtoken.service_token_roles_required set to False. This is backwards compatible but deprecated behaviour. Please set this to True.
Apr 02 12:49:12.169540 np0000162893 devstack@neutron-api.service[102054]: DEBUG neutron.api.v2.resource_helper [None req-4d8b35b3-740e-4a7e-9786-0fbe7171d524 None None] Service FLAVORS assigned prefix: {{(pid=102054) build_resource_info /opt/stack/neutron/neutron/api/v2/resource_helper.py:77}}
Apr 02 12:49:12.170423 np0000162893 devstack@neutron-api.service[102054]: DEBUG neutron.api.v2.resource_helper [None req-4d8b35b3-740e-4a7e-9786-0fbe7171d524 None None] Service L3_ROUTER_NAT assigned prefix: {{(pid=102054) build_resource_info /opt/stack/neutron/neutron/api/v2/resource_helper.py:77}}
Apr 02 12:49:12.171292 np0000162893 devstack@neutron-api.service[102054]: DEBUG neutron.api.v2.resource_helper [None req-4d8b35b3-740e-4a7e-9786-0fbe7171d524 None None] Service L3_ROUTER_NAT assigned prefix: {{(pid=102054) build_resource_info /opt/stack/neutron/neutron/api/v2/resource_helper.py:77}}
Apr 02 12:49:12.171292 np0000162893 devstack@neutron-api.service[102054]: INFO neutron.quota.resource_registry [None req-4d8b35b3-740e-4a7e-9786-0fbe7171d524 None None] Creating instance of TrackedResource for resource:router
Apr 02 12:49:12.171292 np0000162893 devstack@neutron-api.service[102054]: INFO neutron.quota.resource_registry [None req-4d8b35b3-740e-4a7e-9786-0fbe7171d524 None None] Creating instance of TrackedResource for resource:floatingip
Apr 02 12:49:12.172240 np0000162893 devstack@neutron-api.service[102054]: INFO neutron.quota.resource_registry [None req-4d8b35b3-740e-4a7e-9786-0fbe7171d524 None None] Creating instance of CountableResource for resource:rbac_policy
Apr 02 12:49:12.172880 np0000162893 devstack@neutron-api.service[102054]: INFO neutron.quota.resource_registry [None req-4d8b35b3-740e-4a7e-9786-0fbe7171d524 None None] Creating instance of TrackedResource for resource:security_group
Apr 02 12:49:12.173269 np0000162893 devstack@neutron-api.service[102054]: INFO neutron.quota.resource_registry [None req-4d8b35b3-740e-4a7e-9786-0fbe7171d524 None None] Creating instance of TrackedResource for resource:security_group_rule
Apr 02 12:49:12.173810 np0000162893 devstack@neutron-api.service[102054]: DEBUG neutron.api.v2.resource_helper [None req-4d8b35b3-740e-4a7e-9786-0fbe7171d524 None None] Service CORE assigned prefix: {{(pid=102054) build_resource_info /opt/stack/neutron/neutron/api/v2/resource_helper.py:77}}
Apr 02 12:49:12.173932 np0000162893 devstack@neutron-api.service[102054]: INFO neutron.quota.resource_registry [None req-4d8b35b3-740e-4a7e-9786-0fbe7171d524 None None] Creating instance of TrackedResource for resource:subnetpool
Apr 02 12:49:12.174088 np0000162893 devstack@neutron-api.service[102054]: WARNING neutron.quota.resource_registry [None req-4d8b35b3-740e-4a7e-9786-0fbe7171d524 None None] subnetpool is already registered
Apr 02 12:49:12.176119 np0000162893 devstack@neutron-api.service[102054]: DEBUG neutron.api.v2.resource_helper [None req-4d8b35b3-740e-4a7e-9786-0fbe7171d524 None None] Service L3_ROUTER_NAT assigned prefix: {{(pid=102054) build_resource_info /opt/stack/neutron/neutron/api/v2/resource_helper.py:77}}
Apr 02 12:49:12.176379 np0000162893 devstack@neutron-api.service[102051]: DEBUG neutron_lib.callbacks.manager [None req-74d13782-cb39-4cd2-a5f0-0a73e40818a6 None None] Publish callbacks ['neutron.plugins.ml2.drivers.ovn.mech_driver.mech_driver.OVNMechanismDriver.pre_fork_initialize-836986'] for process (None), before_spawn {{(pid=102051) _notify_loop /opt/stack/data/venv/lib/python3.12/site-packages/neutron_lib/callbacks/manager.py:184}}
Apr 02 12:49:12.176516 np0000162893 devstack@neutron-api.service[102054]: DEBUG neutron.api.v2.resource_helper [None req-4d8b35b3-740e-4a7e-9786-0fbe7171d524 None None] Service FLAVORS assigned prefix: {{(pid=102054) build_resource_info /opt/stack/neutron/neutron/api/v2/resource_helper.py:77}}
Apr 02 12:49:12.176811 np0000162893 devstack@neutron-api.service[102051]: DEBUG oslo_concurrency.processutils [None req-74d13782-cb39-4cd2-a5f0-0a73e40818a6 None None] Running cmd (subprocess): ovsdb-client transact ssl:199.204.45.109:6641 --timeout 180 -p /opt/stack/data/CA/int-ca/private/devstack-cert.key -c /opt/stack/data/CA/int-ca/devstack-cert.crt -C /opt/stack/data/CA/int-ca/ca-chain.pem ["OVN_Northbound", {"op": "wait", "timeout": 0, "table": "Port_Group", "where": [["name", "==", "neutron_pg_drop"]], "until": "==", "rows": []}, {"op": "insert", "table": "ACL", "row": {"action": "drop", "direction": "to-lport", "match": "outport == @neutron_pg_drop && ip", "priority": 1001}, "uuid-name": "droptoport"}, {"op": "insert", "table": "ACL", "row": {"action": "drop", "direction": "from-lport", "match": "inport == @neutron_pg_drop && ip", "priority": 1001}, "uuid-name": "dropfromport"}, {"op": "insert", "table": "Port_Group", "row": {"name": "neutron_pg_drop", "acls": ["set", [["named-uuid", "droptoport"], ["named-uuid", "dropfromport"]]]}}] {{(pid=102051) execute /opt/stack/data/venv/lib/python3.12/site-packages/oslo_concurrency/processutils.py:440}}
Apr 02 12:49:12.177395 np0000162893 devstack@neutron-api.service[102054]: DEBUG neutron.api.v2.resource_helper [None req-4d8b35b3-740e-4a7e-9786-0fbe7171d524 None None] Service L3_ROUTER_NAT assigned prefix: {{(pid=102054) build_resource_info /opt/stack/neutron/neutron/api/v2/resource_helper.py:77}}
Apr 02 12:49:12.177698 np0000162893 devstack@neutron-api.service[102054]: DEBUG neutron.api.v2.resource_helper [None req-4d8b35b3-740e-4a7e-9786-0fbe7171d524 None None] Service L3_ROUTER_NAT assigned prefix: {{(pid=102054) build_resource_info /opt/stack/neutron/neutron/api/v2/resource_helper.py:77}}
Apr 02 12:49:12.177861 np0000162893 devstack@neutron-api.service[102054]: INFO neutron.quota.resource_registry [None req-4d8b35b3-740e-4a7e-9786-0fbe7171d524 None None] Creating instance of TrackedResource for resource:router
Apr 02 12:49:12.178001 np0000162893 devstack@neutron-api.service[102054]: WARNING neutron.quota.resource_registry [None req-4d8b35b3-740e-4a7e-9786-0fbe7171d524 None None] router is already registered
Apr 02 12:49:12.178310 np0000162893 devstack@neutron-api.service[102054]: INFO neutron.quota.resource_registry [None req-4d8b35b3-740e-4a7e-9786-0fbe7171d524 None None] Creating instance of TrackedResource for resource:floatingip
Apr 02 12:49:12.178429 np0000162893 devstack@neutron-api.service[102054]: WARNING neutron.quota.resource_registry [None req-4d8b35b3-740e-4a7e-9786-0fbe7171d524 None None] floatingip is already registered
Apr 02 12:49:12.179464 np0000162893 devstack@neutron-api.service[102054]: INFO neutron.quota.resource_registry [None req-4d8b35b3-740e-4a7e-9786-0fbe7171d524 None None] Creating instance of CountableResource for resource:rbac_policy
Apr 02 12:49:12.179545 np0000162893 devstack@neutron-api.service[102054]: WARNING neutron.quota.resource_registry [None req-4d8b35b3-740e-4a7e-9786-0fbe7171d524 None None] rbac_policy is already registered
Apr 02 12:49:12.180071 np0000162893 devstack@neutron-api.service[102054]: INFO neutron.quota.resource_registry [None req-4d8b35b3-740e-4a7e-9786-0fbe7171d524 None None] Creating instance of TrackedResource for resource:security_group
Apr 02 12:49:12.180198 np0000162893 devstack@neutron-api.service[102054]: WARNING neutron.quota.resource_registry [None req-4d8b35b3-740e-4a7e-9786-0fbe7171d524 None None] security_group is already registered
Apr 02 12:49:12.180549 np0000162893 devstack@neutron-api.service[102054]: INFO neutron.quota.resource_registry [None req-4d8b35b3-740e-4a7e-9786-0fbe7171d524 None None] Creating instance of TrackedResource for resource:security_group_rule
Apr 02 12:49:12.180670 np0000162893 devstack@neutron-api.service[102054]: WARNING neutron.quota.resource_registry [None req-4d8b35b3-740e-4a7e-9786-0fbe7171d524 None None] security_group_rule is already registered
Apr 02 12:49:12.181260 np0000162893 devstack@neutron-api.service[102054]: DEBUG neutron.api.v2.resource_helper [None req-4d8b35b3-740e-4a7e-9786-0fbe7171d524 None None] Service CORE assigned prefix: {{(pid=102054) build_resource_info /opt/stack/neutron/neutron/api/v2/resource_helper.py:77}}
Apr 02 12:49:12.182177 np0000162893 devstack@neutron-api.service[102054]: INFO neutron.quota.resource_registry [None req-4d8b35b3-740e-4a7e-9786-0fbe7171d524 None None] Creating instance of TrackedResource for resource:subnetpool
Apr 02 12:49:12.182177 np0000162893 devstack@neutron-api.service[102054]: WARNING neutron.quota.resource_registry [None req-4d8b35b3-740e-4a7e-9786-0fbe7171d524 None None] subnetpool is already registered
Apr 02 12:49:12.182177 np0000162893 devstack@neutron-api.service[102054]: DEBUG neutron.api.extensions [None req-4d8b35b3-740e-4a7e-9786-0fbe7171d524 None None] Extended resource: extensions {{(pid=102054) __init__ /opt/stack/neutron/neutron/api/extensions.py:156}}
Apr 02 12:49:12.182678 np0000162893 devstack@neutron-api.service[102054]: DEBUG neutron.api.extensions [None req-4d8b35b3-740e-4a7e-9786-0fbe7171d524 None None] Extended resource: address-groups {{(pid=102054) __init__ /opt/stack/neutron/neutron/api/extensions.py:156}}
Apr 02 12:49:12.183367 np0000162893 devstack@neutron-api.service[102054]: DEBUG neutron.api.extensions [None req-4d8b35b3-740e-4a7e-9786-0fbe7171d524 None None] Extended resource: address-scopes {{(pid=102054) __init__ /opt/stack/neutron/neutron/api/extensions.py:156}}
Apr 02 12:49:12.183851 np0000162893 devstack@neutron-api.service[102054]: DEBUG neutron.api.extensions [None req-4d8b35b3-740e-4a7e-9786-0fbe7171d524 None None] Extended resource: agents {{(pid=102054) __init__ /opt/stack/neutron/neutron/api/extensions.py:156}}
Apr 02 12:49:12.185440 np0000162893 devstack@neutron-api.service[102054]: DEBUG neutron.api.extensions [None req-4d8b35b3-740e-4a7e-9786-0fbe7171d524 None None] Extended resource: auto-allocated-topology {{(pid=102054) __init__ /opt/stack/neutron/neutron/api/extensions.py:156}}
Apr 02 12:49:12.185440 np0000162893 devstack@neutron-api.service[102054]: DEBUG neutron.api.extensions [None req-4d8b35b3-740e-4a7e-9786-0fbe7171d524 None None] Extended resource: availability_zones {{(pid=102054) __init__ /opt/stack/neutron/neutron/api/extensions.py:156}}
Apr 02 12:49:12.185551 np0000162893 devstack@neutron-api.service[102054]: DEBUG neutron.api.extensions [None req-4d8b35b3-740e-4a7e-9786-0fbe7171d524 None None] Extended resource: dhcp-networks {{(pid=102054) __init__ /opt/stack/neutron/neutron/api/extensions.py:156}}
Apr 02 12:49:12.186190 np0000162893 devstack@neutron-api.service[102054]: DEBUG neutron.api.extensions [None req-4d8b35b3-740e-4a7e-9786-0fbe7171d524 None None] Extended resource: dhcp-agents {{(pid=102054) __init__ /opt/stack/neutron/neutron/api/extensions.py:156}}
Apr 02 12:49:12.186915 np0000162893 devstack@neutron-api.service[102054]: DEBUG neutron.api.extensions [None req-4d8b35b3-740e-4a7e-9786-0fbe7171d524 None None] Extended resource: routers {{(pid=102054) __init__ /opt/stack/neutron/neutron/api/extensions.py:156}}
Apr 02 12:49:12.187865 np0000162893 devstack@neutron-api.service[102054]: DEBUG neutron.api.extensions [None req-4d8b35b3-740e-4a7e-9786-0fbe7171d524 None None] Extended resource: flavors {{(pid=102054) __init__ /opt/stack/neutron/neutron/api/extensions.py:156}}
Apr 02 12:49:12.188413 np0000162893 devstack@neutron-api.service[102054]: DEBUG neutron.api.extensions [None req-4d8b35b3-740e-4a7e-9786-0fbe7171d524 None None] Extended resource: service_profiles {{(pid=102054) __init__ /opt/stack/neutron/neutron/api/extensions.py:156}}
Apr 02 12:49:12.188936 np0000162893 devstack@neutron-api.service[102054]: DEBUG neutron.api.extensions [None req-4d8b35b3-740e-4a7e-9786-0fbe7171d524 None None] Extended resource: next_providers {{(pid=102054) __init__ /opt/stack/neutron/neutron/api/extensions.py:156}}
Apr 02 12:49:12.189578 np0000162893 devstack@neutron-api.service[102054]: DEBUG neutron.api.extensions [None req-4d8b35b3-740e-4a7e-9786-0fbe7171d524 None None] Extended resource: service_profiles {{(pid=102054) __init__ /opt/stack/neutron/neutron/api/extensions.py:156}}
Apr 02 12:49:12.190228 np0000162893 devstack@neutron-api.service[102054]: DEBUG neutron.api.extensions [None req-4d8b35b3-740e-4a7e-9786-0fbe7171d524 None None] Extended resource: floatingip-pools {{(pid=102054) __init__ /opt/stack/neutron/neutron/api/extensions.py:156}}
Apr 02 12:49:12.190784 np0000162893 devstack@neutron-api.service[102054]: DEBUG neutron.api.extensions [None req-4d8b35b3-740e-4a7e-9786-0fbe7171d524 None None] Extended resource: routers {{(pid=102054) __init__ /opt/stack/neutron/neutron/api/extensions.py:156}}
Apr 02 12:49:12.191772 np0000162893 devstack@neutron-api.service[102054]: DEBUG neutron.api.extensions [None req-4d8b35b3-740e-4a7e-9786-0fbe7171d524 None None] Extended resource: floatingips {{(pid=102054) __init__ /opt/stack/neutron/neutron/api/extensions.py:156}}
Apr 02 12:49:12.192335 np0000162893 devstack@neutron-api.service[102054]: DEBUG neutron.api.extensions [None req-4d8b35b3-740e-4a7e-9786-0fbe7171d524 None None] Extended resource: network-ip-availabilities {{(pid=102054) __init__ /opt/stack/neutron/neutron/api/extensions.py:156}}
Apr 02 12:49:12.192904 np0000162893 devstack@neutron-api.service[102054]: DEBUG neutron.api.extensions [None req-4d8b35b3-740e-4a7e-9786-0fbe7171d524 None None] Extended resource: network-ip-availabilities {{(pid=102054) __init__ /opt/stack/neutron/neutron/api/extensions.py:156}}
Apr 02 12:49:12.193463 np0000162893 devstack@neutron-api.service[102054]: DEBUG neutron.api.extensions [None req-4d8b35b3-740e-4a7e-9786-0fbe7171d524 None None] Extended resource: bindings {{(pid=102054) __init__ /opt/stack/neutron/neutron/api/extensions.py:156}}
