Feb 19 02:42:44.050647 np0000156481 devstack@m-api.service[87582]: [pid: 87582|app: 0|req: 26/65] 199.19.213.96 () {68 vars in 1508 bytes} [Thu Feb 19 02:42:44 2026] GET /share/v2/c4c24f4c79b6464b8abb2906a92d16f0/types/25b9e3aa-6c38-493c-9fa8-317fe7ab92c3 => generated 67 bytes in 10 msecs (HTTP/1.1 404) 7 headers in 303 bytes (1 switches on core 0)
Feb 19 02:42:44.054429 np0000156481 devstack@m-api.service[87582]: INFO manila.api.openstack.wsgi [None req-1a40ee6a-ab2a-476a-860a-3533f549d5d9 tempest-MigrationOfShareWithSnapshotNFSTest-1434312938 tempest-MigrationOfShareWithSnapshotNFSTest-1434312938-project-admin] GET https://199.19.213.96/share/v2/1e54a7cc42fc42ad833aa6cc5097bbe1/types/2826cddf-c0b4-4323-a9ae-fcd95422fa7b
Feb 19 02:42:44.054699 np0000156481 devstack@m-api.service[87582]: DEBUG manila.api.openstack.wsgi [None req-1a40ee6a-ab2a-476a-860a-3533f549d5d9 tempest-MigrationOfShareWithSnapshotNFSTest-1434312938 tempest-MigrationOfShareWithSnapshotNFSTest-1434312938-project-admin] Empty body provided in request {{(pid=87582) get_body /opt/stack/manila/manila/api/openstack/wsgi.py:652}}
Feb 19 02:42:44.054923 np0000156481 devstack@m-api.service[87582]: DEBUG manila.api.openstack.wsgi [None req-1a40ee6a-ab2a-476a-860a-3533f549d5d9 tempest-MigrationOfShareWithSnapshotNFSTest-1434312938 tempest-MigrationOfShareWithSnapshotNFSTest-1434312938-project-admin] Calling method 'ShareTypesController.show' {{(pid=87582) _process_stack /opt/stack/manila/manila/api/openstack/wsgi.py:798}}
Feb 19 02:42:44.058926 np0000156481 devstack@m-api.service[87582]: INFO manila.api.openstack.wsgi [None req-1a40ee6a-ab2a-476a-860a-3533f549d5d9 tempest-MigrationOfShareWithSnapshotNFSTest-1434312938 tempest-MigrationOfShareWithSnapshotNFSTest-1434312938-project-admin] HTTP exception thrown: Share type not found.
Feb 19 02:42:44.059098 np0000156481 devstack@m-api.service[87582]: INFO manila.api.openstack.wsgi [None req-1a40ee6a-ab2a-476a-860a-3533f549d5d9 tempest-MigrationOfShareWithSnapshotNFSTest-1434312938 tempest-MigrationOfShareWithSnapshotNFSTest-1434312938-project-admin] https://199.19.213.96/share/v2/1e54a7cc42fc42ad833aa6cc5097bbe1/types/2826cddf-c0b4-4323-a9ae-fcd95422fa7b returned with HTTP 404
Feb 19 02:42:44.059701 np0000156481 devstack@m-api.service[87582]: [pid: 87582|app: 0|req: 27/66] 199.19.213.96 () {68 vars in 1508 bytes} [Thu Feb 19 02:42:44 2026] GET /share/v2/1e54a7cc42fc42ad833aa6cc5097bbe1/types/2826cddf-c0b4-4323-a9ae-fcd95422fa7b => generated 67 bytes in 9 msecs (HTTP/1.1 404) 7 headers in 303 bytes (1 switches on core 0)
Feb 19 02:42:44.063630 np0000156481 devstack@m-api.service[87582]: INFO manila.api.openstack.wsgi [None req-b8513ef3-ccbf-4bae-942d-8012a1cc5c9f tempest-MigrationOppositeDriverModesNFSTest-517340729 tempest-MigrationOppositeDriverModesNFSTest-517340729-project-admin] GET https://199.19.213.96/share/v2/c4c24f4c79b6464b8abb2906a92d16f0/shares?share_type_id=d8395b4b-618a-47ae-8155-e755eaa4e84e
Feb 19 02:42:44.063949 np0000156481 devstack@m-api.service[87582]: DEBUG manila.api.openstack.wsgi [None req-b8513ef3-ccbf-4bae-942d-8012a1cc5c9f tempest-MigrationOppositeDriverModesNFSTest-517340729 tempest-MigrationOppositeDriverModesNFSTest-517340729-project-admin] Empty body provided in request {{(pid=87582) get_body /opt/stack/manila/manila/api/openstack/wsgi.py:652}}
Feb 19 02:42:44.064140 np0000156481 devstack@m-api.service[87582]: DEBUG manila.api.openstack.wsgi [None req-b8513ef3-ccbf-4bae-942d-8012a1cc5c9f tempest-MigrationOppositeDriverModesNFSTest-517340729 tempest-MigrationOppositeDriverModesNFSTest-517340729-project-admin] Calling method 'Controller.__getattribute__..version_select' {{(pid=87582) _process_stack /opt/stack/manila/manila/api/openstack/wsgi.py:798}}
Feb 19 02:42:44.065120 np0000156481 devstack@m-api.service[87582]: DEBUG manila.share.api [None req-b8513ef3-ccbf-4bae-942d-8012a1cc5c9f tempest-MigrationOppositeDriverModesNFSTest-517340729 tempest-MigrationOppositeDriverModesNFSTest-517340729-project-admin] Searching for shares by: {'share_type_id': 'd8395b4b-618a-47ae-8155-e755eaa4e84e'} {{(pid=87582) _get_all /opt/stack/manila/manila/share/api.py:2372}}
Feb 19 02:42:44.069571 np0000156481 devstack@m-api.service[87582]: INFO manila.api.openstack.wsgi [None req-b8513ef3-ccbf-4bae-942d-8012a1cc5c9f tempest-MigrationOppositeDriverModesNFSTest-517340729 tempest-MigrationOppositeDriverModesNFSTest-517340729-project-admin] https://199.19.213.96/share/v2/c4c24f4c79b6464b8abb2906a92d16f0/shares?share_type_id=d8395b4b-618a-47ae-8155-e755eaa4e84e returned with HTTP 200
Feb 19 02:42:44.069881 np0000156481 devstack@m-api.service[87582]: [pid: 87582|app: 0|req: 28/67] 199.19.213.96 () {68 vars in 1501 bytes} [Thu Feb 19 02:42:44 2026] GET /share/v2/c4c24f4c79b6464b8abb2906a92d16f0/shares?share_type_id=d8395b4b-618a-47ae-8155-e755eaa4e84e => generated 14 bytes in 9 msecs (HTTP/1.1 200) 7 headers in 296 bytes (1 switches on core 0)
Feb 19 02:42:44.071666 np0000156481 devstack@m-api.service[87582]: INFO manila.api.openstack.wsgi [None req-931b45a9-3705-4e74-87c2-f17859586da2 tempest-MigrationOfShareWithSnapshotNFSTest-1434312938 tempest-MigrationOfShareWithSnapshotNFSTest-1434312938-project-admin] GET https://199.19.213.96/share/v2/1e54a7cc42fc42ad833aa6cc5097bbe1/shares?share_type_id=56c3cff1-2b32-4eac-9c61-fbd94979b870
Feb 19 02:42:44.071836 np0000156481 devstack@m-api.service[87582]: DEBUG manila.api.openstack.wsgi [None req-931b45a9-3705-4e74-87c2-f17859586da2 tempest-MigrationOfShareWithSnapshotNFSTest-1434312938 tempest-MigrationOfShareWithSnapshotNFSTest-1434312938-project-admin] Empty body provided in request {{(pid=87582) get_body /opt/stack/manila/manila/api/openstack/wsgi.py:652}}
Feb 19 02:42:44.071980 np0000156481 devstack@m-api.service[87582]: DEBUG manila.api.openstack.wsgi [None req-931b45a9-3705-4e74-87c2-f17859586da2 tempest-MigrationOfShareWithSnapshotNFSTest-1434312938 tempest-MigrationOfShareWithSnapshotNFSTest-1434312938-project-admin] Calling method 'Controller.__getattribute__..version_select' {{(pid=87582) _process_stack /opt/stack/manila/manila/api/openstack/wsgi.py:798}}
Feb 19 02:42:44.072480 np0000156481 devstack@m-api.service[87582]: DEBUG manila.share.api [None req-931b45a9-3705-4e74-87c2-f17859586da2 tempest-MigrationOfShareWithSnapshotNFSTest-1434312938 tempest-MigrationOfShareWithSnapshotNFSTest-1434312938-project-admin] Searching for shares by: {'share_type_id': '56c3cff1-2b32-4eac-9c61-fbd94979b870'} {{(pid=87582) _get_all /opt/stack/manila/manila/share/api.py:2372}}
Feb 19 02:42:44.075867 np0000156481 devstack@m-api.service[87582]: INFO manila.api.openstack.wsgi [None req-931b45a9-3705-4e74-87c2-f17859586da2 tempest-MigrationOfShareWithSnapshotNFSTest-1434312938 tempest-MigrationOfShareWithSnapshotNFSTest-1434312938-project-admin] https://199.19.213.96/share/v2/1e54a7cc42fc42ad833aa6cc5097bbe1/shares?share_type_id=56c3cff1-2b32-4eac-9c61-fbd94979b870 returned with HTTP 200
Feb 19 02:42:44.076151 np0000156481 devstack@m-api.service[87582]: [pid: 87582|app: 0|req: 29/68] 199.19.213.96 () {68 vars in 1501 bytes} [Thu Feb 19 02:42:44 2026] GET /share/v2/1e54a7cc42fc42ad833aa6cc5097bbe1/shares?share_type_id=56c3cff1-2b32-4eac-9c61-fbd94979b870 => generated 14 bytes in 6 msecs (HTTP/1.1 200) 7 headers in 296 bytes (2 switches on core 0)
Feb 19 02:42:44.079777 np0000156481 devstack@m-api.service[87582]: INFO manila.api.openstack.wsgi [None req-3e1d1e69-0d01-4ae1-8531-b37618f0024c tempest-MigrationOppositeDriverModesNFSTest-517340729 tempest-MigrationOppositeDriverModesNFSTest-517340729-project-admin] DELETE https://199.19.213.96/share/v2/c4c24f4c79b6464b8abb2906a92d16f0/types/d8395b4b-618a-47ae-8155-e755eaa4e84e
Feb 19 02:42:44.079951 np0000156481 devstack@m-api.service[87582]: DEBUG manila.api.openstack.wsgi [None req-3e1d1e69-0d01-4ae1-8531-b37618f0024c tempest-MigrationOppositeDriverModesNFSTest-517340729 tempest-MigrationOppositeDriverModesNFSTest-517340729-project-admin] Empty body provided in request {{(pid=87582) get_body /opt/stack/manila/manila/api/openstack/wsgi.py:652}}
Feb 19 02:42:44.080105 np0000156481 devstack@m-api.service[87582]: DEBUG manila.api.openstack.wsgi [None req-3e1d1e69-0d01-4ae1-8531-b37618f0024c tempest-MigrationOppositeDriverModesNFSTest-517340729 tempest-MigrationOppositeDriverModesNFSTest-517340729-project-admin] Calling method 'ShareTypesController._delete' {{(pid=87582) _process_stack /opt/stack/manila/manila/api/openstack/wsgi.py:798}}
Feb 19 02:42:44.290340 np0000156481 devstack@m-api.service[87581]: DEBUG manila.quota [None req-4d97ab6c-2e9a-42e6-bbed-a8fd25ebd41b tempest-SharesFromSnapshotAcrossPools-1974326921 tempest-SharesFromSnapshotAcrossPools-1974326921-project-member] Created reservations ['5620bc0c-063e-4daf-913f-e5ea3fdfaeca', '473f6aff-d80e-4452-8eae-40126f33b5c0', '11b0dd24-3c59-4489-a92a-2af5b6c010f3', 'f218e419-8ca1-4543-840e-e9028856856f'] {{(pid=87581) reserve /opt/stack/manila/manila/quota.py:1038}}
Feb 19 02:42:44.292863 np0000156481 devstack@m-api.service[87582]: INFO manila.api.openstack.wsgi [None req-3e1d1e69-0d01-4ae1-8531-b37618f0024c tempest-MigrationOppositeDriverModesNFSTest-517340729 tempest-MigrationOppositeDriverModesNFSTest-517340729-project-admin] https://199.19.213.96/share/v2/c4c24f4c79b6464b8abb2906a92d16f0/types/d8395b4b-618a-47ae-8155-e755eaa4e84e returned with HTTP 202
Feb 19 02:42:44.293620 np0000156481 devstack@m-api.service[87582]: [pid: 87582|app: 0|req: 30/69] 199.19.213.96 () {68 vars in 1511 bytes} [Thu Feb 19 02:42:44 2026] DELETE /share/v2/c4c24f4c79b6464b8abb2906a92d16f0/types/d8395b4b-618a-47ae-8155-e755eaa4e84e => generated 0 bytes in 215 msecs (HTTP/1.1 202) 7 headers in 309 bytes (2 switches on core 0)
Feb 19 02:42:44.297498 np0000156481 devstack@m-api.service[87582]: INFO manila.api.openstack.wsgi [None req-393c550a-3163-40d5-b100-e2e6628e62eb tempest-MigrationOfShareWithSnapshotNFSTest-1434312938 tempest-MigrationOfShareWithSnapshotNFSTest-1434312938-project-admin] DELETE https://199.19.213.96/share/v2/1e54a7cc42fc42ad833aa6cc5097bbe1/types/56c3cff1-2b32-4eac-9c61-fbd94979b870
Feb 19 02:42:44.297786 np0000156481 devstack@m-api.service[87582]: DEBUG manila.api.openstack.wsgi [None req-393c550a-3163-40d5-b100-e2e6628e62eb tempest-MigrationOfShareWithSnapshotNFSTest-1434312938 tempest-MigrationOfShareWithSnapshotNFSTest-1434312938-project-admin] Empty body provided in request {{(pid=87582) get_body /opt/stack/manila/manila/api/openstack/wsgi.py:652}}
Feb 19 02:42:44.298019 np0000156481 devstack@m-api.service[87582]: DEBUG manila.api.openstack.wsgi [None req-393c550a-3163-40d5-b100-e2e6628e62eb tempest-MigrationOfShareWithSnapshotNFSTest-1434312938 tempest-MigrationOfShareWithSnapshotNFSTest-1434312938-project-admin] Calling method 'ShareTypesController._delete' {{(pid=87582) _process_stack /opt/stack/manila/manila/api/openstack/wsgi.py:798}}
Feb 19 02:42:44.318881 np0000156481 devstack@m-api.service[87581]: DEBUG manila.quota [None req-4d97ab6c-2e9a-42e6-bbed-a8fd25ebd41b tempest-SharesFromSnapshotAcrossPools-1974326921 tempest-SharesFromSnapshotAcrossPools-1974326921-project-member] Committed reservations ['5620bc0c-063e-4daf-913f-e5ea3fdfaeca', '473f6aff-d80e-4452-8eae-40126f33b5c0', '11b0dd24-3c59-4489-a92a-2af5b6c010f3', 'f218e419-8ca1-4543-840e-e9028856856f'] {{(pid=87581) commit /opt/stack/manila/manila/quota.py:1066}}
Feb 19 02:42:44.331407 np0000156481 devstack@m-api.service[87582]: INFO manila.api.openstack.wsgi [None req-393c550a-3163-40d5-b100-e2e6628e62eb tempest-MigrationOfShareWithSnapshotNFSTest-1434312938 tempest-MigrationOfShareWithSnapshotNFSTest-1434312938-project-admin] https://199.19.213.96/share/v2/1e54a7cc42fc42ad833aa6cc5097bbe1/types/56c3cff1-2b32-4eac-9c61-fbd94979b870 returned with HTTP 202
Feb 19 02:42:44.332228 np0000156481 devstack@m-api.service[87582]: [pid: 87582|app: 0|req: 31/70] 199.19.213.96 () {68 vars in 1511 bytes} [Thu Feb 19 02:42:44 2026] DELETE /share/v2/1e54a7cc42fc42ad833aa6cc5097bbe1/types/56c3cff1-2b32-4eac-9c61-fbd94979b870 => generated 0 bytes in 38 msecs (HTTP/1.1 202) 7 headers in 309 bytes (1 switches on core 0)
Feb 19 02:42:44.339406 np0000156481 devstack@m-api.service[87582]: INFO manila.api.openstack.wsgi [None req-297cae7a-d2ed-4905-94f5-bda03efebe0a tempest-MigrationOppositeDriverModesNFSTest-517340729 tempest-MigrationOppositeDriverModesNFSTest-517340729-project-admin] GET https://199.19.213.96/share/v2/c4c24f4c79b6464b8abb2906a92d16f0/types/d8395b4b-618a-47ae-8155-e755eaa4e84e
Feb 19 02:42:44.339873 np0000156481 devstack@m-api.service[87582]: DEBUG manila.api.openstack.wsgi [None req-297cae7a-d2ed-4905-94f5-bda03efebe0a tempest-MigrationOppositeDriverModesNFSTest-517340729 tempest-MigrationOppositeDriverModesNFSTest-517340729-project-admin] Empty body provided in request {{(pid=87582) get_body /opt/stack/manila/manila/api/openstack/wsgi.py:652}}
Feb 19 02:42:44.340215 np0000156481 devstack@m-api.service[87582]: DEBUG manila.api.openstack.wsgi [None req-297cae7a-d2ed-4905-94f5-bda03efebe0a tempest-MigrationOppositeDriverModesNFSTest-517340729 tempest-MigrationOppositeDriverModesNFSTest-517340729-project-admin] Calling method 'ShareTypesController.show' {{(pid=87582) _process_stack /opt/stack/manila/manila/api/openstack/wsgi.py:798}}
Feb 19 02:42:44.345352 np0000156481 devstack@m-api.service[87582]: INFO manila.api.openstack.wsgi [None req-297cae7a-d2ed-4905-94f5-bda03efebe0a tempest-MigrationOppositeDriverModesNFSTest-517340729 tempest-MigrationOppositeDriverModesNFSTest-517340729-project-admin] HTTP exception thrown: Share type not found.
Feb 19 02:42:44.345462 np0000156481 devstack@m-api.service[87582]: INFO manila.api.openstack.wsgi [None req-297cae7a-d2ed-4905-94f5-bda03efebe0a tempest-MigrationOppositeDriverModesNFSTest-517340729 tempest-MigrationOppositeDriverModesNFSTest-517340729-project-admin] https://199.19.213.96/share/v2/c4c24f4c79b6464b8abb2906a92d16f0/types/d8395b4b-618a-47ae-8155-e755eaa4e84e returned with HTTP 404
Feb 19 02:42:44.345965 np0000156481 devstack@m-api.service[87582]: [pid: 87582|app: 0|req: 32/71] 199.19.213.96 () {68 vars in 1508 bytes} [Thu Feb 19 02:42:44 2026] GET /share/v2/c4c24f4c79b6464b8abb2906a92d16f0/types/d8395b4b-618a-47ae-8155-e755eaa4e84e => generated 67 bytes in 13 msecs (HTTP/1.1 404) 7 headers in 303 bytes (1 switches on core 0)
Feb 19 02:42:44.348075 np0000156481 devstack@m-api.service[87582]: INFO manila.api.openstack.wsgi [None req-6a813258-0f49-449a-bbc1-d8bf746f7ea3 tempest-MigrationOfShareWithSnapshotNFSTest-1434312938 tempest-MigrationOfShareWithSnapshotNFSTest-1434312938-project-admin] GET https://199.19.213.96/share/v2/1e54a7cc42fc42ad833aa6cc5097bbe1/types/56c3cff1-2b32-4eac-9c61-fbd94979b870
Feb 19 02:42:44.348231 np0000156481 devstack@m-api.service[87582]: DEBUG manila.api.openstack.wsgi [None req-6a813258-0f49-449a-bbc1-d8bf746f7ea3 tempest-MigrationOfShareWithSnapshotNFSTest-1434312938 tempest-MigrationOfShareWithSnapshotNFSTest-1434312938-project-admin] Empty body provided in request {{(pid=87582) get_body /opt/stack/manila/manila/api/openstack/wsgi.py:652}}
Feb 19 02:42:44.348423 np0000156481 devstack@m-api.service[87582]: DEBUG manila.api.openstack.wsgi [None req-6a813258-0f49-449a-bbc1-d8bf746f7ea3 tempest-MigrationOfShareWithSnapshotNFSTest-1434312938 tempest-MigrationOfShareWithSnapshotNFSTest-1434312938-project-admin] Calling method 'ShareTypesController.show' {{(pid=87582) _process_stack /opt/stack/manila/manila/api/openstack/wsgi.py:798}}
Feb 19 02:42:44.351243 np0000156481 devstack@m-api.service[87582]: INFO manila.api.openstack.wsgi [None req-6a813258-0f49-449a-bbc1-d8bf746f7ea3 tempest-MigrationOfShareWithSnapshotNFSTest-1434312938 tempest-MigrationOfShareWithSnapshotNFSTest-1434312938-project-admin] HTTP exception thrown: Share type not found.
Feb 19 02:42:44.351385 np0000156481 devstack@m-api.service[87582]: INFO manila.api.openstack.wsgi [None req-6a813258-0f49-449a-bbc1-d8bf746f7ea3 tempest-MigrationOfShareWithSnapshotNFSTest-1434312938 tempest-MigrationOfShareWithSnapshotNFSTest-1434312938-project-admin] https://199.19.213.96/share/v2/1e54a7cc42fc42ad833aa6cc5097bbe1/types/56c3cff1-2b32-4eac-9c61-fbd94979b870 returned with HTTP 404
Feb 19 02:42:44.351731 np0000156481 devstack@m-api.service[87582]: [pid: 87582|app: 0|req: 33/72] 199.19.213.96 () {68 vars in 1508 bytes} [Thu Feb 19 02:42:44 2026] GET /share/v2/1e54a7cc42fc42ad833aa6cc5097bbe1/types/56c3cff1-2b32-4eac-9c61-fbd94979b870 => generated 67 bytes in 5 msecs (HTTP/1.1 404) 7 headers in 303 bytes (1 switches on core 0)
Feb 19 02:42:44.386802 np0000156481 devstack@m-api.service[87581]: INFO manila.api.openstack.wsgi [None req-4d97ab6c-2e9a-42e6-bbed-a8fd25ebd41b tempest-SharesFromSnapshotAcrossPools-1974326921 tempest-SharesFromSnapshotAcrossPools-1974326921-project-member] https://199.19.213.96/share/v2/5264a70aecd4421fa501bb58815a0a7d/shares returned with HTTP 200
Feb 19 02:42:44.387482 np0000156481 devstack@m-api.service[87581]: [pid: 87581|app: 0|req: 40/73] 199.19.213.96 () {70 vars in 1422 bytes} [Thu Feb 19 02:42:43 2026] POST /share/v2/5264a70aecd4421fa501bb58815a0a7d/shares => generated 1342 bytes in 446 msecs (HTTP/1.1 200) 7 headers in 298 bytes (1 switches on core 0)
Feb 19 02:42:44.398354 np0000156481 devstack@m-api.service[87582]: INFO manila.api.openstack.wsgi [None req-eb1fc136-7668-4dd2-8af2-6c6c8079e260 tempest-SharesFromSnapshotAcrossPools-1974326921 tempest-SharesFromSnapshotAcrossPools-1974326921-project-member] GET https://199.19.213.96/share/v2/5264a70aecd4421fa501bb58815a0a7d/shares/519e46b6-aaab-41f2-8f83-610b3320be59
Feb 19 02:42:44.399164 np0000156481 devstack@m-api.service[87582]: DEBUG manila.api.openstack.wsgi [None req-eb1fc136-7668-4dd2-8af2-6c6c8079e260 tempest-SharesFromSnapshotAcrossPools-1974326921 tempest-SharesFromSnapshotAcrossPools-1974326921-project-member] Empty body provided in request {{(pid=87582) get_body /opt/stack/manila/manila/api/openstack/wsgi.py:652}}
Feb 19 02:42:44.399164 np0000156481 devstack@m-api.service[87582]: DEBUG manila.api.openstack.wsgi [None req-eb1fc136-7668-4dd2-8af2-6c6c8079e260 tempest-SharesFromSnapshotAcrossPools-1974326921 tempest-SharesFromSnapshotAcrossPools-1974326921-project-member] Calling method 'ShareMixin.show' {{(pid=87582) _process_stack /opt/stack/manila/manila/api/openstack/wsgi.py:798}}
Feb 19 02:42:44.417101 np0000156481 devstack@m-api.service[87582]: INFO manila.api.openstack.wsgi [None req-eb1fc136-7668-4dd2-8af2-6c6c8079e260 tempest-SharesFromSnapshotAcrossPools-1974326921 tempest-SharesFromSnapshotAcrossPools-1974326921-project-member] https://199.19.213.96/share/v2/5264a70aecd4421fa501bb58815a0a7d/shares/519e46b6-aaab-41f2-8f83-610b3320be59 returned with HTTP 200
Feb 19 02:42:44.418661 np0000156481 devstack@m-api.service[87582]: [pid: 87582|app: 0|req: 34/74] 199.19.213.96 () {68 vars in 1511 bytes} [Thu Feb 19 02:42:44 2026] GET /share/v2/5264a70aecd4421fa501bb58815a0a7d/shares/519e46b6-aaab-41f2-8f83-610b3320be59 => generated 1342 bytes in 23 msecs (HTTP/1.1 200) 7 headers in 298 bytes (1 switches on core 0)
Feb 19 02:42:45.774416 np0000156481 devstack@m-api.service[87581]: INFO manila.api.openstack.wsgi [None req-98259c46-6c07-4f28-86b1-242b43d9a74d tempest-MigrationWithShareExtendingNFSTest-947948388 tempest-MigrationWithShareExtendingNFSTest-947948388-project-admin] GET https://199.19.213.96/share/v2/169f37e04ac2460b96bb2f2bfabee466/scheduler-stats/pools/detail
Feb 19 02:42:45.774832 np0000156481 devstack@m-api.service[87581]: DEBUG manila.api.openstack.wsgi [None req-98259c46-6c07-4f28-86b1-242b43d9a74d tempest-MigrationWithShareExtendingNFSTest-947948388 tempest-MigrationWithShareExtendingNFSTest-947948388-project-admin] Empty body provided in request {{(pid=87581) get_body /opt/stack/manila/manila/api/openstack/wsgi.py:652}}
Feb 19 02:42:45.774832 np0000156481 devstack@m-api.service[87581]: DEBUG manila.api.openstack.wsgi [None req-98259c46-6c07-4f28-86b1-242b43d9a74d tempest-MigrationWithShareExtendingNFSTest-947948388 tempest-MigrationWithShareExtendingNFSTest-947948388-project-admin] Calling method 'Controller.__getattribute__..version_select' {{(pid=87581) _process_stack /opt/stack/manila/manila/api/openstack/wsgi.py:798}}
Feb 19 02:42:45.778392 np0000156481 devstack@m-api.service[87582]: INFO manila.api.openstack.wsgi [None req-f2cd0cf3-580f-40c7-805d-a49278983015 tempest-MigrationWithShareShrinkingNFSTest-768734398 tempest-MigrationWithShareShrinkingNFSTest-768734398-project-admin] GET https://199.19.213.96/share/v2/86a5c8fbdb9146b9a365bc6cb9254a2f/scheduler-stats/pools/detail
Feb 19 02:42:45.778817 np0000156481 devstack@m-api.service[87582]: DEBUG manila.api.openstack.wsgi [None req-f2cd0cf3-580f-40c7-805d-a49278983015 tempest-MigrationWithShareShrinkingNFSTest-768734398 tempest-MigrationWithShareShrinkingNFSTest-768734398-project-admin] Empty body provided in request {{(pid=87582) get_body /opt/stack/manila/manila/api/openstack/wsgi.py:652}}
Feb 19 02:42:45.778896 np0000156481 devstack@m-api.service[87582]: DEBUG manila.api.openstack.wsgi [None req-f2cd0cf3-580f-40c7-805d-a49278983015 tempest-MigrationWithShareShrinkingNFSTest-768734398 tempest-MigrationWithShareShrinkingNFSTest-768734398-project-admin] Calling method 'Controller.__getattribute__..version_select' {{(pid=87582) _process_stack /opt/stack/manila/manila/api/openstack/wsgi.py:798}}
Feb 19 02:42:46.279053 np0000156481 devstack@m-api.service[87581]: INFO manila.api.openstack.wsgi [None req-98259c46-6c07-4f28-86b1-242b43d9a74d tempest-MigrationWithShareExtendingNFSTest-947948388 tempest-MigrationWithShareExtendingNFSTest-947948388-project-admin] https://199.19.213.96/share/v2/169f37e04ac2460b96bb2f2bfabee466/scheduler-stats/pools/detail returned with HTTP 200
Feb 19 02:42:46.279817 np0000156481 devstack@m-api.service[87581]: [pid: 87581|app: 0|req: 41/75] 199.19.213.96 () {68 vars in 1466 bytes} [Thu Feb 19 02:42:45 2026] GET /share/v2/169f37e04ac2460b96bb2f2bfabee466/scheduler-stats/pools/detail => generated 3359 bytes in 567 msecs (HTTP/1.1 200) 7 headers in 298 bytes (1 switches on core 0)
Feb 19 02:42:46.281560 np0000156481 devstack@m-api.service[87582]: INFO manila.api.openstack.wsgi [None req-f2cd0cf3-580f-40c7-805d-a49278983015 tempest-MigrationWithShareShrinkingNFSTest-768734398 tempest-MigrationWithShareShrinkingNFSTest-768734398-project-admin] https://199.19.213.96/share/v2/86a5c8fbdb9146b9a365bc6cb9254a2f/scheduler-stats/pools/detail returned with HTTP 200
Feb 19 02:42:46.282273 np0000156481 devstack@m-api.service[87582]: [pid: 87582|app: 0|req: 35/76] 199.19.213.96 () {68 vars in 1466 bytes} [Thu Feb 19 02:42:45 2026] GET /share/v2/86a5c8fbdb9146b9a365bc6cb9254a2f/scheduler-stats/pools/detail => generated 3359 bytes in 567 msecs (HTTP/1.1 200) 7 headers in 298 bytes (2 switches on core 0)
Feb 19 02:42:46.294902 np0000156481 devstack@m-api.service[87581]: INFO manila.api.openstack.wsgi [None req-954e46dd-fc99-4cb1-b440-e0042d155294 tempest-MigrationWithShareExtendingNFSTest-947948388 tempest-MigrationWithShareExtendingNFSTest-947948388-project-admin] POST https://199.19.213.96/share/v2/169f37e04ac2460b96bb2f2bfabee466/types
Feb 19 02:42:46.295718 np0000156481 devstack@m-api.service[87581]: DEBUG manila.api.openstack.wsgi [None req-954e46dd-fc99-4cb1-b440-e0042d155294 tempest-MigrationWithShareExtendingNFSTest-947948388 tempest-MigrationWithShareExtendingNFSTest-947948388-project-admin] Action: 'create', calling method: Controller.__getattribute__..version_select, body: {"share_type": {"name": "tempest-original_share_type_for_migration-1986199138", "extra_specs": {"driver_handles_share_servers": false, "storage_protocol": "NFS", "snapshot_support": true, "create_share_from_snapshot_support": true}, "share_type_access:is_public": true}} {{(pid=87581) _process_stack /opt/stack/manila/manila/api/openstack/wsgi.py:796}}
Feb 19 02:42:46.297814 np0000156481 devstack@m-api.service[87582]: INFO manila.api.openstack.wsgi [None req-42dd6b77-8fa2-4db8-b33a-f5da0dd2e71a tempest-MigrationWithShareShrinkingNFSTest-768734398 tempest-MigrationWithShareShrinkingNFSTest-768734398-project-admin] POST https://199.19.213.96/share/v2/86a5c8fbdb9146b9a365bc6cb9254a2f/types
Feb 19 02:42:46.298341 np0000156481 devstack@m-api.service[87582]: DEBUG manila.api.openstack.wsgi [None req-42dd6b77-8fa2-4db8-b33a-f5da0dd2e71a tempest-MigrationWithShareShrinkingNFSTest-768734398 tempest-MigrationWithShareShrinkingNFSTest-768734398-project-admin] Action: 'create', calling method: Controller.__getattribute__..version_select, body: {"share_type": {"name": "tempest-original_share_type_for_migration-368637193", "extra_specs": {"driver_handles_share_servers": false, "storage_protocol": "NFS", "snapshot_support": true, "create_share_from_snapshot_support": true}, "share_type_access:is_public": true}} {{(pid=87582) _process_stack /opt/stack/manila/manila/api/openstack/wsgi.py:796}}
Feb 19 02:42:46.311150 np0000156481 devstack@m-api.service[87581]: INFO manila.api.openstack.wsgi [None req-954e46dd-fc99-4cb1-b440-e0042d155294 tempest-MigrationWithShareExtendingNFSTest-947948388 tempest-MigrationWithShareExtendingNFSTest-947948388-project-admin] https://199.19.213.96/share/v2/169f37e04ac2460b96bb2f2bfabee466/types returned with HTTP 200
Feb 19 02:42:46.311760 np0000156481 devstack@m-api.service[87581]: [pid: 87581|app: 0|req: 42/77] 199.19.213.96 () {70 vars in 1419 bytes} [Thu Feb 19 02:42:46 2026] POST /share/v2/169f37e04ac2460b96bb2f2bfabee466/types => generated 859 bytes in 20 msecs (HTTP/1.1 200) 7 headers in 297 bytes (1 switches on core 0)
Feb 19 02:42:46.312555 np0000156481 devstack@m-api.service[87582]: INFO manila.api.openstack.wsgi [None req-42dd6b77-8fa2-4db8-b33a-f5da0dd2e71a tempest-MigrationWithShareShrinkingNFSTest-768734398 tempest-MigrationWithShareShrinkingNFSTest-768734398-project-admin] https://199.19.213.96/share/v2/86a5c8fbdb9146b9a365bc6cb9254a2f/types returned with HTTP 200
Feb 19 02:42:46.312986 np0000156481 devstack@m-api.service[87582]: [pid: 87582|app: 0|req: 36/78] 199.19.213.96 () {70 vars in 1419 bytes} [Thu Feb 19 02:42:46 2026] POST /share/v2/86a5c8fbdb9146b9a365bc6cb9254a2f/types => generated 857 bytes in 19 msecs (HTTP/1.1 200) 7 headers in 297 bytes (1 switches on core 0)
Feb 19 02:42:46.324625 np0000156481 devstack@m-api.service[87581]: INFO manila.api.openstack.wsgi [None req-70c53904-24a6-4d6d-b33a-ff907ddfa3f0 tempest-MigrationWithShareExtendingNFSTest-947948388 tempest-MigrationWithShareExtendingNFSTest-947948388-project-admin] POST https://199.19.213.96/share/v2/169f37e04ac2460b96bb2f2bfabee466/types
Feb 19 02:42:46.325042 np0000156481 devstack@m-api.service[87581]: DEBUG manila.api.openstack.wsgi [None req-70c53904-24a6-4d6d-b33a-ff907ddfa3f0 tempest-MigrationWithShareExtendingNFSTest-947948388 tempest-MigrationWithShareExtendingNFSTest-947948388-project-admin] Action: 'create', calling method: Controller.__getattribute__..version_select, body: {"share_type": {"name": "tempest-new_share_type_for_migration-1179898061", "extra_specs": {"driver_handles_share_servers": false, "storage_protocol": "NFS", "snapshot_support": true, "create_share_from_snapshot_support": true}, "share_type_access:is_public": true}} {{(pid=87581) _process_stack /opt/stack/manila/manila/api/openstack/wsgi.py:796}}
Feb 19 02:42:46.326829 np0000156481 devstack@m-api.service[87582]: INFO manila.api.openstack.wsgi [None req-1387da0d-eaf2-4451-9f47-e259cd2fc442 tempest-MigrationWithShareShrinkingNFSTest-768734398 tempest-MigrationWithShareShrinkingNFSTest-768734398-project-admin] POST https://199.19.213.96/share/v2/86a5c8fbdb9146b9a365bc6cb9254a2f/types
Feb 19 02:42:46.327193 np0000156481 devstack@m-api.service[87582]: DEBUG manila.api.openstack.wsgi [None req-1387da0d-eaf2-4451-9f47-e259cd2fc442 tempest-MigrationWithShareShrinkingNFSTest-768734398 tempest-MigrationWithShareShrinkingNFSTest-768734398-project-admin] Action: 'create', calling method: Controller.__getattribute__..version_select, body: {"share_type": {"name": "tempest-new_share_type_for_migration-441974442", "extra_specs": {"driver_handles_share_servers": false, "storage_protocol": "NFS", "snapshot_support": true, "create_share_from_snapshot_support": true}, "share_type_access:is_public": true}} {{(pid=87582) _process_stack /opt/stack/manila/manila/api/openstack/wsgi.py:796}}
Feb 19 02:42:46.339611 np0000156481 devstack@m-api.service[87581]: INFO manila.api.openstack.wsgi [None req-70c53904-24a6-4d6d-b33a-ff907ddfa3f0 tempest-MigrationWithShareExtendingNFSTest-947948388 tempest-MigrationWithShareExtendingNFSTest-947948388-project-admin] https://199.19.213.96/share/v2/169f37e04ac2460b96bb2f2bfabee466/types returned with HTTP 200
Feb 19 02:42:46.339836 np0000156481 devstack@m-api.service[87582]: INFO manila.api.openstack.wsgi [None req-1387da0d-eaf2-4451-9f47-e259cd2fc442 tempest-MigrationWithShareShrinkingNFSTest-768734398 tempest-MigrationWithShareShrinkingNFSTest-768734398-project-admin] https://199.19.213.96/share/v2/86a5c8fbdb9146b9a365bc6cb9254a2f/types returned with HTTP 200
Feb 19 02:42:46.340272 np0000156481 devstack@m-api.service[87582]: [pid: 87582|app: 0|req: 37/80] 199.19.213.96 () {70 vars in 1419 bytes} [Thu Feb 19 02:42:46 2026] POST /share/v2/86a5c8fbdb9146b9a365bc6cb9254a2f/types => generated 847 bytes in 16 msecs (HTTP/1.1 200) 7 headers in 297 bytes (1 switches on core 0)
Feb 19 02:42:46.340872 np0000156481 devstack@m-api.service[87581]: [pid: 87581|app: 0|req: 43/80] 199.19.213.96 () {70 vars in 1419 bytes} [Thu Feb 19 02:42:46 2026] POST /share/v2/169f37e04ac2460b96bb2f2bfabee466/types => generated 849 bytes in 19 msecs (HTTP/1.1 200) 7 headers in 297 bytes (1 switches on core 0)
Feb 19 02:42:46.353265 np0000156481 devstack@m-api.service[87581]: INFO manila.api.openstack.wsgi [None req-f8645f31-bc70-47f0-88ab-471541eeee71 tempest-MigrationWithShareShrinkingNFSTest-768734398 tempest-MigrationWithShareShrinkingNFSTest-768734398-project-admin] POST https://199.19.213.96/share/v2/86a5c8fbdb9146b9a365bc6cb9254a2f/types
Feb 19 02:42:46.353484 np0000156481 devstack@m-api.service[87582]: INFO manila.api.openstack.wsgi [None req-095e3dac-b4d8-4bcf-a2d8-f3aa8b89cca0 tempest-MigrationWithShareExtendingNFSTest-947948388 tempest-MigrationWithShareExtendingNFSTest-947948388-project-admin] POST https://199.19.213.96/share/v2/169f37e04ac2460b96bb2f2bfabee466/types
Feb 19 02:42:46.353743 np0000156481 devstack@m-api.service[87581]: DEBUG manila.api.openstack.wsgi [None req-f8645f31-bc70-47f0-88ab-471541eeee71 tempest-MigrationWithShareShrinkingNFSTest-768734398 tempest-MigrationWithShareShrinkingNFSTest-768734398-project-admin] Action: 'create', calling method: Controller.__getattribute__..version_select, body: {"share_type": {"name": "tempest-new_share_type_for_migration_opposite-1448520341", "extra_specs": {"driver_handles_share_servers": true, "storage_protocol": "NFS", "snapshot_support": true}, "share_type_access:is_public": true}} {{(pid=87581) _process_stack /opt/stack/manila/manila/api/openstack/wsgi.py:796}}
Feb 19 02:42:46.354107 np0000156481 devstack@m-api.service[87582]: DEBUG manila.api.openstack.wsgi [None req-095e3dac-b4d8-4bcf-a2d8-f3aa8b89cca0 tempest-MigrationWithShareExtendingNFSTest-947948388 tempest-MigrationWithShareExtendingNFSTest-947948388-project-admin] Action: 'create', calling method: Controller.__getattribute__..version_select, body: {"share_type": {"name": "tempest-new_share_type_for_migration_opposite-2095254197", "extra_specs": {"driver_handles_share_servers": true, "storage_protocol": "NFS", "snapshot_support": true}, "share_type_access:is_public": true}} {{(pid=87582) _process_stack /opt/stack/manila/manila/api/openstack/wsgi.py:796}}
Feb 19 02:42:46.365647 np0000156481 devstack@m-api.service[87582]: INFO manila.api.openstack.wsgi [None req-095e3dac-b4d8-4bcf-a2d8-f3aa8b89cca0 tempest-MigrationWithShareExtendingNFSTest-947948388 tempest-MigrationWithShareExtendingNFSTest-947948388-project-admin] https://199.19.213.96/share/v2/169f37e04ac2460b96bb2f2bfabee466/types returned with HTTP 200
Feb 19 02:42:46.366063 np0000156481 devstack@m-api.service[87582]: [pid: 87582|app: 0|req: 38/81] 199.19.213.96 () {70 vars in 1419 bytes} [Thu Feb 19 02:42:46 2026] POST /share/v2/169f37e04ac2460b96bb2f2bfabee466/types => generated 771 bytes in 17 msecs (HTTP/1.1 200) 7 headers in 297 bytes (1 switches on core 0)
Feb 19 02:42:46.368823 np0000156481 devstack@m-api.service[87581]: INFO manila.api.openstack.wsgi [None req-f8645f31-bc70-47f0-88ab-471541eeee71 tempest-MigrationWithShareShrinkingNFSTest-768734398 tempest-MigrationWithShareShrinkingNFSTest-768734398-project-admin] https://199.19.213.96/share/v2/86a5c8fbdb9146b9a365bc6cb9254a2f/types returned with HTTP 200
Feb 19 02:42:46.369385 np0000156481 devstack@m-api.service[87581]: [pid: 87581|app: 0|req: 44/82] 199.19.213.96 () {70 vars in 1419 bytes} [Thu Feb 19 02:42:46 2026] POST /share/v2/86a5c8fbdb9146b9a365bc6cb9254a2f/types => generated 771 bytes in 19 msecs (HTTP/1.1 200) 7 headers in 297 bytes (1 switches on core 0)
Feb 19 02:42:46.381054 np0000156481 devstack@m-api.service[87582]: INFO manila.api.openstack.wsgi [None req-32c36410-9938-4aec-89d2-48a3022d4f63 tempest-MigrationWithShareExtendingNFSTest-947948388 tempest-MigrationWithShareExtendingNFSTest-947948388-project-admin] POST https://199.19.213.96/share/v2/169f37e04ac2460b96bb2f2bfabee466/shares
Feb 19 02:42:46.381693 np0000156481 devstack@m-api.service[87582]: DEBUG manila.api.openstack.wsgi [None req-32c36410-9938-4aec-89d2-48a3022d4f63 tempest-MigrationWithShareExtendingNFSTest-947948388 tempest-MigrationWithShareExtendingNFSTest-947948388-project-admin] Action: 'create', calling method: Controller.__getattribute__..version_select, body: {"share": {"share_proto": "nfs", "description": "Tempest's share", "snapshot_id": null, "name": "tempest-tempest-created-share-1958638997", "size": 2, "metadata": {}, "is_public": false, "share_type": "25210971-26b8-40c2-ab7c-77f3ea6a160e"}} {{(pid=87582) _process_stack /opt/stack/manila/manila/api/openstack/wsgi.py:796}}
Feb 19 02:42:46.383299 np0000156481 devstack@m-api.service[87582]: INFO manila.api.v2.shares [None req-32c36410-9938-4aec-89d2-48a3022d4f63 tempest-MigrationWithShareExtendingNFSTest-947948388 tempest-MigrationWithShareExtendingNFSTest-947948388-project-admin] Create NFS share of 2 GB
Feb 19 02:42:46.383566 np0000156481 devstack@m-api.service[87581]: INFO manila.api.openstack.wsgi [None req-51aa940d-0ebb-46d3-a6c4-abad9d3f91d5 tempest-MigrationWithShareShrinkingNFSTest-768734398 tempest-MigrationWithShareShrinkingNFSTest-768734398-project-admin] POST https://199.19.213.96/share/v2/86a5c8fbdb9146b9a365bc6cb9254a2f/shares
Feb 19 02:42:46.384205 np0000156481 devstack@m-api.service[87581]: DEBUG manila.api.openstack.wsgi [None req-51aa940d-0ebb-46d3-a6c4-abad9d3f91d5 tempest-MigrationWithShareShrinkingNFSTest-768734398 tempest-MigrationWithShareShrinkingNFSTest-768734398-project-admin] Action: 'create', calling method: Controller.__getattribute__..version_select, body: {"share": {"share_proto": "nfs", "description": "Tempest's share", "snapshot_id": null, "name": "tempest-tempest-created-share-1218796893", "size": 2, "metadata": {}, "is_public": false, "share_type": "ca6d0170-a78a-45c9-9f27-2cc7a15bcad2"}} {{(pid=87581) _process_stack /opt/stack/manila/manila/api/openstack/wsgi.py:796}}
Feb 19 02:42:46.385481 np0000156481 devstack@m-api.service[87581]: INFO manila.api.v2.shares [None req-51aa940d-0ebb-46d3-a6c4-abad9d3f91d5 tempest-MigrationWithShareShrinkingNFSTest-768734398 tempest-MigrationWithShareShrinkingNFSTest-768734398-project-admin] Create NFS share of 2 GB
Feb 19 02:42:46.438668 np0000156481 devstack@m-api.service[87582]: DEBUG manila.quota [None req-32c36410-9938-4aec-89d2-48a3022d4f63 tempest-MigrationWithShareExtendingNFSTest-947948388 tempest-MigrationWithShareExtendingNFSTest-947948388-project-admin] Created reservations ['de198919-a044-46f1-8b8f-0abf092d8a79', '739360b7-b5aa-4b4a-8f0c-5fd1989d65cb', 'd0c4e3a2-bd8b-4cab-bb95-4ba099434408', '04421b05-8457-4453-9fe2-cfca0abfa152'] {{(pid=87582) reserve /opt/stack/manila/manila/quota.py:1038}}
Feb 19 02:42:46.439720 np0000156481 devstack@m-api.service[87581]: DEBUG manila.quota [None req-51aa940d-0ebb-46d3-a6c4-abad9d3f91d5 tempest-MigrationWithShareShrinkingNFSTest-768734398 tempest-MigrationWithShareShrinkingNFSTest-768734398-project-admin] Created reservations ['3dc407dc-703b-4dde-9b20-ce3988397f2f', '18deadc2-5661-472e-8748-8690996f730e', '8464f705-47d2-4b8b-9977-092a11348f6d', 'b66a169c-5e5a-4078-8b4a-761b4d91d276'] {{(pid=87581) reserve /opt/stack/manila/manila/quota.py:1038}}
Feb 19 02:42:46.470434 np0000156481 devstack@m-api.service[87581]: DEBUG manila.quota [None req-51aa940d-0ebb-46d3-a6c4-abad9d3f91d5 tempest-MigrationWithShareShrinkingNFSTest-768734398 tempest-MigrationWithShareShrinkingNFSTest-768734398-project-admin] Committed reservations ['3dc407dc-703b-4dde-9b20-ce3988397f2f', '18deadc2-5661-472e-8748-8690996f730e', '8464f705-47d2-4b8b-9977-092a11348f6d', 'b66a169c-5e5a-4078-8b4a-761b4d91d276'] {{(pid=87581) commit /opt/stack/manila/manila/quota.py:1066}}
Feb 19 02:42:46.478763 np0000156481 devstack@m-api.service[87582]: DEBUG manila.quota [None req-32c36410-9938-4aec-89d2-48a3022d4f63 tempest-MigrationWithShareExtendingNFSTest-947948388 tempest-MigrationWithShareExtendingNFSTest-947948388-project-admin] Committed reservations ['de198919-a044-46f1-8b8f-0abf092d8a79', '739360b7-b5aa-4b4a-8f0c-5fd1989d65cb', 'd0c4e3a2-bd8b-4cab-bb95-4ba099434408', '04421b05-8457-4453-9fe2-cfca0abfa152'] {{(pid=87582) commit /opt/stack/manila/manila/quota.py:1066}}
Feb 19 02:42:46.526004 np0000156481 devstack@m-api.service[87582]: INFO manila.api.openstack.wsgi [None req-32c36410-9938-4aec-89d2-48a3022d4f63 tempest-MigrationWithShareExtendingNFSTest-947948388 tempest-MigrationWithShareExtendingNFSTest-947948388-project-admin] https://199.19.213.96/share/v2/169f37e04ac2460b96bb2f2bfabee466/shares returned with HTTP 200
Feb 19 02:42:46.526420 np0000156481 devstack@m-api.service[87582]: [pid: 87582|app: 0|req: 39/83] 199.19.213.96 () {70 vars in 1422 bytes} [Thu Feb 19 02:42:46 2026] POST /share/v2/169f37e04ac2460b96bb2f2bfabee466/shares => generated 1417 bytes in 149 msecs (HTTP/1.1 200) 7 headers in 298 bytes (1 switches on core 0)
Feb 19 02:42:46.530561 np0000156481 devstack@m-api.service[87581]: INFO manila.api.openstack.wsgi [None req-51aa940d-0ebb-46d3-a6c4-abad9d3f91d5 tempest-MigrationWithShareShrinkingNFSTest-768734398 tempest-MigrationWithShareShrinkingNFSTest-768734398-project-admin] https://199.19.213.96/share/v2/86a5c8fbdb9146b9a365bc6cb9254a2f/shares returned with HTTP 200
Feb 19 02:42:46.531020 np0000156481 devstack@m-api.service[87581]: [pid: 87581|app: 0|req: 45/84] 199.19.213.96 () {70 vars in 1422 bytes} [Thu Feb 19 02:42:46 2026] POST /share/v2/86a5c8fbdb9146b9a365bc6cb9254a2f/shares => generated 1415 bytes in 151 msecs (HTTP/1.1 200) 7 headers in 298 bytes (1 switches on core 0)
Feb 19 02:42:46.539960 np0000156481 devstack@m-api.service[87582]: INFO manila.api.openstack.wsgi [None req-262ec1fd-cbe1-4262-a166-3785f52a52be tempest-MigrationWithShareExtendingNFSTest-947948388 tempest-MigrationWithShareExtendingNFSTest-947948388-project-admin] GET https://199.19.213.96/share/v2/169f37e04ac2460b96bb2f2bfabee466/shares/66a17231-0303-4514-a4bd-5ab5d6cad14a
Feb 19 02:42:46.540243 np0000156481 devstack@m-api.service[87582]: DEBUG manila.api.openstack.wsgi [None req-262ec1fd-cbe1-4262-a166-3785f52a52be tempest-MigrationWithShareExtendingNFSTest-947948388 tempest-MigrationWithShareExtendingNFSTest-947948388-project-admin] Empty body provided in request {{(pid=87582) get_body /opt/stack/manila/manila/api/openstack/wsgi.py:652}}
Feb 19 02:42:46.540561 np0000156481 devstack@m-api.service[87582]: DEBUG manila.api.openstack.wsgi [None req-262ec1fd-cbe1-4262-a166-3785f52a52be tempest-MigrationWithShareExtendingNFSTest-947948388 tempest-MigrationWithShareExtendingNFSTest-947948388-project-admin] Calling method 'ShareMixin.show' {{(pid=87582) _process_stack /opt/stack/manila/manila/api/openstack/wsgi.py:798}}
Feb 19 02:42:46.543862 np0000156481 devstack@m-api.service[87581]: INFO manila.api.openstack.wsgi [None req-fea960dc-7a3d-444e-a69f-8247d4faa71c tempest-MigrationWithShareShrinkingNFSTest-768734398 tempest-MigrationWithShareShrinkingNFSTest-768734398-project-admin] GET https://199.19.213.96/share/v2/86a5c8fbdb9146b9a365bc6cb9254a2f/shares/9f14810d-6076-4e48-bde1-2a1417263a63
Feb 19 02:42:46.544137 np0000156481 devstack@m-api.service[87581]: DEBUG manila.api.openstack.wsgi [None req-fea960dc-7a3d-444e-a69f-8247d4faa71c tempest-MigrationWithShareShrinkingNFSTest-768734398 tempest-MigrationWithShareShrinkingNFSTest-768734398-project-admin] Empty body provided in request {{(pid=87581) get_body /opt/stack/manila/manila/api/openstack/wsgi.py:652}}
Feb 19 02:42:46.544465 np0000156481 devstack@m-api.service[87581]: DEBUG manila.api.openstack.wsgi [None req-fea960dc-7a3d-444e-a69f-8247d4faa71c tempest-MigrationWithShareShrinkingNFSTest-768734398 tempest-MigrationWithShareShrinkingNFSTest-768734398-project-admin] Calling method 'ShareMixin.show' {{(pid=87581) _process_stack /opt/stack/manila/manila/api/openstack/wsgi.py:798}}
Feb 19 02:42:46.559849 np0000156481 devstack@m-api.service[87581]: INFO manila.api.openstack.wsgi [None req-fea960dc-7a3d-444e-a69f-8247d4faa71c tempest-MigrationWithShareShrinkingNFSTest-768734398 tempest-MigrationWithShareShrinkingNFSTest-768734398-project-admin] https://199.19.213.96/share/v2/86a5c8fbdb9146b9a365bc6cb9254a2f/shares/9f14810d-6076-4e48-bde1-2a1417263a63 returned with HTTP 200
Feb 19 02:42:46.560237 np0000156481 devstack@m-api.service[87581]: [pid: 87581|app: 0|req: 46/85] 199.19.213.96 () {68 vars in 1511 bytes} [Thu Feb 19 02:42:46 2026] GET /share/v2/86a5c8fbdb9146b9a365bc6cb9254a2f/shares/9f14810d-6076-4e48-bde1-2a1417263a63 => generated 1415 bytes in 19 msecs (HTTP/1.1 200) 7 headers in 298 bytes (1 switches on core 0)
Feb 19 02:42:46.562146 np0000156481 devstack@m-api.service[87581]: INFO manila.api.openstack.wsgi [None req-80b5e82a-0989-4325-a1ba-361f81e7a476 tempest-AdminActionsTest-528634798 tempest-AdminActionsTest-528634798-project-admin] GET https://199.19.213.96/share/v2/08f2625e1b754767806ce698ba96f2f9/shares/add5c63e-65b4-442b-8bf8-8a99309c6a0e
Feb 19 02:42:46.562335 np0000156481 devstack@m-api.service[87581]: DEBUG manila.api.openstack.wsgi [None req-80b5e82a-0989-4325-a1ba-361f81e7a476 tempest-AdminActionsTest-528634798 tempest-AdminActionsTest-528634798-project-admin] Empty body provided in request {{(pid=87581) get_body /opt/stack/manila/manila/api/openstack/wsgi.py:652}}
Feb 19 02:42:46.562492 np0000156481 devstack@m-api.service[87581]: DEBUG manila.api.openstack.wsgi [None req-80b5e82a-0989-4325-a1ba-361f81e7a476 tempest-AdminActionsTest-528634798 tempest-AdminActionsTest-528634798-project-admin] Calling method 'ShareMixin.show' {{(pid=87581) _process_stack /opt/stack/manila/manila/api/openstack/wsgi.py:798}}
Feb 19 02:42:46.579477 np0000156481 devstack@m-api.service[87581]: INFO manila.api.openstack.wsgi [None req-80b5e82a-0989-4325-a1ba-361f81e7a476 tempest-AdminActionsTest-528634798 tempest-AdminActionsTest-528634798-project-admin] https://199.19.213.96/share/v2/08f2625e1b754767806ce698ba96f2f9/shares/add5c63e-65b4-442b-8bf8-8a99309c6a0e returned with HTTP 200
Feb 19 02:42:46.579857 np0000156481 devstack@m-api.service[87581]: [pid: 87581|app: 0|req: 47/86] 199.19.213.96 () {68 vars in 1511 bytes} [Thu Feb 19 02:42:46 2026] GET /share/v2/08f2625e1b754767806ce698ba96f2f9/shares/add5c63e-65b4-442b-8bf8-8a99309c6a0e => generated 1418 bytes in 19 msecs (HTTP/1.1 200) 7 headers in 298 bytes (1 switches on core 0)
Feb 19 02:42:46.590380 np0000156481 devstack@m-api.service[87581]: INFO manila.api.openstack.wsgi [None req-32098849-7c34-4abe-a7dd-5d9d3a2b8f8f tempest-AdminActionsTest-528634798 tempest-AdminActionsTest-528634798-project-admin] POST https://199.19.213.96/share/v2/08f2625e1b754767806ce698ba96f2f9/shares/add5c63e-65b4-442b-8bf8-8a99309c6a0e/action
Feb 19 02:42:46.591014 np0000156481 devstack@m-api.service[87581]: DEBUG manila.api.openstack.wsgi [None req-32098849-7c34-4abe-a7dd-5d9d3a2b8f8f tempest-AdminActionsTest-528634798 tempest-AdminActionsTest-528634798-project-admin] Action body: b'{"extend": {"new_size": 2, "force": true}}' {{(pid=87581) get_method /opt/stack/manila/manila/api/openstack/wsgi.py:912}}
Feb 19 02:42:46.591189 np0000156481 devstack@m-api.service[87581]: DEBUG manila.api.openstack.wsgi [None req-32098849-7c34-4abe-a7dd-5d9d3a2b8f8f tempest-AdminActionsTest-528634798 tempest-AdminActionsTest-528634798-project-admin] Action: 'action', calling method: Controller.__getattribute__..version_select, body: {"extend": {"new_size": 2, "force": true}} {{(pid=87581) _process_stack /opt/stack/manila/manila/api/openstack/wsgi.py:796}}
Feb 19 02:42:46.666289 np0000156481 devstack@m-api.service[87581]: DEBUG manila.quota [None req-32098849-7c34-4abe-a7dd-5d9d3a2b8f8f tempest-AdminActionsTest-528634798 tempest-AdminActionsTest-528634798-project-admin] Created reservations ['7cccbe67-e94a-49cd-8805-eface9c0d0a2', '45b539d0-a3be-49d8-8ad6-0a32d9f3d874'] {{(pid=87581) reserve /opt/stack/manila/manila/quota.py:1038}}
Feb 19 02:42:46.670540 np0000156481 devstack@m-api.service[87582]: INFO manila.api.openstack.wsgi [None req-262ec1fd-cbe1-4262-a166-3785f52a52be tempest-MigrationWithShareExtendingNFSTest-947948388 tempest-MigrationWithShareExtendingNFSTest-947948388-project-admin] https://199.19.213.96/share/v2/169f37e04ac2460b96bb2f2bfabee466/shares/66a17231-0303-4514-a4bd-5ab5d6cad14a returned with HTTP 200
Feb 19 02:42:46.670946 np0000156481 devstack@m-api.service[87582]: [pid: 87582|app: 0|req: 40/87] 199.19.213.96 () {68 vars in 1511 bytes} [Thu Feb 19 02:42:46 2026] GET /share/v2/169f37e04ac2460b96bb2f2bfabee466/shares/66a17231-0303-4514-a4bd-5ab5d6cad14a => generated 1417 bytes in 134 msecs (HTTP/1.1 200) 7 headers in 298 bytes (1 switches on core 0)
Feb 19 02:42:46.702668 np0000156481 devstack@m-api.service[87581]: INFO manila.share.api [None req-32098849-7c34-4abe-a7dd-5d9d3a2b8f8f tempest-AdminActionsTest-528634798 tempest-AdminActionsTest-528634798-project-admin] Extend share request issued successfully.
Feb 19 02:42:46.706307 np0000156481 devstack@m-api.service[87581]: INFO manila.api.openstack.wsgi [None req-32098849-7c34-4abe-a7dd-5d9d3a2b8f8f tempest-AdminActionsTest-528634798 tempest-AdminActionsTest-528634798-project-admin] https://199.19.213.96/share/v2/08f2625e1b754767806ce698ba96f2f9/shares/add5c63e-65b4-442b-8bf8-8a99309c6a0e/action returned with HTTP 202
Feb 19 02:42:46.707805 np0000156481 devstack@m-api.service[87581]: [pid: 87581|app: 0|req: 48/88] 199.19.213.96 () {70 vars in 1553 bytes} [Thu Feb 19 02:42:46 2026] POST /share/v2/08f2625e1b754767806ce698ba96f2f9/shares/add5c63e-65b4-442b-8bf8-8a99309c6a0e/action => generated 0 bytes in 120 msecs (HTTP/1.1 202) 7 headers in 309 bytes (1 switches on core 0)
Feb 19 02:42:46.712873 np0000156481 devstack@m-api.service[87582]: INFO manila.api.openstack.wsgi [None req-faad2b55-b851-4899-8ef0-292a594d0ff5 tempest-ReplicationAdminTest-649857771 tempest-ReplicationAdminTest-649857771-project-admin] GET https://199.19.213.96/share/v2/d64f5abb85a847cfb1c4c31fd2457d65/shares/d465e4f0-78e1-4f3c-92d4-b5c4d0ca857e
Feb 19 02:42:46.712873 np0000156481 devstack@m-api.service[87582]: DEBUG manila.api.openstack.wsgi [None req-faad2b55-b851-4899-8ef0-292a594d0ff5 tempest-ReplicationAdminTest-649857771 tempest-ReplicationAdminTest-649857771-project-admin] Empty body provided in request {{(pid=87582) get_body /opt/stack/manila/manila/api/openstack/wsgi.py:652}}
Feb 19 02:42:46.712873 np0000156481 devstack@m-api.service[87582]: DEBUG manila.api.openstack.wsgi [None req-faad2b55-b851-4899-8ef0-292a594d0ff5 tempest-ReplicationAdminTest-649857771 tempest-ReplicationAdminTest-649857771-project-admin] Calling method 'ShareMixin.show' {{(pid=87582) _process_stack /opt/stack/manila/manila/api/openstack/wsgi.py:798}}
Feb 19 02:42:46.722055 np0000156481 devstack@m-api.service[87581]: INFO manila.api.openstack.wsgi [None req-27f9d45a-ec36-44b5-b4a5-6daa1490cd99 tempest-AdminActionsTest-528634798 tempest-AdminActionsTest-528634798-project-admin] GET https://199.19.213.96/share/v2/08f2625e1b754767806ce698ba96f2f9/shares/add5c63e-65b4-442b-8bf8-8a99309c6a0e
Feb 19 02:42:46.722055 np0000156481 devstack@m-api.service[87581]: DEBUG manila.api.openstack.wsgi [None req-27f9d45a-ec36-44b5-b4a5-6daa1490cd99 tempest-AdminActionsTest-528634798 tempest-AdminActionsTest-528634798-project-admin] Empty body provided in request {{(pid=87581) get_body /opt/stack/manila/manila/api/openstack/wsgi.py:652}}
Feb 19 02:42:46.722629 np0000156481 devstack@m-api.service[87581]: DEBUG manila.api.openstack.wsgi [None req-27f9d45a-ec36-44b5-b4a5-6daa1490cd99 tempest-AdminActionsTest-528634798 tempest-AdminActionsTest-528634798-project-admin] Calling method 'ShareMixin.show' {{(pid=87581) _process_stack /opt/stack/manila/manila/api/openstack/wsgi.py:798}}
Feb 19 02:42:46.733188 np0000156481 devstack@m-api.service[87582]: INFO manila.api.openstack.wsgi [None req-faad2b55-b851-4899-8ef0-292a594d0ff5 tempest-ReplicationAdminTest-649857771 tempest-ReplicationAdminTest-649857771-project-admin] https://199.19.213.96/share/v2/d64f5abb85a847cfb1c4c31fd2457d65/shares/d465e4f0-78e1-4f3c-92d4-b5c4d0ca857e returned with HTTP 200
Feb 19 02:42:46.733576 np0000156481 devstack@m-api.service[87582]: [pid: 87582|app: 0|req: 41/89] 199.19.213.96 () {68 vars in 1511 bytes} [Thu Feb 19 02:42:46 2026] GET /share/v2/d64f5abb85a847cfb1c4c31fd2457d65/shares/d465e4f0-78e1-4f3c-92d4-b5c4d0ca857e => generated 1424 bytes in 25 msecs (HTTP/1.1 200) 7 headers in 298 bytes (1 switches on core 0)
