Feb 19 02:42:46.745250 np0000156481 devstack@m-api.service[87582]: INFO manila.api.openstack.wsgi [None req-b66e6fb2-5ce1-4732-beae-12c856e921eb tempest-ReplicationAdminTest-649857771 tempest-ReplicationAdminTest-649857771-project-admin] GET https://199.19.213.96/share/v2/d64f5abb85a847cfb1c4c31fd2457d65/share-replicas/detail?share_id=d465e4f0-78e1-4f3c-92d4-b5c4d0ca857e
Feb 19 02:42:46.745548 np0000156481 devstack@m-api.service[87582]: DEBUG manila.api.openstack.wsgi [None req-b66e6fb2-5ce1-4732-beae-12c856e921eb tempest-ReplicationAdminTest-649857771 tempest-ReplicationAdminTest-649857771-project-admin] Empty body provided in request {{(pid=87582) get_body /opt/stack/manila/manila/api/openstack/wsgi.py:652}}
Feb 19 02:42:46.745765 np0000156481 devstack@m-api.service[87582]: DEBUG manila.api.openstack.wsgi [None req-b66e6fb2-5ce1-4732-beae-12c856e921eb tempest-ReplicationAdminTest-649857771 tempest-ReplicationAdminTest-649857771-project-admin] Calling method 'Controller.__getattribute__..version_select' {{(pid=87582) _process_stack /opt/stack/manila/manila/api/openstack/wsgi.py:798}}
Feb 19 02:42:46.750467 np0000156481 devstack@m-api.service[87581]: INFO manila.api.openstack.wsgi [None req-27f9d45a-ec36-44b5-b4a5-6daa1490cd99 tempest-AdminActionsTest-528634798 tempest-AdminActionsTest-528634798-project-admin] https://199.19.213.96/share/v2/08f2625e1b754767806ce698ba96f2f9/shares/add5c63e-65b4-442b-8bf8-8a99309c6a0e returned with HTTP 200
Feb 19 02:42:46.750981 np0000156481 devstack@m-api.service[87581]: [pid: 87581|app: 0|req: 49/90] 199.19.213.96 () {68 vars in 1511 bytes} [Thu Feb 19 02:42:46 2026] GET /share/v2/08f2625e1b754767806ce698ba96f2f9/shares/add5c63e-65b4-442b-8bf8-8a99309c6a0e => generated 1418 bytes in 32 msecs (HTTP/1.1 200) 7 headers in 298 bytes (1 switches on core 0)
Feb 19 02:42:46.767385 np0000156481 devstack@m-api.service[87582]: INFO manila.api.openstack.wsgi [None req-b66e6fb2-5ce1-4732-beae-12c856e921eb tempest-ReplicationAdminTest-649857771 tempest-ReplicationAdminTest-649857771-project-admin] https://199.19.213.96/share/v2/d64f5abb85a847cfb1c4c31fd2457d65/share-replicas/detail?share_id=d465e4f0-78e1-4f3c-92d4-b5c4d0ca857e returned with HTTP 200
Feb 19 02:42:46.769258 np0000156481 devstack@m-api.service[87582]: [pid: 87582|app: 0|req: 42/91] 199.19.213.96 () {68 vars in 1536 bytes} [Thu Feb 19 02:42:46 2026] GET /share/v2/d64f5abb85a847cfb1c4c31fd2457d65/share-replicas/detail?share_id=d465e4f0-78e1-4f3c-92d4-b5c4d0ca857e => generated 417 bytes in 27 msecs (HTTP/1.1 200) 7 headers in 297 bytes (1 switches on core 0)
Feb 19 02:42:46.779777 np0000156481 devstack@m-api.service[87581]: INFO manila.api.openstack.wsgi [None req-703ad6c0-88c1-4b3a-8bbd-370b970c7fd8 tempest-ReplicationAdminTest-649857771 tempest-ReplicationAdminTest-649857771-project-admin] POST https://199.19.213.96/share/v2/d64f5abb85a847cfb1c4c31fd2457d65/share-replicas
Feb 19 02:42:46.780296 np0000156481 devstack@m-api.service[87581]: DEBUG manila.api.openstack.wsgi [None req-703ad6c0-88c1-4b3a-8bbd-370b970c7fd8 tempest-ReplicationAdminTest-649857771 tempest-ReplicationAdminTest-649857771-project-admin] Action: 'create', calling method: Controller.__getattribute__..version_select, body: {"share_replica": {"share_id": "d465e4f0-78e1-4f3c-92d4-b5c4d0ca857e", "availability_zone": "manila-zone-1"}} {{(pid=87581) _process_stack /opt/stack/manila/manila/api/openstack/wsgi.py:796}}
Feb 19 02:42:46.855873 np0000156481 devstack@m-api.service[87581]: DEBUG manila.quota [None req-703ad6c0-88c1-4b3a-8bbd-370b970c7fd8 tempest-ReplicationAdminTest-649857771 tempest-ReplicationAdminTest-649857771-project-admin] Created reservations ['1d479232-89e4-44c8-9b56-cb08b2ecb9a2', '8de1cc3e-aa3e-4a0e-b34c-005c330e88ce', '0105692e-f806-47ba-8af6-765f337979af', '58c5d0d9-a730-4e00-b942-d5303170145c'] {{(pid=87581) reserve /opt/stack/manila/manila/quota.py:1038}}
Feb 19 02:42:46.902558 np0000156481 devstack@m-api.service[87581]: DEBUG manila.quota [None req-703ad6c0-88c1-4b3a-8bbd-370b970c7fd8 tempest-ReplicationAdminTest-649857771 tempest-ReplicationAdminTest-649857771-project-admin] Committed reservations ['1d479232-89e4-44c8-9b56-cb08b2ecb9a2', '8de1cc3e-aa3e-4a0e-b34c-005c330e88ce', '0105692e-f806-47ba-8af6-765f337979af', '58c5d0d9-a730-4e00-b942-d5303170145c'] {{(pid=87581) commit /opt/stack/manila/manila/quota.py:1066}}
Feb 19 02:42:46.928841 np0000156481 devstack@m-api.service[87582]: INFO manila.api.openstack.wsgi [None req-8ae0ca1f-0028-42b3-9d77-2bdb1f72a493 tempest-MigrationTwoPhaseNFSTest-177544755 tempest-MigrationTwoPhaseNFSTest-177544755-project-admin] GET https://199.19.213.96/share/v2/f6b2781e39f64007ab53d4a2b272828b/shares/c52b05df-0d3b-44b1-ba41-ce91cbe5be9c
Feb 19 02:42:46.930467 np0000156481 devstack@m-api.service[87582]: DEBUG manila.api.openstack.wsgi [None req-8ae0ca1f-0028-42b3-9d77-2bdb1f72a493 tempest-MigrationTwoPhaseNFSTest-177544755 tempest-MigrationTwoPhaseNFSTest-177544755-project-admin] Empty body provided in request {{(pid=87582) get_body /opt/stack/manila/manila/api/openstack/wsgi.py:652}}
Feb 19 02:42:46.930467 np0000156481 devstack@m-api.service[87582]: DEBUG manila.api.openstack.wsgi [None req-8ae0ca1f-0028-42b3-9d77-2bdb1f72a493 tempest-MigrationTwoPhaseNFSTest-177544755 tempest-MigrationTwoPhaseNFSTest-177544755-project-admin] Calling method 'ShareMixin.show' {{(pid=87582) _process_stack /opt/stack/manila/manila/api/openstack/wsgi.py:798}}
Feb 19 02:42:46.945037 np0000156481 devstack@m-api.service[87582]: INFO manila.api.openstack.wsgi [None req-8ae0ca1f-0028-42b3-9d77-2bdb1f72a493 tempest-MigrationTwoPhaseNFSTest-177544755 tempest-MigrationTwoPhaseNFSTest-177544755-project-admin] https://199.19.213.96/share/v2/f6b2781e39f64007ab53d4a2b272828b/shares/c52b05df-0d3b-44b1-ba41-ce91cbe5be9c returned with HTTP 200
Feb 19 02:42:46.945425 np0000156481 devstack@m-api.service[87582]: [pid: 87582|app: 0|req: 43/92] 199.19.213.96 () {68 vars in 1511 bytes} [Thu Feb 19 02:42:46 2026] GET /share/v2/f6b2781e39f64007ab53d4a2b272828b/shares/c52b05df-0d3b-44b1-ba41-ce91cbe5be9c => generated 1455 bytes in 21 msecs (HTTP/1.1 200) 7 headers in 298 bytes (1 switches on core 0)
Feb 19 02:42:46.947340 np0000156481 devstack@m-api.service[87582]: INFO manila.api.openstack.wsgi [None req-2446aa3c-995a-4884-a3d0-069a9aa50f3e tempest-MigrationWithDifferentSnapshotSupportNFSTest-1331243227 tempest-MigrationWithDifferentSnapshotSupportNFSTest-1331243227-project-admin] GET https://199.19.213.96/share/v2/504a998ce605475e800ee071e976a257/shares/0b5555c0-15d2-4147-be3c-a0689c518b98
Feb 19 02:42:46.947509 np0000156481 devstack@m-api.service[87582]: DEBUG manila.api.openstack.wsgi [None req-2446aa3c-995a-4884-a3d0-069a9aa50f3e tempest-MigrationWithDifferentSnapshotSupportNFSTest-1331243227 tempest-MigrationWithDifferentSnapshotSupportNFSTest-1331243227-project-admin] Empty body provided in request {{(pid=87582) get_body /opt/stack/manila/manila/api/openstack/wsgi.py:652}}
Feb 19 02:42:46.947667 np0000156481 devstack@m-api.service[87582]: DEBUG manila.api.openstack.wsgi [None req-2446aa3c-995a-4884-a3d0-069a9aa50f3e tempest-MigrationWithDifferentSnapshotSupportNFSTest-1331243227 tempest-MigrationWithDifferentSnapshotSupportNFSTest-1331243227-project-admin] Calling method 'ShareMixin.show' {{(pid=87582) _process_stack /opt/stack/manila/manila/api/openstack/wsgi.py:798}}
Feb 19 02:42:46.954253 np0000156481 devstack@m-api.service[87581]: INFO manila.api.openstack.wsgi [None req-703ad6c0-88c1-4b3a-8bbd-370b970c7fd8 tempest-ReplicationAdminTest-649857771 tempest-ReplicationAdminTest-649857771-project-admin] https://199.19.213.96/share/v2/d64f5abb85a847cfb1c4c31fd2457d65/share-replicas returned with HTTP 202
Feb 19 02:42:46.954846 np0000156481 devstack@m-api.service[87581]: [pid: 87581|app: 0|req: 50/93] 199.19.213.96 () {72 vars in 1494 bytes} [Thu Feb 19 02:42:46 2026] POST /share/v2/d64f5abb85a847cfb1c4c31fd2457d65/share-replicas => generated 327 bytes in 178 msecs (HTTP/1.1 202) 8 headers in 346 bytes (1 switches on core 0)
Feb 19 02:42:46.957677 np0000156481 devstack@m-api.service[87581]: INFO manila.api.openstack.wsgi [None req-d3ce2c1b-5ef7-4e93-82ae-5407e38e46ca tempest-ReplicationActionsAdminTest-1944799921 tempest-ReplicationActionsAdminTest-1944799921-project-admin] GET https://199.19.213.96/share/v2/f445dd8bfa5a4eea9fff523fdbe83ef5/shares/1cd135e6-4e02-4b09-8c24-ec378fa4077f
Feb 19 02:42:46.957946 np0000156481 devstack@m-api.service[87581]: DEBUG manila.api.openstack.wsgi [None req-d3ce2c1b-5ef7-4e93-82ae-5407e38e46ca tempest-ReplicationActionsAdminTest-1944799921 tempest-ReplicationActionsAdminTest-1944799921-project-admin] Empty body provided in request {{(pid=87581) get_body /opt/stack/manila/manila/api/openstack/wsgi.py:652}}
Feb 19 02:42:46.958168 np0000156481 devstack@m-api.service[87581]: DEBUG manila.api.openstack.wsgi [None req-d3ce2c1b-5ef7-4e93-82ae-5407e38e46ca tempest-ReplicationActionsAdminTest-1944799921 tempest-ReplicationActionsAdminTest-1944799921-project-admin] Calling method 'ShareMixin.show' {{(pid=87581) _process_stack /opt/stack/manila/manila/api/openstack/wsgi.py:798}}
Feb 19 02:42:46.961991 np0000156481 devstack@m-api.service[87582]: INFO manila.api.openstack.wsgi [None req-2446aa3c-995a-4884-a3d0-069a9aa50f3e tempest-MigrationWithDifferentSnapshotSupportNFSTest-1331243227 tempest-MigrationWithDifferentSnapshotSupportNFSTest-1331243227-project-admin] https://199.19.213.96/share/v2/504a998ce605475e800ee071e976a257/shares/0b5555c0-15d2-4147-be3c-a0689c518b98 returned with HTTP 200
Feb 19 02:42:46.961991 np0000156481 devstack@m-api.service[87582]: [pid: 87582|app: 0|req: 44/94] 199.19.213.96 () {68 vars in 1511 bytes} [Thu Feb 19 02:42:46 2026] GET /share/v2/504a998ce605475e800ee071e976a257/shares/0b5555c0-15d2-4147-be3c-a0689c518b98 => generated 1471 bytes in 16 msecs (HTTP/1.1 200) 7 headers in 298 bytes (1 switches on core 0)
Feb 19 02:42:46.964295 np0000156481 devstack@m-api.service[87582]: INFO manila.api.openstack.wsgi [None req-88b8fd34-7e03-4d3b-bdfe-f0a1d5904a32 tempest-MigrationTwoPhaseNFSTest-177544755 tempest-MigrationTwoPhaseNFSTest-177544755-project-admin] GET https://199.19.213.96/share/v2/f6b2781e39f64007ab53d4a2b272828b/shares/c52b05df-0d3b-44b1-ba41-ce91cbe5be9c
Feb 19 02:42:46.964600 np0000156481 devstack@m-api.service[87582]: DEBUG manila.api.openstack.wsgi [None req-88b8fd34-7e03-4d3b-bdfe-f0a1d5904a32 tempest-MigrationTwoPhaseNFSTest-177544755 tempest-MigrationTwoPhaseNFSTest-177544755-project-admin] Empty body provided in request {{(pid=87582) get_body /opt/stack/manila/manila/api/openstack/wsgi.py:652}}
Feb 19 02:42:46.964812 np0000156481 devstack@m-api.service[87582]: DEBUG manila.api.openstack.wsgi [None req-88b8fd34-7e03-4d3b-bdfe-f0a1d5904a32 tempest-MigrationTwoPhaseNFSTest-177544755 tempest-MigrationTwoPhaseNFSTest-177544755-project-admin] Calling method 'ShareMixin.show' {{(pid=87582) _process_stack /opt/stack/manila/manila/api/openstack/wsgi.py:798}}
Feb 19 02:42:46.976575 np0000156481 devstack@m-api.service[87581]: INFO manila.api.openstack.wsgi [None req-d3ce2c1b-5ef7-4e93-82ae-5407e38e46ca tempest-ReplicationActionsAdminTest-1944799921 tempest-ReplicationActionsAdminTest-1944799921-project-admin] https://199.19.213.96/share/v2/f445dd8bfa5a4eea9fff523fdbe83ef5/shares/1cd135e6-4e02-4b09-8c24-ec378fa4077f returned with HTTP 200
Feb 19 02:42:46.976968 np0000156481 devstack@m-api.service[87581]: [pid: 87581|app: 0|req: 51/95] 199.19.213.96 () {68 vars in 1511 bytes} [Thu Feb 19 02:42:46 2026] GET /share/v2/f445dd8bfa5a4eea9fff523fdbe83ef5/shares/1cd135e6-4e02-4b09-8c24-ec378fa4077f => generated 1423 bytes in 22 msecs (HTTP/1.1 200) 7 headers in 298 bytes (1 switches on core 0)
Feb 19 02:42:46.979544 np0000156481 devstack@m-api.service[87581]: INFO manila.api.openstack.wsgi [None req-1eabcd8e-b56c-4bcb-8eca-5519b4ebf288 tempest-ReplicationAdminTest-649857771 tempest-ReplicationAdminTest-649857771-project-admin] GET https://199.19.213.96/share/v2/d64f5abb85a847cfb1c4c31fd2457d65/share-replicas/15792de1-0a77-4129-9df7-e4131e6a0831
Feb 19 02:42:46.979679 np0000156481 devstack@m-api.service[87581]: DEBUG manila.api.openstack.wsgi [None req-1eabcd8e-b56c-4bcb-8eca-5519b4ebf288 tempest-ReplicationAdminTest-649857771 tempest-ReplicationAdminTest-649857771-project-admin] Empty body provided in request {{(pid=87581) get_body /opt/stack/manila/manila/api/openstack/wsgi.py:652}}
Feb 19 02:42:46.979835 np0000156481 devstack@m-api.service[87581]: DEBUG manila.api.openstack.wsgi [None req-1eabcd8e-b56c-4bcb-8eca-5519b4ebf288 tempest-ReplicationAdminTest-649857771 tempest-ReplicationAdminTest-649857771-project-admin] Calling method 'Controller.__getattribute__..version_select' {{(pid=87581) _process_stack /opt/stack/manila/manila/api/openstack/wsgi.py:798}}
Feb 19 02:42:46.988101 np0000156481 devstack@m-api.service[87582]: INFO manila.api.openstack.wsgi [None req-88b8fd34-7e03-4d3b-bdfe-f0a1d5904a32 tempest-MigrationTwoPhaseNFSTest-177544755 tempest-MigrationTwoPhaseNFSTest-177544755-project-admin] https://199.19.213.96/share/v2/f6b2781e39f64007ab53d4a2b272828b/shares/c52b05df-0d3b-44b1-ba41-ce91cbe5be9c returned with HTTP 200
Feb 19 02:42:46.988474 np0000156481 devstack@m-api.service[87582]: [pid: 87582|app: 0|req: 45/96] 199.19.213.96 () {68 vars in 1511 bytes} [Thu Feb 19 02:42:46 2026] GET /share/v2/f6b2781e39f64007ab53d4a2b272828b/shares/c52b05df-0d3b-44b1-ba41-ce91cbe5be9c => generated 1455 bytes in 26 msecs (HTTP/1.1 200) 7 headers in 298 bytes (1 switches on core 0)
Feb 19 02:42:46.990600 np0000156481 devstack@m-api.service[87582]: INFO manila.api.openstack.wsgi [None req-9c882de8-dd8c-4a49-9f42-03e3f03bcbb7 tempest-MigrationWithDifferentSnapshotSupportNFSTest-1331243227 tempest-MigrationWithDifferentSnapshotSupportNFSTest-1331243227-project-admin] GET https://199.19.213.96/share/v2/504a998ce605475e800ee071e976a257/shares/0b5555c0-15d2-4147-be3c-a0689c518b98
Feb 19 02:42:46.990725 np0000156481 devstack@m-api.service[87582]: DEBUG manila.api.openstack.wsgi [None req-9c882de8-dd8c-4a49-9f42-03e3f03bcbb7 tempest-MigrationWithDifferentSnapshotSupportNFSTest-1331243227 tempest-MigrationWithDifferentSnapshotSupportNFSTest-1331243227-project-admin] Empty body provided in request {{(pid=87582) get_body /opt/stack/manila/manila/api/openstack/wsgi.py:652}}
Feb 19 02:42:46.990887 np0000156481 devstack@m-api.service[87582]: DEBUG manila.api.openstack.wsgi [None req-9c882de8-dd8c-4a49-9f42-03e3f03bcbb7 tempest-MigrationWithDifferentSnapshotSupportNFSTest-1331243227 tempest-MigrationWithDifferentSnapshotSupportNFSTest-1331243227-project-admin] Calling method 'ShareMixin.show' {{(pid=87582) _process_stack /opt/stack/manila/manila/api/openstack/wsgi.py:798}}
Feb 19 02:42:47.002035 np0000156481 devstack@m-api.service[87582]: INFO manila.api.openstack.wsgi [None req-9c882de8-dd8c-4a49-9f42-03e3f03bcbb7 tempest-MigrationWithDifferentSnapshotSupportNFSTest-1331243227 tempest-MigrationWithDifferentSnapshotSupportNFSTest-1331243227-project-admin] https://199.19.213.96/share/v2/504a998ce605475e800ee071e976a257/shares/0b5555c0-15d2-4147-be3c-a0689c518b98 returned with HTTP 200
Feb 19 02:42:47.002358 np0000156481 devstack@m-api.service[87582]: [pid: 87582|app: 0|req: 46/97] 199.19.213.96 () {68 vars in 1511 bytes} [Thu Feb 19 02:42:46 2026] GET /share/v2/504a998ce605475e800ee071e976a257/shares/0b5555c0-15d2-4147-be3c-a0689c518b98 => generated 1471 bytes in 13 msecs (HTTP/1.1 200) 7 headers in 298 bytes (1 switches on core 0)
Feb 19 02:42:47.004946 np0000156481 devstack@m-api.service[87582]: INFO manila.api.openstack.wsgi [None req-1b76cdfd-70be-4092-a256-4b606edbe7aa tempest-ReplicationActionsAdminTest-1944799921 tempest-ReplicationActionsAdminTest-1944799921-project-admin] GET https://199.19.213.96/share/v2/f445dd8bfa5a4eea9fff523fdbe83ef5/share-replicas/detail?share_id=1cd135e6-4e02-4b09-8c24-ec378fa4077f
Feb 19 02:42:47.004946 np0000156481 devstack@m-api.service[87582]: DEBUG manila.api.openstack.wsgi [None req-1b76cdfd-70be-4092-a256-4b606edbe7aa tempest-ReplicationActionsAdminTest-1944799921 tempest-ReplicationActionsAdminTest-1944799921-project-admin] Empty body provided in request {{(pid=87582) get_body /opt/stack/manila/manila/api/openstack/wsgi.py:652}}
Feb 19 02:42:47.004946 np0000156481 devstack@m-api.service[87582]: DEBUG manila.api.openstack.wsgi [None req-1b76cdfd-70be-4092-a256-4b606edbe7aa tempest-ReplicationActionsAdminTest-1944799921 tempest-ReplicationActionsAdminTest-1944799921-project-admin] Calling method 'Controller.__getattribute__..version_select' {{(pid=87582) _process_stack /opt/stack/manila/manila/api/openstack/wsgi.py:798}}
Feb 19 02:42:47.006227 np0000156481 devstack@m-api.service[87581]: INFO manila.api.openstack.wsgi [None req-1eabcd8e-b56c-4bcb-8eca-5519b4ebf288 tempest-ReplicationAdminTest-649857771 tempest-ReplicationAdminTest-649857771-project-admin] https://199.19.213.96/share/v2/d64f5abb85a847cfb1c4c31fd2457d65/share-replicas/15792de1-0a77-4129-9df7-e4131e6a0831 returned with HTTP 200
Feb 19 02:42:47.006924 np0000156481 devstack@m-api.service[87581]: [pid: 87581|app: 0|req: 52/98] 199.19.213.96 () {68 vars in 1535 bytes} [Thu Feb 19 02:42:46 2026] GET /share/v2/d64f5abb85a847cfb1c4c31fd2457d65/share-replicas/15792de1-0a77-4129-9df7-e4131e6a0831 => generated 392 bytes in 29 msecs (HTTP/1.1 200) 7 headers in 297 bytes (1 switches on core 0)
Feb 19 02:42:47.008957 np0000156481 devstack@m-api.service[87581]: INFO manila.api.openstack.wsgi [None req-38a7feb4-c5d5-4fb5-917b-118225dbb8cd tempest-MigrationTwoPhaseNFSTest-177544755 tempest-MigrationTwoPhaseNFSTest-177544755-project-admin] GET https://199.19.213.96/share/v2/f6b2781e39f64007ab53d4a2b272828b/shares/c52b05df-0d3b-44b1-ba41-ce91cbe5be9c/export_locations
Feb 19 02:42:47.009225 np0000156481 devstack@m-api.service[87581]: DEBUG manila.api.openstack.wsgi [None req-38a7feb4-c5d5-4fb5-917b-118225dbb8cd tempest-MigrationTwoPhaseNFSTest-177544755 tempest-MigrationTwoPhaseNFSTest-177544755-project-admin] Empty body provided in request {{(pid=87581) get_body /opt/stack/manila/manila/api/openstack/wsgi.py:652}}
Feb 19 02:42:47.009469 np0000156481 devstack@m-api.service[87581]: DEBUG manila.api.openstack.wsgi [None req-38a7feb4-c5d5-4fb5-917b-118225dbb8cd tempest-MigrationTwoPhaseNFSTest-177544755 tempest-MigrationTwoPhaseNFSTest-177544755-project-admin] Calling method 'Controller.__getattribute__..version_select' {{(pid=87581) _process_stack /opt/stack/manila/manila/api/openstack/wsgi.py:798}}
Feb 19 02:42:47.013373 np0000156481 devstack@m-api.service[87582]: INFO manila.api.openstack.wsgi [None req-1b76cdfd-70be-4092-a256-4b606edbe7aa tempest-ReplicationActionsAdminTest-1944799921 tempest-ReplicationActionsAdminTest-1944799921-project-admin] https://199.19.213.96/share/v2/f445dd8bfa5a4eea9fff523fdbe83ef5/share-replicas/detail?share_id=1cd135e6-4e02-4b09-8c24-ec378fa4077f returned with HTTP 200
Feb 19 02:42:47.014102 np0000156481 devstack@m-api.service[87582]: [pid: 87582|app: 0|req: 47/99] 199.19.213.96 () {68 vars in 1536 bytes} [Thu Feb 19 02:42:47 2026] GET /share/v2/f445dd8bfa5a4eea9fff523fdbe83ef5/share-replicas/detail?share_id=1cd135e6-4e02-4b09-8c24-ec378fa4077f => generated 417 bytes in 11 msecs (HTTP/1.1 200) 7 headers in 297 bytes (1 switches on core 0)
Feb 19 02:42:47.016252 np0000156481 devstack@m-api.service[87582]: INFO manila.api.openstack.wsgi [None req-7fe37379-0839-4e4f-bcf7-09afe47259b3 tempest-MigrationWithDifferentSnapshotSupportNFSTest-1331243227 tempest-MigrationWithDifferentSnapshotSupportNFSTest-1331243227-project-admin] POST https://199.19.213.96/share/v2/504a998ce605475e800ee071e976a257/shares/0b5555c0-15d2-4147-be3c-a0689c518b98/action
Feb 19 02:42:47.016889 np0000156481 devstack@m-api.service[87582]: DEBUG manila.api.openstack.wsgi [None req-7fe37379-0839-4e4f-bcf7-09afe47259b3 tempest-MigrationWithDifferentSnapshotSupportNFSTest-1331243227 tempest-MigrationWithDifferentSnapshotSupportNFSTest-1331243227-project-admin] Action body: b'{"migration_start": {"host": "np0000156481@paris#gamma", "force_host_assisted_migration": true, "new_share_network_id": null, "new_share_type_id": "0892835f-cc55-49a0-ade9-18f79f87101d", "writable": false, "preserve_metadata": false, "preserve_snapshots": false, "nondisruptive": false}}' {{(pid=87582) get_method /opt/stack/manila/manila/api/openstack/wsgi.py:912}}
Feb 19 02:42:47.017061 np0000156481 devstack@m-api.service[87582]: DEBUG manila.api.openstack.wsgi [None req-7fe37379-0839-4e4f-bcf7-09afe47259b3 tempest-MigrationWithDifferentSnapshotSupportNFSTest-1331243227 tempest-MigrationWithDifferentSnapshotSupportNFSTest-1331243227-project-admin] Action: 'action', calling method: Controller.__getattribute__..version_select, body: {"migration_start": {"host": "np0000156481@paris#gamma", "force_host_assisted_migration": true, "new_share_network_id": null, "new_share_type_id": "0892835f-cc55-49a0-ade9-18f79f87101d", "writable": false, "preserve_metadata": false, "preserve_snapshots": false, "nondisruptive": false}} {{(pid=87582) _process_stack /opt/stack/manila/manila/api/openstack/wsgi.py:796}}
Feb 19 02:42:47.081839 np0000156481 devstack@m-api.service[87581]: INFO manila.api.openstack.wsgi [None req-38a7feb4-c5d5-4fb5-917b-118225dbb8cd tempest-MigrationTwoPhaseNFSTest-177544755 tempest-MigrationTwoPhaseNFSTest-177544755-project-admin] https://199.19.213.96/share/v2/f6b2781e39f64007ab53d4a2b272828b/shares/c52b05df-0d3b-44b1-ba41-ce91cbe5be9c/export_locations returned with HTTP 200
Feb 19 02:42:47.082236 np0000156481 devstack@m-api.service[87581]: [pid: 87581|app: 0|req: 53/100] 199.19.213.96 () {68 vars in 1562 bytes} [Thu Feb 19 02:42:47 2026] GET /share/v2/f6b2781e39f64007ab53d4a2b272828b/shares/c52b05df-0d3b-44b1-ba41-ce91cbe5be9c/export_locations => generated 519 bytes in 75 msecs (HTTP/1.1 200) 7 headers in 297 bytes (1 switches on core 0)
Feb 19 02:42:47.084183 np0000156481 devstack@m-api.service[87581]: INFO manila.api.openstack.wsgi [None req-e6c8a8cb-df05-417c-936d-17b226482a65 tempest-ReplicationActionsAdminTest-1944799921 tempest-ReplicationActionsAdminTest-1944799921-project-admin] POST https://199.19.213.96/share/v2/f445dd8bfa5a4eea9fff523fdbe83ef5/shares
Feb 19 02:42:47.084484 np0000156481 devstack@m-api.service[87581]: DEBUG manila.api.openstack.wsgi [None req-e6c8a8cb-df05-417c-936d-17b226482a65 tempest-ReplicationActionsAdminTest-1944799921 tempest-ReplicationActionsAdminTest-1944799921-project-admin] Action: 'create', calling method: Controller.__getattribute__..version_select, body: {"share": {"share_proto": "nfs", "description": "Tempest's share", "snapshot_id": null, "name": "tempest-tempest-created-share-1766492432", "size": 1, "metadata": {}, "is_public": false, "availability_zone": "manila-zone-0", "share_type": "0adc897d-f890-40a3-9794-0d55d57b1810"}} {{(pid=87581) _process_stack /opt/stack/manila/manila/api/openstack/wsgi.py:796}}
Feb 19 02:42:47.085208 np0000156481 devstack@m-api.service[87581]: INFO manila.api.v2.shares [None req-e6c8a8cb-df05-417c-936d-17b226482a65 tempest-ReplicationActionsAdminTest-1944799921 tempest-ReplicationActionsAdminTest-1944799921-project-admin] Create NFS share of 1 GB
Feb 19 02:42:47.109801 np0000156481 devstack@m-api.service[87582]: DEBUG manila.quota [None req-7fe37379-0839-4e4f-bcf7-09afe47259b3 tempest-MigrationWithDifferentSnapshotSupportNFSTest-1331243227 tempest-MigrationWithDifferentSnapshotSupportNFSTest-1331243227-project-admin] Created reservations ['fd851cc2-1ca0-4ef1-a83b-147e607c286e', '0be677f9-9a0e-46a0-9fca-85fbf8e56b79', '1dd42087-fddd-41d1-a4af-9fb26f463555', '2385ebea-a65f-4fa6-976c-09f802a50d46'] {{(pid=87582) reserve /opt/stack/manila/manila/quota.py:1038}}
Feb 19 02:42:47.123395 np0000156481 devstack@m-api.service[87582]: DEBUG manila.quota [None req-7fe37379-0839-4e4f-bcf7-09afe47259b3 tempest-MigrationWithDifferentSnapshotSupportNFSTest-1331243227 tempest-MigrationWithDifferentSnapshotSupportNFSTest-1331243227-project-admin] Committed reservations ['fd851cc2-1ca0-4ef1-a83b-147e607c286e', '0be677f9-9a0e-46a0-9fca-85fbf8e56b79', '1dd42087-fddd-41d1-a4af-9fb26f463555', '2385ebea-a65f-4fa6-976c-09f802a50d46'] {{(pid=87582) commit /opt/stack/manila/manila/quota.py:1066}}
Feb 19 02:42:47.131481 np0000156481 devstack@m-api.service[87581]: DEBUG manila.quota [None req-e6c8a8cb-df05-417c-936d-17b226482a65 tempest-ReplicationActionsAdminTest-1944799921 tempest-ReplicationActionsAdminTest-1944799921-project-admin] Created reservations ['76a78fef-956a-4b3a-aa4a-234f6508387f', 'e6516b28-1cb4-4a1c-8542-314db5778df6', '92765e4d-0525-4eb6-823e-ead962284af3', '1d3e7f01-1850-45a7-b9ca-dfd9d9f2c8c4', 'b1e26bbc-bc28-4c49-b3ad-6b7fdde6eef9', '0f6aa343-dd65-48c4-a9b3-afb7ea8149d2', 'd16df023-5a1a-4acc-a132-3d6dae34d86b', '4a9bbd26-4618-4cfd-8ae3-8b28ab1610a5'] {{(pid=87581) reserve /opt/stack/manila/manila/quota.py:1038}}
Feb 19 02:42:47.159906 np0000156481 devstack@m-api.service[87581]: DEBUG manila.quota [None req-e6c8a8cb-df05-417c-936d-17b226482a65 tempest-ReplicationActionsAdminTest-1944799921 tempest-ReplicationActionsAdminTest-1944799921-project-admin] Committed reservations ['76a78fef-956a-4b3a-aa4a-234f6508387f', 'e6516b28-1cb4-4a1c-8542-314db5778df6', '92765e4d-0525-4eb6-823e-ead962284af3', '1d3e7f01-1850-45a7-b9ca-dfd9d9f2c8c4', 'b1e26bbc-bc28-4c49-b3ad-6b7fdde6eef9', '0f6aa343-dd65-48c4-a9b3-afb7ea8149d2', 'd16df023-5a1a-4acc-a132-3d6dae34d86b', '4a9bbd26-4618-4cfd-8ae3-8b28ab1610a5'] {{(pid=87581) commit /opt/stack/manila/manila/quota.py:1066}}
Feb 19 02:42:47.196466 np0000156481 devstack@m-api.service[87582]: INFO manila.api.openstack.wsgi [None req-7fe37379-0839-4e4f-bcf7-09afe47259b3 tempest-MigrationWithDifferentSnapshotSupportNFSTest-1331243227 tempest-MigrationWithDifferentSnapshotSupportNFSTest-1331243227-project-admin] https://199.19.213.96/share/v2/504a998ce605475e800ee071e976a257/shares/0b5555c0-15d2-4147-be3c-a0689c518b98/action returned with HTTP 202
Feb 19 02:42:47.196972 np0000156481 devstack@m-api.service[87582]: [pid: 87582|app: 0|req: 48/101] 199.19.213.96 () {72 vars in 1602 bytes} [Thu Feb 19 02:42:47 2026] POST /share/v2/504a998ce605475e800ee071e976a257/shares/0b5555c0-15d2-4147-be3c-a0689c518b98/action => generated 0 bytes in 183 msecs (HTTP/1.1 202) 8 headers in 352 bytes (1 switches on core 0)
Feb 19 02:42:47.199758 np0000156481 devstack@m-api.service[87582]: INFO manila.api.openstack.wsgi [None req-fa8d6098-cdbb-4e79-abbb-f83fe6d1aa10 tempest-MigrationTwoPhaseNFSTest-177544755 tempest-MigrationTwoPhaseNFSTest-177544755-project-admin] POST https://199.19.213.96/share/v2/f6b2781e39f64007ab53d4a2b272828b/shares/c52b05df-0d3b-44b1-ba41-ce91cbe5be9c/action
Feb 19 02:42:47.200179 np0000156481 devstack@m-api.service[87582]: DEBUG manila.api.openstack.wsgi [None req-fa8d6098-cdbb-4e79-abbb-f83fe6d1aa10 tempest-MigrationTwoPhaseNFSTest-177544755 tempest-MigrationTwoPhaseNFSTest-177544755-project-admin] Action body: b'{"allow_access": {"access_type": "ip", "access_to": "50.50.50.50", "access_level": "rw"}}' {{(pid=87582) get_method /opt/stack/manila/manila/api/openstack/wsgi.py:912}}
Feb 19 02:42:47.200358 np0000156481 devstack@m-api.service[87582]: DEBUG manila.api.openstack.wsgi [None req-fa8d6098-cdbb-4e79-abbb-f83fe6d1aa10 tempest-MigrationTwoPhaseNFSTest-177544755 tempest-MigrationTwoPhaseNFSTest-177544755-project-admin] Action: 'action', calling method: Controller.__getattribute__..version_select, body: {"allow_access": {"access_type": "ip", "access_to": "50.50.50.50", "access_level": "rw"}} {{(pid=87582) _process_stack /opt/stack/manila/manila/api/openstack/wsgi.py:796}}
Feb 19 02:42:47.214862 np0000156481 devstack@m-api.service[87581]: INFO manila.api.openstack.wsgi [None req-e6c8a8cb-df05-417c-936d-17b226482a65 tempest-ReplicationActionsAdminTest-1944799921 tempest-ReplicationActionsAdminTest-1944799921-project-admin] https://199.19.213.96/share/v2/f445dd8bfa5a4eea9fff523fdbe83ef5/shares returned with HTTP 200
Feb 19 02:42:47.215232 np0000156481 devstack@m-api.service[87581]: [pid: 87581|app: 0|req: 54/102] 199.19.213.96 () {70 vars in 1422 bytes} [Thu Feb 19 02:42:47 2026] POST /share/v2/f445dd8bfa5a4eea9fff523fdbe83ef5/shares => generated 1395 bytes in 132 msecs (HTTP/1.1 200) 7 headers in 298 bytes (1 switches on core 0)
Feb 19 02:42:47.217186 np0000156481 devstack@m-api.service[87581]: INFO manila.api.openstack.wsgi [None req-268f3cd8-a904-477b-a9ae-fc445a6a2b41 tempest-MigrationWithDifferentSnapshotSupportNFSTest-1331243227 tempest-MigrationWithDifferentSnapshotSupportNFSTest-1331243227-project-admin] GET https://199.19.213.96/share/v2/504a998ce605475e800ee071e976a257/shares/0b5555c0-15d2-4147-be3c-a0689c518b98
Feb 19 02:42:47.217287 np0000156481 devstack@m-api.service[87581]: DEBUG manila.api.openstack.wsgi [None req-268f3cd8-a904-477b-a9ae-fc445a6a2b41 tempest-MigrationWithDifferentSnapshotSupportNFSTest-1331243227 tempest-MigrationWithDifferentSnapshotSupportNFSTest-1331243227-project-admin] Empty body provided in request {{(pid=87581) get_body /opt/stack/manila/manila/api/openstack/wsgi.py:652}}
Feb 19 02:42:47.217504 np0000156481 devstack@m-api.service[87581]: DEBUG manila.api.openstack.wsgi [None req-268f3cd8-a904-477b-a9ae-fc445a6a2b41 tempest-MigrationWithDifferentSnapshotSupportNFSTest-1331243227 tempest-MigrationWithDifferentSnapshotSupportNFSTest-1331243227-project-admin] Calling method 'ShareMixin.show' {{(pid=87581) _process_stack /opt/stack/manila/manila/api/openstack/wsgi.py:798}}
Feb 19 02:42:47.229708 np0000156481 devstack@m-api.service[87581]: INFO manila.api.openstack.wsgi [None req-268f3cd8-a904-477b-a9ae-fc445a6a2b41 tempest-MigrationWithDifferentSnapshotSupportNFSTest-1331243227 tempest-MigrationWithDifferentSnapshotSupportNFSTest-1331243227-project-admin] https://199.19.213.96/share/v2/504a998ce605475e800ee071e976a257/shares/0b5555c0-15d2-4147-be3c-a0689c518b98 returned with HTTP 200
Feb 19 02:42:47.230139 np0000156481 devstack@m-api.service[87581]: [pid: 87581|app: 0|req: 55/103] 199.19.213.96 () {68 vars in 1511 bytes} [Thu Feb 19 02:42:47 2026] GET /share/v2/504a998ce605475e800ee071e976a257/shares/0b5555c0-15d2-4147-be3c-a0689c518b98 => generated 1487 bytes in 14 msecs (HTTP/1.1 200) 7 headers in 298 bytes (1 switches on core 0)
Feb 19 02:42:47.232111 np0000156481 devstack@m-api.service[87581]: INFO manila.api.openstack.wsgi [None req-41571c3f-77d9-4e96-aa42-daeb166247df tempest-ReplicationActionsAdminTest-1944799921 tempest-ReplicationActionsAdminTest-1944799921-project-admin] GET https://199.19.213.96/share/v2/f445dd8bfa5a4eea9fff523fdbe83ef5/shares/51715c11-f198-4f46-9ce0-873fd9e69530
Feb 19 02:42:47.232283 np0000156481 devstack@m-api.service[87581]: DEBUG manila.api.openstack.wsgi [None req-41571c3f-77d9-4e96-aa42-daeb166247df tempest-ReplicationActionsAdminTest-1944799921 tempest-ReplicationActionsAdminTest-1944799921-project-admin] Empty body provided in request {{(pid=87581) get_body /opt/stack/manila/manila/api/openstack/wsgi.py:652}}
Feb 19 02:42:47.232446 np0000156481 devstack@m-api.service[87581]: DEBUG manila.api.openstack.wsgi [None req-41571c3f-77d9-4e96-aa42-daeb166247df tempest-ReplicationActionsAdminTest-1944799921 tempest-ReplicationActionsAdminTest-1944799921-project-admin] Calling method 'ShareMixin.show' {{(pid=87581) _process_stack /opt/stack/manila/manila/api/openstack/wsgi.py:798}}
Feb 19 02:42:47.245712 np0000156481 devstack@m-api.service[87581]: INFO manila.api.openstack.wsgi [None req-41571c3f-77d9-4e96-aa42-daeb166247df tempest-ReplicationActionsAdminTest-1944799921 tempest-ReplicationActionsAdminTest-1944799921-project-admin] https://199.19.213.96/share/v2/f445dd8bfa5a4eea9fff523fdbe83ef5/shares/51715c11-f198-4f46-9ce0-873fd9e69530 returned with HTTP 200
Feb 19 02:42:47.246030 np0000156481 devstack@m-api.service[87581]: [pid: 87581|app: 0|req: 56/104] 199.19.213.96 () {68 vars in 1511 bytes} [Thu Feb 19 02:42:47 2026] GET /share/v2/f445dd8bfa5a4eea9fff523fdbe83ef5/shares/51715c11-f198-4f46-9ce0-873fd9e69530 => generated 1395 bytes in 15 msecs (HTTP/1.1 200) 7 headers in 298 bytes (1 switches on core 0)
Feb 19 02:42:47.258694 np0000156481 devstack@m-api.service[87582]: DEBUG oslo_concurrency.lockutils [None req-fa8d6098-cdbb-4e79-abbb-f83fe6d1aa10 tempest-MigrationTwoPhaseNFSTest-177544755 tempest-MigrationTwoPhaseNFSTest-177544755-project-admin] Acquiring lock "locked_access_rules_operation_by_share_instance_66848d9c-61e2-49b1-bc90-3d95c62201e6" by "manila.share.access.locked_access_rules_operation..wrapped..locked_operation" {{(pid=87582) inner /opt/stack/data/venv/lib/python3.12/site-packages/oslo_concurrency/lockutils.py:506}}
Feb 19 02:42:47.259338 np0000156481 devstack@m-api.service[87582]: DEBUG oslo_concurrency.lockutils [None req-fa8d6098-cdbb-4e79-abbb-f83fe6d1aa10 tempest-MigrationTwoPhaseNFSTest-177544755 tempest-MigrationTwoPhaseNFSTest-177544755-project-admin] Lock "locked_access_rules_operation_by_share_instance_66848d9c-61e2-49b1-bc90-3d95c62201e6" acquired by "manila.share.access.locked_access_rules_operation..wrapped..locked_operation" :: waited 0.001s {{(pid=87582) inner /opt/stack/data/venv/lib/python3.12/site-packages/oslo_concurrency/lockutils.py:519}}
Feb 19 02:42:47.304573 np0000156481 devstack@m-api.service[87582]: DEBUG oslo_concurrency.lockutils [None req-fa8d6098-cdbb-4e79-abbb-f83fe6d1aa10 tempest-MigrationTwoPhaseNFSTest-177544755 tempest-MigrationTwoPhaseNFSTest-177544755-project-admin] Lock "locked_access_rules_operation_by_share_instance_66848d9c-61e2-49b1-bc90-3d95c62201e6" "released" by "manila.share.access.locked_access_rules_operation..wrapped..locked_operation" :: held 0.045s {{(pid=87582) inner /opt/stack/data/venv/lib/python3.12/site-packages/oslo_concurrency/lockutils.py:538}}
Feb 19 02:42:47.306185 np0000156481 devstack@m-api.service[87582]: INFO manila.api.openstack.wsgi [None req-fa8d6098-cdbb-4e79-abbb-f83fe6d1aa10 tempest-MigrationTwoPhaseNFSTest-177544755 tempest-MigrationTwoPhaseNFSTest-177544755-project-admin] https://199.19.213.96/share/v2/f6b2781e39f64007ab53d4a2b272828b/shares/c52b05df-0d3b-44b1-ba41-ce91cbe5be9c/action returned with HTTP 200
Feb 19 02:42:47.306737 np0000156481 devstack@m-api.service[87582]: [pid: 87582|app: 0|req: 49/105] 199.19.213.96 () {70 vars in 1553 bytes} [Thu Feb 19 02:42:47 2026] POST /share/v2/f6b2781e39f64007ab53d4a2b272828b/shares/c52b05df-0d3b-44b1-ba41-ce91cbe5be9c/action => generated 309 bytes in 109 msecs (HTTP/1.1 200) 7 headers in 297 bytes (1 switches on core 0)
Feb 19 02:42:47.317561 np0000156481 devstack@m-api.service[87581]: INFO manila.api.openstack.wsgi [None req-642902c0-f370-47aa-817d-8235fd828476 tempest-MigrationTwoPhaseNFSTest-177544755 tempest-MigrationTwoPhaseNFSTest-177544755-project-admin] GET https://199.19.213.96/share/v2/f6b2781e39f64007ab53d4a2b272828b/shares/c52b05df-0d3b-44b1-ba41-ce91cbe5be9c
Feb 19 02:42:47.317960 np0000156481 devstack@m-api.service[87581]: DEBUG manila.api.openstack.wsgi [None req-642902c0-f370-47aa-817d-8235fd828476 tempest-MigrationTwoPhaseNFSTest-177544755 tempest-MigrationTwoPhaseNFSTest-177544755-project-admin] Empty body provided in request {{(pid=87581) get_body /opt/stack/manila/manila/api/openstack/wsgi.py:652}}
Feb 19 02:42:47.318281 np0000156481 devstack@m-api.service[87581]: DEBUG manila.api.openstack.wsgi [None req-642902c0-f370-47aa-817d-8235fd828476 tempest-MigrationTwoPhaseNFSTest-177544755 tempest-MigrationTwoPhaseNFSTest-177544755-project-admin] Calling method 'ShareMixin.show' {{(pid=87581) _process_stack /opt/stack/manila/manila/api/openstack/wsgi.py:798}}
Feb 19 02:42:47.334232 np0000156481 devstack@m-api.service[87581]: INFO manila.api.openstack.wsgi [None req-642902c0-f370-47aa-817d-8235fd828476 tempest-MigrationTwoPhaseNFSTest-177544755 tempest-MigrationTwoPhaseNFSTest-177544755-project-admin] https://199.19.213.96/share/v2/f6b2781e39f64007ab53d4a2b272828b/shares/c52b05df-0d3b-44b1-ba41-ce91cbe5be9c returned with HTTP 200
Feb 19 02:42:47.334591 np0000156481 devstack@m-api.service[87581]: [pid: 87581|app: 0|req: 57/106] 199.19.213.96 () {68 vars in 1511 bytes} [Thu Feb 19 02:42:47 2026] GET /share/v2/f6b2781e39f64007ab53d4a2b272828b/shares/c52b05df-0d3b-44b1-ba41-ce91cbe5be9c => generated 1456 bytes in 20 msecs (HTTP/1.1 200) 7 headers in 298 bytes (1 switches on core 0)
Feb 19 02:42:47.437442 np0000156481 devstack@m-api.service[87582]: INFO manila.api.openstack.wsgi [None req-8d41724d-bfad-4b1e-94a1-0b2abf3b30e5 tempest-SharesFromSnapshotAcrossPools-1974326921 tempest-SharesFromSnapshotAcrossPools-1974326921-project-member] GET https://199.19.213.96/share/v2/5264a70aecd4421fa501bb58815a0a7d/shares/519e46b6-aaab-41f2-8f83-610b3320be59
Feb 19 02:42:47.437639 np0000156481 devstack@m-api.service[87582]: DEBUG manila.api.openstack.wsgi [None req-8d41724d-bfad-4b1e-94a1-0b2abf3b30e5 tempest-SharesFromSnapshotAcrossPools-1974326921 tempest-SharesFromSnapshotAcrossPools-1974326921-project-member] Empty body provided in request {{(pid=87582) get_body /opt/stack/manila/manila/api/openstack/wsgi.py:652}}
Feb 19 02:42:47.437804 np0000156481 devstack@m-api.service[87582]: DEBUG manila.api.openstack.wsgi [None req-8d41724d-bfad-4b1e-94a1-0b2abf3b30e5 tempest-SharesFromSnapshotAcrossPools-1974326921 tempest-SharesFromSnapshotAcrossPools-1974326921-project-member] Calling method 'ShareMixin.show' {{(pid=87582) _process_stack /opt/stack/manila/manila/api/openstack/wsgi.py:798}}
Feb 19 02:42:47.450488 np0000156481 devstack@m-api.service[87582]: INFO manila.api.openstack.wsgi [None req-8d41724d-bfad-4b1e-94a1-0b2abf3b30e5 tempest-SharesFromSnapshotAcrossPools-1974326921 tempest-SharesFromSnapshotAcrossPools-1974326921-project-member] https://199.19.213.96/share/v2/5264a70aecd4421fa501bb58815a0a7d/shares/519e46b6-aaab-41f2-8f83-610b3320be59 returned with HTTP 200
Feb 19 02:42:47.450836 np0000156481 devstack@m-api.service[87582]: [pid: 87582|app: 0|req: 50/107] 199.19.213.96 () {68 vars in 1511 bytes} [Thu Feb 19 02:42:47 2026] GET /share/v2/5264a70aecd4421fa501bb58815a0a7d/shares/519e46b6-aaab-41f2-8f83-610b3320be59 => generated 1356 bytes in 17 msecs (HTTP/1.1 200) 7 headers in 298 bytes (1 switches on core 0)
Feb 19 02:42:47.465611 np0000156481 devstack@m-api.service[87581]: INFO manila.api.openstack.wsgi [None req-bdf5fbcf-086c-4d84-926c-0a0bb1454a79 tempest-SharesFromSnapshotAcrossPools-2090272197 tempest-SharesFromSnapshotAcrossPools-2090272197-project-admin] GET https://199.19.213.96/share/v2/c6e8cfbad7ba4f73af2929730eb3a7dc/shares/519e46b6-aaab-41f2-8f83-610b3320be59
Feb 19 02:42:47.465807 np0000156481 devstack@m-api.service[87581]: DEBUG manila.api.openstack.wsgi [None req-bdf5fbcf-086c-4d84-926c-0a0bb1454a79 tempest-SharesFromSnapshotAcrossPools-2090272197 tempest-SharesFromSnapshotAcrossPools-2090272197-project-admin] Empty body provided in request {{(pid=87581) get_body /opt/stack/manila/manila/api/openstack/wsgi.py:652}}
Feb 19 02:42:47.465962 np0000156481 devstack@m-api.service[87581]: DEBUG manila.api.openstack.wsgi [None req-bdf5fbcf-086c-4d84-926c-0a0bb1454a79 tempest-SharesFromSnapshotAcrossPools-2090272197 tempest-SharesFromSnapshotAcrossPools-2090272197-project-admin] Calling method 'ShareMixin.show' {{(pid=87581) _process_stack /opt/stack/manila/manila/api/openstack/wsgi.py:798}}
Feb 19 02:42:47.479811 np0000156481 devstack@m-api.service[87581]: INFO manila.api.openstack.wsgi [None req-bdf5fbcf-086c-4d84-926c-0a0bb1454a79 tempest-SharesFromSnapshotAcrossPools-2090272197 tempest-SharesFromSnapshotAcrossPools-2090272197-project-admin] https://199.19.213.96/share/v2/c6e8cfbad7ba4f73af2929730eb3a7dc/shares/519e46b6-aaab-41f2-8f83-610b3320be59 returned with HTTP 200
Feb 19 02:42:47.480212 np0000156481 devstack@m-api.service[87581]: [pid: 87581|app: 0|req: 58/108] 199.19.213.96 () {68 vars in 1511 bytes} [Thu Feb 19 02:42:47 2026] GET /share/v2/c6e8cfbad7ba4f73af2929730eb3a7dc/shares/519e46b6-aaab-41f2-8f83-610b3320be59 => generated 1418 bytes in 16 msecs (HTTP/1.1 200) 7 headers in 298 bytes (1 switches on core 0)
Feb 19 02:42:47.492867 np0000156481 devstack@m-api.service[87582]: INFO manila.api.openstack.wsgi [None req-dc974acf-d48f-42cd-bda1-b06051ab7688 tempest-SharesFromSnapshotAcrossPools-1974326921 tempest-SharesFromSnapshotAcrossPools-1974326921-project-member] POST https://199.19.213.96/share/v2/5264a70aecd4421fa501bb58815a0a7d/snapshots
Feb 19 02:42:47.493400 np0000156481 devstack@m-api.service[87582]: DEBUG manila.api.openstack.wsgi [None req-dc974acf-d48f-42cd-bda1-b06051ab7688 tempest-SharesFromSnapshotAcrossPools-1974326921 tempest-SharesFromSnapshotAcrossPools-1974326921-project-member] Action: 'create', calling method: ShareSnapshotMixin.create, body: {"snapshot": {"name": "tempest-tempest-created-share-snap-1681952642", "force": false, "description": "Tempest's snapshot", "share_id": "519e46b6-aaab-41f2-8f83-610b3320be59"}} {{(pid=87582) _process_stack /opt/stack/manila/manila/api/openstack/wsgi.py:796}}
Feb 19 02:42:47.507167 np0000156481 devstack@m-api.service[87582]: INFO manila.api.v2.share_snapshots [None req-dc974acf-d48f-42cd-bda1-b06051ab7688 tempest-SharesFromSnapshotAcrossPools-1974326921 tempest-SharesFromSnapshotAcrossPools-1974326921-project-member] Create snapshot from share 519e46b6-aaab-41f2-8f83-610b3320be59
Feb 19 02:42:47.550606 np0000156481 devstack@m-api.service[87582]: DEBUG manila.quota [None req-dc974acf-d48f-42cd-bda1-b06051ab7688 tempest-SharesFromSnapshotAcrossPools-1974326921 tempest-SharesFromSnapshotAcrossPools-1974326921-project-member] Created reservations ['7ec6efa6-62b6-45ca-ab87-7cffa5d43975', 'b61c1d4b-175a-4846-ba1f-172faeb8369a', '2ba17881-d0a9-49c0-b6cd-96861b5164e5', 'c66a420d-320d-4adf-9c12-2979d3bb8705'] {{(pid=87582) reserve /opt/stack/manila/manila/quota.py:1038}}
Feb 19 02:42:47.714176 np0000156481 devstack@m-api.service[87582]: DEBUG manila.quota [None req-dc974acf-d48f-42cd-bda1-b06051ab7688 tempest-SharesFromSnapshotAcrossPools-1974326921 tempest-SharesFromSnapshotAcrossPools-1974326921-project-member] Committed reservations ['7ec6efa6-62b6-45ca-ab87-7cffa5d43975', 'b61c1d4b-175a-4846-ba1f-172faeb8369a', '2ba17881-d0a9-49c0-b6cd-96861b5164e5', 'c66a420d-320d-4adf-9c12-2979d3bb8705'] {{(pid=87582) commit /opt/stack/manila/manila/quota.py:1066}}
Feb 19 02:42:47.718077 np0000156481 devstack@m-api.service[87582]: INFO manila.api.openstack.wsgi [None req-dc974acf-d48f-42cd-bda1-b06051ab7688 tempest-SharesFromSnapshotAcrossPools-1974326921 tempest-SharesFromSnapshotAcrossPools-1974326921-project-member] https://199.19.213.96/share/v2/5264a70aecd4421fa501bb58815a0a7d/snapshots returned with HTTP 202
Feb 19 02:42:47.718077 np0000156481 devstack@m-api.service[87582]: [pid: 87582|app: 0|req: 51/109] 199.19.213.96 () {70 vars in 1431 bytes} [Thu Feb 19 02:42:47 2026] POST /share/v2/5264a70aecd4421fa501bb58815a0a7d/snapshots => generated 725 bytes in 231 msecs (HTTP/1.1 202) 7 headers in 303 bytes (1 switches on core 0)
Feb 19 02:42:47.730771 np0000156481 devstack@m-api.service[87581]: INFO manila.api.openstack.wsgi [None req-96c5a0fa-0f84-414a-9b03-7b9e73deca37 tempest-SharesFromSnapshotAcrossPools-1974326921 tempest-SharesFromSnapshotAcrossPools-1974326921-project-member] GET https://199.19.213.96/share/v2/5264a70aecd4421fa501bb58815a0a7d/snapshots/718e43e9-2b72-4e0b-9566-371e6aea6368
Feb 19 02:42:47.730932 np0000156481 devstack@m-api.service[87581]: DEBUG manila.api.openstack.wsgi [None req-96c5a0fa-0f84-414a-9b03-7b9e73deca37 tempest-SharesFromSnapshotAcrossPools-1974326921 tempest-SharesFromSnapshotAcrossPools-1974326921-project-member] Empty body provided in request {{(pid=87581) get_body /opt/stack/manila/manila/api/openstack/wsgi.py:652}}
Feb 19 02:42:47.731150 np0000156481 devstack@m-api.service[87581]: DEBUG manila.api.openstack.wsgi [None req-96c5a0fa-0f84-414a-9b03-7b9e73deca37 tempest-SharesFromSnapshotAcrossPools-1974326921 tempest-SharesFromSnapshotAcrossPools-1974326921-project-member] Calling method 'ShareSnapshotMixin.show' {{(pid=87581) _process_stack /opt/stack/manila/manila/api/openstack/wsgi.py:798}}
Feb 19 02:42:47.791512 np0000156481 devstack@m-api.service[87581]: INFO manila.api.openstack.wsgi [None req-96c5a0fa-0f84-414a-9b03-7b9e73deca37 tempest-SharesFromSnapshotAcrossPools-1974326921 tempest-SharesFromSnapshotAcrossPools-1974326921-project-member] https://199.19.213.96/share/v2/5264a70aecd4421fa501bb58815a0a7d/snapshots/718e43e9-2b72-4e0b-9566-371e6aea6368 returned with HTTP 200
Feb 19 02:42:47.791939 np0000156481 devstack@m-api.service[87581]: [pid: 87581|app: 0|req: 59/110] 199.19.213.96 () {68 vars in 1520 bytes} [Thu Feb 19 02:42:47 2026] GET /share/v2/5264a70aecd4421fa501bb58815a0a7d/snapshots/718e43e9-2b72-4e0b-9566-371e6aea6368 => generated 725 bytes in 64 msecs (HTTP/1.1 200) 7 headers in 297 bytes (1 switches on core 0)
Feb 19 02:42:49.577690 np0000156481 devstack@m-api.service[87582]: INFO manila.api.openstack.wsgi [None req-0eabd740-6d0f-4042-ab92-f21152af44cd tempest-MigrationWithShareShrinkingNFSTest-768734398 tempest-MigrationWithShareShrinkingNFSTest-768734398-project-admin] GET https://199.19.213.96/share/v2/86a5c8fbdb9146b9a365bc6cb9254a2f/shares/9f14810d-6076-4e48-bde1-2a1417263a63
Feb 19 02:42:49.578204 np0000156481 devstack@m-api.service[87582]: DEBUG manila.api.openstack.wsgi [None req-0eabd740-6d0f-4042-ab92-f21152af44cd tempest-MigrationWithShareShrinkingNFSTest-768734398 tempest-MigrationWithShareShrinkingNFSTest-768734398-project-admin] Empty body provided in request {{(pid=87582) get_body /opt/stack/manila/manila/api/openstack/wsgi.py:652}}
Feb 19 02:42:49.578505 np0000156481 devstack@m-api.service[87582]: DEBUG manila.api.openstack.wsgi [None req-0eabd740-6d0f-4042-ab92-f21152af44cd tempest-MigrationWithShareShrinkingNFSTest-768734398 tempest-MigrationWithShareShrinkingNFSTest-768734398-project-admin] Calling method 'ShareMixin.show' {{(pid=87582) _process_stack /opt/stack/manila/manila/api/openstack/wsgi.py:798}}
Feb 19 02:42:49.597076 np0000156481 devstack@m-api.service[87582]: INFO manila.api.openstack.wsgi [None req-0eabd740-6d0f-4042-ab92-f21152af44cd tempest-MigrationWithShareShrinkingNFSTest-768734398 tempest-MigrationWithShareShrinkingNFSTest-768734398-project-admin] https://199.19.213.96/share/v2/86a5c8fbdb9146b9a365bc6cb9254a2f/shares/9f14810d-6076-4e48-bde1-2a1417263a63 returned with HTTP 200
Feb 19 02:42:49.597537 np0000156481 devstack@m-api.service[87582]: [pid: 87582|app: 0|req: 52/111] 199.19.213.96 () {68 vars in 1511 bytes} [Thu Feb 19 02:42:49 2026] GET /share/v2/86a5c8fbdb9146b9a365bc6cb9254a2f/shares/9f14810d-6076-4e48-bde1-2a1417263a63 => generated 1453 bytes in 25 msecs (HTTP/1.1 200) 7 headers in 298 bytes (1 switches on core 0)
Feb 19 02:42:49.616349 np0000156481 devstack@m-api.service[87581]: INFO manila.api.openstack.wsgi [None req-d8b80876-4687-45fd-b895-5d36c7902be8 tempest-MigrationWithShareShrinkingNFSTest-768734398 tempest-MigrationWithShareShrinkingNFSTest-768734398-project-admin] GET https://199.19.213.96/share/v2/86a5c8fbdb9146b9a365bc6cb9254a2f/shares/9f14810d-6076-4e48-bde1-2a1417263a63
Feb 19 02:42:49.616349 np0000156481 devstack@m-api.service[87581]: DEBUG manila.api.openstack.wsgi [None req-d8b80876-4687-45fd-b895-5d36c7902be8 tempest-MigrationWithShareShrinkingNFSTest-768734398 tempest-MigrationWithShareShrinkingNFSTest-768734398-project-admin] Empty body provided in request {{(pid=87581) get_body /opt/stack/manila/manila/api/openstack/wsgi.py:652}}
Feb 19 02:42:49.616349 np0000156481 devstack@m-api.service[87581]: DEBUG manila.api.openstack.wsgi [None req-d8b80876-4687-45fd-b895-5d36c7902be8 tempest-MigrationWithShareShrinkingNFSTest-768734398 tempest-MigrationWithShareShrinkingNFSTest-768734398-project-admin] Calling method 'ShareMixin.show' {{(pid=87581) _process_stack /opt/stack/manila/manila/api/openstack/wsgi.py:798}}
Feb 19 02:42:49.635156 np0000156481 devstack@m-api.service[87581]: INFO manila.api.openstack.wsgi [None req-d8b80876-4687-45fd-b895-5d36c7902be8 tempest-MigrationWithShareShrinkingNFSTest-768734398 tempest-MigrationWithShareShrinkingNFSTest-768734398-project-admin] https://199.19.213.96/share/v2/86a5c8fbdb9146b9a365bc6cb9254a2f/shares/9f14810d-6076-4e48-bde1-2a1417263a63 returned with HTTP 200
Feb 19 02:42:49.635542 np0000156481 devstack@m-api.service[87581]: [pid: 87581|app: 0|req: 60/112] 199.19.213.96 () {68 vars in 1511 bytes} [Thu Feb 19 02:42:49 2026] GET /share/v2/86a5c8fbdb9146b9a365bc6cb9254a2f/shares/9f14810d-6076-4e48-bde1-2a1417263a63 => generated 1453 bytes in 26 msecs (HTTP/1.1 200) 7 headers in 298 bytes (1 switches on core 0)
Feb 19 02:42:49.651505 np0000156481 devstack@m-api.service[87582]: INFO manila.api.openstack.wsgi [None req-e08bf689-cb73-40b6-948c-0de36aeb94cc tempest-MigrationWithShareShrinkingNFSTest-768734398 tempest-MigrationWithShareShrinkingNFSTest-768734398-project-admin] GET https://199.19.213.96/share/v2/86a5c8fbdb9146b9a365bc6cb9254a2f/shares/9f14810d-6076-4e48-bde1-2a1417263a63/export_locations
Feb 19 02:42:49.651780 np0000156481 devstack@m-api.service[87582]: DEBUG manila.api.openstack.wsgi [None req-e08bf689-cb73-40b6-948c-0de36aeb94cc tempest-MigrationWithShareShrinkingNFSTest-768734398 tempest-MigrationWithShareShrinkingNFSTest-768734398-project-admin] Empty body provided in request {{(pid=87582) get_body /opt/stack/manila/manila/api/openstack/wsgi.py:652}}
Feb 19 02:42:49.652021 np0000156481 devstack@m-api.service[87582]: DEBUG manila.api.openstack.wsgi [None req-e08bf689-cb73-40b6-948c-0de36aeb94cc tempest-MigrationWithShareShrinkingNFSTest-768734398 tempest-MigrationWithShareShrinkingNFSTest-768734398-project-admin] Calling method 'Controller.__getattribute__..version_select' {{(pid=87582) _process_stack /opt/stack/manila/manila/api/openstack/wsgi.py:798}}
