Feb 19 02:43:18.042403 np0000156481 devstack@m-api.service[87581]: INFO manila.api.openstack.wsgi [None req-505433ba-d94f-4623-aa45-cd81850fb71d tempest-MigrationCancelNFSTest-992920527 tempest-MigrationCancelNFSTest-992920527-project-admin] https://199.19.213.96/share/v2/73b8a494a7734406abcc8368374c6daa/shares/8b773aa9-0f92-4cbe-837f-a6c629d54736 returned with HTTP 200
Feb 19 02:43:18.042761 np0000156481 devstack@m-api.service[87581]: [pid: 87581|app: 0|req: 152/307] 199.19.213.96 () {68 vars in 1511 bytes} [Thu Feb 19 02:43:18 2026] GET /share/v2/73b8a494a7734406abcc8368374c6daa/shares/8b773aa9-0f92-4cbe-837f-a6c629d54736 => generated 1455 bytes in 23 msecs (HTTP/1.1 200) 7 headers in 298 bytes (1 switches on core 0)
Feb 19 02:43:18.058930 np0000156481 devstack@m-api.service[87582]: INFO manila.api.openstack.wsgi [None req-70aa3a79-2b0e-4549-a020-8186c0ad34ca tempest-MigrationCancelNFSTest-992920527 tempest-MigrationCancelNFSTest-992920527-project-admin] GET https://199.19.213.96/share/v2/73b8a494a7734406abcc8368374c6daa/shares/8b773aa9-0f92-4cbe-837f-a6c629d54736
Feb 19 02:43:18.059398 np0000156481 devstack@m-api.service[87582]: DEBUG manila.api.openstack.wsgi [None req-70aa3a79-2b0e-4549-a020-8186c0ad34ca tempest-MigrationCancelNFSTest-992920527 tempest-MigrationCancelNFSTest-992920527-project-admin] Empty body provided in request {{(pid=87582) get_body /opt/stack/manila/manila/api/openstack/wsgi.py:652}}
Feb 19 02:43:18.059398 np0000156481 devstack@m-api.service[87582]: DEBUG manila.api.openstack.wsgi [None req-70aa3a79-2b0e-4549-a020-8186c0ad34ca tempest-MigrationCancelNFSTest-992920527 tempest-MigrationCancelNFSTest-992920527-project-admin] Calling method 'ShareMixin.show' {{(pid=87582) _process_stack /opt/stack/manila/manila/api/openstack/wsgi.py:798}}
Feb 19 02:43:18.075671 np0000156481 devstack@m-api.service[87582]: INFO manila.api.openstack.wsgi [None req-70aa3a79-2b0e-4549-a020-8186c0ad34ca tempest-MigrationCancelNFSTest-992920527 tempest-MigrationCancelNFSTest-992920527-project-admin] https://199.19.213.96/share/v2/73b8a494a7734406abcc8368374c6daa/shares/8b773aa9-0f92-4cbe-837f-a6c629d54736 returned with HTTP 200
Feb 19 02:43:18.076121 np0000156481 devstack@m-api.service[87582]: [pid: 87582|app: 0|req: 156/308] 199.19.213.96 () {68 vars in 1511 bytes} [Thu Feb 19 02:43:18 2026] GET /share/v2/73b8a494a7734406abcc8368374c6daa/shares/8b773aa9-0f92-4cbe-837f-a6c629d54736 => generated 1455 bytes in 23 msecs (HTTP/1.1 200) 7 headers in 298 bytes (1 switches on core 0)
Feb 19 02:43:18.085355 np0000156481 devstack@m-api.service[87581]: INFO manila.api.openstack.wsgi [None req-4442eb41-7eba-4a7c-b2e3-6186709fef8b tempest-MigrationCancelNFSTest-992920527 tempest-MigrationCancelNFSTest-992920527-project-admin] POST https://199.19.213.96/share/v2/73b8a494a7734406abcc8368374c6daa/shares/8b773aa9-0f92-4cbe-837f-a6c629d54736/action
Feb 19 02:43:18.085648 np0000156481 devstack@m-api.service[87581]: DEBUG manila.api.openstack.wsgi [None req-4442eb41-7eba-4a7c-b2e3-6186709fef8b tempest-MigrationCancelNFSTest-992920527 tempest-MigrationCancelNFSTest-992920527-project-admin] Action body: b'{"migration_start": {"host": "np0000156481@paris#gamma", "force_host_assisted_migration": true, "new_share_network_id": null, "new_share_type_id": null, "writable": false, "preserve_metadata": false, "preserve_snapshots": false, "nondisruptive": false}}' {{(pid=87581) get_method /opt/stack/manila/manila/api/openstack/wsgi.py:912}}
Feb 19 02:43:18.085813 np0000156481 devstack@m-api.service[87581]: DEBUG manila.api.openstack.wsgi [None req-4442eb41-7eba-4a7c-b2e3-6186709fef8b tempest-MigrationCancelNFSTest-992920527 tempest-MigrationCancelNFSTest-992920527-project-admin] Action: 'action', calling method: ShareController.migration_start, body: {"migration_start": {"host": "np0000156481@paris#gamma", "force_host_assisted_migration": true, "new_share_network_id": null, "new_share_type_id": null, "writable": false, "preserve_metadata": false, "preserve_snapshots": false, "nondisruptive": false}} {{(pid=87581) _process_stack /opt/stack/manila/manila/api/openstack/wsgi.py:796}}
Feb 19 02:43:18.177868 np0000156481 devstack@m-api.service[87581]: INFO manila.api.openstack.wsgi [None req-4442eb41-7eba-4a7c-b2e3-6186709fef8b tempest-MigrationCancelNFSTest-992920527 tempest-MigrationCancelNFSTest-992920527-project-admin] https://199.19.213.96/share/v2/73b8a494a7734406abcc8368374c6daa/shares/8b773aa9-0f92-4cbe-837f-a6c629d54736/action returned with HTTP 202
Feb 19 02:43:18.178432 np0000156481 devstack@m-api.service[87581]: [pid: 87581|app: 0|req: 153/309] 199.19.213.96 () {72 vars in 1602 bytes} [Thu Feb 19 02:43:18 2026] POST /share/v2/73b8a494a7734406abcc8368374c6daa/shares/8b773aa9-0f92-4cbe-837f-a6c629d54736/action => generated 0 bytes in 94 msecs (HTTP/1.1 202) 8 headers in 352 bytes (1 switches on core 0)
Feb 19 02:43:18.192445 np0000156481 devstack@m-api.service[87582]: INFO manila.api.openstack.wsgi [None req-fdba9ecb-8c98-4ae4-afa1-d7cc8a8c2e7e tempest-MigrationCancelNFSTest-992920527 tempest-MigrationCancelNFSTest-992920527-project-admin] GET https://199.19.213.96/share/v2/73b8a494a7734406abcc8368374c6daa/shares/8b773aa9-0f92-4cbe-837f-a6c629d54736
Feb 19 02:43:18.192741 np0000156481 devstack@m-api.service[87582]: DEBUG manila.api.openstack.wsgi [None req-fdba9ecb-8c98-4ae4-afa1-d7cc8a8c2e7e tempest-MigrationCancelNFSTest-992920527 tempest-MigrationCancelNFSTest-992920527-project-admin] Empty body provided in request {{(pid=87582) get_body /opt/stack/manila/manila/api/openstack/wsgi.py:652}}
Feb 19 02:43:18.192978 np0000156481 devstack@m-api.service[87582]: DEBUG manila.api.openstack.wsgi [None req-fdba9ecb-8c98-4ae4-afa1-d7cc8a8c2e7e tempest-MigrationCancelNFSTest-992920527 tempest-MigrationCancelNFSTest-992920527-project-admin] Calling method 'ShareMixin.show' {{(pid=87582) _process_stack /opt/stack/manila/manila/api/openstack/wsgi.py:798}}
Feb 19 02:43:18.236863 np0000156481 devstack@m-api.service[87581]: INFO manila.api.openstack.wsgi [None req-5e3f7eb0-ecd0-4730-933a-864e3ae77542 tempest-MigrationTwoPhaseNFSTest-177544755 tempest-MigrationTwoPhaseNFSTest-177544755-project-admin] GET https://199.19.213.96/share/v2/f6b2781e39f64007ab53d4a2b272828b/shares/c52b05df-0d3b-44b1-ba41-ce91cbe5be9c
Feb 19 02:43:18.237297 np0000156481 devstack@m-api.service[87581]: DEBUG manila.api.openstack.wsgi [None req-5e3f7eb0-ecd0-4730-933a-864e3ae77542 tempest-MigrationTwoPhaseNFSTest-177544755 tempest-MigrationTwoPhaseNFSTest-177544755-project-admin] Empty body provided in request {{(pid=87581) get_body /opt/stack/manila/manila/api/openstack/wsgi.py:652}}
Feb 19 02:43:18.237655 np0000156481 devstack@m-api.service[87581]: DEBUG manila.api.openstack.wsgi [None req-5e3f7eb0-ecd0-4730-933a-864e3ae77542 tempest-MigrationTwoPhaseNFSTest-177544755 tempest-MigrationTwoPhaseNFSTest-177544755-project-admin] Calling method 'ShareMixin.show' {{(pid=87581) _process_stack /opt/stack/manila/manila/api/openstack/wsgi.py:798}}
Feb 19 02:43:18.239247 np0000156481 devstack@m-api.service[87582]: INFO manila.api.openstack.wsgi [None req-fdba9ecb-8c98-4ae4-afa1-d7cc8a8c2e7e tempest-MigrationCancelNFSTest-992920527 tempest-MigrationCancelNFSTest-992920527-project-admin] https://199.19.213.96/share/v2/73b8a494a7734406abcc8368374c6daa/shares/8b773aa9-0f92-4cbe-837f-a6c629d54736 returned with HTTP 200
Feb 19 02:43:18.239723 np0000156481 devstack@m-api.service[87582]: [pid: 87582|app: 0|req: 157/310] 199.19.213.96 () {68 vars in 1511 bytes} [Thu Feb 19 02:43:18 2026] GET /share/v2/73b8a494a7734406abcc8368374c6daa/shares/8b773aa9-0f92-4cbe-837f-a6c629d54736 => generated 1471 bytes in 51 msecs (HTTP/1.1 200) 7 headers in 298 bytes (1 switches on core 0)
Feb 19 02:43:18.253426 np0000156481 devstack@m-api.service[87581]: INFO manila.api.openstack.wsgi [None req-5e3f7eb0-ecd0-4730-933a-864e3ae77542 tempest-MigrationTwoPhaseNFSTest-177544755 tempest-MigrationTwoPhaseNFSTest-177544755-project-admin] https://199.19.213.96/share/v2/f6b2781e39f64007ab53d4a2b272828b/shares/c52b05df-0d3b-44b1-ba41-ce91cbe5be9c returned with HTTP 200
Feb 19 02:43:18.253834 np0000156481 devstack@m-api.service[87581]: [pid: 87581|app: 0|req: 154/311] 199.19.213.96 () {68 vars in 1511 bytes} [Thu Feb 19 02:43:18 2026] GET /share/v2/f6b2781e39f64007ab53d4a2b272828b/shares/c52b05df-0d3b-44b1-ba41-ce91cbe5be9c => generated 1462 bytes in 21 msecs (HTTP/1.1 200) 7 headers in 298 bytes (1 switches on core 0)
Feb 19 02:43:18.535901 np0000156481 devstack@m-api.service[87582]: INFO manila.api.openstack.wsgi [None req-a77ced17-fe12-44d1-8da3-35125c167c87 tempest-ReplicationAdminTest-649857771 tempest-ReplicationAdminTest-649857771-project-admin] GET https://199.19.213.96/share/v2/d64f5abb85a847cfb1c4c31fd2457d65/share-replicas/6e05a7aa-406e-4a08-b0da-b3dedb09c263
Feb 19 02:43:18.536405 np0000156481 devstack@m-api.service[87582]: DEBUG manila.api.openstack.wsgi [None req-a77ced17-fe12-44d1-8da3-35125c167c87 tempest-ReplicationAdminTest-649857771 tempest-ReplicationAdminTest-649857771-project-admin] Empty body provided in request {{(pid=87582) get_body /opt/stack/manila/manila/api/openstack/wsgi.py:652}}
Feb 19 02:43:18.536768 np0000156481 devstack@m-api.service[87582]: DEBUG manila.api.openstack.wsgi [None req-a77ced17-fe12-44d1-8da3-35125c167c87 tempest-ReplicationAdminTest-649857771 tempest-ReplicationAdminTest-649857771-project-admin] Calling method 'Controller.__getattribute__..version_select' {{(pid=87582) _process_stack /opt/stack/manila/manila/api/openstack/wsgi.py:798}}
Feb 19 02:43:18.551510 np0000156481 devstack@m-api.service[87582]: INFO manila.api.openstack.wsgi [None req-a77ced17-fe12-44d1-8da3-35125c167c87 tempest-ReplicationAdminTest-649857771 tempest-ReplicationAdminTest-649857771-project-admin] https://199.19.213.96/share/v2/d64f5abb85a847cfb1c4c31fd2457d65/share-replicas/6e05a7aa-406e-4a08-b0da-b3dedb09c263 returned with HTTP 200
Feb 19 02:43:18.552089 np0000156481 devstack@m-api.service[87582]: [pid: 87582|app: 0|req: 158/312] 199.19.213.96 () {68 vars in 1535 bytes} [Thu Feb 19 02:43:18 2026] GET /share/v2/d64f5abb85a847cfb1c4c31fd2457d65/share-replicas/6e05a7aa-406e-4a08-b0da-b3dedb09c263 => generated 412 bytes in 21 msecs (HTTP/1.1 200) 7 headers in 297 bytes (1 switches on core 0)
Feb 19 02:43:18.897513 np0000156481 devstack@m-api.service[87581]: INFO manila.api.openstack.wsgi [None req-45eddc16-3e71-4581-bed4-ea9fd62281a6 tempest-ReplicationActionsAdminTest-1944799921 tempest-ReplicationActionsAdminTest-1944799921-project-admin] GET https://199.19.213.96/share/v2/f445dd8bfa5a4eea9fff523fdbe83ef5/shares/43efeb82-cf27-4a66-a090-ffa5e92370ea
Feb 19 02:43:18.897947 np0000156481 devstack@m-api.service[87581]: DEBUG manila.api.openstack.wsgi [None req-45eddc16-3e71-4581-bed4-ea9fd62281a6 tempest-ReplicationActionsAdminTest-1944799921 tempest-ReplicationActionsAdminTest-1944799921-project-admin] Empty body provided in request {{(pid=87581) get_body /opt/stack/manila/manila/api/openstack/wsgi.py:652}}
Feb 19 02:43:18.898279 np0000156481 devstack@m-api.service[87581]: DEBUG manila.api.openstack.wsgi [None req-45eddc16-3e71-4581-bed4-ea9fd62281a6 tempest-ReplicationActionsAdminTest-1944799921 tempest-ReplicationActionsAdminTest-1944799921-project-admin] Calling method 'ShareMixin.show' {{(pid=87581) _process_stack /opt/stack/manila/manila/api/openstack/wsgi.py:798}}
Feb 19 02:43:18.904218 np0000156481 devstack@m-api.service[87581]: INFO manila.api.openstack.wsgi [None req-45eddc16-3e71-4581-bed4-ea9fd62281a6 tempest-ReplicationActionsAdminTest-1944799921 tempest-ReplicationActionsAdminTest-1944799921-project-admin] HTTP exception thrown: The resource could not be found.
Feb 19 02:43:18.904421 np0000156481 devstack@m-api.service[87581]: INFO manila.api.openstack.wsgi [None req-45eddc16-3e71-4581-bed4-ea9fd62281a6 tempest-ReplicationActionsAdminTest-1944799921 tempest-ReplicationActionsAdminTest-1944799921-project-admin] https://199.19.213.96/share/v2/f445dd8bfa5a4eea9fff523fdbe83ef5/shares/43efeb82-cf27-4a66-a090-ffa5e92370ea returned with HTTP 404
Feb 19 02:43:18.904940 np0000156481 devstack@m-api.service[87581]: [pid: 87581|app: 0|req: 155/313] 199.19.213.96 () {68 vars in 1511 bytes} [Thu Feb 19 02:43:18 2026] GET /share/v2/f445dd8bfa5a4eea9fff523fdbe83ef5/shares/43efeb82-cf27-4a66-a090-ffa5e92370ea => generated 78 bytes in 12 msecs (HTTP/1.1 404) 7 headers in 303 bytes (1 switches on core 0)
Feb 19 02:43:19.030982 np0000156481 devstack@m-api.service[87582]: INFO manila.api.openstack.wsgi [None req-6450387d-9ca0-47fe-9807-45d47ca5ddca tempest-ReplicationActionsAdminTest-2039474779 tempest-ReplicationActionsAdminTest-2039474779-project-member] GET https://199.19.213.96/share/v2/9930166f730c42448169065262c22b2b/share-replicas/detail?share_id=43efeb82-cf27-4a66-a090-ffa5e92370ea
Feb 19 02:43:19.031450 np0000156481 devstack@m-api.service[87582]: DEBUG manila.api.openstack.wsgi [None req-6450387d-9ca0-47fe-9807-45d47ca5ddca tempest-ReplicationActionsAdminTest-2039474779 tempest-ReplicationActionsAdminTest-2039474779-project-member] Empty body provided in request {{(pid=87582) get_body /opt/stack/manila/manila/api/openstack/wsgi.py:652}}
Feb 19 02:43:19.031932 np0000156481 devstack@m-api.service[87582]: DEBUG manila.api.openstack.wsgi [None req-6450387d-9ca0-47fe-9807-45d47ca5ddca tempest-ReplicationActionsAdminTest-2039474779 tempest-ReplicationActionsAdminTest-2039474779-project-member] Calling method 'Controller.__getattribute__..version_select' {{(pid=87582) _process_stack /opt/stack/manila/manila/api/openstack/wsgi.py:798}}
Feb 19 02:43:19.038898 np0000156481 devstack@m-api.service[87582]: INFO manila.api.openstack.wsgi [None req-6450387d-9ca0-47fe-9807-45d47ca5ddca tempest-ReplicationActionsAdminTest-2039474779 tempest-ReplicationActionsAdminTest-2039474779-project-member] https://199.19.213.96/share/v2/9930166f730c42448169065262c22b2b/share-replicas/detail?share_id=43efeb82-cf27-4a66-a090-ffa5e92370ea returned with HTTP 200
Feb 19 02:43:19.039280 np0000156481 devstack@m-api.service[87582]: [pid: 87582|app: 0|req: 159/314] 199.19.213.96 () {68 vars in 1536 bytes} [Thu Feb 19 02:43:19 2026] GET /share/v2/9930166f730c42448169065262c22b2b/share-replicas/detail?share_id=43efeb82-cf27-4a66-a090-ffa5e92370ea => generated 22 bytes in 14 msecs (HTTP/1.1 200) 7 headers in 296 bytes (1 switches on core 0)
Feb 19 02:43:19.052186 np0000156481 devstack@m-api.service[87581]: INFO manila.api.openstack.wsgi [None req-7c925221-960f-470d-85bb-d20d4d78a13c tempest-ReplicationActionsAdminTest-1944799921 tempest-ReplicationActionsAdminTest-1944799921-project-admin] DELETE https://199.19.213.96/share/v2/f445dd8bfa5a4eea9fff523fdbe83ef5/shares/43efeb82-cf27-4a66-a090-ffa5e92370ea
Feb 19 02:43:19.052495 np0000156481 devstack@m-api.service[87581]: DEBUG manila.api.openstack.wsgi [None req-7c925221-960f-470d-85bb-d20d4d78a13c tempest-ReplicationActionsAdminTest-1944799921 tempest-ReplicationActionsAdminTest-1944799921-project-admin] Empty body provided in request {{(pid=87581) get_body /opt/stack/manila/manila/api/openstack/wsgi.py:652}}
Feb 19 02:43:19.052810 np0000156481 devstack@m-api.service[87581]: DEBUG manila.api.openstack.wsgi [None req-7c925221-960f-470d-85bb-d20d4d78a13c tempest-ReplicationActionsAdminTest-1944799921 tempest-ReplicationActionsAdminTest-1944799921-project-admin] Calling method 'ShareMixin.delete' {{(pid=87581) _process_stack /opt/stack/manila/manila/api/openstack/wsgi.py:798}}
Feb 19 02:43:19.053789 np0000156481 devstack@m-api.service[87581]: INFO manila.api.v2.shares [None req-7c925221-960f-470d-85bb-d20d4d78a13c tempest-ReplicationActionsAdminTest-1944799921 tempest-ReplicationActionsAdminTest-1944799921-project-admin] Delete share with id: 43efeb82-cf27-4a66-a090-ffa5e92370ea
Feb 19 02:43:19.059202 np0000156481 devstack@m-api.service[87581]: INFO manila.api.openstack.wsgi [None req-7c925221-960f-470d-85bb-d20d4d78a13c tempest-ReplicationActionsAdminTest-1944799921 tempest-ReplicationActionsAdminTest-1944799921-project-admin] HTTP exception thrown: The resource could not be found.
Feb 19 02:43:19.059346 np0000156481 devstack@m-api.service[87581]: INFO manila.api.openstack.wsgi [None req-7c925221-960f-470d-85bb-d20d4d78a13c tempest-ReplicationActionsAdminTest-1944799921 tempest-ReplicationActionsAdminTest-1944799921-project-admin] https://199.19.213.96/share/v2/f445dd8bfa5a4eea9fff523fdbe83ef5/shares/43efeb82-cf27-4a66-a090-ffa5e92370ea returned with HTTP 404
Feb 19 02:43:19.059738 np0000156481 devstack@m-api.service[87581]: [pid: 87581|app: 0|req: 156/315] 199.19.213.96 () {68 vars in 1514 bytes} [Thu Feb 19 02:43:19 2026] DELETE /share/v2/f445dd8bfa5a4eea9fff523fdbe83ef5/shares/43efeb82-cf27-4a66-a090-ffa5e92370ea => generated 78 bytes in 12 msecs (HTTP/1.1 404) 7 headers in 303 bytes (1 switches on core 0)
Feb 19 02:43:19.077078 np0000156481 devstack@m-api.service[87582]: INFO manila.api.openstack.wsgi [None req-323d250c-8f17-48d4-96d5-cc3a5413006d tempest-ReplicationActionsAdminTest-2039474779 tempest-ReplicationActionsAdminTest-2039474779-project-member] GET https://199.19.213.96/share/v2/9930166f730c42448169065262c22b2b/share-replicas/detail?share_id=51715c11-f198-4f46-9ce0-873fd9e69530
Feb 19 02:43:19.077688 np0000156481 devstack@m-api.service[87582]: DEBUG manila.api.openstack.wsgi [None req-323d250c-8f17-48d4-96d5-cc3a5413006d tempest-ReplicationActionsAdminTest-2039474779 tempest-ReplicationActionsAdminTest-2039474779-project-member] Empty body provided in request {{(pid=87582) get_body /opt/stack/manila/manila/api/openstack/wsgi.py:652}}
Feb 19 02:43:19.078170 np0000156481 devstack@m-api.service[87582]: DEBUG manila.api.openstack.wsgi [None req-323d250c-8f17-48d4-96d5-cc3a5413006d tempest-ReplicationActionsAdminTest-2039474779 tempest-ReplicationActionsAdminTest-2039474779-project-member] Calling method 'Controller.__getattribute__..version_select' {{(pid=87582) _process_stack /opt/stack/manila/manila/api/openstack/wsgi.py:798}}
Feb 19 02:43:19.086358 np0000156481 devstack@m-api.service[87582]: INFO manila.api.openstack.wsgi [None req-323d250c-8f17-48d4-96d5-cc3a5413006d tempest-ReplicationActionsAdminTest-2039474779 tempest-ReplicationActionsAdminTest-2039474779-project-member] https://199.19.213.96/share/v2/9930166f730c42448169065262c22b2b/share-replicas/detail?share_id=51715c11-f198-4f46-9ce0-873fd9e69530 returned with HTTP 200
Feb 19 02:43:19.086831 np0000156481 devstack@m-api.service[87582]: [pid: 87582|app: 0|req: 160/316] 199.19.213.96 () {68 vars in 1536 bytes} [Thu Feb 19 02:43:19 2026] GET /share/v2/9930166f730c42448169065262c22b2b/share-replicas/detail?share_id=51715c11-f198-4f46-9ce0-873fd9e69530 => generated 22 bytes in 15 msecs (HTTP/1.1 200) 7 headers in 296 bytes (1 switches on core 0)
Feb 19 02:43:19.096365 np0000156481 devstack@m-api.service[87581]: INFO manila.api.openstack.wsgi [None req-da8980e0-a3df-439d-9f27-73a9276bc852 tempest-ReplicationActionsAdminTest-1944799921 tempest-ReplicationActionsAdminTest-1944799921-project-admin] DELETE https://199.19.213.96/share/v2/f445dd8bfa5a4eea9fff523fdbe83ef5/shares/51715c11-f198-4f46-9ce0-873fd9e69530
Feb 19 02:43:19.096618 np0000156481 devstack@m-api.service[87581]: DEBUG manila.api.openstack.wsgi [None req-da8980e0-a3df-439d-9f27-73a9276bc852 tempest-ReplicationActionsAdminTest-1944799921 tempest-ReplicationActionsAdminTest-1944799921-project-admin] Empty body provided in request {{(pid=87581) get_body /opt/stack/manila/manila/api/openstack/wsgi.py:652}}
Feb 19 02:43:19.096827 np0000156481 devstack@m-api.service[87581]: DEBUG manila.api.openstack.wsgi [None req-da8980e0-a3df-439d-9f27-73a9276bc852 tempest-ReplicationActionsAdminTest-1944799921 tempest-ReplicationActionsAdminTest-1944799921-project-admin] Calling method 'ShareMixin.delete' {{(pid=87581) _process_stack /opt/stack/manila/manila/api/openstack/wsgi.py:798}}
Feb 19 02:43:19.097430 np0000156481 devstack@m-api.service[87581]: INFO manila.api.v2.shares [None req-da8980e0-a3df-439d-9f27-73a9276bc852 tempest-ReplicationActionsAdminTest-1944799921 tempest-ReplicationActionsAdminTest-1944799921-project-admin] Delete share with id: 51715c11-f198-4f46-9ce0-873fd9e69530
Feb 19 02:43:19.102261 np0000156481 devstack@m-api.service[87581]: INFO manila.api.openstack.wsgi [None req-da8980e0-a3df-439d-9f27-73a9276bc852 tempest-ReplicationActionsAdminTest-1944799921 tempest-ReplicationActionsAdminTest-1944799921-project-admin] HTTP exception thrown: The resource could not be found.
Feb 19 02:43:19.102724 np0000156481 devstack@m-api.service[87581]: INFO manila.api.openstack.wsgi [None req-da8980e0-a3df-439d-9f27-73a9276bc852 tempest-ReplicationActionsAdminTest-1944799921 tempest-ReplicationActionsAdminTest-1944799921-project-admin] https://199.19.213.96/share/v2/f445dd8bfa5a4eea9fff523fdbe83ef5/shares/51715c11-f198-4f46-9ce0-873fd9e69530 returned with HTTP 404
Feb 19 02:43:19.103907 np0000156481 devstack@m-api.service[87581]: [pid: 87581|app: 0|req: 157/317] 199.19.213.96 () {68 vars in 1514 bytes} [Thu Feb 19 02:43:19 2026] DELETE /share/v2/f445dd8bfa5a4eea9fff523fdbe83ef5/shares/51715c11-f198-4f46-9ce0-873fd9e69530 => generated 78 bytes in 10 msecs (HTTP/1.1 404) 7 headers in 303 bytes (1 switches on core 0)
Feb 19 02:43:19.120512 np0000156481 devstack@m-api.service[87582]: INFO manila.api.openstack.wsgi [None req-90738d65-60c5-4747-8c17-ad1405ba6886 tempest-ReplicationActionsAdminTest-2039474779 tempest-ReplicationActionsAdminTest-2039474779-project-member] GET https://199.19.213.96/share/v2/9930166f730c42448169065262c22b2b/share-replicas/detail?share_id=1cd135e6-4e02-4b09-8c24-ec378fa4077f
Feb 19 02:43:19.120899 np0000156481 devstack@m-api.service[87582]: DEBUG manila.api.openstack.wsgi [None req-90738d65-60c5-4747-8c17-ad1405ba6886 tempest-ReplicationActionsAdminTest-2039474779 tempest-ReplicationActionsAdminTest-2039474779-project-member] Empty body provided in request {{(pid=87582) get_body /opt/stack/manila/manila/api/openstack/wsgi.py:652}}
Feb 19 02:43:19.121220 np0000156481 devstack@m-api.service[87582]: DEBUG manila.api.openstack.wsgi [None req-90738d65-60c5-4747-8c17-ad1405ba6886 tempest-ReplicationActionsAdminTest-2039474779 tempest-ReplicationActionsAdminTest-2039474779-project-member] Calling method 'Controller.__getattribute__..version_select' {{(pid=87582) _process_stack /opt/stack/manila/manila/api/openstack/wsgi.py:798}}
Feb 19 02:43:19.127891 np0000156481 devstack@m-api.service[87582]: INFO manila.api.openstack.wsgi [None req-90738d65-60c5-4747-8c17-ad1405ba6886 tempest-ReplicationActionsAdminTest-2039474779 tempest-ReplicationActionsAdminTest-2039474779-project-member] https://199.19.213.96/share/v2/9930166f730c42448169065262c22b2b/share-replicas/detail?share_id=1cd135e6-4e02-4b09-8c24-ec378fa4077f returned with HTTP 200
Feb 19 02:43:19.128202 np0000156481 devstack@m-api.service[87582]: [pid: 87582|app: 0|req: 161/318] 199.19.213.96 () {68 vars in 1536 bytes} [Thu Feb 19 02:43:19 2026] GET /share/v2/9930166f730c42448169065262c22b2b/share-replicas/detail?share_id=1cd135e6-4e02-4b09-8c24-ec378fa4077f => generated 22 bytes in 12 msecs (HTTP/1.1 200) 7 headers in 296 bytes (1 switches on core 0)
Feb 19 02:43:19.142019 np0000156481 devstack@m-api.service[87581]: INFO manila.api.openstack.wsgi [None req-462a4963-ef3d-419c-bedd-c0692963848b tempest-ReplicationActionsAdminTest-1944799921 tempest-ReplicationActionsAdminTest-1944799921-project-admin] DELETE https://199.19.213.96/share/v2/f445dd8bfa5a4eea9fff523fdbe83ef5/shares/1cd135e6-4e02-4b09-8c24-ec378fa4077f
Feb 19 02:43:19.142585 np0000156481 devstack@m-api.service[87581]: DEBUG manila.api.openstack.wsgi [None req-462a4963-ef3d-419c-bedd-c0692963848b tempest-ReplicationActionsAdminTest-1944799921 tempest-ReplicationActionsAdminTest-1944799921-project-admin] Empty body provided in request {{(pid=87581) get_body /opt/stack/manila/manila/api/openstack/wsgi.py:652}}
Feb 19 02:43:19.142934 np0000156481 devstack@m-api.service[87581]: DEBUG manila.api.openstack.wsgi [None req-462a4963-ef3d-419c-bedd-c0692963848b tempest-ReplicationActionsAdminTest-1944799921 tempest-ReplicationActionsAdminTest-1944799921-project-admin] Calling method 'ShareMixin.delete' {{(pid=87581) _process_stack /opt/stack/manila/manila/api/openstack/wsgi.py:798}}
Feb 19 02:43:19.143886 np0000156481 devstack@m-api.service[87581]: INFO manila.api.v2.shares [None req-462a4963-ef3d-419c-bedd-c0692963848b tempest-ReplicationActionsAdminTest-1944799921 tempest-ReplicationActionsAdminTest-1944799921-project-admin] Delete share with id: 1cd135e6-4e02-4b09-8c24-ec378fa4077f
Feb 19 02:43:19.256888 np0000156481 devstack@m-api.service[87581]: INFO manila.api.openstack.wsgi [None req-462a4963-ef3d-419c-bedd-c0692963848b tempest-ReplicationActionsAdminTest-1944799921 tempest-ReplicationActionsAdminTest-1944799921-project-admin] https://199.19.213.96/share/v2/f445dd8bfa5a4eea9fff523fdbe83ef5/shares/1cd135e6-4e02-4b09-8c24-ec378fa4077f returned with HTTP 202
Feb 19 02:43:19.257682 np0000156481 devstack@m-api.service[87581]: [pid: 87581|app: 0|req: 158/319] 199.19.213.96 () {68 vars in 1514 bytes} [Thu Feb 19 02:43:19 2026] DELETE /share/v2/f445dd8bfa5a4eea9fff523fdbe83ef5/shares/1cd135e6-4e02-4b09-8c24-ec378fa4077f => generated 0 bytes in 119 msecs (HTTP/1.1 202) 7 headers in 309 bytes (1 switches on core 0)
Feb 19 02:43:19.268804 np0000156481 devstack@m-api.service[87582]: INFO manila.api.openstack.wsgi [None req-ac985208-327f-4fe0-b53d-96efe1b08ee9 tempest-ReplicationActionsAdminTest-1944799921 tempest-ReplicationActionsAdminTest-1944799921-project-admin] GET https://199.19.213.96/share/v2/f445dd8bfa5a4eea9fff523fdbe83ef5/shares/1cd135e6-4e02-4b09-8c24-ec378fa4077f
Feb 19 02:43:19.268804 np0000156481 devstack@m-api.service[87582]: DEBUG manila.api.openstack.wsgi [None req-ac985208-327f-4fe0-b53d-96efe1b08ee9 tempest-ReplicationActionsAdminTest-1944799921 tempest-ReplicationActionsAdminTest-1944799921-project-admin] Empty body provided in request {{(pid=87582) get_body /opt/stack/manila/manila/api/openstack/wsgi.py:652}}
Feb 19 02:43:19.269101 np0000156481 devstack@m-api.service[87582]: DEBUG manila.api.openstack.wsgi [None req-ac985208-327f-4fe0-b53d-96efe1b08ee9 tempest-ReplicationActionsAdminTest-1944799921 tempest-ReplicationActionsAdminTest-1944799921-project-admin] Calling method 'ShareMixin.show' {{(pid=87582) _process_stack /opt/stack/manila/manila/api/openstack/wsgi.py:798}}
Feb 19 02:43:19.290688 np0000156481 devstack@m-api.service[87582]: INFO manila.api.openstack.wsgi [None req-ac985208-327f-4fe0-b53d-96efe1b08ee9 tempest-ReplicationActionsAdminTest-1944799921 tempest-ReplicationActionsAdminTest-1944799921-project-admin] https://199.19.213.96/share/v2/f445dd8bfa5a4eea9fff523fdbe83ef5/shares/1cd135e6-4e02-4b09-8c24-ec378fa4077f returned with HTTP 200
Feb 19 02:43:19.291127 np0000156481 devstack@m-api.service[87582]: [pid: 87582|app: 0|req: 162/320] 199.19.213.96 () {68 vars in 1511 bytes} [Thu Feb 19 02:43:19 2026] GET /share/v2/f445dd8bfa5a4eea9fff523fdbe83ef5/shares/1cd135e6-4e02-4b09-8c24-ec378fa4077f => generated 1422 bytes in 25 msecs (HTTP/1.1 200) 7 headers in 298 bytes (1 switches on core 0)
Feb 19 02:43:20.071883 np0000156481 devstack@m-api.service[87581]: INFO manila.api.openstack.wsgi [None req-6645e08c-8d39-4b2f-adbd-260fe4438b55 tempest-SharesFromSnapshotAcrossPools-1974326921 tempest-SharesFromSnapshotAcrossPools-1974326921-project-member] GET https://199.19.213.96/share/v2/5264a70aecd4421fa501bb58815a0a7d/snapshots/718e43e9-2b72-4e0b-9566-371e6aea6368
Feb 19 02:43:20.072705 np0000156481 devstack@m-api.service[87581]: DEBUG manila.api.openstack.wsgi [None req-6645e08c-8d39-4b2f-adbd-260fe4438b55 tempest-SharesFromSnapshotAcrossPools-1974326921 tempest-SharesFromSnapshotAcrossPools-1974326921-project-member] Empty body provided in request {{(pid=87581) get_body /opt/stack/manila/manila/api/openstack/wsgi.py:652}}
Feb 19 02:43:20.072705 np0000156481 devstack@m-api.service[87581]: DEBUG manila.api.openstack.wsgi [None req-6645e08c-8d39-4b2f-adbd-260fe4438b55 tempest-SharesFromSnapshotAcrossPools-1974326921 tempest-SharesFromSnapshotAcrossPools-1974326921-project-member] Calling method 'ShareSnapshotMixin.show' {{(pid=87581) _process_stack /opt/stack/manila/manila/api/openstack/wsgi.py:798}}
Feb 19 02:43:20.079282 np0000156481 devstack@m-api.service[87581]: INFO manila.api.openstack.wsgi [None req-6645e08c-8d39-4b2f-adbd-260fe4438b55 tempest-SharesFromSnapshotAcrossPools-1974326921 tempest-SharesFromSnapshotAcrossPools-1974326921-project-member] HTTP exception thrown: The resource could not be found.
Feb 19 02:43:20.079419 np0000156481 devstack@m-api.service[87581]: INFO manila.api.openstack.wsgi [None req-6645e08c-8d39-4b2f-adbd-260fe4438b55 tempest-SharesFromSnapshotAcrossPools-1974326921 tempest-SharesFromSnapshotAcrossPools-1974326921-project-member] https://199.19.213.96/share/v2/5264a70aecd4421fa501bb58815a0a7d/snapshots/718e43e9-2b72-4e0b-9566-371e6aea6368 returned with HTTP 404
Feb 19 02:43:20.079827 np0000156481 devstack@m-api.service[87581]: [pid: 87581|app: 0|req: 159/321] 199.19.213.96 () {68 vars in 1520 bytes} [Thu Feb 19 02:43:20 2026] GET /share/v2/5264a70aecd4421fa501bb58815a0a7d/snapshots/718e43e9-2b72-4e0b-9566-371e6aea6368 => generated 78 bytes in 11 msecs (HTTP/1.1 404) 7 headers in 303 bytes (1 switches on core 0)
Feb 19 02:43:20.094993 np0000156481 devstack@m-api.service[87582]: INFO manila.api.openstack.wsgi [None req-0f0db0ae-1cb5-47a7-86f5-9c5740dc9581 tempest-SharesFromSnapshotAcrossPools-1974326921 tempest-SharesFromSnapshotAcrossPools-1974326921-project-member] GET https://199.19.213.96/share/v2/5264a70aecd4421fa501bb58815a0a7d/share-replicas/detail?share_id=519e46b6-aaab-41f2-8f83-610b3320be59
Feb 19 02:43:20.095445 np0000156481 devstack@m-api.service[87582]: DEBUG manila.api.openstack.wsgi [None req-0f0db0ae-1cb5-47a7-86f5-9c5740dc9581 tempest-SharesFromSnapshotAcrossPools-1974326921 tempest-SharesFromSnapshotAcrossPools-1974326921-project-member] Empty body provided in request {{(pid=87582) get_body /opt/stack/manila/manila/api/openstack/wsgi.py:652}}
Feb 19 02:43:20.095762 np0000156481 devstack@m-api.service[87582]: DEBUG manila.api.openstack.wsgi [None req-0f0db0ae-1cb5-47a7-86f5-9c5740dc9581 tempest-SharesFromSnapshotAcrossPools-1974326921 tempest-SharesFromSnapshotAcrossPools-1974326921-project-member] Calling method 'Controller.__getattribute__..version_select' {{(pid=87582) _process_stack /opt/stack/manila/manila/api/openstack/wsgi.py:798}}
Feb 19 02:43:20.102932 np0000156481 devstack@m-api.service[87582]: INFO manila.api.openstack.wsgi [None req-0f0db0ae-1cb5-47a7-86f5-9c5740dc9581 tempest-SharesFromSnapshotAcrossPools-1974326921 tempest-SharesFromSnapshotAcrossPools-1974326921-project-member] https://199.19.213.96/share/v2/5264a70aecd4421fa501bb58815a0a7d/share-replicas/detail?share_id=519e46b6-aaab-41f2-8f83-610b3320be59 returned with HTTP 200
Feb 19 02:43:20.103236 np0000156481 devstack@m-api.service[87582]: [pid: 87582|app: 0|req: 163/322] 199.19.213.96 () {68 vars in 1536 bytes} [Thu Feb 19 02:43:20 2026] GET /share/v2/5264a70aecd4421fa501bb58815a0a7d/share-replicas/detail?share_id=519e46b6-aaab-41f2-8f83-610b3320be59 => generated 22 bytes in 13 msecs (HTTP/1.1 200) 7 headers in 296 bytes (1 switches on core 0)
Feb 19 02:43:20.116743 np0000156481 devstack@m-api.service[87581]: INFO manila.api.openstack.wsgi [None req-86deac71-5d5b-457e-94e4-a35a3efe2294 tempest-SharesFromSnapshotAcrossPools-1974326921 tempest-SharesFromSnapshotAcrossPools-1974326921-project-member] DELETE https://199.19.213.96/share/v2/5264a70aecd4421fa501bb58815a0a7d/shares/519e46b6-aaab-41f2-8f83-610b3320be59
Feb 19 02:43:20.117137 np0000156481 devstack@m-api.service[87581]: DEBUG manila.api.openstack.wsgi [None req-86deac71-5d5b-457e-94e4-a35a3efe2294 tempest-SharesFromSnapshotAcrossPools-1974326921 tempest-SharesFromSnapshotAcrossPools-1974326921-project-member] Empty body provided in request {{(pid=87581) get_body /opt/stack/manila/manila/api/openstack/wsgi.py:652}}
Feb 19 02:43:20.117485 np0000156481 devstack@m-api.service[87581]: DEBUG manila.api.openstack.wsgi [None req-86deac71-5d5b-457e-94e4-a35a3efe2294 tempest-SharesFromSnapshotAcrossPools-1974326921 tempest-SharesFromSnapshotAcrossPools-1974326921-project-member] Calling method 'ShareMixin.delete' {{(pid=87581) _process_stack /opt/stack/manila/manila/api/openstack/wsgi.py:798}}
Feb 19 02:43:20.118762 np0000156481 devstack@m-api.service[87581]: INFO manila.api.v2.shares [None req-86deac71-5d5b-457e-94e4-a35a3efe2294 tempest-SharesFromSnapshotAcrossPools-1974326921 tempest-SharesFromSnapshotAcrossPools-1974326921-project-member] Delete share with id: 519e46b6-aaab-41f2-8f83-610b3320be59
Feb 19 02:43:20.211636 np0000156481 devstack@m-api.service[87581]: INFO manila.api.openstack.wsgi [None req-86deac71-5d5b-457e-94e4-a35a3efe2294 tempest-SharesFromSnapshotAcrossPools-1974326921 tempest-SharesFromSnapshotAcrossPools-1974326921-project-member] https://199.19.213.96/share/v2/5264a70aecd4421fa501bb58815a0a7d/shares/519e46b6-aaab-41f2-8f83-610b3320be59 returned with HTTP 202
Feb 19 02:43:20.212035 np0000156481 devstack@m-api.service[87581]: [pid: 87581|app: 0|req: 160/323] 199.19.213.96 () {68 vars in 1514 bytes} [Thu Feb 19 02:43:20 2026] DELETE /share/v2/5264a70aecd4421fa501bb58815a0a7d/shares/519e46b6-aaab-41f2-8f83-610b3320be59 => generated 0 bytes in 99 msecs (HTTP/1.1 202) 7 headers in 309 bytes (1 switches on core 0)
Feb 19 02:43:20.227575 np0000156481 devstack@m-api.service[87582]: INFO manila.api.openstack.wsgi [None req-73aa82e7-035d-4b84-a8e7-f8d0e7ad3916 tempest-SharesFromSnapshotAcrossPools-1974326921 tempest-SharesFromSnapshotAcrossPools-1974326921-project-member] GET https://199.19.213.96/share/v2/5264a70aecd4421fa501bb58815a0a7d/shares/519e46b6-aaab-41f2-8f83-610b3320be59
Feb 19 02:43:20.227964 np0000156481 devstack@m-api.service[87582]: DEBUG manila.api.openstack.wsgi [None req-73aa82e7-035d-4b84-a8e7-f8d0e7ad3916 tempest-SharesFromSnapshotAcrossPools-1974326921 tempest-SharesFromSnapshotAcrossPools-1974326921-project-member] Empty body provided in request {{(pid=87582) get_body /opt/stack/manila/manila/api/openstack/wsgi.py:652}}
Feb 19 02:43:20.228293 np0000156481 devstack@m-api.service[87582]: DEBUG manila.api.openstack.wsgi [None req-73aa82e7-035d-4b84-a8e7-f8d0e7ad3916 tempest-SharesFromSnapshotAcrossPools-1974326921 tempest-SharesFromSnapshotAcrossPools-1974326921-project-member] Calling method 'ShareMixin.show' {{(pid=87582) _process_stack /opt/stack/manila/manila/api/openstack/wsgi.py:798}}
Feb 19 02:43:20.242703 np0000156481 devstack@m-api.service[87582]: INFO manila.api.openstack.wsgi [None req-73aa82e7-035d-4b84-a8e7-f8d0e7ad3916 tempest-SharesFromSnapshotAcrossPools-1974326921 tempest-SharesFromSnapshotAcrossPools-1974326921-project-member] https://199.19.213.96/share/v2/5264a70aecd4421fa501bb58815a0a7d/shares/519e46b6-aaab-41f2-8f83-610b3320be59 returned with HTTP 200
Feb 19 02:43:20.243019 np0000156481 devstack@m-api.service[87582]: [pid: 87582|app: 0|req: 164/324] 199.19.213.96 () {68 vars in 1511 bytes} [Thu Feb 19 02:43:20 2026] GET /share/v2/5264a70aecd4421fa501bb58815a0a7d/shares/519e46b6-aaab-41f2-8f83-610b3320be59 => generated 1355 bytes in 20 msecs (HTTP/1.1 200) 7 headers in 298 bytes (1 switches on core 0)
Feb 19 02:43:20.765749 np0000156481 devstack@m-api.service[87581]: INFO manila.api.openstack.wsgi [None req-068ef5ca-9dbc-4453-a0a7-9cad2319679c tempest-MigrationWithShareShrinkingNFSTest-768734398 tempest-MigrationWithShareShrinkingNFSTest-768734398-project-admin] GET https://199.19.213.96/share/v2/86a5c8fbdb9146b9a365bc6cb9254a2f/shares/9f14810d-6076-4e48-bde1-2a1417263a63
Feb 19 02:43:20.766172 np0000156481 devstack@m-api.service[87581]: DEBUG manila.api.openstack.wsgi [None req-068ef5ca-9dbc-4453-a0a7-9cad2319679c tempest-MigrationWithShareShrinkingNFSTest-768734398 tempest-MigrationWithShareShrinkingNFSTest-768734398-project-admin] Empty body provided in request {{(pid=87581) get_body /opt/stack/manila/manila/api/openstack/wsgi.py:652}}
Feb 19 02:43:20.767233 np0000156481 devstack@m-api.service[87581]: DEBUG manila.api.openstack.wsgi [None req-068ef5ca-9dbc-4453-a0a7-9cad2319679c tempest-MigrationWithShareShrinkingNFSTest-768734398 tempest-MigrationWithShareShrinkingNFSTest-768734398-project-admin] Calling method 'ShareMixin.show' {{(pid=87581) _process_stack /opt/stack/manila/manila/api/openstack/wsgi.py:798}}
Feb 19 02:43:20.772424 np0000156481 devstack@m-api.service[87582]: INFO manila.api.openstack.wsgi [None req-9c2a0780-5ef6-4d61-bb95-f0ec4b488311 tempest-MigrationWithDifferentSnapshotSupportNFSTest-1331243227 tempest-MigrationWithDifferentSnapshotSupportNFSTest-1331243227-project-admin] GET https://199.19.213.96/share/v2/504a998ce605475e800ee071e976a257/shares/0b5555c0-15d2-4147-be3c-a0689c518b98
Feb 19 02:43:20.772848 np0000156481 devstack@m-api.service[87582]: DEBUG manila.api.openstack.wsgi [None req-9c2a0780-5ef6-4d61-bb95-f0ec4b488311 tempest-MigrationWithDifferentSnapshotSupportNFSTest-1331243227 tempest-MigrationWithDifferentSnapshotSupportNFSTest-1331243227-project-admin] Empty body provided in request {{(pid=87582) get_body /opt/stack/manila/manila/api/openstack/wsgi.py:652}}
Feb 19 02:43:20.773575 np0000156481 devstack@m-api.service[87582]: DEBUG manila.api.openstack.wsgi [None req-9c2a0780-5ef6-4d61-bb95-f0ec4b488311 tempest-MigrationWithDifferentSnapshotSupportNFSTest-1331243227 tempest-MigrationWithDifferentSnapshotSupportNFSTest-1331243227-project-admin] Calling method 'ShareMixin.show' {{(pid=87582) _process_stack /opt/stack/manila/manila/api/openstack/wsgi.py:798}}
Feb 19 02:43:20.783597 np0000156481 devstack@m-api.service[87581]: INFO manila.api.openstack.wsgi [None req-068ef5ca-9dbc-4453-a0a7-9cad2319679c tempest-MigrationWithShareShrinkingNFSTest-768734398 tempest-MigrationWithShareShrinkingNFSTest-768734398-project-admin] https://199.19.213.96/share/v2/86a5c8fbdb9146b9a365bc6cb9254a2f/shares/9f14810d-6076-4e48-bde1-2a1417263a63 returned with HTTP 200
Feb 19 02:43:20.783597 np0000156481 devstack@m-api.service[87581]: [pid: 87581|app: 0|req: 161/325] 199.19.213.96 () {68 vars in 1511 bytes} [Thu Feb 19 02:43:20 2026] GET /share/v2/86a5c8fbdb9146b9a365bc6cb9254a2f/shares/9f14810d-6076-4e48-bde1-2a1417263a63 => generated 1462 bytes in 22 msecs (HTTP/1.1 200) 7 headers in 298 bytes (1 switches on core 0)
Feb 19 02:43:20.785042 np0000156481 devstack@m-api.service[87581]: INFO manila.api.openstack.wsgi [None req-8da7766e-6eca-49e0-94fd-38b001bc344b tempest-MigrationWithShareExtendingNFSTest-947948388 tempest-MigrationWithShareExtendingNFSTest-947948388-project-admin] GET https://199.19.213.96/share/v2/169f37e04ac2460b96bb2f2bfabee466/shares/66a17231-0303-4514-a4bd-5ab5d6cad14a
Feb 19 02:43:20.785217 np0000156481 devstack@m-api.service[87581]: DEBUG manila.api.openstack.wsgi [None req-8da7766e-6eca-49e0-94fd-38b001bc344b tempest-MigrationWithShareExtendingNFSTest-947948388 tempest-MigrationWithShareExtendingNFSTest-947948388-project-admin] Empty body provided in request {{(pid=87581) get_body /opt/stack/manila/manila/api/openstack/wsgi.py:652}}
Feb 19 02:43:20.785401 np0000156481 devstack@m-api.service[87581]: DEBUG manila.api.openstack.wsgi [None req-8da7766e-6eca-49e0-94fd-38b001bc344b tempest-MigrationWithShareExtendingNFSTest-947948388 tempest-MigrationWithShareExtendingNFSTest-947948388-project-admin] Calling method 'ShareMixin.show' {{(pid=87581) _process_stack /opt/stack/manila/manila/api/openstack/wsgi.py:798}}
Feb 19 02:43:20.793201 np0000156481 devstack@m-api.service[87582]: INFO manila.api.openstack.wsgi [None req-9c2a0780-5ef6-4d61-bb95-f0ec4b488311 tempest-MigrationWithDifferentSnapshotSupportNFSTest-1331243227 tempest-MigrationWithDifferentSnapshotSupportNFSTest-1331243227-project-admin] https://199.19.213.96/share/v2/504a998ce605475e800ee071e976a257/shares/0b5555c0-15d2-4147-be3c-a0689c518b98 returned with HTTP 200
Feb 19 02:43:20.793587 np0000156481 devstack@m-api.service[87582]: [pid: 87582|app: 0|req: 165/326] 199.19.213.96 () {68 vars in 1511 bytes} [Thu Feb 19 02:43:20 2026] GET /share/v2/504a998ce605475e800ee071e976a257/shares/0b5555c0-15d2-4147-be3c-a0689c518b98 => generated 1494 bytes in 25 msecs (HTTP/1.1 200) 7 headers in 298 bytes (1 switches on core 0)
Feb 19 02:43:20.797148 np0000156481 devstack@m-api.service[87581]: INFO manila.api.openstack.wsgi [None req-8da7766e-6eca-49e0-94fd-38b001bc344b tempest-MigrationWithShareExtendingNFSTest-947948388 tempest-MigrationWithShareExtendingNFSTest-947948388-project-admin] https://199.19.213.96/share/v2/169f37e04ac2460b96bb2f2bfabee466/shares/66a17231-0303-4514-a4bd-5ab5d6cad14a returned with HTTP 200
Feb 19 02:43:20.797722 np0000156481 devstack@m-api.service[87581]: [pid: 87581|app: 0|req: 162/327] 199.19.213.96 () {68 vars in 1511 bytes} [Thu Feb 19 02:43:20 2026] GET /share/v2/169f37e04ac2460b96bb2f2bfabee466/shares/66a17231-0303-4514-a4bd-5ab5d6cad14a => generated 1463 bytes in 14 msecs (HTTP/1.1 200) 7 headers in 298 bytes (1 switches on core 0)
Feb 19 02:43:21.254551 np0000156481 devstack@m-api.service[87582]: INFO manila.api.openstack.wsgi [None req-3464c254-f01a-40da-9e9a-a46f72e4d605 tempest-MigrationCancelNFSTest-992920527 tempest-MigrationCancelNFSTest-992920527-project-admin] GET https://199.19.213.96/share/v2/73b8a494a7734406abcc8368374c6daa/shares/8b773aa9-0f92-4cbe-837f-a6c629d54736
Feb 19 02:43:21.255021 np0000156481 devstack@m-api.service[87582]: DEBUG manila.api.openstack.wsgi [None req-3464c254-f01a-40da-9e9a-a46f72e4d605 tempest-MigrationCancelNFSTest-992920527 tempest-MigrationCancelNFSTest-992920527-project-admin] Empty body provided in request {{(pid=87582) get_body /opt/stack/manila/manila/api/openstack/wsgi.py:652}}
Feb 19 02:43:21.255194 np0000156481 devstack@m-api.service[87582]: DEBUG manila.api.openstack.wsgi [None req-3464c254-f01a-40da-9e9a-a46f72e4d605 tempest-MigrationCancelNFSTest-992920527 tempest-MigrationCancelNFSTest-992920527-project-admin] Calling method 'ShareMixin.show' {{(pid=87582) _process_stack /opt/stack/manila/manila/api/openstack/wsgi.py:798}}
Feb 19 02:43:21.267931 np0000156481 devstack@m-api.service[87581]: INFO manila.api.openstack.wsgi [None req-d67c2e68-b5bc-4db1-9023-8b9cd6fedd75 tempest-MigrationTwoPhaseNFSTest-177544755 tempest-MigrationTwoPhaseNFSTest-177544755-project-admin] GET https://199.19.213.96/share/v2/f6b2781e39f64007ab53d4a2b272828b/shares/c52b05df-0d3b-44b1-ba41-ce91cbe5be9c
Feb 19 02:43:21.267931 np0000156481 devstack@m-api.service[87581]: DEBUG manila.api.openstack.wsgi [None req-d67c2e68-b5bc-4db1-9023-8b9cd6fedd75 tempest-MigrationTwoPhaseNFSTest-177544755 tempest-MigrationTwoPhaseNFSTest-177544755-project-admin] Empty body provided in request {{(pid=87581) get_body /opt/stack/manila/manila/api/openstack/wsgi.py:652}}
Feb 19 02:43:21.268259 np0000156481 devstack@m-api.service[87581]: DEBUG manila.api.openstack.wsgi [None req-d67c2e68-b5bc-4db1-9023-8b9cd6fedd75 tempest-MigrationTwoPhaseNFSTest-177544755 tempest-MigrationTwoPhaseNFSTest-177544755-project-admin] Calling method 'ShareMixin.show' {{(pid=87581) _process_stack /opt/stack/manila/manila/api/openstack/wsgi.py:798}}
Feb 19 02:43:21.272530 np0000156481 devstack@m-api.service[87582]: INFO manila.api.openstack.wsgi [None req-3464c254-f01a-40da-9e9a-a46f72e4d605 tempest-MigrationCancelNFSTest-992920527 tempest-MigrationCancelNFSTest-992920527-project-admin] https://199.19.213.96/share/v2/73b8a494a7734406abcc8368374c6daa/shares/8b773aa9-0f92-4cbe-837f-a6c629d54736 returned with HTTP 200
Feb 19 02:43:21.273035 np0000156481 devstack@m-api.service[87582]: [pid: 87582|app: 0|req: 166/328] 199.19.213.96 () {68 vars in 1511 bytes} [Thu Feb 19 02:43:21 2026] GET /share/v2/73b8a494a7734406abcc8368374c6daa/shares/8b773aa9-0f92-4cbe-837f-a6c629d54736 => generated 1474 bytes in 23 msecs (HTTP/1.1 200) 7 headers in 298 bytes (1 switches on core 0)
Feb 19 02:43:21.284836 np0000156481 devstack@m-api.service[87581]: INFO manila.api.openstack.wsgi [None req-d67c2e68-b5bc-4db1-9023-8b9cd6fedd75 tempest-MigrationTwoPhaseNFSTest-177544755 tempest-MigrationTwoPhaseNFSTest-177544755-project-admin] https://199.19.213.96/share/v2/f6b2781e39f64007ab53d4a2b272828b/shares/c52b05df-0d3b-44b1-ba41-ce91cbe5be9c returned with HTTP 200
Feb 19 02:43:21.285127 np0000156481 devstack@m-api.service[87581]: [pid: 87581|app: 0|req: 163/329] 199.19.213.96 () {68 vars in 1511 bytes} [Thu Feb 19 02:43:21 2026] GET /share/v2/f6b2781e39f64007ab53d4a2b272828b/shares/c52b05df-0d3b-44b1-ba41-ce91cbe5be9c => generated 1462 bytes in 22 msecs (HTTP/1.1 200) 7 headers in 298 bytes (1 switches on core 0)
Feb 19 02:43:21.567625 np0000156481 devstack@m-api.service[87582]: INFO manila.api.openstack.wsgi [None req-eaf2e8cf-2754-45d9-a388-c661136ccd75 tempest-ReplicationAdminTest-649857771 tempest-ReplicationAdminTest-649857771-project-admin] GET https://199.19.213.96/share/v2/d64f5abb85a847cfb1c4c31fd2457d65/share-replicas/6e05a7aa-406e-4a08-b0da-b3dedb09c263
Feb 19 02:43:21.568055 np0000156481 devstack@m-api.service[87582]: DEBUG manila.api.openstack.wsgi [None req-eaf2e8cf-2754-45d9-a388-c661136ccd75 tempest-ReplicationAdminTest-649857771 tempest-ReplicationAdminTest-649857771-project-admin] Empty body provided in request {{(pid=87582) get_body /opt/stack/manila/manila/api/openstack/wsgi.py:652}}
Feb 19 02:43:21.568376 np0000156481 devstack@m-api.service[87582]: DEBUG manila.api.openstack.wsgi [None req-eaf2e8cf-2754-45d9-a388-c661136ccd75 tempest-ReplicationAdminTest-649857771 tempest-ReplicationAdminTest-649857771-project-admin] Calling method 'Controller.__getattribute__..version_select' {{(pid=87582) _process_stack /opt/stack/manila/manila/api/openstack/wsgi.py:798}}
Feb 19 02:43:21.577287 np0000156481 devstack@m-api.service[87582]: INFO manila.api.openstack.wsgi [None req-eaf2e8cf-2754-45d9-a388-c661136ccd75 tempest-ReplicationAdminTest-649857771 tempest-ReplicationAdminTest-649857771-project-admin] HTTP exception thrown: Replica 6e05a7aa-406e-4a08-b0da-b3dedb09c263 not found.
Feb 19 02:43:21.577413 np0000156481 devstack@m-api.service[87582]: INFO manila.api.openstack.wsgi [None req-eaf2e8cf-2754-45d9-a388-c661136ccd75 tempest-ReplicationAdminTest-649857771 tempest-ReplicationAdminTest-649857771-project-admin] https://199.19.213.96/share/v2/d64f5abb85a847cfb1c4c31fd2457d65/share-replicas/6e05a7aa-406e-4a08-b0da-b3dedb09c263 returned with HTTP 404
Feb 19 02:43:21.577816 np0000156481 devstack@m-api.service[87582]: [pid: 87582|app: 0|req: 167/330] 199.19.213.96 () {68 vars in 1535 bytes} [Thu Feb 19 02:43:21 2026] GET /share/v2/d64f5abb85a847cfb1c4c31fd2457d65/share-replicas/6e05a7aa-406e-4a08-b0da-b3dedb09c263 => generated 101 bytes in 15 msecs (HTTP/1.1 404) 7 headers in 304 bytes (1 switches on core 0)
Feb 19 02:43:21.593039 np0000156481 devstack@m-api.service[87581]: INFO manila.api.openstack.wsgi [None req-3853614e-7e5e-4f08-83bd-96c3a34fe069 tempest-ReplicationAdminTest-649857771 tempest-ReplicationAdminTest-649857771-project-admin] DELETE https://199.19.213.96/share/v2/d64f5abb85a847cfb1c4c31fd2457d65/share-replicas/6e05a7aa-406e-4a08-b0da-b3dedb09c263
Feb 19 02:43:21.593286 np0000156481 devstack@m-api.service[87581]: DEBUG manila.api.openstack.wsgi [None req-3853614e-7e5e-4f08-83bd-96c3a34fe069 tempest-ReplicationAdminTest-649857771 tempest-ReplicationAdminTest-649857771-project-admin] Empty body provided in request {{(pid=87581) get_body /opt/stack/manila/manila/api/openstack/wsgi.py:652}}
Feb 19 02:43:21.593519 np0000156481 devstack@m-api.service[87581]: DEBUG manila.api.openstack.wsgi [None req-3853614e-7e5e-4f08-83bd-96c3a34fe069 tempest-ReplicationAdminTest-649857771 tempest-ReplicationAdminTest-649857771-project-admin] Calling method 'Controller.__getattribute__..version_select' {{(pid=87581) _process_stack /opt/stack/manila/manila/api/openstack/wsgi.py:798}}
Feb 19 02:43:21.603661 np0000156481 devstack@m-api.service[87581]: INFO manila.api.openstack.wsgi [None req-3853614e-7e5e-4f08-83bd-96c3a34fe069 tempest-ReplicationAdminTest-649857771 tempest-ReplicationAdminTest-649857771-project-admin] HTTP exception thrown: No replica exists with ID 6e05a7aa-406e-4a08-b0da-b3dedb09c263.
Feb 19 02:43:21.603830 np0000156481 devstack@m-api.service[87581]: INFO manila.api.openstack.wsgi [None req-3853614e-7e5e-4f08-83bd-96c3a34fe069 tempest-ReplicationAdminTest-649857771 tempest-ReplicationAdminTest-649857771-project-admin] https://199.19.213.96/share/v2/d64f5abb85a847cfb1c4c31fd2457d65/share-replicas/6e05a7aa-406e-4a08-b0da-b3dedb09c263 returned with HTTP 404
Feb 19 02:43:21.604329 np0000156481 devstack@m-api.service[87581]: [pid: 87581|app: 0|req: 164/331] 199.19.213.96 () {68 vars in 1538 bytes} [Thu Feb 19 02:43:21 2026] DELETE /share/v2/d64f5abb85a847cfb1c4c31fd2457d65/share-replicas/6e05a7aa-406e-4a08-b0da-b3dedb09c263 => generated 109 bytes in 16 msecs (HTTP/1.1 404) 7 headers in 304 bytes (1 switches on core 0)
Feb 19 02:43:21.622226 np0000156481 devstack@m-api.service[87582]: INFO manila.api.openstack.wsgi [None req-48f78701-e761-4094-a036-2bf044719d2a tempest-ReplicationAdminTest-649857771 tempest-ReplicationAdminTest-649857771-project-admin] POST https://199.19.213.96/share/v2/d64f5abb85a847cfb1c4c31fd2457d65/shares
