Feb 19 02:42:43.431715 np0000156481 devstack@m-api.service[87581]: DEBUG manila.quota [None req-0420e21d-0245-496b-8af9-eed34926e86e tempest-ReplicationAdminTest-649857771 tempest-ReplicationAdminTest-649857771-project-admin] Created reservations ['e941133e-c979-4e7d-b87e-6f382ddecd49', '5d10efd8-3d04-4229-9fcf-4228c59a30f9', 'babbaf79-5d8b-440f-9399-4686953c4f8a', '29944acc-fa9e-4ed2-a897-eaa01deda47e', 'cbf58cb3-fb63-417b-85cb-0bf8bde551eb', 'ae487e46-4b2d-4c20-ae04-a7b3c10aa557', '602745fb-5e50-41ce-8feb-52abc20d88da', '7fedd68c-d619-44ca-9d2d-034366cb3f0c'] {{(pid=87581) reserve /opt/stack/manila/manila/quota.py:1038}}
Feb 19 02:42:43.438805 np0000156481 devstack@m-api.service[87582]: INFO manila.api.openstack.wsgi [None req-7e427823-ac7a-49bc-9787-880e6d01e8aa tempest-MigrationOfShareWithSnapshotNFSTest-1434312938 tempest-MigrationOfShareWithSnapshotNFSTest-1434312938-project-admin] https://199.19.213.96/share/v2/1e54a7cc42fc42ad833aa6cc5097bbe1/shares?share_type_id=b5509aa4-bc74-4324-b7cf-908fab02f15d returned with HTTP 200
Feb 19 02:42:43.439402 np0000156481 devstack@m-api.service[87582]: [pid: 87582|app: 0|req: 15/42] 199.19.213.96 () {68 vars in 1501 bytes} [Thu Feb 19 02:42:43 2026] GET /share/v2/1e54a7cc42fc42ad833aa6cc5097bbe1/shares?share_type_id=b5509aa4-bc74-4324-b7cf-908fab02f15d => generated 14 bytes in 24 msecs (HTTP/1.1 200) 7 headers in 296 bytes (1 switches on core 0)
Feb 19 02:42:43.441886 np0000156481 devstack@m-api.service[87582]: INFO manila.api.openstack.wsgi [None req-4b4929af-4ff8-460d-be28-a22a7e8cf886 tempest-MigrationWithDifferentSnapshotSupportNFSTest-1331243227 tempest-MigrationWithDifferentSnapshotSupportNFSTest-1331243227-project-admin] POST https://199.19.213.96/share/v2/504a998ce605475e800ee071e976a257/types
Feb 19 02:42:43.441963 np0000156481 devstack@m-api.service[87582]: DEBUG manila.api.openstack.wsgi [None req-4b4929af-4ff8-460d-be28-a22a7e8cf886 tempest-MigrationWithDifferentSnapshotSupportNFSTest-1331243227 tempest-MigrationWithDifferentSnapshotSupportNFSTest-1331243227-project-admin] Action: 'create', calling method: Controller.__getattribute__..version_select, body: {"share_type": {"name": "tempest-snapshot_noncapable_share_type_for_migration-1373459658", "extra_specs": {"driver_handles_share_servers": false}, "share_type_access:is_public": true}} {{(pid=87582) _process_stack /opt/stack/manila/manila/api/openstack/wsgi.py:796}}
Feb 19 02:42:43.455135 np0000156481 devstack@m-api.service[87582]: INFO manila.api.openstack.wsgi [None req-4b4929af-4ff8-460d-be28-a22a7e8cf886 tempest-MigrationWithDifferentSnapshotSupportNFSTest-1331243227 tempest-MigrationWithDifferentSnapshotSupportNFSTest-1331243227-project-admin] https://199.19.213.96/share/v2/504a998ce605475e800ee071e976a257/types returned with HTTP 200
Feb 19 02:42:43.455869 np0000156481 devstack@m-api.service[87582]: [pid: 87582|app: 0|req: 16/43] 199.19.213.96 () {70 vars in 1419 bytes} [Thu Feb 19 02:42:43 2026] POST /share/v2/504a998ce605475e800ee071e976a257/types => generated 679 bytes in 16 msecs (HTTP/1.1 200) 7 headers in 297 bytes (1 switches on core 0)
Feb 19 02:42:43.459979 np0000156481 devstack@m-api.service[87582]: INFO manila.api.openstack.wsgi [None req-97bf9e2e-39d4-49f3-980a-ddc257a4d0a4 tempest-MigrationTwoPhaseNFSTest-177544755 tempest-MigrationTwoPhaseNFSTest-177544755-project-admin] POST https://199.19.213.96/share/v2/f6b2781e39f64007ab53d4a2b272828b/shares
Feb 19 02:42:43.459979 np0000156481 devstack@m-api.service[87582]: DEBUG manila.api.openstack.wsgi [None req-97bf9e2e-39d4-49f3-980a-ddc257a4d0a4 tempest-MigrationTwoPhaseNFSTest-177544755 tempest-MigrationTwoPhaseNFSTest-177544755-project-admin] Action: 'create', calling method: Controller.__getattribute__..version_select, body: {"share": {"share_proto": "nfs", "description": "Tempest's share", "snapshot_id": null, "name": "tempest-tempest-created-share-1431871469", "size": 1, "metadata": {}, "is_public": false, "share_type": "86c821d0-412d-429a-a691-7e0e8496f62c"}} {{(pid=87582) _process_stack /opt/stack/manila/manila/api/openstack/wsgi.py:796}}
Feb 19 02:42:43.460672 np0000156481 devstack@m-api.service[87582]: INFO manila.api.v2.shares [None req-97bf9e2e-39d4-49f3-980a-ddc257a4d0a4 tempest-MigrationTwoPhaseNFSTest-177544755 tempest-MigrationTwoPhaseNFSTest-177544755-project-admin] Create NFS share of 1 GB
Feb 19 02:42:43.462916 np0000156481 devstack@m-api.service[87581]: DEBUG manila.quota [None req-0420e21d-0245-496b-8af9-eed34926e86e tempest-ReplicationAdminTest-649857771 tempest-ReplicationAdminTest-649857771-project-admin] Committed reservations ['e941133e-c979-4e7d-b87e-6f382ddecd49', '5d10efd8-3d04-4229-9fcf-4228c59a30f9', 'babbaf79-5d8b-440f-9399-4686953c4f8a', '29944acc-fa9e-4ed2-a897-eaa01deda47e', 'cbf58cb3-fb63-417b-85cb-0bf8bde551eb', 'ae487e46-4b2d-4c20-ae04-a7b3c10aa557', '602745fb-5e50-41ce-8feb-52abc20d88da', '7fedd68c-d619-44ca-9d2d-034366cb3f0c'] {{(pid=87581) commit /opt/stack/manila/manila/quota.py:1066}}
Feb 19 02:42:43.522632 np0000156481 devstack@m-api.service[87581]: INFO manila.api.openstack.wsgi [None req-0420e21d-0245-496b-8af9-eed34926e86e tempest-ReplicationAdminTest-649857771 tempest-ReplicationAdminTest-649857771-project-admin] https://199.19.213.96/share/v2/d64f5abb85a847cfb1c4c31fd2457d65/shares returned with HTTP 200
Feb 19 02:42:43.523074 np0000156481 devstack@m-api.service[87581]: [pid: 87581|app: 0|req: 28/44] 199.19.213.96 () {70 vars in 1422 bytes} [Thu Feb 19 02:42:43 2026] POST /share/v2/d64f5abb85a847cfb1c4c31fd2457d65/shares => generated 1396 bytes in 162 msecs (HTTP/1.1 200) 7 headers in 298 bytes (1 switches on core 0)
Feb 19 02:42:43.525293 np0000156481 devstack@m-api.service[87581]: INFO manila.api.openstack.wsgi [None req-241fcbf7-53a3-47af-b394-265fe001e69b tempest-AdminActionsTest-528634798 tempest-AdminActionsTest-528634798-project-admin] GET https://199.19.213.96/share/v2/08f2625e1b754767806ce698ba96f2f9/shares/add5c63e-65b4-442b-8bf8-8a99309c6a0e
Feb 19 02:42:43.525554 np0000156481 devstack@m-api.service[87581]: DEBUG manila.api.openstack.wsgi [None req-241fcbf7-53a3-47af-b394-265fe001e69b tempest-AdminActionsTest-528634798 tempest-AdminActionsTest-528634798-project-admin] Empty body provided in request {{(pid=87581) get_body /opt/stack/manila/manila/api/openstack/wsgi.py:652}}
Feb 19 02:42:43.525622 np0000156481 devstack@m-api.service[87581]: DEBUG manila.api.openstack.wsgi [None req-241fcbf7-53a3-47af-b394-265fe001e69b tempest-AdminActionsTest-528634798 tempest-AdminActionsTest-528634798-project-admin] Calling method 'ShareMixin.show' {{(pid=87581) _process_stack /opt/stack/manila/manila/api/openstack/wsgi.py:798}}
Feb 19 02:42:43.535702 np0000156481 devstack@m-api.service[87582]: DEBUG manila.quota [None req-97bf9e2e-39d4-49f3-980a-ddc257a4d0a4 tempest-MigrationTwoPhaseNFSTest-177544755 tempest-MigrationTwoPhaseNFSTest-177544755-project-admin] Created reservations ['f62d0da5-4ac5-44e5-aca2-3457250f05fd', '946810a1-d7d2-475a-bc14-452c437ceed0', '1b5ce184-b906-4c46-b960-5699c65811ef', '47b550a5-5384-4a31-8064-a6bfba5fa530'] {{(pid=87582) reserve /opt/stack/manila/manila/quota.py:1038}}
Feb 19 02:42:43.537419 np0000156481 devstack@m-api.service[87581]: INFO manila.api.openstack.wsgi [None req-241fcbf7-53a3-47af-b394-265fe001e69b tempest-AdminActionsTest-528634798 tempest-AdminActionsTest-528634798-project-admin] https://199.19.213.96/share/v2/08f2625e1b754767806ce698ba96f2f9/shares/add5c63e-65b4-442b-8bf8-8a99309c6a0e returned with HTTP 200
Feb 19 02:42:43.537419 np0000156481 devstack@m-api.service[87581]: [pid: 87581|app: 0|req: 29/45] 199.19.213.96 () {68 vars in 1511 bytes} [Thu Feb 19 02:42:43 2026] GET /share/v2/08f2625e1b754767806ce698ba96f2f9/shares/add5c63e-65b4-442b-8bf8-8a99309c6a0e => generated 1415 bytes in 14 msecs (HTTP/1.1 200) 7 headers in 298 bytes (1 switches on core 0)
Feb 19 02:42:43.539327 np0000156481 devstack@m-api.service[87581]: INFO manila.api.openstack.wsgi [None req-5c19c8e3-0cad-4fb3-bc81-6cf653ca004e tempest-MigrationOppositeDriverModesNFSTest-517340729 tempest-MigrationOppositeDriverModesNFSTest-517340729-project-admin] DELETE https://199.19.213.96/share/v2/c4c24f4c79b6464b8abb2906a92d16f0/types/4a5e0b98-db45-4141-82b9-a131dc2c81aa
Feb 19 02:42:43.539513 np0000156481 devstack@m-api.service[87581]: DEBUG manila.api.openstack.wsgi [None req-5c19c8e3-0cad-4fb3-bc81-6cf653ca004e tempest-MigrationOppositeDriverModesNFSTest-517340729 tempest-MigrationOppositeDriverModesNFSTest-517340729-project-admin] Empty body provided in request {{(pid=87581) get_body /opt/stack/manila/manila/api/openstack/wsgi.py:652}}
Feb 19 02:42:43.539694 np0000156481 devstack@m-api.service[87581]: DEBUG manila.api.openstack.wsgi [None req-5c19c8e3-0cad-4fb3-bc81-6cf653ca004e tempest-MigrationOppositeDriverModesNFSTest-517340729 tempest-MigrationOppositeDriverModesNFSTest-517340729-project-admin] Calling method 'ShareTypesController._delete' {{(pid=87581) _process_stack /opt/stack/manila/manila/api/openstack/wsgi.py:798}}
Feb 19 02:42:43.573320 np0000156481 devstack@m-api.service[87581]: INFO manila.api.openstack.wsgi [None req-5c19c8e3-0cad-4fb3-bc81-6cf653ca004e tempest-MigrationOppositeDriverModesNFSTest-517340729 tempest-MigrationOppositeDriverModesNFSTest-517340729-project-admin] https://199.19.213.96/share/v2/c4c24f4c79b6464b8abb2906a92d16f0/types/4a5e0b98-db45-4141-82b9-a131dc2c81aa returned with HTTP 202
Feb 19 02:42:43.574449 np0000156481 devstack@m-api.service[87581]: [pid: 87581|app: 0|req: 30/46] 199.19.213.96 () {68 vars in 1511 bytes} [Thu Feb 19 02:42:43 2026] DELETE /share/v2/c4c24f4c79b6464b8abb2906a92d16f0/types/4a5e0b98-db45-4141-82b9-a131dc2c81aa => generated 0 bytes in 36 msecs (HTTP/1.1 202) 7 headers in 309 bytes (1 switches on core 0)
Feb 19 02:42:43.576718 np0000156481 devstack@m-api.service[87581]: INFO manila.api.openstack.wsgi [None req-f20c1f24-c35a-45af-b6f6-123a0bf109e7 tempest-SharesFromSnapshotAcrossPools-2090272197 tempest-SharesFromSnapshotAcrossPools-2090272197-project-admin] GET https://199.19.213.96/share/v2/c6e8cfbad7ba4f73af2929730eb3a7dc/services
Feb 19 02:42:43.576929 np0000156481 devstack@m-api.service[87581]: DEBUG manila.api.openstack.wsgi [None req-f20c1f24-c35a-45af-b6f6-123a0bf109e7 tempest-SharesFromSnapshotAcrossPools-2090272197 tempest-SharesFromSnapshotAcrossPools-2090272197-project-admin] Empty body provided in request {{(pid=87581) get_body /opt/stack/manila/manila/api/openstack/wsgi.py:652}}
Feb 19 02:42:43.577143 np0000156481 devstack@m-api.service[87581]: DEBUG manila.api.openstack.wsgi [None req-f20c1f24-c35a-45af-b6f6-123a0bf109e7 tempest-SharesFromSnapshotAcrossPools-2090272197 tempest-SharesFromSnapshotAcrossPools-2090272197-project-admin] Calling method 'Controller.__getattribute__..version_select' {{(pid=87581) _process_stack /opt/stack/manila/manila/api/openstack/wsgi.py:798}}
Feb 19 02:42:43.583227 np0000156481 devstack@m-api.service[87581]: INFO manila.api.openstack.wsgi [None req-f20c1f24-c35a-45af-b6f6-123a0bf109e7 tempest-SharesFromSnapshotAcrossPools-2090272197 tempest-SharesFromSnapshotAcrossPools-2090272197-project-admin] https://199.19.213.96/share/v2/c6e8cfbad7ba4f73af2929730eb3a7dc/services returned with HTTP 200
Feb 19 02:42:43.583584 np0000156481 devstack@m-api.service[87581]: [pid: 87581|app: 0|req: 31/47] 199.19.213.96 () {68 vars in 1406 bytes} [Thu Feb 19 02:42:43 2026] GET /share/v2/c6e8cfbad7ba4f73af2929730eb3a7dc/services => generated 852 bytes in 9 msecs (HTTP/1.1 200) 7 headers in 297 bytes (1 switches on core 0)
Feb 19 02:42:43.585756 np0000156481 devstack@m-api.service[87581]: INFO manila.api.openstack.wsgi [None req-929fe5c3-ca4a-4025-a308-9ecc1307a672 tempest-ReplicationActionsAdminTest-1944799921 tempest-ReplicationActionsAdminTest-1944799921-project-admin] GET https://199.19.213.96/share/v2/f445dd8bfa5a4eea9fff523fdbe83ef5/services
Feb 19 02:42:43.585942 np0000156481 devstack@m-api.service[87581]: DEBUG manila.api.openstack.wsgi [None req-929fe5c3-ca4a-4025-a308-9ecc1307a672 tempest-ReplicationActionsAdminTest-1944799921 tempest-ReplicationActionsAdminTest-1944799921-project-admin] Empty body provided in request {{(pid=87581) get_body /opt/stack/manila/manila/api/openstack/wsgi.py:652}}
Feb 19 02:42:43.586081 np0000156481 devstack@m-api.service[87581]: DEBUG manila.api.openstack.wsgi [None req-929fe5c3-ca4a-4025-a308-9ecc1307a672 tempest-ReplicationActionsAdminTest-1944799921 tempest-ReplicationActionsAdminTest-1944799921-project-admin] Calling method 'Controller.__getattribute__..version_select' {{(pid=87581) _process_stack /opt/stack/manila/manila/api/openstack/wsgi.py:798}}
Feb 19 02:42:43.594260 np0000156481 devstack@m-api.service[87581]: INFO manila.api.openstack.wsgi [None req-929fe5c3-ca4a-4025-a308-9ecc1307a672 tempest-ReplicationActionsAdminTest-1944799921 tempest-ReplicationActionsAdminTest-1944799921-project-admin] https://199.19.213.96/share/v2/f445dd8bfa5a4eea9fff523fdbe83ef5/services returned with HTTP 200
Feb 19 02:42:43.594615 np0000156481 devstack@m-api.service[87582]: DEBUG manila.quota [None req-97bf9e2e-39d4-49f3-980a-ddc257a4d0a4 tempest-MigrationTwoPhaseNFSTest-177544755 tempest-MigrationTwoPhaseNFSTest-177544755-project-admin] Committed reservations ['f62d0da5-4ac5-44e5-aca2-3457250f05fd', '946810a1-d7d2-475a-bc14-452c437ceed0', '1b5ce184-b906-4c46-b960-5699c65811ef', '47b550a5-5384-4a31-8064-a6bfba5fa530'] {{(pid=87582) commit /opt/stack/manila/manila/quota.py:1066}}
Feb 19 02:42:43.594731 np0000156481 devstack@m-api.service[87581]: [pid: 87581|app: 0|req: 32/48] 199.19.213.96 () {68 vars in 1406 bytes} [Thu Feb 19 02:42:43 2026] GET /share/v2/f445dd8bfa5a4eea9fff523fdbe83ef5/services => generated 852 bytes in 10 msecs (HTTP/1.1 200) 7 headers in 297 bytes (1 switches on core 0)
Feb 19 02:42:43.596694 np0000156481 devstack@m-api.service[87581]: INFO manila.api.openstack.wsgi [None req-33f45783-3f4b-40a0-9745-b97de1e2bb7b tempest-MigrationOfShareWithSnapshotNFSTest-1434312938 tempest-MigrationOfShareWithSnapshotNFSTest-1434312938-project-admin] DELETE https://199.19.213.96/share/v2/1e54a7cc42fc42ad833aa6cc5097bbe1/types/b5509aa4-bc74-4324-b7cf-908fab02f15d
Feb 19 02:42:43.596865 np0000156481 devstack@m-api.service[87581]: DEBUG manila.api.openstack.wsgi [None req-33f45783-3f4b-40a0-9745-b97de1e2bb7b tempest-MigrationOfShareWithSnapshotNFSTest-1434312938 tempest-MigrationOfShareWithSnapshotNFSTest-1434312938-project-admin] Empty body provided in request {{(pid=87581) get_body /opt/stack/manila/manila/api/openstack/wsgi.py:652}}
Feb 19 02:42:43.597020 np0000156481 devstack@m-api.service[87581]: DEBUG manila.api.openstack.wsgi [None req-33f45783-3f4b-40a0-9745-b97de1e2bb7b tempest-MigrationOfShareWithSnapshotNFSTest-1434312938 tempest-MigrationOfShareWithSnapshotNFSTest-1434312938-project-admin] Calling method 'ShareTypesController._delete' {{(pid=87581) _process_stack /opt/stack/manila/manila/api/openstack/wsgi.py:798}}
Feb 19 02:42:43.620831 np0000156481 devstack@m-api.service[87581]: INFO manila.api.openstack.wsgi [None req-33f45783-3f4b-40a0-9745-b97de1e2bb7b tempest-MigrationOfShareWithSnapshotNFSTest-1434312938 tempest-MigrationOfShareWithSnapshotNFSTest-1434312938-project-admin] https://199.19.213.96/share/v2/1e54a7cc42fc42ad833aa6cc5097bbe1/types/b5509aa4-bc74-4324-b7cf-908fab02f15d returned with HTTP 202
Feb 19 02:42:43.621460 np0000156481 devstack@m-api.service[87581]: [pid: 87581|app: 0|req: 33/49] 199.19.213.96 () {68 vars in 1511 bytes} [Thu Feb 19 02:42:43 2026] DELETE /share/v2/1e54a7cc42fc42ad833aa6cc5097bbe1/types/b5509aa4-bc74-4324-b7cf-908fab02f15d => generated 0 bytes in 26 msecs (HTTP/1.1 202) 7 headers in 309 bytes (1 switches on core 0)
Feb 19 02:42:43.624674 np0000156481 devstack@m-api.service[87581]: INFO manila.api.openstack.wsgi [None req-448041b2-3a35-4a68-b7d1-3d5ac0d6798f tempest-MigrationWithDifferentSnapshotSupportNFSTest-1331243227 tempest-MigrationWithDifferentSnapshotSupportNFSTest-1331243227-project-admin] POST https://199.19.213.96/share/v2/504a998ce605475e800ee071e976a257/shares
Feb 19 02:42:43.625137 np0000156481 devstack@m-api.service[87581]: DEBUG manila.api.openstack.wsgi [None req-448041b2-3a35-4a68-b7d1-3d5ac0d6798f tempest-MigrationWithDifferentSnapshotSupportNFSTest-1331243227 tempest-MigrationWithDifferentSnapshotSupportNFSTest-1331243227-project-admin] Action: 'create', calling method: Controller.__getattribute__..version_select, body: {"share": {"share_proto": "nfs", "description": "Tempest's share", "snapshot_id": null, "name": "tempest-tempest-created-share-337814122", "size": 1, "metadata": {}, "is_public": false, "share_type": "bb7b8353-270a-4f61-a031-30731cb5472a"}} {{(pid=87581) _process_stack /opt/stack/manila/manila/api/openstack/wsgi.py:796}}
Feb 19 02:42:43.626239 np0000156481 devstack@m-api.service[87581]: INFO manila.api.v2.shares [None req-448041b2-3a35-4a68-b7d1-3d5ac0d6798f tempest-MigrationWithDifferentSnapshotSupportNFSTest-1331243227 tempest-MigrationWithDifferentSnapshotSupportNFSTest-1331243227-project-admin] Create NFS share of 1 GB
Feb 19 02:42:43.676601 np0000156481 devstack@m-api.service[87582]: INFO manila.api.openstack.wsgi [None req-97bf9e2e-39d4-49f3-980a-ddc257a4d0a4 tempest-MigrationTwoPhaseNFSTest-177544755 tempest-MigrationTwoPhaseNFSTest-177544755-project-admin] https://199.19.213.96/share/v2/f6b2781e39f64007ab53d4a2b272828b/shares returned with HTTP 200
Feb 19 02:42:43.677056 np0000156481 devstack@m-api.service[87582]: [pid: 87582|app: 0|req: 17/50] 199.19.213.96 () {70 vars in 1422 bytes} [Thu Feb 19 02:42:43 2026] POST /share/v2/f6b2781e39f64007ab53d4a2b272828b/shares => generated 1417 bytes in 221 msecs (HTTP/1.1 200) 7 headers in 298 bytes (1 switches on core 0)
Feb 19 02:42:43.677337 np0000156481 devstack@m-api.service[87581]: DEBUG manila.quota [None req-448041b2-3a35-4a68-b7d1-3d5ac0d6798f tempest-MigrationWithDifferentSnapshotSupportNFSTest-1331243227 tempest-MigrationWithDifferentSnapshotSupportNFSTest-1331243227-project-admin] Created reservations ['4c81ccff-a093-4b8c-92a7-861fc9272000', 'c47a403b-4716-4ec7-b881-3744ec299412', '4eed1d2d-3bf4-4ddb-a095-c11d4c10963e', '5be40aa7-edf0-46f9-981e-50e968320fd0'] {{(pid=87581) reserve /opt/stack/manila/manila/quota.py:1038}}
Feb 19 02:42:43.679168 np0000156481 devstack@m-api.service[87582]: INFO manila.api.openstack.wsgi [None req-278f0a6f-f251-4ac4-8fb4-3a3830c75f33 tempest-ReplicationAdminTest-649857771 tempest-ReplicationAdminTest-649857771-project-admin] GET https://199.19.213.96/share/v2/d64f5abb85a847cfb1c4c31fd2457d65/shares/d465e4f0-78e1-4f3c-92d4-b5c4d0ca857e
Feb 19 02:42:43.679470 np0000156481 devstack@m-api.service[87582]: DEBUG manila.api.openstack.wsgi [None req-278f0a6f-f251-4ac4-8fb4-3a3830c75f33 tempest-ReplicationAdminTest-649857771 tempest-ReplicationAdminTest-649857771-project-admin] Empty body provided in request {{(pid=87582) get_body /opt/stack/manila/manila/api/openstack/wsgi.py:652}}
Feb 19 02:42:43.679625 np0000156481 devstack@m-api.service[87582]: DEBUG manila.api.openstack.wsgi [None req-278f0a6f-f251-4ac4-8fb4-3a3830c75f33 tempest-ReplicationAdminTest-649857771 tempest-ReplicationAdminTest-649857771-project-admin] Calling method 'ShareMixin.show' {{(pid=87582) _process_stack /opt/stack/manila/manila/api/openstack/wsgi.py:798}}
Feb 19 02:42:43.695661 np0000156481 devstack@m-api.service[87582]: INFO manila.api.openstack.wsgi [None req-278f0a6f-f251-4ac4-8fb4-3a3830c75f33 tempest-ReplicationAdminTest-649857771 tempest-ReplicationAdminTest-649857771-project-admin] https://199.19.213.96/share/v2/d64f5abb85a847cfb1c4c31fd2457d65/shares/d465e4f0-78e1-4f3c-92d4-b5c4d0ca857e returned with HTTP 200
Feb 19 02:42:43.696083 np0000156481 devstack@m-api.service[87582]: [pid: 87582|app: 0|req: 18/51] 199.19.213.96 () {68 vars in 1511 bytes} [Thu Feb 19 02:42:43 2026] GET /share/v2/d64f5abb85a847cfb1c4c31fd2457d65/shares/d465e4f0-78e1-4f3c-92d4-b5c4d0ca857e => generated 1421 bytes in 19 msecs (HTTP/1.1 200) 7 headers in 298 bytes (1 switches on core 0)
Feb 19 02:42:43.698717 np0000156481 devstack@m-api.service[87582]: INFO manila.api.openstack.wsgi [None req-4399bab6-cd9c-4d26-aa87-4545e2b31264 tempest-MigrationOppositeDriverModesNFSTest-517340729 tempest-MigrationOppositeDriverModesNFSTest-517340729-project-admin] GET https://199.19.213.96/share/v2/c4c24f4c79b6464b8abb2906a92d16f0/types/4a5e0b98-db45-4141-82b9-a131dc2c81aa
Feb 19 02:42:43.698918 np0000156481 devstack@m-api.service[87582]: DEBUG manila.api.openstack.wsgi [None req-4399bab6-cd9c-4d26-aa87-4545e2b31264 tempest-MigrationOppositeDriverModesNFSTest-517340729 tempest-MigrationOppositeDriverModesNFSTest-517340729-project-admin] Empty body provided in request {{(pid=87582) get_body /opt/stack/manila/manila/api/openstack/wsgi.py:652}}
Feb 19 02:42:43.699105 np0000156481 devstack@m-api.service[87582]: DEBUG manila.api.openstack.wsgi [None req-4399bab6-cd9c-4d26-aa87-4545e2b31264 tempest-MigrationOppositeDriverModesNFSTest-517340729 tempest-MigrationOppositeDriverModesNFSTest-517340729-project-admin] Calling method 'ShareTypesController.show' {{(pid=87582) _process_stack /opt/stack/manila/manila/api/openstack/wsgi.py:798}}
Feb 19 02:42:43.704615 np0000156481 devstack@m-api.service[87582]: INFO manila.api.openstack.wsgi [None req-4399bab6-cd9c-4d26-aa87-4545e2b31264 tempest-MigrationOppositeDriverModesNFSTest-517340729 tempest-MigrationOppositeDriverModesNFSTest-517340729-project-admin] HTTP exception thrown: Share type not found.
Feb 19 02:42:43.704615 np0000156481 devstack@m-api.service[87582]: INFO manila.api.openstack.wsgi [None req-4399bab6-cd9c-4d26-aa87-4545e2b31264 tempest-MigrationOppositeDriverModesNFSTest-517340729 tempest-MigrationOppositeDriverModesNFSTest-517340729-project-admin] https://199.19.213.96/share/v2/c4c24f4c79b6464b8abb2906a92d16f0/types/4a5e0b98-db45-4141-82b9-a131dc2c81aa returned with HTTP 404
Feb 19 02:42:43.705288 np0000156481 devstack@m-api.service[87582]: [pid: 87582|app: 0|req: 19/52] 199.19.213.96 () {68 vars in 1508 bytes} [Thu Feb 19 02:42:43 2026] GET /share/v2/c4c24f4c79b6464b8abb2906a92d16f0/types/4a5e0b98-db45-4141-82b9-a131dc2c81aa => generated 67 bytes in 8 msecs (HTTP/1.1 404) 7 headers in 303 bytes (1 switches on core 0)
Feb 19 02:42:43.707036 np0000156481 devstack@m-api.service[87582]: INFO manila.api.openstack.wsgi [None req-f7b4e8af-141d-4e64-baf5-c40314400baa tempest-SharesFromSnapshotAcrossPools-2090272197 tempest-SharesFromSnapshotAcrossPools-2090272197-project-admin] POST https://199.19.213.96/share/v2/c6e8cfbad7ba4f73af2929730eb3a7dc/types/5f5a4774-a41b-483c-aaad-bd343f909ce9/extra_specs
Feb 19 02:42:43.707296 np0000156481 devstack@m-api.service[87582]: DEBUG manila.api.openstack.wsgi [None req-f7b4e8af-141d-4e64-baf5-c40314400baa tempest-SharesFromSnapshotAcrossPools-2090272197 tempest-SharesFromSnapshotAcrossPools-2090272197-project-admin] Action: 'create', calling method: ShareTypeExtraSpecsController.create, body: {"extra_specs": {"pool_name": "alpha"}} {{(pid=87582) _process_stack /opt/stack/manila/manila/api/openstack/wsgi.py:796}}
Feb 19 02:42:43.713769 np0000156481 devstack@m-api.service[87581]: DEBUG manila.quota [None req-448041b2-3a35-4a68-b7d1-3d5ac0d6798f tempest-MigrationWithDifferentSnapshotSupportNFSTest-1331243227 tempest-MigrationWithDifferentSnapshotSupportNFSTest-1331243227-project-admin] Committed reservations ['4c81ccff-a093-4b8c-92a7-861fc9272000', 'c47a403b-4716-4ec7-b881-3744ec299412', '4eed1d2d-3bf4-4ddb-a095-c11d4c10963e', '5be40aa7-edf0-46f9-981e-50e968320fd0'] {{(pid=87581) commit /opt/stack/manila/manila/quota.py:1066}}
Feb 19 02:42:43.719898 np0000156481 devstack@m-api.service[87582]: INFO manila.api.openstack.wsgi [None req-f7b4e8af-141d-4e64-baf5-c40314400baa tempest-SharesFromSnapshotAcrossPools-2090272197 tempest-SharesFromSnapshotAcrossPools-2090272197-project-admin] https://199.19.213.96/share/v2/c6e8cfbad7ba4f73af2929730eb3a7dc/types/5f5a4774-a41b-483c-aaad-bd343f909ce9/extra_specs returned with HTTP 200
Feb 19 02:42:43.720403 np0000156481 devstack@m-api.service[87582]: [pid: 87582|app: 0|req: 20/53] 199.19.213.96 () {70 vars in 1565 bytes} [Thu Feb 19 02:42:43 2026] POST /share/v2/c6e8cfbad7ba4f73af2929730eb3a7dc/types/5f5a4774-a41b-483c-aaad-bd343f909ce9/extra_specs => generated 39 bytes in 15 msecs (HTTP/1.1 200) 7 headers in 296 bytes (1 switches on core 0)
Feb 19 02:42:43.723087 np0000156481 devstack@m-api.service[87582]: INFO manila.api.openstack.wsgi [None req-ef1bf4dc-9ee7-4511-8f3a-8ff92f67e763 tempest-ReplicationActionsAdminTest-1944799921 tempest-ReplicationActionsAdminTest-1944799921-project-admin] POST https://199.19.213.96/share/v2/f445dd8bfa5a4eea9fff523fdbe83ef5/shares
Feb 19 02:42:43.723516 np0000156481 devstack@m-api.service[87582]: DEBUG manila.api.openstack.wsgi [None req-ef1bf4dc-9ee7-4511-8f3a-8ff92f67e763 tempest-ReplicationActionsAdminTest-1944799921 tempest-ReplicationActionsAdminTest-1944799921-project-admin] Action: 'create', calling method: Controller.__getattribute__..version_select, body: {"share": {"share_proto": "nfs", "description": "Tempest's share", "snapshot_id": null, "name": "tempest-tempest-created-share-1905602481", "size": 2, "metadata": {}, "is_public": false, "availability_zone": "manila-zone-0", "share_type": "0adc897d-f890-40a3-9794-0d55d57b1810"}} {{(pid=87582) _process_stack /opt/stack/manila/manila/api/openstack/wsgi.py:796}}
Feb 19 02:42:43.724611 np0000156481 devstack@m-api.service[87582]: INFO manila.api.v2.shares [None req-ef1bf4dc-9ee7-4511-8f3a-8ff92f67e763 tempest-ReplicationActionsAdminTest-1944799921 tempest-ReplicationActionsAdminTest-1944799921-project-admin] Create NFS share of 2 GB
Feb 19 02:42:43.802232 np0000156481 devstack@m-api.service[87582]: DEBUG manila.quota [None req-ef1bf4dc-9ee7-4511-8f3a-8ff92f67e763 tempest-ReplicationActionsAdminTest-1944799921 tempest-ReplicationActionsAdminTest-1944799921-project-admin] Created reservations ['583f21f4-40be-4336-af14-2280364ab5e3', 'a045781c-82fc-49c3-9d28-7dd16ea7c598', 'feb12b23-21d5-4322-aca1-93327ea9b54c', '7b2d6bba-2c80-49c7-995c-66e99209eb1c', '38413bd4-c148-49c6-8ddb-ce428a2e8461', '90074dbd-a18a-445d-bc60-30d8474b885a', '9b1acb74-9ff0-4959-9f4d-95f05561da1b', 'dd3239b5-ce45-455c-9477-ab202594857a'] {{(pid=87582) reserve /opt/stack/manila/manila/quota.py:1038}}
Feb 19 02:42:43.834459 np0000156481 devstack@m-api.service[87582]: DEBUG manila.quota [None req-ef1bf4dc-9ee7-4511-8f3a-8ff92f67e763 tempest-ReplicationActionsAdminTest-1944799921 tempest-ReplicationActionsAdminTest-1944799921-project-admin] Committed reservations ['583f21f4-40be-4336-af14-2280364ab5e3', 'a045781c-82fc-49c3-9d28-7dd16ea7c598', 'feb12b23-21d5-4322-aca1-93327ea9b54c', '7b2d6bba-2c80-49c7-995c-66e99209eb1c', '38413bd4-c148-49c6-8ddb-ce428a2e8461', '90074dbd-a18a-445d-bc60-30d8474b885a', '9b1acb74-9ff0-4959-9f4d-95f05561da1b', 'dd3239b5-ce45-455c-9477-ab202594857a'] {{(pid=87582) commit /opt/stack/manila/manila/quota.py:1066}}
Feb 19 02:42:43.888421 np0000156481 devstack@m-api.service[87581]: INFO manila.api.openstack.wsgi [None req-448041b2-3a35-4a68-b7d1-3d5ac0d6798f tempest-MigrationWithDifferentSnapshotSupportNFSTest-1331243227 tempest-MigrationWithDifferentSnapshotSupportNFSTest-1331243227-project-admin] https://199.19.213.96/share/v2/504a998ce605475e800ee071e976a257/shares returned with HTTP 200
Feb 19 02:42:43.888891 np0000156481 devstack@m-api.service[87581]: [pid: 87581|app: 0|req: 34/54] 199.19.213.96 () {70 vars in 1422 bytes} [Thu Feb 19 02:42:43 2026] POST /share/v2/504a998ce605475e800ee071e976a257/shares => generated 1432 bytes in 267 msecs (HTTP/1.1 200) 7 headers in 298 bytes (1 switches on core 0)
Feb 19 02:42:43.891866 np0000156481 devstack@m-api.service[87581]: INFO manila.api.openstack.wsgi [None req-e9dd38a8-674d-4fca-9780-9d5c9c3a8d93 tempest-MigrationOfShareWithSnapshotNFSTest-1434312938 tempest-MigrationOfShareWithSnapshotNFSTest-1434312938-project-admin] GET https://199.19.213.96/share/v2/1e54a7cc42fc42ad833aa6cc5097bbe1/types/b5509aa4-bc74-4324-b7cf-908fab02f15d
Feb 19 02:42:43.892117 np0000156481 devstack@m-api.service[87581]: DEBUG manila.api.openstack.wsgi [None req-e9dd38a8-674d-4fca-9780-9d5c9c3a8d93 tempest-MigrationOfShareWithSnapshotNFSTest-1434312938 tempest-MigrationOfShareWithSnapshotNFSTest-1434312938-project-admin] Empty body provided in request {{(pid=87581) get_body /opt/stack/manila/manila/api/openstack/wsgi.py:652}}
Feb 19 02:42:43.892369 np0000156481 devstack@m-api.service[87581]: DEBUG manila.api.openstack.wsgi [None req-e9dd38a8-674d-4fca-9780-9d5c9c3a8d93 tempest-MigrationOfShareWithSnapshotNFSTest-1434312938 tempest-MigrationOfShareWithSnapshotNFSTest-1434312938-project-admin] Calling method 'ShareTypesController.show' {{(pid=87581) _process_stack /opt/stack/manila/manila/api/openstack/wsgi.py:798}}
Feb 19 02:42:43.897559 np0000156481 devstack@m-api.service[87581]: INFO manila.api.openstack.wsgi [None req-e9dd38a8-674d-4fca-9780-9d5c9c3a8d93 tempest-MigrationOfShareWithSnapshotNFSTest-1434312938 tempest-MigrationOfShareWithSnapshotNFSTest-1434312938-project-admin] HTTP exception thrown: Share type not found.
Feb 19 02:42:43.897559 np0000156481 devstack@m-api.service[87581]: INFO manila.api.openstack.wsgi [None req-e9dd38a8-674d-4fca-9780-9d5c9c3a8d93 tempest-MigrationOfShareWithSnapshotNFSTest-1434312938 tempest-MigrationOfShareWithSnapshotNFSTest-1434312938-project-admin] https://199.19.213.96/share/v2/1e54a7cc42fc42ad833aa6cc5097bbe1/types/b5509aa4-bc74-4324-b7cf-908fab02f15d returned with HTTP 404
Feb 19 02:42:43.897559 np0000156481 devstack@m-api.service[87581]: [pid: 87581|app: 0|req: 35/55] 199.19.213.96 () {68 vars in 1508 bytes} [Thu Feb 19 02:42:43 2026] GET /share/v2/1e54a7cc42fc42ad833aa6cc5097bbe1/types/b5509aa4-bc74-4324-b7cf-908fab02f15d => generated 67 bytes in 7 msecs (HTTP/1.1 404) 7 headers in 303 bytes (1 switches on core 0)
Feb 19 02:42:43.898166 np0000156481 devstack@m-api.service[87581]: INFO manila.api.openstack.wsgi [None req-6f1eabf0-0297-4bde-a904-dc7eb3ea56f1 tempest-MigrationTwoPhaseNFSTest-177544755 tempest-MigrationTwoPhaseNFSTest-177544755-project-admin] GET https://199.19.213.96/share/v2/f6b2781e39f64007ab53d4a2b272828b/shares/c52b05df-0d3b-44b1-ba41-ce91cbe5be9c
Feb 19 02:42:43.898477 np0000156481 devstack@m-api.service[87581]: DEBUG manila.api.openstack.wsgi [None req-6f1eabf0-0297-4bde-a904-dc7eb3ea56f1 tempest-MigrationTwoPhaseNFSTest-177544755 tempest-MigrationTwoPhaseNFSTest-177544755-project-admin] Empty body provided in request {{(pid=87581) get_body /opt/stack/manila/manila/api/openstack/wsgi.py:652}}
Feb 19 02:42:43.898549 np0000156481 devstack@m-api.service[87581]: DEBUG manila.api.openstack.wsgi [None req-6f1eabf0-0297-4bde-a904-dc7eb3ea56f1 tempest-MigrationTwoPhaseNFSTest-177544755 tempest-MigrationTwoPhaseNFSTest-177544755-project-admin] Calling method 'ShareMixin.show' {{(pid=87581) _process_stack /opt/stack/manila/manila/api/openstack/wsgi.py:798}}
Feb 19 02:42:43.904594 np0000156481 devstack@m-api.service[87582]: INFO manila.api.openstack.wsgi [None req-ef1bf4dc-9ee7-4511-8f3a-8ff92f67e763 tempest-ReplicationActionsAdminTest-1944799921 tempest-ReplicationActionsAdminTest-1944799921-project-admin] https://199.19.213.96/share/v2/f445dd8bfa5a4eea9fff523fdbe83ef5/shares returned with HTTP 200
Feb 19 02:42:43.904594 np0000156481 devstack@m-api.service[87582]: [pid: 87582|app: 0|req: 21/56] 199.19.213.96 () {70 vars in 1422 bytes} [Thu Feb 19 02:42:43 2026] POST /share/v2/f445dd8bfa5a4eea9fff523fdbe83ef5/shares => generated 1395 bytes in 184 msecs (HTTP/1.1 200) 7 headers in 298 bytes (1 switches on core 0)
Feb 19 02:42:43.907067 np0000156481 devstack@m-api.service[87582]: INFO manila.api.openstack.wsgi [None req-124bc546-947c-4817-80ae-91f877ce8a25 tempest-MigrationOppositeDriverModesNFSTest-517340729 tempest-MigrationOppositeDriverModesNFSTest-517340729-project-admin] GET https://199.19.213.96/share/v2/c4c24f4c79b6464b8abb2906a92d16f0/shares?share_type_id=25b9e3aa-6c38-493c-9fa8-317fe7ab92c3
Feb 19 02:42:43.907366 np0000156481 devstack@m-api.service[87582]: DEBUG manila.api.openstack.wsgi [None req-124bc546-947c-4817-80ae-91f877ce8a25 tempest-MigrationOppositeDriverModesNFSTest-517340729 tempest-MigrationOppositeDriverModesNFSTest-517340729-project-admin] Empty body provided in request {{(pid=87582) get_body /opt/stack/manila/manila/api/openstack/wsgi.py:652}}
Feb 19 02:42:43.907580 np0000156481 devstack@m-api.service[87582]: DEBUG manila.api.openstack.wsgi [None req-124bc546-947c-4817-80ae-91f877ce8a25 tempest-MigrationOppositeDriverModesNFSTest-517340729 tempest-MigrationOppositeDriverModesNFSTest-517340729-project-admin] Calling method 'Controller.__getattribute__..version_select' {{(pid=87582) _process_stack /opt/stack/manila/manila/api/openstack/wsgi.py:798}}
Feb 19 02:42:43.908276 np0000156481 devstack@m-api.service[87582]: DEBUG manila.share.api [None req-124bc546-947c-4817-80ae-91f877ce8a25 tempest-MigrationOppositeDriverModesNFSTest-517340729 tempest-MigrationOppositeDriverModesNFSTest-517340729-project-admin] Searching for shares by: {'share_type_id': '25b9e3aa-6c38-493c-9fa8-317fe7ab92c3'} {{(pid=87582) _get_all /opt/stack/manila/manila/share/api.py:2372}}
Feb 19 02:42:43.910292 np0000156481 devstack@m-api.service[87581]: INFO manila.api.openstack.wsgi [None req-6f1eabf0-0297-4bde-a904-dc7eb3ea56f1 tempest-MigrationTwoPhaseNFSTest-177544755 tempest-MigrationTwoPhaseNFSTest-177544755-project-admin] https://199.19.213.96/share/v2/f6b2781e39f64007ab53d4a2b272828b/shares/c52b05df-0d3b-44b1-ba41-ce91cbe5be9c returned with HTTP 200
Feb 19 02:42:43.910619 np0000156481 devstack@m-api.service[87581]: [pid: 87581|app: 0|req: 36/57] 199.19.213.96 () {68 vars in 1511 bytes} [Thu Feb 19 02:42:43 2026] GET /share/v2/f6b2781e39f64007ab53d4a2b272828b/shares/c52b05df-0d3b-44b1-ba41-ce91cbe5be9c => generated 1452 bytes in 14 msecs (HTTP/1.1 200) 7 headers in 298 bytes (1 switches on core 0)
Feb 19 02:42:43.913015 np0000156481 devstack@m-api.service[87581]: INFO manila.api.openstack.wsgi [None req-19fcbd41-88b9-4249-8c6e-a3d28d39d4b9 tempest-SharesFromSnapshotAcrossPools-2090272197 tempest-SharesFromSnapshotAcrossPools-2090272197-project-admin] GET https://199.19.213.96/share/v2/c6e8cfbad7ba4f73af2929730eb3a7dc/types/5f5a4774-a41b-483c-aaad-bd343f909ce9
Feb 19 02:42:43.913337 np0000156481 devstack@m-api.service[87581]: DEBUG manila.api.openstack.wsgi [None req-19fcbd41-88b9-4249-8c6e-a3d28d39d4b9 tempest-SharesFromSnapshotAcrossPools-2090272197 tempest-SharesFromSnapshotAcrossPools-2090272197-project-admin] Empty body provided in request {{(pid=87581) get_body /opt/stack/manila/manila/api/openstack/wsgi.py:652}}
Feb 19 02:42:43.913411 np0000156481 devstack@m-api.service[87581]: DEBUG manila.api.openstack.wsgi [None req-19fcbd41-88b9-4249-8c6e-a3d28d39d4b9 tempest-SharesFromSnapshotAcrossPools-2090272197 tempest-SharesFromSnapshotAcrossPools-2090272197-project-admin] Calling method 'ShareTypesController.show' {{(pid=87581) _process_stack /opt/stack/manila/manila/api/openstack/wsgi.py:798}}
Feb 19 02:42:43.913666 np0000156481 devstack@m-api.service[87582]: INFO manila.api.openstack.wsgi [None req-124bc546-947c-4817-80ae-91f877ce8a25 tempest-MigrationOppositeDriverModesNFSTest-517340729 tempest-MigrationOppositeDriverModesNFSTest-517340729-project-admin] https://199.19.213.96/share/v2/c4c24f4c79b6464b8abb2906a92d16f0/shares?share_type_id=25b9e3aa-6c38-493c-9fa8-317fe7ab92c3 returned with HTTP 200
Feb 19 02:42:43.914772 np0000156481 devstack@m-api.service[87582]: [pid: 87582|app: 0|req: 22/58] 199.19.213.96 () {68 vars in 1501 bytes} [Thu Feb 19 02:42:43 2026] GET /share/v2/c4c24f4c79b6464b8abb2906a92d16f0/shares?share_type_id=25b9e3aa-6c38-493c-9fa8-317fe7ab92c3 => generated 14 bytes in 9 msecs (HTTP/1.1 200) 7 headers in 296 bytes (1 switches on core 0)
Feb 19 02:42:43.916942 np0000156481 devstack@m-api.service[87581]: INFO manila.api.openstack.wsgi [None req-19fcbd41-88b9-4249-8c6e-a3d28d39d4b9 tempest-SharesFromSnapshotAcrossPools-2090272197 tempest-SharesFromSnapshotAcrossPools-2090272197-project-admin] https://199.19.213.96/share/v2/c6e8cfbad7ba4f73af2929730eb3a7dc/types/5f5a4774-a41b-483c-aaad-bd343f909ce9 returned with HTTP 200
Feb 19 02:42:43.917036 np0000156481 devstack@m-api.service[87582]: INFO manila.api.openstack.wsgi [None req-8546acbb-87a8-4232-aa6a-218684137e1f tempest-MigrationWithDifferentSnapshotSupportNFSTest-1331243227 tempest-MigrationWithDifferentSnapshotSupportNFSTest-1331243227-project-admin] GET https://199.19.213.96/share/v2/504a998ce605475e800ee071e976a257/shares/0b5555c0-15d2-4147-be3c-a0689c518b98
Feb 19 02:42:43.917083 np0000156481 devstack@m-api.service[87581]: [pid: 87581|app: 0|req: 37/59] 199.19.213.96 () {68 vars in 1508 bytes} [Thu Feb 19 02:42:43 2026] GET /share/v2/c6e8cfbad7ba4f73af2929730eb3a7dc/types/5f5a4774-a41b-483c-aaad-bd343f909ce9 => generated 815 bytes in 6 msecs (HTTP/1.1 200) 7 headers in 297 bytes (1 switches on core 0)
Feb 19 02:42:43.917126 np0000156481 devstack@m-api.service[87582]: DEBUG manila.api.openstack.wsgi [None req-8546acbb-87a8-4232-aa6a-218684137e1f tempest-MigrationWithDifferentSnapshotSupportNFSTest-1331243227 tempest-MigrationWithDifferentSnapshotSupportNFSTest-1331243227-project-admin] Empty body provided in request {{(pid=87582) get_body /opt/stack/manila/manila/api/openstack/wsgi.py:652}}
Feb 19 02:42:43.917126 np0000156481 devstack@m-api.service[87582]: DEBUG manila.api.openstack.wsgi [None req-8546acbb-87a8-4232-aa6a-218684137e1f tempest-MigrationWithDifferentSnapshotSupportNFSTest-1331243227 tempest-MigrationWithDifferentSnapshotSupportNFSTest-1331243227-project-admin] Calling method 'ShareMixin.show' {{(pid=87582) _process_stack /opt/stack/manila/manila/api/openstack/wsgi.py:798}}
Feb 19 02:42:43.918429 np0000156481 devstack@m-api.service[87581]: INFO manila.api.openstack.wsgi [None req-7048087d-7a0a-49d7-8558-290771942b72 tempest-MigrationOfShareWithSnapshotNFSTest-1434312938 tempest-MigrationOfShareWithSnapshotNFSTest-1434312938-project-admin] GET https://199.19.213.96/share/v2/1e54a7cc42fc42ad833aa6cc5097bbe1/shares?share_type_id=2826cddf-c0b4-4323-a9ae-fcd95422fa7b
Feb 19 02:42:43.918679 np0000156481 devstack@m-api.service[87581]: DEBUG manila.api.openstack.wsgi [None req-7048087d-7a0a-49d7-8558-290771942b72 tempest-MigrationOfShareWithSnapshotNFSTest-1434312938 tempest-MigrationOfShareWithSnapshotNFSTest-1434312938-project-admin] Empty body provided in request {{(pid=87581) get_body /opt/stack/manila/manila/api/openstack/wsgi.py:652}}
Feb 19 02:42:43.918747 np0000156481 devstack@m-api.service[87581]: DEBUG manila.api.openstack.wsgi [None req-7048087d-7a0a-49d7-8558-290771942b72 tempest-MigrationOfShareWithSnapshotNFSTest-1434312938 tempest-MigrationOfShareWithSnapshotNFSTest-1434312938-project-admin] Calling method 'Controller.__getattribute__..version_select' {{(pid=87581) _process_stack /opt/stack/manila/manila/api/openstack/wsgi.py:798}}
Feb 19 02:42:43.919223 np0000156481 devstack@m-api.service[87581]: DEBUG manila.share.api [None req-7048087d-7a0a-49d7-8558-290771942b72 tempest-MigrationOfShareWithSnapshotNFSTest-1434312938 tempest-MigrationOfShareWithSnapshotNFSTest-1434312938-project-admin] Searching for shares by: {'share_type_id': '2826cddf-c0b4-4323-a9ae-fcd95422fa7b'} {{(pid=87581) _get_all /opt/stack/manila/manila/share/api.py:2372}}
Feb 19 02:42:43.922817 np0000156481 devstack@m-api.service[87581]: INFO manila.api.openstack.wsgi [None req-7048087d-7a0a-49d7-8558-290771942b72 tempest-MigrationOfShareWithSnapshotNFSTest-1434312938 tempest-MigrationOfShareWithSnapshotNFSTest-1434312938-project-admin] https://199.19.213.96/share/v2/1e54a7cc42fc42ad833aa6cc5097bbe1/shares?share_type_id=2826cddf-c0b4-4323-a9ae-fcd95422fa7b returned with HTTP 200
Feb 19 02:42:43.923099 np0000156481 devstack@m-api.service[87581]: [pid: 87581|app: 0|req: 38/60] 199.19.213.96 () {68 vars in 1501 bytes} [Thu Feb 19 02:42:43 2026] GET /share/v2/1e54a7cc42fc42ad833aa6cc5097bbe1/shares?share_type_id=2826cddf-c0b4-4323-a9ae-fcd95422fa7b => generated 14 bytes in 6 msecs (HTTP/1.1 200) 7 headers in 296 bytes (1 switches on core 0)
Feb 19 02:42:43.924665 np0000156481 devstack@m-api.service[87581]: INFO manila.api.openstack.wsgi [None req-b2c98b93-a2da-4f26-9385-7946c0cab6c2 tempest-ReplicationActionsAdminTest-1944799921 tempest-ReplicationActionsAdminTest-1944799921-project-admin] GET https://199.19.213.96/share/v2/f445dd8bfa5a4eea9fff523fdbe83ef5/shares/1cd135e6-4e02-4b09-8c24-ec378fa4077f
Feb 19 02:42:43.924831 np0000156481 devstack@m-api.service[87581]: DEBUG manila.api.openstack.wsgi [None req-b2c98b93-a2da-4f26-9385-7946c0cab6c2 tempest-ReplicationActionsAdminTest-1944799921 tempest-ReplicationActionsAdminTest-1944799921-project-admin] Empty body provided in request {{(pid=87581) get_body /opt/stack/manila/manila/api/openstack/wsgi.py:652}}
Feb 19 02:42:43.924967 np0000156481 devstack@m-api.service[87581]: DEBUG manila.api.openstack.wsgi [None req-b2c98b93-a2da-4f26-9385-7946c0cab6c2 tempest-ReplicationActionsAdminTest-1944799921 tempest-ReplicationActionsAdminTest-1944799921-project-admin] Calling method 'ShareMixin.show' {{(pid=87581) _process_stack /opt/stack/manila/manila/api/openstack/wsgi.py:798}}
Feb 19 02:42:43.931652 np0000156481 devstack@m-api.service[87582]: INFO manila.api.openstack.wsgi [None req-8546acbb-87a8-4232-aa6a-218684137e1f tempest-MigrationWithDifferentSnapshotSupportNFSTest-1331243227 tempest-MigrationWithDifferentSnapshotSupportNFSTest-1331243227-project-admin] https://199.19.213.96/share/v2/504a998ce605475e800ee071e976a257/shares/0b5555c0-15d2-4147-be3c-a0689c518b98 returned with HTTP 200
Feb 19 02:42:43.932049 np0000156481 devstack@m-api.service[87582]: [pid: 87582|app: 0|req: 23/61] 199.19.213.96 () {68 vars in 1511 bytes} [Thu Feb 19 02:42:43 2026] GET /share/v2/504a998ce605475e800ee071e976a257/shares/0b5555c0-15d2-4147-be3c-a0689c518b98 => generated 1468 bytes in 17 msecs (HTTP/1.1 200) 7 headers in 298 bytes (1 switches on core 0)
Feb 19 02:42:43.935558 np0000156481 devstack@m-api.service[87582]: INFO manila.api.openstack.wsgi [None req-6a1f1b0f-70b1-4012-96c6-625dd0f29137 tempest-MigrationOppositeDriverModesNFSTest-517340729 tempest-MigrationOppositeDriverModesNFSTest-517340729-project-admin] DELETE https://199.19.213.96/share/v2/c4c24f4c79b6464b8abb2906a92d16f0/types/25b9e3aa-6c38-493c-9fa8-317fe7ab92c3
Feb 19 02:42:43.935809 np0000156481 devstack@m-api.service[87582]: DEBUG manila.api.openstack.wsgi [None req-6a1f1b0f-70b1-4012-96c6-625dd0f29137 tempest-MigrationOppositeDriverModesNFSTest-517340729 tempest-MigrationOppositeDriverModesNFSTest-517340729-project-admin] Empty body provided in request {{(pid=87582) get_body /opt/stack/manila/manila/api/openstack/wsgi.py:652}}
Feb 19 02:42:43.936007 np0000156481 devstack@m-api.service[87582]: DEBUG manila.api.openstack.wsgi [None req-6a1f1b0f-70b1-4012-96c6-625dd0f29137 tempest-MigrationOppositeDriverModesNFSTest-517340729 tempest-MigrationOppositeDriverModesNFSTest-517340729-project-admin] Calling method 'ShareTypesController._delete' {{(pid=87582) _process_stack /opt/stack/manila/manila/api/openstack/wsgi.py:798}}
Feb 19 02:42:43.940206 np0000156481 devstack@m-api.service[87581]: INFO manila.api.openstack.wsgi [None req-b2c98b93-a2da-4f26-9385-7946c0cab6c2 tempest-ReplicationActionsAdminTest-1944799921 tempest-ReplicationActionsAdminTest-1944799921-project-admin] https://199.19.213.96/share/v2/f445dd8bfa5a4eea9fff523fdbe83ef5/shares/1cd135e6-4e02-4b09-8c24-ec378fa4077f returned with HTTP 200
Feb 19 02:42:43.941030 np0000156481 devstack@m-api.service[87581]: [pid: 87581|app: 0|req: 39/62] 199.19.213.96 () {68 vars in 1511 bytes} [Thu Feb 19 02:42:43 2026] GET /share/v2/f445dd8bfa5a4eea9fff523fdbe83ef5/shares/1cd135e6-4e02-4b09-8c24-ec378fa4077f => generated 1395 bytes in 17 msecs (HTTP/1.1 200) 7 headers in 298 bytes (1 switches on core 0)
Feb 19 02:42:43.976714 np0000156481 devstack@m-api.service[87582]: INFO manila.api.openstack.wsgi [None req-6a1f1b0f-70b1-4012-96c6-625dd0f29137 tempest-MigrationOppositeDriverModesNFSTest-517340729 tempest-MigrationOppositeDriverModesNFSTest-517340729-project-admin] https://199.19.213.96/share/v2/c4c24f4c79b6464b8abb2906a92d16f0/types/25b9e3aa-6c38-493c-9fa8-317fe7ab92c3 returned with HTTP 202
Feb 19 02:42:43.977067 np0000156481 devstack@m-api.service[87582]: [pid: 87582|app: 0|req: 24/63] 199.19.213.96 () {68 vars in 1511 bytes} [Thu Feb 19 02:42:43 2026] DELETE /share/v2/c4c24f4c79b6464b8abb2906a92d16f0/types/25b9e3aa-6c38-493c-9fa8-317fe7ab92c3 => generated 0 bytes in 44 msecs (HTTP/1.1 202) 7 headers in 309 bytes (1 switches on core 0)
Feb 19 02:42:43.980179 np0000156481 devstack@m-api.service[87582]: INFO manila.api.openstack.wsgi [None req-8f97b4d3-3fad-48a6-89ac-0355c0df12e4 tempest-MigrationOfShareWithSnapshotNFSTest-1434312938 tempest-MigrationOfShareWithSnapshotNFSTest-1434312938-project-admin] DELETE https://199.19.213.96/share/v2/1e54a7cc42fc42ad833aa6cc5097bbe1/types/2826cddf-c0b4-4323-a9ae-fcd95422fa7b
Feb 19 02:42:43.980445 np0000156481 devstack@m-api.service[87582]: DEBUG manila.api.openstack.wsgi [None req-8f97b4d3-3fad-48a6-89ac-0355c0df12e4 tempest-MigrationOfShareWithSnapshotNFSTest-1434312938 tempest-MigrationOfShareWithSnapshotNFSTest-1434312938-project-admin] Empty body provided in request {{(pid=87582) get_body /opt/stack/manila/manila/api/openstack/wsgi.py:652}}
Feb 19 02:42:43.980661 np0000156481 devstack@m-api.service[87582]: DEBUG manila.api.openstack.wsgi [None req-8f97b4d3-3fad-48a6-89ac-0355c0df12e4 tempest-MigrationOfShareWithSnapshotNFSTest-1434312938 tempest-MigrationOfShareWithSnapshotNFSTest-1434312938-project-admin] Calling method 'ShareTypesController._delete' {{(pid=87582) _process_stack /opt/stack/manila/manila/api/openstack/wsgi.py:798}}
Feb 19 02:42:44.018519 np0000156481 devstack@m-api.service[87581]: INFO manila.api.openstack.wsgi [None req-4d97ab6c-2e9a-42e6-bbed-a8fd25ebd41b tempest-SharesFromSnapshotAcrossPools-1974326921 tempest-SharesFromSnapshotAcrossPools-1974326921-project-member] POST https://199.19.213.96/share/v2/5264a70aecd4421fa501bb58815a0a7d/shares
Feb 19 02:42:44.019189 np0000156481 devstack@m-api.service[87581]: DEBUG manila.api.openstack.wsgi [None req-4d97ab6c-2e9a-42e6-bbed-a8fd25ebd41b tempest-SharesFromSnapshotAcrossPools-1974326921 tempest-SharesFromSnapshotAcrossPools-1974326921-project-member] Action: 'create', calling method: Controller.__getattribute__..version_select, body: {"share": {"share_proto": "nfs", "description": "Tempest's share", "snapshot_id": null, "name": "tempest-tempest-created-share-1610169400", "size": 1, "metadata": {}, "is_public": false, "share_type": "5f5a4774-a41b-483c-aaad-bd343f909ce9"}} {{(pid=87581) _process_stack /opt/stack/manila/manila/api/openstack/wsgi.py:796}}
Feb 19 02:42:44.021323 np0000156481 devstack@m-api.service[87581]: INFO manila.api.v2.shares [None req-4d97ab6c-2e9a-42e6-bbed-a8fd25ebd41b tempest-SharesFromSnapshotAcrossPools-1974326921 tempest-SharesFromSnapshotAcrossPools-1974326921-project-member] Create NFS share of 1 GB
Feb 19 02:42:44.039132 np0000156481 devstack@m-api.service[87582]: INFO manila.api.openstack.wsgi [None req-8f97b4d3-3fad-48a6-89ac-0355c0df12e4 tempest-MigrationOfShareWithSnapshotNFSTest-1434312938 tempest-MigrationOfShareWithSnapshotNFSTest-1434312938-project-admin] https://199.19.213.96/share/v2/1e54a7cc42fc42ad833aa6cc5097bbe1/types/2826cddf-c0b4-4323-a9ae-fcd95422fa7b returned with HTTP 202
Feb 19 02:42:44.039397 np0000156481 devstack@m-api.service[87582]: [pid: 87582|app: 0|req: 25/64] 199.19.213.96 () {68 vars in 1511 bytes} [Thu Feb 19 02:42:43 2026] DELETE /share/v2/1e54a7cc42fc42ad833aa6cc5097bbe1/types/2826cddf-c0b4-4323-a9ae-fcd95422fa7b => generated 0 bytes in 62 msecs (HTTP/1.1 202) 7 headers in 309 bytes (1 switches on core 0)
Feb 19 02:42:44.044952 np0000156481 devstack@m-api.service[87582]: INFO manila.api.openstack.wsgi [None req-436afc1d-81af-4f69-b985-965889944279 tempest-MigrationOppositeDriverModesNFSTest-517340729 tempest-MigrationOppositeDriverModesNFSTest-517340729-project-admin] GET https://199.19.213.96/share/v2/c4c24f4c79b6464b8abb2906a92d16f0/types/25b9e3aa-6c38-493c-9fa8-317fe7ab92c3
Feb 19 02:42:44.045118 np0000156481 devstack@m-api.service[87582]: DEBUG manila.api.openstack.wsgi [None req-436afc1d-81af-4f69-b985-965889944279 tempest-MigrationOppositeDriverModesNFSTest-517340729 tempest-MigrationOppositeDriverModesNFSTest-517340729-project-admin] Empty body provided in request {{(pid=87582) get_body /opt/stack/manila/manila/api/openstack/wsgi.py:652}}
Feb 19 02:42:44.045266 np0000156481 devstack@m-api.service[87582]: DEBUG manila.api.openstack.wsgi [None req-436afc1d-81af-4f69-b985-965889944279 tempest-MigrationOppositeDriverModesNFSTest-517340729 tempest-MigrationOppositeDriverModesNFSTest-517340729-project-admin] Calling method 'ShareTypesController.show' {{(pid=87582) _process_stack /opt/stack/manila/manila/api/openstack/wsgi.py:798}}
Feb 19 02:42:44.049460 np0000156481 devstack@m-api.service[87582]: INFO manila.api.openstack.wsgi [None req-436afc1d-81af-4f69-b985-965889944279 tempest-MigrationOppositeDriverModesNFSTest-517340729 tempest-MigrationOppositeDriverModesNFSTest-517340729-project-admin] HTTP exception thrown: Share type not found.
Feb 19 02:42:44.049665 np0000156481 devstack@m-api.service[87582]: INFO manila.api.openstack.wsgi [None req-436afc1d-81af-4f69-b985-965889944279 tempest-MigrationOppositeDriverModesNFSTest-517340729 tempest-MigrationOppositeDriverModesNFSTest-517340729-project-admin] https://199.19.213.96/share/v2/c4c24f4c79b6464b8abb2906a92d16f0/types/25b9e3aa-6c38-493c-9fa8-317fe7ab92c3 returned with HTTP 404
