2026-09-09 02:16:06.261 8 INFO placement.requestlog [None req-508c0246-7522-4995-97db-aabda1cb6047 - - - - - -] 10.0.0.135 "GET /" status: 200 len: 136 microversion: 1.0
2026-09-09 02:16:11.764 7 INFO placement.requestlog [req-62b937ec-616b-48ed-9aed-ae5613cd6060 req-23145622-353e-4e0b-9956-d41cb82ab691 5ec6df941af0498cbd5e915e7aa5c40b 302ed6abf83b4b4999a25c3ce5ef5505 - - 57c9ba6d660448aa9b3aa7b5c438aaac 57c9ba6d660448aa9b3aa7b5c438aaac] 162.253.55.105 "GET /resource_providers/ab1a1315-65b8-44ec-80e5-f058ae606617/allocations" status: 200 len: 54 microversion: 1.0 [pid: 7|app: 0|req: 293/584] 162.253.55.105 () {32 vars in 857 bytes} [Wed Sep 9 02:16:11 2026] GET /resource_providers/ab1a1315-65b8-44ec-80e5-f058ae606617/allocations => generated 54 bytes in 31 msecs (HTTP/1.1 200) 6 headers in 223 bytes (1 switches on core 0)
2026-09-09 02:16:11.803 8 INFO placement.requestlog [req-62b937ec-616b-48ed-9aed-ae5613cd6060 req-7cce4e2f-55e4-425d-98c1-d96c8ac6a005 5ec6df941af0498cbd5e915e7aa5c40b 302ed6abf83b4b4999a25c3ce5ef5505 - - 57c9ba6d660448aa9b3aa7b5c438aaac 57c9ba6d660448aa9b3aa7b5c438aaac] 162.253.55.105 "GET /resource_providers/ab1a1315-65b8-44ec-80e5-f058ae606617/allocations" status: 200 len: 54 microversion: 1.0 [pid: 8|app: 0|req: 292/585] 162.253.55.105 () {32 vars in 857 bytes} [Wed Sep 9 02:16:11 2026] GET /resource_providers/ab1a1315-65b8-44ec-80e5-f058ae606617/allocations => generated 54 bytes in 30 msecs (HTTP/1.1 200) 6 headers in 223 bytes (1 switches on core 0)
2026-09-09 02:16:16.262 7 INFO placement.requestlog [None req-26258742-db1b-46f2-9493-a51248b6266d - - - - - -] 10.0.0.135 "GET /" status: 200 len: 136 microversion: 1.0
2026-09-09 02:16:16.262 8 INFO placement.requestlog [None req-ff8799f8-e0f8-4727-b7db-8c2a1630a3bf - - - - - -] 10.0.0.135 "GET /" status: 200 len: 136 microversion: 1.0
2026-09-09 02:16:26.261 8 INFO placement.requestlog [None req-f88ab6d0-06c1-4c78-98fd-cb534727d102 - - - - - -] 10.0.0.135 "GET /" status: 200 len: 136 microversion: 1.0
2026-09-09 02:16:26.261 7 INFO placement.requestlog [None req-fcda06e2-3856-4766-bf46-7d8659f7ba9c - - - - - -] 10.0.0.135 "GET /" status: 200 len: 136 microversion: 1.0
2026-09-09 02:16:36.261 8 INFO placement.requestlog [None req-05a8cea6-3ef0-47a7-910f-5708affc4e35 - - - - - -] 10.0.0.135 "GET /" status: 200 len: 136 microversion: 1.0
2026-09-09 02:16:36.263 7 INFO placement.requestlog [None req-efb3f78e-f4c3-446f-9ba7-aaa5d7474803 - - - - - -] 10.0.0.135 "GET /" status: 200 len: 136 microversion: 1.0
2026-09-09 02:16:46.262 8 INFO placement.requestlog [None req-ddb5136d-4a9d-4d3d-ac1d-9223bdaee713 - - - - - -] 10.0.0.135 "GET /" status: 200 len: 136 microversion: 1.0
2026-09-09 02:16:46.263 7 INFO placement.requestlog [None req-8b36c9ab-5dec-4d77-aec5-10823859d96e - - - - - -] 10.0.0.135 "GET /" status: 200 len: 136 microversion: 1.0
2026-09-09 02:16:56.262 8 INFO placement.requestlog [None req-8c82192d-d61c-4ba7-bed2-b373c4fb1159 - - - - - -] 10.0.0.135 "GET /" status: 200 len: 136 microversion: 1.0
2026-09-09 02:16:56.263 7 INFO placement.requestlog [None req-9c73bab7-54fd-43ad-8bd3-a16ee1b302a1 - - - - - -] 10.0.0.135 "GET /" status: 200 len: 136 microversion: 1.0
2026-09-09 02:17:06.261 8 INFO placement.requestlog [None req-a67067b8-48d6-45ca-85a9-940b6a157989 - - - - - -] 10.0.0.135 "GET /" status: 200 len: 136 microversion: 1.0
2026-09-09 02:17:06.261 7 INFO placement.requestlog [None req-4e266b8b-16c8-4c3c-812a-f5acdcfe91b0 - - - - - -] 10.0.0.135 "GET /" status: 200 len: 136 microversion: 1.0
2026-09-09 02:17:12.497 8 INFO placement.requestlog [req-6850efc4-cbbd-4ad4-829f-16dd02dfa0c4 req-dd6a33ed-e35a-4345-ae96-434ce44fbf52 5ec6df941af0498cbd5e915e7aa5c40b 302ed6abf83b4b4999a25c3ce5ef5505 - - 57c9ba6d660448aa9b3aa7b5c438aaac 57c9ba6d660448aa9b3aa7b5c438aaac] 162.253.55.105 "GET /resource_providers/ab1a1315-65b8-44ec-80e5-f058ae606617/allocations" status: 200 len: 54 microversion: 1.0 [pid: 8|app: 0|req: 299/598] 162.253.55.105 () {32 vars in 857 bytes} [Wed Sep 9 02:17:12 2026] GET /resource_providers/ab1a1315-65b8-44ec-80e5-f058ae606617/allocations => generated 54 bytes in 26 msecs (HTTP/1.1 200) 6 headers in 223 bytes (1 switches on core 0)
2026-09-09 02:17:12.525 7 INFO placement.requestlog [req-6850efc4-cbbd-4ad4-829f-16dd02dfa0c4 req-277a7b06-6f90-48d7-ad2e-55611923d6a7 5ec6df941af0498cbd5e915e7aa5c40b 302ed6abf83b4b4999a25c3ce5ef5505 - - 57c9ba6d660448aa9b3aa7b5c438aaac 57c9ba6d660448aa9b3aa7b5c438aaac] 162.253.55.105 "GET /resource_providers/ab1a1315-65b8-44ec-80e5-f058ae606617/allocations" status: 200 len: 54 microversion: 1.0 [pid: 7|app: 0|req: 300/599] 162.253.55.105 () {32 vars in 857 bytes} [Wed Sep 9 02:17:12 2026] GET /resource_providers/ab1a1315-65b8-44ec-80e5-f058ae606617/allocations => generated 54 bytes in 19 msecs (HTTP/1.1 200) 6 headers in 223 bytes (1 switches on core 0)
2026-09-09 02:17:16.262 7 INFO placement.requestlog [None req-21e75eb3-b64b-44a9-a53f-5f2f6140a7c1 - - - - - -] 10.0.0.135 "GET /" status: 200 len: 136 microversion: 1.0
2026-09-09 02:17:16.262 8 INFO placement.requestlog [None req-d8fe44b1-e46e-40a6-9a28-c7dad8259681 - - - - - -] 10.0.0.135 "GET /" status: 200 len: 136 microversion: 1.0
2026-09-09 02:17:26.261 8 INFO placement.requestlog [None req-8bfafe32-b081-49c9-91c2-eb749200f6f7 - - - - - -] 10.0.0.135 "GET /" status: 200 len: 136 microversion: 1.0
2026-09-09 02:17:26.261 7 INFO placement.requestlog [None req-a1b9c173-518e-4242-988d-b2be774c4b61 - - - - - -] 10.0.0.135 "GET /" status: 200 len: 136 microversion: 1.0
2026-09-09 02:17:36.262 7 INFO placement.requestlog [None req-d8d07929-cf33-4195-bf70-e042a6b2330c - - - - - -] 10.0.0.135 "GET /" status: 200 len: 136 microversion: 1.0
2026-09-09 02:17:36.263 8 INFO placement.requestlog [None req-ffc3f19e-dac4-4297-9ebb-c59d373dd829 - - - - - -] 10.0.0.135 "GET /" status: 200 len: 136 microversion: 1.0
2026-09-09 02:17:46.261 7 INFO placement.requestlog [None req-b58404d8-bef4-45d3-aaeb-dc43c1b1a80c - - - - - -] 10.0.0.135 "GET /" status: 200 len: 136 microversion: 1.0
2026-09-09 02:17:46.261 8 INFO placement.requestlog [None req-c5f81b0b-9329-4126-9eaf-9f34c043fd24 - - - - - -] 10.0.0.135 "GET /" status: 200 len: 136 microversion: 1.0
2026-09-09 02:17:56.262 7 INFO placement.requestlog [None req-c81fa146-a0cb-4664-97f4-5fabaf66f0f1 - - - - - -] 10.0.0.135 "GET /" status: 200 len: 136 microversion: 1.0
2026-09-09 02:17:56.262 8 INFO placement.requestlog [None req-a013af10-541a-46b4-8ae4-4045b553ec58 - - - - - -] 10.0.0.135 "GET /" status: 200 len: 136 microversion: 1.0
2026-09-09 02:18:06.261 7 INFO placement.requestlog [None req-192795a2-6790-445d-b902-18447f1cc96b - - - - - -] 10.0.0.135 "GET /" status: 200 len: 136 microversion: 1.0
2026-09-09 02:18:06.262 8 INFO placement.requestlog [None req-9d4bec13-5527-4447-9fd4-08343bfc3906 - - - - - -] 10.0.0.135 "GET /" status: 200 len: 136 microversion: 1.0
2026-09-09 02:18:13.202 7 INFO placement.requestlog [req-5c008168-778b-4449-847d-243dc7341294 req-58daab26-8b99-47cc-92b2-2b2d48274644 5ec6df941af0498cbd5e915e7aa5c40b 302ed6abf83b4b4999a25c3ce5ef5505 - - 57c9ba6d660448aa9b3aa7b5c438aaac 57c9ba6d660448aa9b3aa7b5c438aaac] 162.253.55.105 "GET /resource_providers/ab1a1315-65b8-44ec-80e5-f058ae606617/allocations" status: 200 len: 54 microversion: 1.0 [pid: 7|app: 0|req: 307/612] 162.253.55.105 () {32 vars in 857 bytes} [Wed Sep 9 02:18:13 2026] GET /resource_providers/ab1a1315-65b8-44ec-80e5-f058ae606617/allocations => generated 54 bytes in 23 msecs (HTTP/1.1 200) 6 headers in 223 bytes (1 switches on core 0)
2026-09-09 02:18:13.246 8 INFO placement.requestlog [req-5c008168-778b-4449-847d-243dc7341294 req-9457a3bd-939a-49c8-bcf7-782edaabc335 5ec6df941af0498cbd5e915e7aa5c40b 302ed6abf83b4b4999a25c3ce5ef5505 - - 57c9ba6d660448aa9b3aa7b5c438aaac 57c9ba6d660448aa9b3aa7b5c438aaac] 162.253.55.105 "GET /resource_providers/ab1a1315-65b8-44ec-80e5-f058ae606617/allocations" status: 200 len: 54 microversion: 1.0 [pid: 8|app: 0|req: 306/613] 162.253.55.105 () {32 vars in 857 bytes} [Wed Sep 9 02:18:13 2026] GET /resource_providers/ab1a1315-65b8-44ec-80e5-f058ae606617/allocations => generated 54 bytes in 27 msecs (HTTP/1.1 200) 6 headers in 223 bytes (1 switches on core 0)
2026-09-09 02:18:16.262 8 INFO placement.requestlog [None req-aafdc23d-ed3f-4cc7-ab50-2eea7c7e5a31 - - - - - -] 10.0.0.135 "GET /" status: 200 len: 136 microversion: 1.0
2026-09-09 02:18:16.263 7 INFO placement.requestlog [None req-716473c4-2e55-473a-ab4d-d27430471155 - - - - - -] 10.0.0.135 "GET /" status: 200 len: 136 microversion: 1.0
2026-09-09 02:18:26.262 8 INFO placement.requestlog [None req-0d860cba-21f8-47c4-a637-35e0e76bc9d3 - - - - - -] 10.0.0.135 "GET /" status: 200 len: 136 microversion: 1.0
2026-09-09 02:18:26.262 7 INFO placement.requestlog [None req-35744512-bce7-4606-8f2c-7c79fef546e5 - - - - - -] 10.0.0.135 "GET /" status: 200 len: 136 microversion: 1.0
2026-09-09 02:18:36.262 7 INFO placement.requestlog [None req-0810727e-a0ae-464e-9035-dcfb5003a8c1 - - - - - -] 10.0.0.135 "GET /" status: 200 len: 136 microversion: 1.0
2026-09-09 02:18:36.262 8 INFO placement.requestlog [None req-b4310a15-bdc6-429d-9073-3804ba584162 - - - - - -] 10.0.0.135 "GET /" status: 200 len: 136 microversion: 1.0
2026-09-09 02:18:46.261 7 INFO placement.requestlog [None req-448edfde-29d8-4c91-80a4-089066de6ff6 - - - - - -] 10.0.0.135 "GET /" status: 200 len: 136 microversion: 1.0
2026-09-09 02:18:46.262 8 INFO placement.requestlog [None req-ee944b3b-ecb2-438f-b2ab-6324ccb0a938 - - - - - -] 10.0.0.135 "GET /" status: 200 len: 136 microversion: 1.0
2026-09-09 02:18:56.261 8 INFO placement.requestlog [None req-b4ae4e3f-62ed-4936-8e4e-6a956354d459 - - - - - -] 10.0.0.135 "GET /" status: 200 len: 136 microversion: 1.0
2026-09-09 02:18:56.261 7 INFO placement.requestlog [None req-e7048309-f916-4c7c-89fd-4a3aaeb693c4 - - - - - -] 10.0.0.135 "GET /" status: 200 len: 136 microversion: 1.0
2026-09-09 02:19:06.262 7 INFO placement.requestlog [None req-0c6735e4-de39-49b7-8032-4218b9d80b6f - - - - - -] 10.0.0.135 "GET /" status: 200 len: 136 microversion: 1.0
2026-09-09 02:19:06.262 8 INFO placement.requestlog [None req-2872d210-b37a-4c0f-97ed-4125a4e62e94 - - - - - -] 10.0.0.135 "GET /" status: 200 len: 136 microversion: 1.0
2026-09-09 02:19:15.296 7 INFO placement.requestlog [req-b6df6226-fa77-4f80-9fdd-0403e9ecbf00 req-ddfa1c37-69e2-4fa0-8971-e5dea8575ce1 5ec6df941af0498cbd5e915e7aa5c40b 302ed6abf83b4b4999a25c3ce5ef5505 - - 57c9ba6d660448aa9b3aa7b5c438aaac 57c9ba6d660448aa9b3aa7b5c438aaac] 162.253.55.105 "GET /resource_providers/ab1a1315-65b8-44ec-80e5-f058ae606617/allocations" status: 200 len: 54 microversion: 1.0 [pid: 7|app: 0|req: 314/626] 162.253.55.105 () {32 vars in 857 bytes} [Wed Sep 9 02:19:15 2026] GET /resource_providers/ab1a1315-65b8-44ec-80e5-f058ae606617/allocations => generated 54 bytes in 19 msecs (HTTP/1.1 200) 6 headers in 223 bytes (1 switches on core 0)
2026-09-09 02:19:15.333 8 INFO placement.requestlog [req-b6df6226-fa77-4f80-9fdd-0403e9ecbf00 req-2f4693f4-80d0-436d-b210-d5314318c9a8 5ec6df941af0498cbd5e915e7aa5c40b 302ed6abf83b4b4999a25c3ce5ef5505 - - 57c9ba6d660448aa9b3aa7b5c438aaac 57c9ba6d660448aa9b3aa7b5c438aaac] 162.253.55.105 "GET /resource_providers/ab1a1315-65b8-44ec-80e5-f058ae606617/allocations" status: 200 len: 54 microversion: 1.0 [pid: 8|app: 0|req: 313/627] 162.253.55.105 () {32 vars in 857 bytes} [Wed Sep 9 02:19:15 2026] GET /resource_providers/ab1a1315-65b8-44ec-80e5-f058ae606617/allocations => generated 54 bytes in 29 msecs (HTTP/1.1 200) 6 headers in 223 bytes (1 switches on core 0)
2026-09-09 02:19:16.262 7 INFO placement.requestlog [None req-b8a6bc1a-6589-409b-bda0-8796ef92b6b1 - - - - - -] 10.0.0.135 "GET /" status: 200 len: 136 microversion: 1.0
2026-09-09 02:19:16.262 8 INFO placement.requestlog [None req-14b91707-f4d4-48fd-8c7e-18b5ea2da3ec - - - - - -] 10.0.0.135 "GET /" status: 200 len: 136 microversion: 1.0
2026-09-09 02:19:26.262 8 INFO placement.requestlog [None req-4aead964-2a71-4070-b1bd-de261ebb3875 - - - - - -] 10.0.0.135 "GET /" status: 200 len: 136 microversion: 1.0
2026-09-09 02:19:26.262 7 INFO placement.requestlog [None req-5f441133-9934-4bd3-840e-3e1c8d97c0f4 - - - - - -] 10.0.0.135 "GET /" status: 200 len: 136 microversion: 1.0
2026-09-09 02:19:36.262 8 INFO placement.requestlog [None req-fadcfbea-70ff-441b-867c-8dc24c659c2a - - - - - -] 10.0.0.135 "GET /" status: 200 len: 136 microversion: 1.0
2026-09-09 02:19:36.262 7 INFO placement.requestlog [None req-2d3b4bab-4ff3-495b-9705-486c24c24d02 - - - - - -] 10.0.0.135 "GET /" status: 200 len: 136 microversion: 1.0
2026-09-09 02:19:46.261 8 INFO placement.requestlog [None req-779cc1f0-eacf-44eb-b6bb-82b3df8d798f - - - - - -] 10.0.0.135 "GET /" status: 200 len: 136 microversion: 1.0
2026-09-09 02:19:46.262 7 INFO placement.requestlog [None req-5c831a84-5300-49a4-b07c-a2a5c2f93ccd - - - - - -] 10.0.0.135 "GET /" status: 200 len: 136 microversion: 1.0
2026-09-09 02:19:56.261 8 INFO placement.requestlog [None req-b8cb7a7f-7636-42e2-9649-39d6b2298166 - - - - - -] 10.0.0.135 "GET /" status: 200 len: 136 microversion: 1.0
2026-09-09 02:19:56.261 7 INFO placement.requestlog [None req-02f30572-06dc-45d3-8803-751b7264c498 - - - - - -] 10.0.0.135 "GET /" status: 200 len: 136 microversion: 1.0
2026-09-09 02:20:06.261 8 INFO placement.requestlog [None req-e9008f2c-52c2-4503-99cc-df8b8e0b5c82 - - - - - -] 10.0.0.135 "GET /" status: 200 len: 136 microversion: 1.0
2026-09-09 02:20:06.261 7 INFO placement.requestlog [None req-9ecabe5d-717d-4f11-aedb-d3136422c5e2 - - - - - -] 10.0.0.135 "GET /" status: 200 len: 136 microversion: 1.0
2026-09-09 02:20:15.373 8 INFO placement.requestlog [req-7fadcd13-6514-415c-acd1-5680bee80816 req-7f4854e3-3613-4a33-80d4-88673f662dd4 5ec6df941af0498cbd5e915e7aa5c40b 302ed6abf83b4b4999a25c3ce5ef5505 - - 57c9ba6d660448aa9b3aa7b5c438aaac 57c9ba6d660448aa9b3aa7b5c438aaac] 162.253.55.105 "GET /resource_providers/ab1a1315-65b8-44ec-80e5-f058ae606617/allocations" status: 200 len: 54 microversion: 1.0 [pid: 8|app: 0|req: 320/640] 162.253.55.105 () {32 vars in 857 bytes} [Wed Sep 9 02:20:15 2026] GET /resource_providers/ab1a1315-65b8-44ec-80e5-f058ae606617/allocations => generated 54 bytes in 160 msecs (HTTP/1.1 200) 6 headers in 223 bytes (1 switches on core 0)
2026-09-09 02:20:15.442 7 INFO placement.requestlog [req-7fadcd13-6514-415c-acd1-5680bee80816 req-1dca91b6-b277-4f81-9bb2-e31550da02f5 5ec6df941af0498cbd5e915e7aa5c40b 302ed6abf83b4b4999a25c3ce5ef5505 - - 57c9ba6d660448aa9b3aa7b5c438aaac 57c9ba6d660448aa9b3aa7b5c438aaac] 162.253.55.105 "GET /resource_providers?in_tree=ab1a1315-65b8-44ec-80e5-f058ae606617" status: 200 len: 797 microversion: 1.14 [pid: 7|app: 0|req: 321/641] 162.253.55.105 () {34 vars in 892 bytes} [Wed Sep 9 02:20:15 2026] GET /resource_providers?in_tree=ab1a1315-65b8-44ec-80e5-f058ae606617 => generated 797 bytes in 49 msecs (HTTP/1.1 200) 6 headers in 225 bytes (1 switches on core 0)
2026-09-09 02:20:15.476 8 INFO placement.requestlog [req-7fadcd13-6514-415c-acd1-5680bee80816 req-f2a30b16-c869-46c6-ae8e-8d3fd173fe02 5ec6df941af0498cbd5e915e7aa5c40b 302ed6abf83b4b4999a25c3ce5ef5505 - - 57c9ba6d660448aa9b3aa7b5c438aaac 57c9ba6d660448aa9b3aa7b5c438aaac] 162.253.55.105 "GET /resource_providers/ab1a1315-65b8-44ec-80e5-f058ae606617/inventories" status: 200 len: 400 microversion: 1.0 [pid: 8|app: 0|req: 321/642] 162.253.55.105 () {32 vars in 857 bytes} [Wed Sep 9 02:20:15 2026] GET /resource_providers/ab1a1315-65b8-44ec-80e5-f058ae606617/inventories => generated 400 bytes in 22 msecs (HTTP/1.1 200) 6 headers in 224 bytes (1 switches on core 0)
2026-09-09 02:20:15.501 7 INFO placement.requestlog [req-7fadcd13-6514-415c-acd1-5680bee80816 req-683ec1bb-70be-43a5-b75d-057cc73e0397 5ec6df941af0498cbd5e915e7aa5c40b 302ed6abf83b4b4999a25c3ce5ef5505 - - 57c9ba6d660448aa9b3aa7b5c438aaac 57c9ba6d660448aa9b3aa7b5c438aaac] 162.253.55.105 "GET /resource_providers/ab1a1315-65b8-44ec-80e5-f058ae606617/aggregates" status: 200 len: 53 microversion: 1.19 [pid: 7|app: 0|req: 322/643] 162.253.55.105 () {34 vars in 899 bytes} [Wed Sep 9 02:20:15 2026] GET /resource_providers/ab1a1315-65b8-44ec-80e5-f058ae606617/aggregates => generated 53 bytes in 13 msecs (HTTP/1.1 200) 8 headers in 295 bytes (1 switches on core 0)
2026-09-09 02:20:15.547 8 INFO placement.requestlog [req-7fadcd13-6514-415c-acd1-5680bee80816 req-77f04b0a-3281-4208-bc28-8e509199cd76 5ec6df941af0498cbd5e915e7aa5c40b 302ed6abf83b4b4999a25c3ce5ef5505 - - 57c9ba6d660448aa9b3aa7b5c438aaac 57c9ba6d660448aa9b3aa7b5c438aaac] 162.253.55.105 "GET /resource_providers/ab1a1315-65b8-44ec-80e5-f058ae606617/traits" status: 200 len: 1682 microversion: 1.6 [pid: 8|app: 0|req: 322/644] 162.253.55.105 () {34 vars in 890 bytes} [Wed Sep 9 02:20:15 2026] GET /resource_providers/ab1a1315-65b8-44ec-80e5-f058ae606617/traits => generated 1682 bytes in 36 msecs (HTTP/1.1 200) 6 headers in 225 bytes (1 switches on core 0)
2026-09-09 02:20:15.569 7 INFO placement.requestlog [req-7fadcd13-6514-415c-acd1-5680bee80816 req-427be7c3-94ed-4c7c-89a1-ec7205335261 5ec6df941af0498cbd5e915e7aa5c40b 302ed6abf83b4b4999a25c3ce5ef5505 - - 57c9ba6d660448aa9b3aa7b5c438aaac 57c9ba6d660448aa9b3aa7b5c438aaac] 162.253.55.105 "GET /resource_providers/ab1a1315-65b8-44ec-80e5-f058ae606617/allocations" status: 200 len: 54 microversion: 1.0 [pid: 7|app: 0|req: 323/645] 162.253.55.105 () {32 vars in 857 bytes} [Wed Sep 9 02:20:15 2026] GET /resource_providers/ab1a1315-65b8-44ec-80e5-f058ae606617/allocations => generated 54 bytes in 15 msecs (HTTP/1.1 200) 6 headers in 223 bytes (1 switches on core 0)
2026-09-09 02:20:16.261 8 INFO placement.requestlog [None req-2bf0df6d-bbbe-438e-aca6-910f17141885 - - - - - -] 10.0.0.135 "GET /" status: 200 len: 136 microversion: 1.0
2026-09-09 02:20:16.261 7 INFO placement.requestlog [None req-1d4e8e7a-7fdd-4f24-810f-11fe6ad45996 - - - - - -] 10.0.0.135 "GET /" status: 200 len: 136 microversion: 1.0
2026-09-09 02:20:26.262 8 INFO placement.requestlog [None req-2d82a1cc-b0bd-491e-8a69-a3c79a3fe45a - - - - - -] 10.0.0.135 "GET /" status: 200 len: 136 microversion: 1.0
2026-09-09 02:20:26.262 7 INFO placement.requestlog [None req-ec7d4ccf-4e7a-4ac5-ac21-a244769db109 - - - - - -] 10.0.0.135 "GET /" status: 200 len: 136 microversion: 1.0
2026-09-09 02:20:36.261 7 INFO placement.requestlog [None req-d1dd6844-69ec-4554-afa7-63beec1fb27b - - - - - -] 10.0.0.135 "GET /" status: 200 len: 136 microversion: 1.0
2026-09-09 02:20:36.261 8 INFO placement.requestlog [None req-a7ee0001-6795-4821-847d-835ef1a1725a - - - - - -] 10.0.0.135 "GET /" status: 200 len: 136 microversion: 1.0
2026-09-09 02:20:46.261 7 INFO placement.requestlog [None req-c316e7ed-ffb5-48b4-88c1-c9a3ecd5b9a6 - - - - - -] 10.0.0.135 "GET /" status: 200 len: 136 microversion: 1.0
2026-09-09 02:20:46.262 8 INFO placement.requestlog [None req-07f1d240-f113-4411-b554-f65a96ca4954 - - - - - -] 10.0.0.135 "GET /" status: 200 len: 136 microversion: 1.0
2026-09-09 02:20:56.261 7 INFO placement.requestlog [None req-0c0ab1f9-c965-4d54-9193-09d7dff0c35d - - - - - -] 10.0.0.135 "GET /" status: 200 len: 136 microversion: 1.0
2026-09-09 02:20:56.261 8 INFO placement.requestlog [None req-2dcfe6f7-8e4e-4a73-9d2e-fe6f578514b3 - - - - - -] 10.0.0.135 "GET /" status: 200 len: 136 microversion: 1.0
2026-09-09 02:21:06.261 7 INFO placement.requestlog [None req-8c9805a8-1eca-4405-82be-ba71a4f2e542 - - - - - -] 10.0.0.135 "GET /" status: 200 len: 136 microversion: 1.0
2026-09-09 02:21:06.261 8 INFO placement.requestlog [None req-085cbbbc-a9cf-4815-aa9f-34945cc32f48 - - - - - -] 10.0.0.135 "GET /" status: 200 len: 136 microversion: 1.0
2026-09-09 02:21:16.061 7 INFO placement.requestlog [req-3674fb5b-3440-45c5-9fe0-37508eca4374 req-9a05c9ea-6151-43e8-83da-6b05cebc074b 5ec6df941af0498cbd5e915e7aa5c40b 302ed6abf83b4b4999a25c3ce5ef5505 - - 57c9ba6d660448aa9b3aa7b5c438aaac 57c9ba6d660448aa9b3aa7b5c438aaac] 162.253.55.105 "GET /resource_providers/ab1a1315-65b8-44ec-80e5-f058ae606617/allocations" status: 200 len: 54 microversion: 1.0 [pid: 7|app: 0|req: 330/658] 162.253.55.105 () {32 vars in 857 bytes} [Wed Sep 9 02:21:16 2026] GET /resource_providers/ab1a1315-65b8-44ec-80e5-f058ae606617/allocations => generated 54 bytes in 14 msecs (HTTP/1.1 200) 6 headers in 223 bytes (1 switches on core 0)
2026-09-09 02:21:16.096 8 INFO placement.requestlog [req-3674fb5b-3440-45c5-9fe0-37508eca4374 req-8e9ea5ef-1c42-4225-9007-b14d97d14bcc 5ec6df941af0498cbd5e915e7aa5c40b 302ed6abf83b4b4999a25c3ce5ef5505 - - 57c9ba6d660448aa9b3aa7b5c438aaac 57c9ba6d660448aa9b3aa7b5c438aaac] 162.253.55.105 "GET /resource_providers/ab1a1315-65b8-44ec-80e5-f058ae606617/allocations" status: 200 len: 54 microversion: 1.0 [pid: 8|app: 0|req: 329/659] 162.253.55.105 () {32 vars in 857 bytes} [Wed Sep 9 02:21:16 2026] GET /resource_providers/ab1a1315-65b8-44ec-80e5-f058ae606617/allocations => generated 54 bytes in 26 msecs (HTTP/1.1 200) 6 headers in 223 bytes (1 switches on core 0)
2026-09-09 02:21:16.261 7 INFO placement.requestlog [None req-7acdd929-ecfd-4f6d-901e-a048bf3c3090 - - - - - -] 10.0.0.135 "GET /" status: 200 len: 136 microversion: 1.0
2026-09-09 02:21:16.261 8 INFO placement.requestlog [None req-8cb35ea0-23f2-49cf-9e51-95142ef2c4be - - - - - -] 10.0.0.135 "GET /" status: 200 len: 136 microversion: 1.0
2026-09-09 02:21:26.261 8 INFO placement.requestlog [None req-5debc969-1f2f-45ff-825a-0c5cc9447c21 - - - - - -] 10.0.0.135 "GET /" status: 200 len: 136 microversion: 1.0
2026-09-09 02:21:26.261 7 INFO placement.requestlog [None req-e8445df7-4182-42d5-b23d-cf1e8fd0fe1c - - - - - -] 10.0.0.135 "GET /" status: 200 len: 136 microversion: 1.0
2026-09-09 02:21:36.265 8 INFO placement.requestlog [None req-6e40f713-423a-4576-a074-1e1fcbe11c15 - - - - - -] 10.0.0.135 "GET /" status: 200 len: 136 microversion: 1.0
2026-09-09 02:21:36.274 7 INFO placement.requestlog [None req-1516b358-bbe1-412c-a1b4-bb72364dbb93 - - - - - -] 10.0.0.135 "GET /" status: 200 len: 136 microversion: 1.0
2026-09-09 02:21:46.262 7 INFO placement.requestlog [None req-4e5fb8f7-72b8-4d41-8809-af4150e53c3d - - - - - -] 10.0.0.135 "GET /" status: 200 len: 136 microversion: 1.0
2026-09-09 02:21:46.262 8 INFO placement.requestlog [None req-d3b35a1b-4e33-41fa-8026-3dc6d7cf47f0 - - - - - -] 10.0.0.135 "GET /" status: 200 len: 136 microversion: 1.0
2026-09-09 02:21:56.262 7 INFO placement.requestlog [None req-f6961da1-d172-4941-9bba-009249aeb31f - - - - - -] 10.0.0.135 "GET /" status: 200 len: 136 microversion: 1.0
2026-09-09 02:21:56.262 8 INFO placement.requestlog [None req-102d0b22-59c5-497d-906f-c299df9897b6 - - - - - -] 10.0.0.135 "GET /" status: 200 len: 136 microversion: 1.0
2026-09-09 02:22:06.261 8 INFO placement.requestlog [None req-833e9f84-fd7f-437e-b184-80d812d8d5a2 - - - - - -] 10.0.0.135 "GET /" status: 200 len: 136 microversion: 1.0
2026-09-09 02:22:06.261 7 INFO placement.requestlog [None req-1ff0d776-fb04-47a9-9c08-94cc08a84509 - - - - - -] 10.0.0.135 "GET /" status: 200 len: 136 microversion: 1.0
2026-09-09 02:22:07.326 8 INFO placement.requestlog [req-bee1411f-f087-4eff-87d7-aec09b160dff req-ab5a3aee-b4db-4916-b5ed-9e9f8fa914cb 5ec6df941af0498cbd5e915e7aa5c40b 302ed6abf83b4b4999a25c3ce5ef5505 - - 57c9ba6d660448aa9b3aa7b5c438aaac 57c9ba6d660448aa9b3aa7b5c438aaac] 10.0.0.183 "GET /allocation_candidates?limit=1000&resources=DISK_GB%3A1%2CMEMORY_MB%3A512%2CVCPU%3A1&root_required=%21COMPUTE_STATUS_DISABLED" status: 200 len: 2147 microversion: 1.36 [pid: 8|app: 0|req: 336/672] 10.0.0.183 () {34 vars in 1012 bytes} [Wed Sep 9 02:22:06 2026] GET /allocation_candidates?limit=1000&resources=DISK_GB%3A1%2CMEMORY_MB%3A512%2CVCPU%3A1&root_required=%21COMPUTE_STATUS_DISABLED => generated 2147 bytes in 378 msecs (HTTP/1.1 200) 8 headers in 297 bytes (1 switches on core 0)
2026-09-09 02:22:07.398 7 INFO placement.requestlog [req-bee1411f-f087-4eff-87d7-aec09b160dff req-69893b54-054b-4a01-9468-8f48df20fb5c 5ec6df941af0498cbd5e915e7aa5c40b 302ed6abf83b4b4999a25c3ce5ef5505 - - 57c9ba6d660448aa9b3aa7b5c438aaac 57c9ba6d660448aa9b3aa7b5c438aaac] 10.0.0.183 "GET /allocations/9a904c49-f1d3-4feb-a6b0-a06a28a5d8ec" status: 200 len: 19 microversion: 1.28 [pid: 7|app: 0|req: 337/673] 10.0.0.183 () {34 vars in 861 bytes} [Wed Sep 9 02:22:07 2026] GET /allocations/9a904c49-f1d3-4feb-a6b0-a06a28a5d8ec => generated 19 bytes in 13 msecs (HTTP/1.1 200) 8 headers in 295 bytes (1 switches on core 0)
2026-09-09 02:22:07.533 8 INFO placement.requestlog [req-bee1411f-f087-4eff-87d7-aec09b160dff req-947abc74-fc98-4bcd-8c77-3c8e863135b7 5ec6df941af0498cbd5e915e7aa5c40b 302ed6abf83b4b4999a25c3ce5ef5505 - - 57c9ba6d660448aa9b3aa7b5c438aaac 57c9ba6d660448aa9b3aa7b5c438aaac] 10.0.0.183 "PUT /allocations/9a904c49-f1d3-4feb-a6b0-a06a28a5d8ec" status: 204 len: 0 microversion: 1.36 [pid: 8|app: 0|req: 337/674] 10.0.0.183 () {38 vars in 914 bytes} [Wed Sep 9 02:22:07 2026] PUT /allocations/9a904c49-f1d3-4feb-a6b0-a06a28a5d8ec => generated 0 bytes in 123 msecs (HTTP/1.1 204) 5 headers in 199 bytes (1 switches on core 0)
2026-09-09 02:22:08.087 7 INFO placement.requestlog [req-bee1411f-f087-4eff-87d7-aec09b160dff req-cb40e6ec-cfed-4bee-b305-cc9c59d6f50c 5ec6df941af0498cbd5e915e7aa5c40b 302ed6abf83b4b4999a25c3ce5ef5505 - - 57c9ba6d660448aa9b3aa7b5c438aaac 57c9ba6d660448aa9b3aa7b5c438aaac] 162.253.55.105 "GET /allocations/9a904c49-f1d3-4feb-a6b0-a06a28a5d8ec" status: 200 len: 257 microversion: 1.28 [pid: 7|app: 0|req: 338/675] 162.253.55.105 () {34 vars in 863 bytes} [Wed Sep 9 02:22:08 2026] GET /allocations/9a904c49-f1d3-4feb-a6b0-a06a28a5d8ec => generated 257 bytes in 19 msecs (HTTP/1.1 200) 8 headers in 296 bytes (1 switches on core 0)
2026-09-09 02:22:08.247 8 INFO placement.requestlog [req-bee1411f-f087-4eff-87d7-aec09b160dff req-141aa904-259c-4b76-a216-b071c5052b1a 5ec6df941af0498cbd5e915e7aa5c40b 302ed6abf83b4b4999a25c3ce5ef5505 - - 57c9ba6d660448aa9b3aa7b5c438aaac 57c9ba6d660448aa9b3aa7b5c438aaac] 162.253.55.105 "GET /resource_providers/ab1a1315-65b8-44ec-80e5-f058ae606617/allocations" status: 200 len: 152 microversion: 1.0 [pid: 8|app: 0|req: 338/676] 162.253.55.105 () {32 vars in 857 bytes} [Wed Sep 9 02:22:08 2026] GET /resource_providers/ab1a1315-65b8-44ec-80e5-f058ae606617/allocations => generated 152 bytes in 22 msecs (HTTP/1.1 200) 6 headers in 224 bytes (1 switches on core 0)
2026-09-09 02:22:08.286 7 INFO placement.requestlog [req-bee1411f-f087-4eff-87d7-aec09b160dff req-25bd66fc-3d56-4ce1-964d-29d7e4842e74 5ec6df941af0498cbd5e915e7aa5c40b 302ed6abf83b4b4999a25c3ce5ef5505 - - 57c9ba6d660448aa9b3aa7b5c438aaac 57c9ba6d660448aa9b3aa7b5c438aaac] 162.253.55.105 "GET /allocations/9a904c49-f1d3-4feb-a6b0-a06a28a5d8ec" status: 200 len: 257 microversion: 1.28 [pid: 7|app: 0|req: 339/677] 162.253.55.105 () {34 vars in 863 bytes} [Wed Sep 9 02:22:08 2026] GET /allocations/9a904c49-f1d3-4feb-a6b0-a06a28a5d8ec => generated 257 bytes in 28 msecs (HTTP/1.1 200) 8 headers in 296 bytes (1 switches on core 0)
2026-09-09 02:22:10.455 8 INFO placement.requestlog [None req-08653eeb-3c0a-4812-956b-fb8bd5054a5e 20a40bf0801a4d9eb626d4ec4e61d9fe 302ed6abf83b4b4999a25c3ce5ef5505 - - 57c9ba6d660448aa9b3aa7b5c438aaac 57c9ba6d660448aa9b3aa7b5c438aaac] 10.0.0.104 "GET /resource_providers/534ee744-9f0e-42c5-bdaa-5aa5480ab60d/aggregates" status: 404 len: 235 microversion: 1.1 [pid: 8|app: 0|req: 339/678] 10.0.0.104 () {32 vars in 816 bytes} [Wed Sep 9 02:22:10 2026] GET /resource_providers/534ee744-9f0e-42c5-bdaa-5aa5480ab60d/aggregates => generated 235 bytes in 256 msecs (HTTP/1.1 404) 5 headers in 202 bytes (1 switches on core 0)
2026-09-09 02:22:10.499 8 INFO placement.requestlog [None req-893732e5-a1b5-4b18-ae4d-4a2b46bcd08e 20a40bf0801a4d9eb626d4ec4e61d9fe 302ed6abf83b4b4999a25c3ce5ef5505 - - 57c9ba6d660448aa9b3aa7b5c438aaac 57c9ba6d660448aa9b3aa7b5c438aaac] 10.0.0.104 "DELETE /resource_providers/534ee744-9f0e-42c5-bdaa-5aa5480ab60d" status: 404 len: 246 microversion: 1.1 [pid: 8|app: 0|req: 340/679] 10.0.0.104 () {34 vars in 816 bytes} [Wed Sep 9 02:22:10 2026] DELETE /resource_providers/534ee744-9f0e-42c5-bdaa-5aa5480ab60d => generated 246 bytes in 31 msecs (HTTP/1.1 404) 6 headers in 231 bytes (1 switches on core 0)
2026-09-09 02:22:10.541 7 INFO placement.requestlog [None req-9e20f06f-c7f1-4122-a1e9-962a73b6e761 20a40bf0801a4d9eb626d4ec4e61d9fe 302ed6abf83b4b4999a25c3ce5ef5505 - - 57c9ba6d660448aa9b3aa7b5c438aaac 57c9ba6d660448aa9b3aa7b5c438aaac] 10.0.0.104 "GET /resource_providers/534ee744-9f0e-42c5-bdaa-5aa5480ab60d/aggregates" status: 404 len: 235 microversion: 1.1 [pid: 7|app: 0|req: 340/680] 10.0.0.104 () {32 vars in 816 bytes} [Wed Sep 9 02:22:10 2026] GET /resource_providers/534ee744-9f0e-42c5-bdaa-5aa5480ab60d/aggregates => generated 235 bytes in 229 msecs (HTTP/1.1 404) 5 headers in 202 bytes (1 switches on core 0)
2026-09-09 02:22:10.574 8 INFO placement.requestlog [None req-92e00e09-9c32-4480-8878-f5f936fdb754 20a40bf0801a4d9eb626d4ec4e61d9fe 302ed6abf83b4b4999a25c3ce5ef5505 - - 57c9ba6d660448aa9b3aa7b5c438aaac 57c9ba6d660448aa9b3aa7b5c438aaac] 10.0.0.104 "DELETE /resource_providers/534ee744-9f0e-42c5-bdaa-5aa5480ab60d" status: 404 len: 246 microversion: 1.1 [pid: 8|app: 0|req: 341/681] 10.0.0.104 () {34 vars in 816 bytes} [Wed Sep 9 02:22:10 2026] DELETE /resource_providers/534ee744-9f0e-42c5-bdaa-5aa5480ab60d => generated 246 bytes in 24 msecs (HTTP/1.1 404) 6 headers in 231 bytes (1 switches on core 0)
2026-09-09 02:22:11.137 7 INFO placement.requestlog [req-27795130-e802-4a62-ba2e-4663de43e946 req-74979681-f694-4743-b70d-f8141e2b68be 5ec6df941af0498cbd5e915e7aa5c40b 302ed6abf83b4b4999a25c3ce5ef5505 - - 57c9ba6d660448aa9b3aa7b5c438aaac 57c9ba6d660448aa9b3aa7b5c438aaac] 10.0.0.183 "GET /allocation_candidates?limit=1000&resources=MEMORY_MB%3A512%2CVCPU%3A1&root_required=%21COMPUTE_STATUS_DISABLED" status: 200 len: 2135 microversion: 1.36 [pid: 7|app: 0|req: 341/682] 10.0.0.183 () {34 vars in 984 bytes} [Wed Sep 9 02:22:11 2026] GET /allocation_candidates?limit=1000&resources=MEMORY_MB%3A512%2CVCPU%3A1&root_required=%21COMPUTE_STATUS_DISABLED => generated 2135 bytes in 47 msecs (HTTP/1.1 200) 8 headers in 297 bytes (1 switches on core 0)
2026-09-09 02:22:11.179 8 INFO placement.requestlog [req-27795130-e802-4a62-ba2e-4663de43e946 req-2a75f50b-fd2d-4886-a4f1-9636b6b4323f 5ec6df941af0498cbd5e915e7aa5c40b 302ed6abf83b4b4999a25c3ce5ef5505 - - 57c9ba6d660448aa9b3aa7b5c438aaac 57c9ba6d660448aa9b3aa7b5c438aaac] 10.0.0.183 "GET /allocations/ce74e1a2-595b-4b94-8c45-488af2ba8870" status: 200 len: 19 microversion: 1.28 [pid: 8|app: 0|req: 342/683] 10.0.0.183 () {34 vars in 861 bytes} [Wed Sep 9 02:22:11 2026] GET /allocations/ce74e1a2-595b-4b94-8c45-488af2ba8870 => generated 19 bytes in 15 msecs (HTTP/1.1 200) 8 headers in 295 bytes (1 switches on core 0)
2026-09-09 02:22:11.262 7 INFO placement.requestlog [req-27795130-e802-4a62-ba2e-4663de43e946 req-f331acde-b6f8-4228-bb13-f04645d7f2b4 5ec6df941af0498cbd5e915e7aa5c40b 302ed6abf83b4b4999a25c3ce5ef5505 - - 57c9ba6d660448aa9b3aa7b5c438aaac 57c9ba6d660448aa9b3aa7b5c438aaac] 10.0.0.183 "PUT /allocations/ce74e1a2-595b-4b94-8c45-488af2ba8870" status: 204 len: 0 microversion: 1.36 [pid: 7|app: 0|req: 342/684] 10.0.0.183 () {38 vars in 914 bytes} [Wed Sep 9 02:22:11 2026] PUT /allocations/ce74e1a2-595b-4b94-8c45-488af2ba8870 => generated 0 bytes in 78 msecs (HTTP/1.1 204) 5 headers in 199 bytes (1 switches on core 0)
2026-09-09 02:22:11.634 8 INFO placement.requestlog [req-27795130-e802-4a62-ba2e-4663de43e946 req-1a5294f8-aa7d-48b9-bedc-c696ae8d356b 5ec6df941af0498cbd5e915e7aa5c40b 302ed6abf83b4b4999a25c3ce5ef5505 - - 57c9ba6d660448aa9b3aa7b5c438aaac 57c9ba6d660448aa9b3aa7b5c438aaac] 162.253.55.105 "GET /allocations/ce74e1a2-595b-4b94-8c45-488af2ba8870" status: 200 len: 243 microversion: 1.28 [pid: 8|app: 0|req: 343/685] 162.253.55.105 () {34 vars in 863 bytes} [Wed Sep 9 02:22:11 2026] GET /allocations/ce74e1a2-595b-4b94-8c45-488af2ba8870 => generated 243 bytes in 15 msecs (HTTP/1.1 200) 8 headers in 296 bytes (1 switches on core 0)
2026-09-09 02:22:11.781 7 INFO placement.requestlog [req-27795130-e802-4a62-ba2e-4663de43e946 req-b8205822-1286-427a-aaba-3ac7288772fc 5ec6df941af0498cbd5e915e7aa5c40b 302ed6abf83b4b4999a25c3ce5ef5505 - - 57c9ba6d660448aa9b3aa7b5c438aaac 57c9ba6d660448aa9b3aa7b5c438aaac] 162.253.55.105 "GET /resource_providers/ab1a1315-65b8-44ec-80e5-f058ae606617/allocations" status: 200 len: 238 microversion: 1.0 [pid: 7|app: 0|req: 343/686] 162.253.55.105 () {32 vars in 857 bytes} [Wed Sep 9 02:22:11 2026] GET /resource_providers/ab1a1315-65b8-44ec-80e5-f058ae606617/allocations => generated 238 bytes in 26 msecs (HTTP/1.1 200) 6 headers in 224 bytes (1 switches on core 0)
2026-09-09 02:22:11.811 8 INFO placement.requestlog [req-27795130-e802-4a62-ba2e-4663de43e946 req-df81297a-4c02-4c6b-be52-53b62c3e319f 5ec6df941af0498cbd5e915e7aa5c40b 302ed6abf83b4b4999a25c3ce5ef5505 - - 57c9ba6d660448aa9b3aa7b5c438aaac 57c9ba6d660448aa9b3aa7b5c438aaac] 162.253.55.105 "GET /allocations/ce74e1a2-595b-4b94-8c45-488af2ba8870" status: 200 len: 243 microversion: 1.28 [pid: 8|app: 0|req: 344/687] 162.253.55.105 () {34 vars in 863 bytes} [Wed Sep 9 02:22:11 2026] GET /allocations/ce74e1a2-595b-4b94-8c45-488af2ba8870 => generated 243 bytes in 21 msecs (HTTP/1.1 200) 8 headers in 296 bytes (1 switches on core 0)
2026-09-09 02:22:11.868 7 INFO placement.requestlog [req-27795130-e802-4a62-ba2e-4663de43e946 req-102a5075-a66b-4725-92c7-4a0b4e22bf26 5ec6df941af0498cbd5e915e7aa5c40b 302ed6abf83b4b4999a25c3ce5ef5505 - - 57c9ba6d660448aa9b3aa7b5c438aaac 57c9ba6d660448aa9b3aa7b5c438aaac] 162.253.55.105 "GET /allocations/9a904c49-f1d3-4feb-a6b0-a06a28a5d8ec" status: 200 len: 257 microversion: 1.28 [pid: 7|app: 0|req: 344/688] 162.253.55.105 () {34 vars in 863 bytes} [Wed Sep 9 02:22:11 2026] GET /allocations/9a904c49-f1d3-4feb-a6b0-a06a28a5d8ec => generated 257 bytes in 41 msecs (HTTP/1.1 200) 8 headers in 296 bytes (1 switches on core 0)
2026-09-09 02:22:12.530 8 INFO placement.requestlog [None req-0f2e66c4-5d28-43b5-88a8-c2fe53e9fe2e 20a40bf0801a4d9eb626d4ec4e61d9fe 302ed6abf83b4b4999a25c3ce5ef5505 - - 57c9ba6d660448aa9b3aa7b5c438aaac 57c9ba6d660448aa9b3aa7b5c438aaac] 10.0.0.104 "GET /resource_providers/cf8962b4-f9be-4958-aae5-6d2b3dff0af4/aggregates" status: 404 len: 235 microversion: 1.1 [pid: 8|app: 0|req: 345/689] 10.0.0.104 () {32 vars in 816 bytes} [Wed Sep 9 02:22:12 2026] GET /resource_providers/cf8962b4-f9be-4958-aae5-6d2b3dff0af4/aggregates => generated 235 bytes in 21 msecs (HTTP/1.1 404) 5 headers in 202 bytes (1 switches on core 0)
2026-09-09 02:22:12.557 7 INFO placement.requestlog [None req-3be76953-ef50-402f-bfd8-35ceef2ebca3 20a40bf0801a4d9eb626d4ec4e61d9fe 302ed6abf83b4b4999a25c3ce5ef5505 - - 57c9ba6d660448aa9b3aa7b5c438aaac 57c9ba6d660448aa9b3aa7b5c438aaac] 10.0.0.104 "DELETE /resource_providers/cf8962b4-f9be-4958-aae5-6d2b3dff0af4" status: 404 len: 246 microversion: 1.1 [pid: 7|app: 0|req: 345/690] 10.0.0.104 () {34 vars in 816 bytes} [Wed Sep 9 02:22:12 2026] DELETE /resource_providers/cf8962b4-f9be-4958-aae5-6d2b3dff0af4 => generated 246 bytes in 15 msecs (HTTP/1.1 404) 6 headers in 231 bytes (1 switches on core 0)
2026-09-09 02:22:12.603 8 INFO placement.requestlog [None req-7890853a-ce4d-4c0e-9e3c-ce154c26149b 20a40bf0801a4d9eb626d4ec4e61d9fe 302ed6abf83b4b4999a25c3ce5ef5505 - - 57c9ba6d660448aa9b3aa7b5c438aaac 57c9ba6d660448aa9b3aa7b5c438aaac] 10.0.0.104 "GET /resource_providers/cf8962b4-f9be-4958-aae5-6d2b3dff0af4/aggregates" status: 404 len: 235 microversion: 1.1 [pid: 8|app: 0|req: 346/691] 10.0.0.104 () {32 vars in 816 bytes} [Wed Sep 9 02:22:12 2026] GET /resource_providers/cf8962b4-f9be-4958-aae5-6d2b3dff0af4/aggregates => generated 235 bytes in 18 msecs (HTTP/1.1 404) 5 headers in 202 bytes (1 switches on core 0)
2026-09-09 02:22:12.626 7 INFO placement.requestlog [None req-b7f7ad30-7044-4a78-ae65-ba2b9ce2d5e0 20a40bf0801a4d9eb626d4ec4e61d9fe 302ed6abf83b4b4999a25c3ce5ef5505 - - 57c9ba6d660448aa9b3aa7b5c438aaac 57c9ba6d660448aa9b3aa7b5c438aaac] 10.0.0.104 "DELETE /resource_providers/cf8962b4-f9be-4958-aae5-6d2b3dff0af4" status: 404 len: 246 microversion: 1.1 [pid: 7|app: 0|req: 346/692] 10.0.0.104 () {34 vars in 816 bytes} [Wed Sep 9 02:22:12 2026] DELETE /resource_providers/cf8962b4-f9be-4958-aae5-6d2b3dff0af4 => generated 246 bytes in 13 msecs (HTTP/1.1 404) 6 headers in 231 bytes (1 switches on core 0)
2026-09-09 02:22:16.262 8 INFO placement.requestlog [None req-eedf0121-0fea-4451-a5f0-3238e7bd6722 - - - - - -] 10.0.0.135 "GET /" status: 200 len: 136 microversion: 1.0
2026-09-09 02:22:16.262 7 INFO placement.requestlog [None req-08a36e93-fc6a-4672-a82e-bf7594227bff - - - - - -] 10.0.0.135 "GET /" status: 200 len: 136 microversion: 1.0
2026-09-09 02:22:18.276 8 INFO placement.requestlog [req-3776c5f5-ce3d-40cd-bf04-d09026590d11 req-631576fb-b3ce-410e-a4ac-52ff351713c3 5ec6df941af0498cbd5e915e7aa5c40b 302ed6abf83b4b4999a25c3ce5ef5505 - - 57c9ba6d660448aa9b3aa7b5c438aaac 57c9ba6d660448aa9b3aa7b5c438aaac] 162.253.55.105 "GET /resource_providers/ab1a1315-65b8-44ec-80e5-f058ae606617/allocations" status: 200 len: 238 microversion: 1.0 [pid: 8|app: 0|req: 348/695] 162.253.55.105 () {32 vars in 857 bytes} [Wed Sep 9 02:22:18 2026] GET /resource_providers/ab1a1315-65b8-44ec-80e5-f058ae606617/allocations => generated 238 bytes in 51 msecs (HTTP/1.1 200) 6 headers in 224 bytes (1 switches on core 0)
2026-09-09 02:22:18.329 7 INFO placement.requestlog [req-3776c5f5-ce3d-40cd-bf04-d09026590d11 req-e95c9fcc-6169-40c7-b22a-8e33d694c0dc 5ec6df941af0498cbd5e915e7aa5c40b 302ed6abf83b4b4999a25c3ce5ef5505 - - 57c9ba6d660448aa9b3aa7b5c438aaac 57c9ba6d660448aa9b3aa7b5c438aaac] 162.253.55.105 "GET /resource_providers/ab1a1315-65b8-44ec-80e5-f058ae606617/allocations" status: 200 len: 238 microversion: 1.0 [pid: 7|app: 0|req: 348/696] 162.253.55.105 () {32 vars in 857 bytes} [Wed Sep 9 02:22:18 2026] GET /resource_providers/ab1a1315-65b8-44ec-80e5-f058ae606617/allocations => generated 238 bytes in 32 msecs (HTTP/1.1 200) 6 headers in 224 bytes (1 switches on core 0)
2026-09-09 02:22:18.372 8 INFO placement.requestlog [req-3776c5f5-ce3d-40cd-bf04-d09026590d11 req-9d97fabc-7722-40cc-8fb2-aeca177b1977 5ec6df941af0498cbd5e915e7aa5c40b 302ed6abf83b4b4999a25c3ce5ef5505 - - 57c9ba6d660448aa9b3aa7b5c438aaac 57c9ba6d660448aa9b3aa7b5c438aaac] 162.253.55.105 "GET /allocations/ce74e1a2-595b-4b94-8c45-488af2ba8870" status: 200 len: 243 microversion: 1.28 [pid: 8|app: 0|req: 349/697] 162.253.55.105 () {34 vars in 863 bytes} [Wed Sep 9 02:22:18 2026] GET /allocations/ce74e1a2-595b-4b94-8c45-488af2ba8870 => generated 243 bytes in 30 msecs (HTTP/1.1 200) 8 headers in 296 bytes (1 switches on core 0)
2026-09-09 02:22:18.400 7 INFO placement.requestlog [req-3776c5f5-ce3d-40cd-bf04-d09026590d11 req-3dfae02e-c349-4ab3-97f2-c45f796fc785 5ec6df941af0498cbd5e915e7aa5c40b 302ed6abf83b4b4999a25c3ce5ef5505 - - 57c9ba6d660448aa9b3aa7b5c438aaac 57c9ba6d660448aa9b3aa7b5c438aaac] 162.253.55.105 "GET /allocations/9a904c49-f1d3-4feb-a6b0-a06a28a5d8ec" status: 200 len: 257 microversion: 1.28 [pid: 7|app: 0|req: 349/698] 162.253.55.105 () {34 vars in 863 bytes} [Wed Sep 9 02:22:18 2026] GET /allocations/9a904c49-f1d3-4feb-a6b0-a06a28a5d8ec => generated 257 bytes in 15 msecs (HTTP/1.1 200) 8 headers in 296 bytes (1 switches on core 0)
2026-09-09 02:22:25.016 8 INFO placement.requestlog [req-78908e4a-69c0-480b-83cf-375d9628a548 req-3bccfa26-96d5-4a45-9df7-1cee0d28d384 5ec6df941af0498cbd5e915e7aa5c40b 302ed6abf83b4b4999a25c3ce5ef5505 - - 57c9ba6d660448aa9b3aa7b5c438aaac 57c9ba6d660448aa9b3aa7b5c438aaac] 162.253.55.105 "GET /resource_providers/ab1a1315-65b8-44ec-80e5-f058ae606617/allocations" status: 200 len: 238 microversion: 1.0 [pid: 8|app: 0|req: 350/699] 162.253.55.105 () {32 vars in 857 bytes} [Wed Sep 9 02:22:24 2026] GET /resource_providers/ab1a1315-65b8-44ec-80e5-f058ae606617/allocations => generated 238 bytes in 34 msecs (HTTP/1.1 200) 6 headers in 224 bytes (1 switches on core 0)
2026-09-09 02:22:25.040 7 INFO placement.requestlog [req-78908e4a-69c0-480b-83cf-375d9628a548 req-44497a28-5ac7-439f-8042-b74471809204 5ec6df941af0498cbd5e915e7aa5c40b 302ed6abf83b4b4999a25c3ce5ef5505 - - 57c9ba6d660448aa9b3aa7b5c438aaac 57c9ba6d660448aa9b3aa7b5c438aaac] 162.253.55.105 "GET /allocations/ce74e1a2-595b-4b94-8c45-488af2ba8870" status: 200 len: 243 microversion: 1.28 [pid: 7|app: 0|req: 350/700] 162.253.55.105 () {34 vars in 863 bytes} [Wed Sep 9 02:22:25 2026] GET /allocations/ce74e1a2-595b-4b94-8c45-488af2ba8870 => generated 243 bytes in 17 msecs (HTTP/1.1 200) 8 headers in 296 bytes (1 switches on core 0)
2026-09-09 02:22:25.066 8 INFO placement.requestlog [req-78908e4a-69c0-480b-83cf-375d9628a548 req-8fa72ab4-f67d-4270-a039-2ae0c1388530 5ec6df941af0498cbd5e915e7aa5c40b 302ed6abf83b4b4999a25c3ce5ef5505 - - 57c9ba6d660448aa9b3aa7b5c438aaac 57c9ba6d660448aa9b3aa7b5c438aaac] 162.253.55.105 "GET /allocations/9a904c49-f1d3-4feb-a6b0-a06a28a5d8ec" status: 200 len: 257 microversion: 1.28 [pid: 8|app: 0|req: 351/701] 162.253.55.105 () {34 vars in 863 bytes} [Wed Sep 9 02:22:25 2026] GET /allocations/9a904c49-f1d3-4feb-a6b0-a06a28a5d8ec => generated 257 bytes in 18 msecs (HTTP/1.1 200) 8 headers in 296 bytes (1 switches on core 0)
2026-09-09 02:22:25.179 7 INFO placement.requestlog [req-78908e4a-69c0-480b-83cf-375d9628a548 req-545d535f-a148-4a37-b7dd-5e154b190c8d 5ec6df941af0498cbd5e915e7aa5c40b 302ed6abf83b4b4999a25c3ce5ef5505 - - 57c9ba6d660448aa9b3aa7b5c438aaac 57c9ba6d660448aa9b3aa7b5c438aaac] 162.253.55.105 "DELETE /allocations/ce74e1a2-595b-4b94-8c45-488af2ba8870" status: 204 len: 0 microversion: 1.0 [pid: 7|app: 0|req: 351/702] 162.253.55.105 () {34 vars in 841 bytes} [Wed Sep 9 02:22:25 2026] DELETE /allocations/ce74e1a2-595b-4b94-8c45-488af2ba8870 => generated 0 bytes in 49 msecs (HTTP/1.1 204) 5 headers in 198 bytes (1 switches on core 0)
2026-09-09 02:22:26.262 8 INFO placement.requestlog [None req-03be3abc-b545-4919-ab15-91b94350d587 - - - - - -] 10.0.0.135 "GET /" status: 200 len: 136 microversion: 1.0
2026-09-09 02:22:26.262 7 INFO placement.requestlog [None req-c18dfec4-ec8b-4310-8b62-52959671412e - - - - - -] 10.0.0.135 "GET /" status: 200 len: 136 microversion: 1.0
2026-09-09 02:22:26.643 8 INFO placement.requestlog [None req-60a1ee94-08b7-45ad-b312-0dd505b38409 20a40bf0801a4d9eb626d4ec4e61d9fe 302ed6abf83b4b4999a25c3ce5ef5505 - - 57c9ba6d660448aa9b3aa7b5c438aaac 57c9ba6d660448aa9b3aa7b5c438aaac] 10.0.0.104 "GET /resource_providers/2eab1578-391e-4835-b86e-a1447c803513/aggregates" status: 404 len: 235 microversion: 1.1 [pid: 8|app: 0|req: 353/705] 10.0.0.104 () {32 vars in 816 bytes} [Wed Sep 9 02:22:26 2026] GET /resource_providers/2eab1578-391e-4835-b86e-a1447c803513/aggregates => generated 235 bytes in 219 msecs (HTTP/1.1 404) 5 headers in 202 bytes (1 switches on core 0)
2026-09-09 02:22:26.672 8 INFO placement.requestlog [None req-50e97404-c873-48e8-8e60-7c22b7f19e3f 20a40bf0801a4d9eb626d4ec4e61d9fe 302ed6abf83b4b4999a25c3ce5ef5505 - - 57c9ba6d660448aa9b3aa7b5c438aaac 57c9ba6d660448aa9b3aa7b5c438aaac] 10.0.0.104 "DELETE /resource_providers/2eab1578-391e-4835-b86e-a1447c803513" status: 404 len: 246 microversion: 1.1 [pid: 8|app: 0|req: 354/706] 10.0.0.104 () {34 vars in 816 bytes} [Wed Sep 9 02:22:26 2026] DELETE /resource_providers/2eab1578-391e-4835-b86e-a1447c803513 => generated 246 bytes in 10 msecs (HTTP/1.1 404) 6 headers in 231 bytes (1 switches on core 0)
2026-09-09 02:22:26.682 7 INFO placement.requestlog [None req-a0f52b32-f4e9-4268-aa09-c78b967d63bc 20a40bf0801a4d9eb626d4ec4e61d9fe 302ed6abf83b4b4999a25c3ce5ef5505 - - 57c9ba6d660448aa9b3aa7b5c438aaac 57c9ba6d660448aa9b3aa7b5c438aaac] 10.0.0.104 "GET /resource_providers/2eab1578-391e-4835-b86e-a1447c803513/aggregates" status: 404 len: 235 microversion: 1.1 [pid: 7|app: 0|req: 353/707] 10.0.0.104 () {32 vars in 816 bytes} [Wed Sep 9 02:22:26 2026] GET /resource_providers/2eab1578-391e-4835-b86e-a1447c803513/aggregates => generated 235 bytes in 183 msecs (HTTP/1.1 404) 5 headers in 202 bytes (1 switches on core 0)
2026-09-09 02:22:26.699 8 INFO placement.requestlog [None req-44dbb23e-d0ba-462e-80a9-1287c38ba62f 20a40bf0801a4d9eb626d4ec4e61d9fe 302ed6abf83b4b4999a25c3ce5ef5505 - - 57c9ba6d660448aa9b3aa7b5c438aaac 57c9ba6d660448aa9b3aa7b5c438aaac] 10.0.0.104 "DELETE /resource_providers/2eab1578-391e-4835-b86e-a1447c803513" status: 404 len: 246 microversion: 1.1 [pid: 8|app: 0|req: 355/708] 10.0.0.104 () {34 vars in 816 bytes} [Wed Sep 9 02:22:26 2026] DELETE /resource_providers/2eab1578-391e-4835-b86e-a1447c803513 => generated 246 bytes in 10 msecs (HTTP/1.1 404) 6 headers in 231 bytes (1 switches on core 0)
2026-09-09 02:22:29.038 7 INFO placement.requestlog [None req-5c694af0-a158-4463-a91e-cc737cf3e1f4 20a40bf0801a4d9eb626d4ec4e61d9fe 302ed6abf83b4b4999a25c3ce5ef5505 - - 57c9ba6d660448aa9b3aa7b5c438aaac 57c9ba6d660448aa9b3aa7b5c438aaac] 10.0.0.104 "GET /resource_providers/d5ebd009-46b1-4274-8121-754e80cff904/aggregates" status: 404 len: 235 microversion: 1.1 [pid: 7|app: 0|req: 354/709] 10.0.0.104 () {32 vars in 816 bytes} [Wed Sep 9 02:22:29 2026] GET /resource_providers/d5ebd009-46b1-4274-8121-754e80cff904/aggregates => generated 235 bytes in 14 msecs (HTTP/1.1 404) 5 headers in 202 bytes (1 switches on core 0)
2026-09-09 02:22:29.040 8 INFO placement.requestlog [None req-8dacdcb7-f0c5-41f4-99d6-033e9796a892 20a40bf0801a4d9eb626d4ec4e61d9fe 302ed6abf83b4b4999a25c3ce5ef5505 - - 57c9ba6d660448aa9b3aa7b5c438aaac 57c9ba6d660448aa9b3aa7b5c438aaac] 10.0.0.104 "GET /resource_providers/d5ebd009-46b1-4274-8121-754e80cff904/aggregates" status: 404 len: 235 microversion: 1.1 [pid: 8|app: 0|req: 356/710] 10.0.0.104 () {32 vars in 816 bytes} [Wed Sep 9 02:22:29 2026] GET /resource_providers/d5ebd009-46b1-4274-8121-754e80cff904/aggregates => generated 235 bytes in 16 msecs (HTTP/1.1 404) 5 headers in 202 bytes (1 switches on core 0)
2026-09-09 02:22:29.066 7 INFO placement.requestlog [None req-9feb3c27-4d43-4b9c-a4ee-4ebfea49690b 20a40bf0801a4d9eb626d4ec4e61d9fe 302ed6abf83b4b4999a25c3ce5ef5505 - - 57c9ba6d660448aa9b3aa7b5c438aaac 57c9ba6d660448aa9b3aa7b5c438aaac] 10.0.0.104 "DELETE /resource_providers/d5ebd009-46b1-4274-8121-754e80cff904" status: 404 len: 246 microversion: 1.1 [pid: 7|app: 0|req: 355/711] 10.0.0.104 () {34 vars in 816 bytes} [Wed Sep 9 02:22:29 2026] DELETE /resource_providers/d5ebd009-46b1-4274-8121-754e80cff904 => generated 246 bytes in 15 msecs (HTTP/1.1 404) 6 headers in 231 bytes (1 switches on core 0)
2026-09-09 02:22:29.072 8 INFO placement.requestlog [None req-2972af9c-f794-4fc7-b1a9-6dbd85ae66b6 20a40bf0801a4d9eb626d4ec4e61d9fe 302ed6abf83b4b4999a25c3ce5ef5505 - - 57c9ba6d660448aa9b3aa7b5c438aaac 57c9ba6d660448aa9b3aa7b5c438aaac] 10.0.0.104 "DELETE /resource_providers/d5ebd009-46b1-4274-8121-754e80cff904" status: 404 len: 246 microversion: 1.1 [pid: 8|app: 0|req: 357/712] 10.0.0.104 () {34 vars in 816 bytes} [Wed Sep 9 02:22:29 2026] DELETE /resource_providers/d5ebd009-46b1-4274-8121-754e80cff904 => generated 246 bytes in 16 msecs (HTTP/1.1 404) 6 headers in 231 bytes (1 switches on core 0)
2026-09-09 02:22:31.194 7 INFO placement.requestlog [None req-d382f3ce-40e0-4d17-a6b6-d2c21e996d32 20a40bf0801a4d9eb626d4ec4e61d9fe 302ed6abf83b4b4999a25c3ce5ef5505 - - 57c9ba6d660448aa9b3aa7b5c438aaac 57c9ba6d660448aa9b3aa7b5c438aaac] 10.0.0.104 "GET /resource_providers/6402f4ff-943f-47a9-9540-af4df49619bf/aggregates" status: 404 len: 235 microversion: 1.1 [pid: 7|app: 0|req: 356/713] 10.0.0.104 () {32 vars in 816 bytes} [Wed Sep 9 02:22:31 2026] GET /resource_providers/6402f4ff-943f-47a9-9540-af4df49619bf/aggregates => generated 235 bytes in 26 msecs (HTTP/1.1 404) 5 headers in 202 bytes (1 switches on core 0)
2026-09-09 02:22:31.196 8 INFO placement.requestlog [None req-35a24a70-c3ee-4c49-9bae-53db5aa6b427 20a40bf0801a4d9eb626d4ec4e61d9fe 302ed6abf83b4b4999a25c3ce5ef5505 - - 57c9ba6d660448aa9b3aa7b5c438aaac 57c9ba6d660448aa9b3aa7b5c438aaac] 10.0.0.104 "GET /resource_providers/6402f4ff-943f-47a9-9540-af4df49619bf/aggregates" status: 404 len: 235 microversion: 1.1 [pid: 8|app: 0|req: 358/714] 10.0.0.104 () {32 vars in 816 bytes} [Wed Sep 9 02:22:31 2026] GET /resource_providers/6402f4ff-943f-47a9-9540-af4df49619bf/aggregates => generated 235 bytes in 19 msecs (HTTP/1.1 404) 5 headers in 202 bytes (1 switches on core 0)
2026-09-09 02:22:31.225 8 INFO placement.requestlog [None req-bf46fb56-9043-48a7-9180-aed968453050 20a40bf0801a4d9eb626d4ec4e61d9fe 302ed6abf83b4b4999a25c3ce5ef5505 - - 57c9ba6d660448aa9b3aa7b5c438aaac 57c9ba6d660448aa9b3aa7b5c438aaac] 10.0.0.104 "DELETE /resource_providers/6402f4ff-943f-47a9-9540-af4df49619bf" status: 404 len: 246 microversion: 1.1 [pid: 8|app: 0|req: 359/715] 10.0.0.104 () {34 vars in 816 bytes} [Wed Sep 9 02:22:31 2026] DELETE /resource_providers/6402f4ff-943f-47a9-9540-af4df49619bf => generated 246 bytes in 14 msecs (HTTP/1.1 404) 6 headers in 231 bytes (1 switches on core 0)
2026-09-09 02:22:31.227 7 INFO placement.requestlog [None req-07dcc609-4cee-4898-b2c8-eb488a3d842d 20a40bf0801a4d9eb626d4ec4e61d9fe 302ed6abf83b4b4999a25c3ce5ef5505 - - 57c9ba6d660448aa9b3aa7b5c438aaac 57c9ba6d660448aa9b3aa7b5c438aaac] 10.0.0.104 "DELETE /resource_providers/6402f4ff-943f-47a9-9540-af4df49619bf" status: 404 len: 246 microversion: 1.1 [pid: 7|app: 0|req: 357/716] 10.0.0.104 () {34 vars in 816 bytes} [Wed Sep 9 02:22:31 2026] DELETE /resource_providers/6402f4ff-943f-47a9-9540-af4df49619bf => generated 246 bytes in 16 msecs (HTTP/1.1 404) 6 headers in 231 bytes (1 switches on core 0)
