2026-05-28 22:57:27.036 8 INFO placement.requestlog [req-fb3a4f3f-d694-40dd-9738-5e28448bf2a0 req-73ee8e54-c55d-4e68-8d5f-48784ab9aa74 b055a39c3cac414ea1ea9ff361f65c3b 73c42a0961a3480cb1e99f4009d74090 - - a027f77e15d34e0cbdd1f892252d6287 a027f77e15d34e0cbdd1f892252d6287] 10.0.0.115 "GET /allocations/01c7e453-5fd1-4ad3-a5fc-7c272dbc25e4" status: 200 len: 19 microversion: 1.28 [pid: 8|app: 0|req: 503/1013] 10.0.0.115 () {34 vars in 860 bytes} [Thu May 28 22:57:27 2026] GET /allocations/01c7e453-5fd1-4ad3-a5fc-7c272dbc25e4 => generated 19 bytes in 19 msecs (HTTP/1.1 200) 8 headers in 295 bytes (1 switches on core 0)
2026-05-28 22:57:27.092 7 INFO placement.requestlog [req-fb3a4f3f-d694-40dd-9738-5e28448bf2a0 req-f56db3b9-f162-4457-aef0-cd9edea5f17b b055a39c3cac414ea1ea9ff361f65c3b 73c42a0961a3480cb1e99f4009d74090 - - a027f77e15d34e0cbdd1f892252d6287 a027f77e15d34e0cbdd1f892252d6287] 10.0.0.115 "PUT /allocations/01c7e453-5fd1-4ad3-a5fc-7c272dbc25e4" status: 204 len: 0 microversion: 1.36 [pid: 7|app: 0|req: 511/1014] 10.0.0.115 () {38 vars in 913 bytes} [Thu May 28 22:57:27 2026] PUT /allocations/01c7e453-5fd1-4ad3-a5fc-7c272dbc25e4 => generated 0 bytes in 50 msecs (HTTP/1.1 204) 5 headers in 199 bytes (1 switches on core 0)
2026-05-28 22:57:28.333 8 INFO placement.requestlog [None req-d30e6d1e-1fc1-4874-820b-59c5d1c8fa67 - - - - - -] 10.0.0.185 "GET /" status: 200 len: 136 microversion: 1.0
2026-05-28 22:57:28.333 7 INFO placement.requestlog [None req-4596dc0a-1c71-44c0-b7fa-086611decafe - - - - - -] 10.0.0.185 "GET /" status: 200 len: 136 microversion: 1.0
2026-05-28 22:57:28.573 8 INFO placement.requestlog [req-fb3a4f3f-d694-40dd-9738-5e28448bf2a0 req-03d8745a-3d41-474d-ac9c-8666f0d6a089 b055a39c3cac414ea1ea9ff361f65c3b 73c42a0961a3480cb1e99f4009d74090 - - a027f77e15d34e0cbdd1f892252d6287 a027f77e15d34e0cbdd1f892252d6287] 199.19.213.179 "GET /allocations/01c7e453-5fd1-4ad3-a5fc-7c272dbc25e4" status: 200 len: 258 microversion: 1.28 [pid: 8|app: 0|req: 505/1017] 199.19.213.179 () {34 vars in 862 bytes} [Thu May 28 22:57:28 2026] GET /allocations/01c7e453-5fd1-4ad3-a5fc-7c272dbc25e4 => generated 258 bytes in 12 msecs (HTTP/1.1 200) 8 headers in 296 bytes (1 switches on core 0)
2026-05-28 22:57:29.613 7 INFO placement.requestlog [req-fb3a4f3f-d694-40dd-9738-5e28448bf2a0 req-b373aea8-a660-4a56-a707-2481bd3a140a b055a39c3cac414ea1ea9ff361f65c3b 73c42a0961a3480cb1e99f4009d74090 - - a027f77e15d34e0cbdd1f892252d6287 a027f77e15d34e0cbdd1f892252d6287] 199.19.213.179 "GET /resource_providers/3c82af00-09a5-4606-b104-8d39499dee21/allocations" status: 200 len: 253 microversion: 1.0 [pid: 7|app: 0|req: 513/1018] 199.19.213.179 () {32 vars in 856 bytes} [Thu May 28 22:57:29 2026] GET /resource_providers/3c82af00-09a5-4606-b104-8d39499dee21/allocations => generated 253 bytes in 16 msecs (HTTP/1.1 200) 6 headers in 224 bytes (1 switches on core 0)
2026-05-28 22:57:29.629 8 INFO placement.requestlog [req-fb3a4f3f-d694-40dd-9738-5e28448bf2a0 req-fe49ba89-0ea0-474f-963e-096da694b3bc b055a39c3cac414ea1ea9ff361f65c3b 73c42a0961a3480cb1e99f4009d74090 - - a027f77e15d34e0cbdd1f892252d6287 a027f77e15d34e0cbdd1f892252d6287] 199.19.213.179 "GET /allocations/fd2e0464-7e7a-4f9c-8fe1-b1d03d08cc76" status: 200 len: 258 microversion: 1.28 [pid: 8|app: 0|req: 506/1019] 199.19.213.179 () {34 vars in 862 bytes} [Thu May 28 22:57:29 2026] GET /allocations/fd2e0464-7e7a-4f9c-8fe1-b1d03d08cc76 => generated 258 bytes in 9 msecs (HTTP/1.1 200) 8 headers in 296 bytes (1 switches on core 0)
2026-05-28 22:57:29.646 7 INFO placement.requestlog [req-fb3a4f3f-d694-40dd-9738-5e28448bf2a0 req-0cead75f-15b8-42d0-892d-761fa271b94e b055a39c3cac414ea1ea9ff361f65c3b 73c42a0961a3480cb1e99f4009d74090 - - a027f77e15d34e0cbdd1f892252d6287 a027f77e15d34e0cbdd1f892252d6287] 199.19.213.179 "GET /allocations/01c7e453-5fd1-4ad3-a5fc-7c272dbc25e4" status: 200 len: 258 microversion: 1.28 [pid: 7|app: 0|req: 514/1020] 199.19.213.179 () {34 vars in 862 bytes} [Thu May 28 22:57:29 2026] GET /allocations/01c7e453-5fd1-4ad3-a5fc-7c272dbc25e4 => generated 258 bytes in 13 msecs (HTTP/1.1 200) 8 headers in 296 bytes (1 switches on core 0)
2026-05-28 22:57:29.848 8 INFO placement.requestlog [None req-10924a31-18cd-47c1-bede-fdb6d3064842 a95814d26ed44c8bb3557f0c3d4122ac 73c42a0961a3480cb1e99f4009d74090 - - a027f77e15d34e0cbdd1f892252d6287 a027f77e15d34e0cbdd1f892252d6287] 10.0.0.3 "GET /resource_providers/cd596eb9-9d54-4d2e-8bf0-2f9f27a79cb6/aggregates" status: 404 len: 235 microversion: 1.1 [pid: 8|app: 0|req: 507/1021] 10.0.0.3 () {32 vars in 813 bytes} [Thu May 28 22:57:29 2026] GET /resource_providers/cd596eb9-9d54-4d2e-8bf0-2f9f27a79cb6/aggregates => generated 235 bytes in 8 msecs (HTTP/1.1 404) 5 headers in 202 bytes (1 switches on core 0)
2026-05-28 22:57:29.861 7 INFO placement.requestlog [None req-e7f06b7a-44d6-4395-9619-8ae97d722d7f a95814d26ed44c8bb3557f0c3d4122ac 73c42a0961a3480cb1e99f4009d74090 - - a027f77e15d34e0cbdd1f892252d6287 a027f77e15d34e0cbdd1f892252d6287] 10.0.0.3 "GET /resource_providers/cd596eb9-9d54-4d2e-8bf0-2f9f27a79cb6/aggregates" status: 404 len: 235 microversion: 1.1 [pid: 7|app: 0|req: 515/1022] 10.0.0.3 () {32 vars in 813 bytes} [Thu May 28 22:57:29 2026] GET /resource_providers/cd596eb9-9d54-4d2e-8bf0-2f9f27a79cb6/aggregates => generated 235 bytes in 14 msecs (HTTP/1.1 404) 5 headers in 202 bytes (1 switches on core 0)
2026-05-28 22:57:29.884 7 INFO placement.requestlog [None req-4558d049-e412-47dc-9775-ddc1f53c779a a95814d26ed44c8bb3557f0c3d4122ac 73c42a0961a3480cb1e99f4009d74090 - - a027f77e15d34e0cbdd1f892252d6287 a027f77e15d34e0cbdd1f892252d6287] 10.0.0.3 "DELETE /resource_providers/cd596eb9-9d54-4d2e-8bf0-2f9f27a79cb6" status: 404 len: 246 microversion: 1.1 [pid: 7|app: 0|req: 516/1023] 10.0.0.3 () {34 vars in 813 bytes} [Thu May 28 22:57:29 2026] DELETE /resource_providers/cd596eb9-9d54-4d2e-8bf0-2f9f27a79cb6 => generated 246 bytes in 10 msecs (HTTP/1.1 404) 6 headers in 231 bytes (1 switches on core 0)
2026-05-28 22:57:29.883 8 INFO placement.requestlog [None req-5ad00c5c-19a9-4162-8d55-c0417c010441 a95814d26ed44c8bb3557f0c3d4122ac 73c42a0961a3480cb1e99f4009d74090 - - a027f77e15d34e0cbdd1f892252d6287 a027f77e15d34e0cbdd1f892252d6287] 10.0.0.3 "DELETE /resource_providers/cd596eb9-9d54-4d2e-8bf0-2f9f27a79cb6" status: 404 len: 246 microversion: 1.1 [pid: 8|app: 0|req: 508/1024] 10.0.0.3 () {34 vars in 813 bytes} [Thu May 28 22:57:29 2026] DELETE /resource_providers/cd596eb9-9d54-4d2e-8bf0-2f9f27a79cb6 => generated 246 bytes in 16 msecs (HTTP/1.1 404) 6 headers in 231 bytes (1 switches on core 0)
2026-05-28 22:57:37.557 7 INFO placement.requestlog [None req-9eb42deb-7710-4c95-bfba-3624efc82b1c a95814d26ed44c8bb3557f0c3d4122ac 73c42a0961a3480cb1e99f4009d74090 - - a027f77e15d34e0cbdd1f892252d6287 a027f77e15d34e0cbdd1f892252d6287] 10.0.0.3 "GET /resource_providers/3ff23f8f-b196-4031-942e-74705a6ee188/aggregates" status: 404 len: 235 microversion: 1.1 [pid: 7|app: 0|req: 517/1025] 10.0.0.3 () {32 vars in 813 bytes} [Thu May 28 22:57:37 2026] GET /resource_providers/3ff23f8f-b196-4031-942e-74705a6ee188/aggregates => generated 235 bytes in 9 msecs (HTTP/1.1 404) 5 headers in 202 bytes (1 switches on core 0)
2026-05-28 22:57:37.559 8 INFO placement.requestlog [None req-616798b8-d2df-4dc1-b3ba-3ed87f8a9b79 a95814d26ed44c8bb3557f0c3d4122ac 73c42a0961a3480cb1e99f4009d74090 - - a027f77e15d34e0cbdd1f892252d6287 a027f77e15d34e0cbdd1f892252d6287] 10.0.0.3 "GET /resource_providers/3ff23f8f-b196-4031-942e-74705a6ee188/aggregates" status: 404 len: 235 microversion: 1.1 [pid: 8|app: 0|req: 509/1026] 10.0.0.3 () {32 vars in 813 bytes} [Thu May 28 22:57:37 2026] GET /resource_providers/3ff23f8f-b196-4031-942e-74705a6ee188/aggregates => generated 235 bytes in 10 msecs (HTTP/1.1 404) 5 headers in 202 bytes (1 switches on core 0)
2026-05-28 22:57:37.581 7 INFO placement.requestlog [None req-0c6a9fa5-16cd-4f22-b01f-d3813335810b a95814d26ed44c8bb3557f0c3d4122ac 73c42a0961a3480cb1e99f4009d74090 - - a027f77e15d34e0cbdd1f892252d6287 a027f77e15d34e0cbdd1f892252d6287] 10.0.0.3 "DELETE /resource_providers/3ff23f8f-b196-4031-942e-74705a6ee188" status: 404 len: 246 microversion: 1.1 [pid: 7|app: 0|req: 518/1027] 10.0.0.3 () {34 vars in 813 bytes} [Thu May 28 22:57:37 2026] DELETE /resource_providers/3ff23f8f-b196-4031-942e-74705a6ee188 => generated 246 bytes in 11 msecs (HTTP/1.1 404) 6 headers in 231 bytes (1 switches on core 0)
2026-05-28 22:57:37.581 8 INFO placement.requestlog [None req-b747f2d7-a5a5-4f15-bd3e-4712aaeae387 a95814d26ed44c8bb3557f0c3d4122ac 73c42a0961a3480cb1e99f4009d74090 - - a027f77e15d34e0cbdd1f892252d6287 a027f77e15d34e0cbdd1f892252d6287] 10.0.0.3 "DELETE /resource_providers/3ff23f8f-b196-4031-942e-74705a6ee188" status: 404 len: 246 microversion: 1.1 [pid: 8|app: 0|req: 510/1028] 10.0.0.3 () {34 vars in 813 bytes} [Thu May 28 22:57:37 2026] DELETE /resource_providers/3ff23f8f-b196-4031-942e-74705a6ee188 => generated 246 bytes in 10 msecs (HTTP/1.1 404) 6 headers in 231 bytes (1 switches on core 0)
2026-05-28 22:57:38.332 7 INFO placement.requestlog [None req-c9aa97f6-efcc-485a-8402-ebe080a376d8 - - - - - -] 10.0.0.185 "GET /" status: 200 len: 136 microversion: 1.0
2026-05-28 22:57:38.332 8 INFO placement.requestlog [None req-19c46567-e9ca-4615-b536-dddfcfa6cb8f - - - - - -] 10.0.0.185 "GET /" status: 200 len: 136 microversion: 1.0
2026-05-28 22:57:41.377 7 INFO placement.requestlog [None req-2bf51747-0b56-4964-8d7a-7a34782487df a95814d26ed44c8bb3557f0c3d4122ac 73c42a0961a3480cb1e99f4009d74090 - - a027f77e15d34e0cbdd1f892252d6287 a027f77e15d34e0cbdd1f892252d6287] 10.0.0.3 "GET /resource_providers/1b168ef2-e280-420f-90a8-8628ba9b8caa/aggregates" status: 404 len: 235 microversion: 1.1 [pid: 7|app: 0|req: 520/1031] 10.0.0.3 () {32 vars in 813 bytes} [Thu May 28 22:57:41 2026] GET /resource_providers/1b168ef2-e280-420f-90a8-8628ba9b8caa/aggregates => generated 235 bytes in 9 msecs (HTTP/1.1 404) 5 headers in 202 bytes (1 switches on core 0)
2026-05-28 22:57:41.377 8 INFO placement.requestlog [None req-7683eb25-6a19-4c60-8ce4-82a4d815e4ce a95814d26ed44c8bb3557f0c3d4122ac 73c42a0961a3480cb1e99f4009d74090 - - a027f77e15d34e0cbdd1f892252d6287 a027f77e15d34e0cbdd1f892252d6287] 10.0.0.3 "GET /resource_providers/1b168ef2-e280-420f-90a8-8628ba9b8caa/aggregates" status: 404 len: 235 microversion: 1.1 [pid: 8|app: 0|req: 512/1032] 10.0.0.3 () {32 vars in 813 bytes} [Thu May 28 22:57:41 2026] GET /resource_providers/1b168ef2-e280-420f-90a8-8628ba9b8caa/aggregates => generated 235 bytes in 8 msecs (HTTP/1.1 404) 5 headers in 202 bytes (1 switches on core 0)
2026-05-28 22:57:41.395 7 INFO placement.requestlog [None req-f1be1399-d4a2-4013-95d5-a0d0f71cd30f a95814d26ed44c8bb3557f0c3d4122ac 73c42a0961a3480cb1e99f4009d74090 - - a027f77e15d34e0cbdd1f892252d6287 a027f77e15d34e0cbdd1f892252d6287] 10.0.0.3 "DELETE /resource_providers/1b168ef2-e280-420f-90a8-8628ba9b8caa" status: 404 len: 246 microversion: 1.1 [pid: 7|app: 0|req: 521/1033] 10.0.0.3 () {34 vars in 813 bytes} [Thu May 28 22:57:41 2026] DELETE /resource_providers/1b168ef2-e280-420f-90a8-8628ba9b8caa => generated 246 bytes in 9 msecs (HTTP/1.1 404) 6 headers in 231 bytes (1 switches on core 0)
2026-05-28 22:57:41.396 8 INFO placement.requestlog [None req-1dce1353-ccf5-4416-98ef-dab1836374fa a95814d26ed44c8bb3557f0c3d4122ac 73c42a0961a3480cb1e99f4009d74090 - - a027f77e15d34e0cbdd1f892252d6287 a027f77e15d34e0cbdd1f892252d6287] 10.0.0.3 "DELETE /resource_providers/1b168ef2-e280-420f-90a8-8628ba9b8caa" status: 404 len: 246 microversion: 1.1 [pid: 8|app: 0|req: 513/1034] 10.0.0.3 () {34 vars in 813 bytes} [Thu May 28 22:57:41 2026] DELETE /resource_providers/1b168ef2-e280-420f-90a8-8628ba9b8caa => generated 246 bytes in 9 msecs (HTTP/1.1 404) 6 headers in 231 bytes (1 switches on core 0)
2026-05-28 22:57:46.057 7 INFO placement.requestlog [None req-e6974ecf-39f8-4074-b54e-4cd1586f562a a95814d26ed44c8bb3557f0c3d4122ac 73c42a0961a3480cb1e99f4009d74090 - - a027f77e15d34e0cbdd1f892252d6287 a027f77e15d34e0cbdd1f892252d6287] 10.0.0.3 "GET /resource_providers/af8039f8-ce75-47e3-8b84-bc45f9997b3b/aggregates" status: 404 len: 235 microversion: 1.1 [pid: 7|app: 0|req: 522/1035] 10.0.0.3 () {32 vars in 813 bytes} [Thu May 28 22:57:46 2026] GET /resource_providers/af8039f8-ce75-47e3-8b84-bc45f9997b3b/aggregates => generated 235 bytes in 7 msecs (HTTP/1.1 404) 5 headers in 202 bytes (1 switches on core 0)
2026-05-28 22:57:46.059 8 INFO placement.requestlog [None req-1234eafc-aff3-4606-afb9-45ad28b36abd a95814d26ed44c8bb3557f0c3d4122ac 73c42a0961a3480cb1e99f4009d74090 - - a027f77e15d34e0cbdd1f892252d6287 a027f77e15d34e0cbdd1f892252d6287] 10.0.0.3 "GET /resource_providers/af8039f8-ce75-47e3-8b84-bc45f9997b3b/aggregates" status: 404 len: 235 microversion: 1.1 [pid: 8|app: 0|req: 514/1036] 10.0.0.3 () {32 vars in 813 bytes} [Thu May 28 22:57:46 2026] GET /resource_providers/af8039f8-ce75-47e3-8b84-bc45f9997b3b/aggregates => generated 235 bytes in 9 msecs (HTTP/1.1 404) 5 headers in 202 bytes (1 switches on core 0)
2026-05-28 22:57:46.076 7 INFO placement.requestlog [None req-ee67ebfe-1103-49c8-ab24-075b27c4a9ec a95814d26ed44c8bb3557f0c3d4122ac 73c42a0961a3480cb1e99f4009d74090 - - a027f77e15d34e0cbdd1f892252d6287 a027f77e15d34e0cbdd1f892252d6287] 10.0.0.3 "DELETE /resource_providers/af8039f8-ce75-47e3-8b84-bc45f9997b3b" status: 404 len: 246 microversion: 1.1 [pid: 7|app: 0|req: 523/1037] 10.0.0.3 () {34 vars in 813 bytes} [Thu May 28 22:57:46 2026] DELETE /resource_providers/af8039f8-ce75-47e3-8b84-bc45f9997b3b => generated 246 bytes in 10 msecs (HTTP/1.1 404) 6 headers in 231 bytes (1 switches on core 0)
2026-05-28 22:57:46.078 8 INFO placement.requestlog [None req-cb8992a6-7843-4fb7-84fe-933b4208dd21 a95814d26ed44c8bb3557f0c3d4122ac 73c42a0961a3480cb1e99f4009d74090 - - a027f77e15d34e0cbdd1f892252d6287 a027f77e15d34e0cbdd1f892252d6287] 10.0.0.3 "DELETE /resource_providers/af8039f8-ce75-47e3-8b84-bc45f9997b3b" status: 404 len: 246 microversion: 1.1 [pid: 8|app: 0|req: 515/1038] 10.0.0.3 () {34 vars in 813 bytes} [Thu May 28 22:57:46 2026] DELETE /resource_providers/af8039f8-ce75-47e3-8b84-bc45f9997b3b => generated 246 bytes in 9 msecs (HTTP/1.1 404) 6 headers in 231 bytes (1 switches on core 0)
2026-05-28 22:57:48.332 8 INFO placement.requestlog [None req-9daa6f07-3f8c-427b-a185-ea3118f6efac - - - - - -] 10.0.0.185 "GET /" status: 200 len: 136 microversion: 1.0
2026-05-28 22:57:48.332 7 INFO placement.requestlog [None req-da4abee7-beb6-48c1-898a-1ead37afc13e - - - - - -] 10.0.0.185 "GET /" status: 200 len: 136 microversion: 1.0
2026-05-28 22:57:54.187 8 INFO placement.requestlog [None req-68eb760f-96e9-4ac5-a6a3-8cab948fcebe a95814d26ed44c8bb3557f0c3d4122ac 73c42a0961a3480cb1e99f4009d74090 - - a027f77e15d34e0cbdd1f892252d6287 a027f77e15d34e0cbdd1f892252d6287] 10.0.0.3 "GET /resource_providers/0c7f03e3-68fe-458f-86ee-59fcdb1f7a4f/aggregates" status: 404 len: 235 microversion: 1.1 [pid: 8|app: 0|req: 517/1041] 10.0.0.3 () {32 vars in 813 bytes} [Thu May 28 22:57:54 2026] GET /resource_providers/0c7f03e3-68fe-458f-86ee-59fcdb1f7a4f/aggregates => generated 235 bytes in 9 msecs (HTTP/1.1 404) 5 headers in 202 bytes (1 switches on core 0)
2026-05-28 22:57:54.190 7 INFO placement.requestlog [None req-b8018743-2a49-4a7b-a320-57a42f6319eb a95814d26ed44c8bb3557f0c3d4122ac 73c42a0961a3480cb1e99f4009d74090 - - a027f77e15d34e0cbdd1f892252d6287 a027f77e15d34e0cbdd1f892252d6287] 10.0.0.3 "GET /resource_providers/0c7f03e3-68fe-458f-86ee-59fcdb1f7a4f/aggregates" status: 404 len: 235 microversion: 1.1 [pid: 7|app: 0|req: 525/1042] 10.0.0.3 () {32 vars in 813 bytes} [Thu May 28 22:57:54 2026] GET /resource_providers/0c7f03e3-68fe-458f-86ee-59fcdb1f7a4f/aggregates => generated 235 bytes in 13 msecs (HTTP/1.1 404) 5 headers in 202 bytes (1 switches on core 0)
2026-05-28 22:57:54.212 7 INFO placement.requestlog [None req-11aa4134-aff6-4c93-86e4-66afe87c7dca a95814d26ed44c8bb3557f0c3d4122ac 73c42a0961a3480cb1e99f4009d74090 - - a027f77e15d34e0cbdd1f892252d6287 a027f77e15d34e0cbdd1f892252d6287] 10.0.0.3 "DELETE /resource_providers/0c7f03e3-68fe-458f-86ee-59fcdb1f7a4f" status: 404 len: 246 microversion: 1.1
2026-05-28 22:57:54.212 8 INFO placement.requestlog [None req-b402f5ac-789b-4cd2-819e-337781231b58 a95814d26ed44c8bb3557f0c3d4122ac 73c42a0961a3480cb1e99f4009d74090 - - a027f77e15d34e0cbdd1f892252d6287 a027f77e15d34e0cbdd1f892252d6287] 10.0.0.3 "DELETE /resource_providers/0c7f03e3-68fe-458f-86ee-59fcdb1f7a4f" status: 404 len: 246 microversion: 1.1 [pid: 7|app: 0|req: 526/1043] 10.0.0.3 () {34 vars in 813 bytes} [Thu May 28 22:57:54 2026] DELETE /resource_providers/0c7f03e3-68fe-458f-86ee-59fcdb1f7a4f => generated 246 bytes in 6 msecs (HTTP/1.1 404) 6 headers in 231 bytes (1 switches on core 0) [pid: 8|app: 0|req: 518/1044] 10.0.0.3 () {34 vars in 813 bytes} [Thu May 28 22:57:54 2026] DELETE /resource_providers/0c7f03e3-68fe-458f-86ee-59fcdb1f7a4f => generated 246 bytes in 11 msecs (HTTP/1.1 404) 6 headers in 231 bytes (1 switches on core 0)
2026-05-28 22:57:54.565 7 INFO placement.requestlog [None req-420e48c8-5d0c-4bf9-9112-222954efe898 a95814d26ed44c8bb3557f0c3d4122ac 73c42a0961a3480cb1e99f4009d74090 - - a027f77e15d34e0cbdd1f892252d6287 a027f77e15d34e0cbdd1f892252d6287] 10.0.0.3 "GET /resource_providers/c2915842-5405-459c-9131-2ff8a8b1846c/aggregates" status: 404 len: 235 microversion: 1.1 [pid: 7|app: 0|req: 527/1045] 10.0.0.3 () {32 vars in 813 bytes} [Thu May 28 22:57:54 2026] GET /resource_providers/c2915842-5405-459c-9131-2ff8a8b1846c/aggregates => generated 235 bytes in 11 msecs (HTTP/1.1 404) 5 headers in 202 bytes (1 switches on core 0)
2026-05-28 22:57:54.571 8 INFO placement.requestlog [None req-73310087-a727-442c-b8b3-0c050c2e2698 a95814d26ed44c8bb3557f0c3d4122ac 73c42a0961a3480cb1e99f4009d74090 - - a027f77e15d34e0cbdd1f892252d6287 a027f77e15d34e0cbdd1f892252d6287] 10.0.0.3 "GET /resource_providers/c2915842-5405-459c-9131-2ff8a8b1846c/aggregates" status: 404 len: 235 microversion: 1.1 [pid: 8|app: 0|req: 519/1046] 10.0.0.3 () {32 vars in 813 bytes} [Thu May 28 22:57:54 2026] GET /resource_providers/c2915842-5405-459c-9131-2ff8a8b1846c/aggregates => generated 235 bytes in 14 msecs (HTTP/1.1 404) 5 headers in 202 bytes (1 switches on core 0)
2026-05-28 22:57:54.585 7 INFO placement.requestlog [None req-a37003b8-d255-45e4-903d-ed8e67e12ffc a95814d26ed44c8bb3557f0c3d4122ac 73c42a0961a3480cb1e99f4009d74090 - - a027f77e15d34e0cbdd1f892252d6287 a027f77e15d34e0cbdd1f892252d6287] 10.0.0.3 "DELETE /resource_providers/c2915842-5405-459c-9131-2ff8a8b1846c" status: 404 len: 246 microversion: 1.1 [pid: 7|app: 0|req: 528/1047] 10.0.0.3 () {34 vars in 813 bytes} [Thu May 28 22:57:54 2026] DELETE /resource_providers/c2915842-5405-459c-9131-2ff8a8b1846c => generated 246 bytes in 8 msecs (HTTP/1.1 404) 6 headers in 231 bytes (1 switches on core 0)
2026-05-28 22:57:54.590 8 INFO placement.requestlog [None req-559c37ba-d945-4314-9e21-a6d2ce8f2757 a95814d26ed44c8bb3557f0c3d4122ac 73c42a0961a3480cb1e99f4009d74090 - - a027f77e15d34e0cbdd1f892252d6287 a027f77e15d34e0cbdd1f892252d6287] 10.0.0.3 "DELETE /resource_providers/c2915842-5405-459c-9131-2ff8a8b1846c" status: 404 len: 246 microversion: 1.1 [pid: 8|app: 0|req: 520/1048] 10.0.0.3 () {34 vars in 813 bytes} [Thu May 28 22:57:54 2026] DELETE /resource_providers/c2915842-5405-459c-9131-2ff8a8b1846c => generated 246 bytes in 11 msecs (HTTP/1.1 404) 6 headers in 231 bytes (1 switches on core 0)
2026-05-28 22:57:56.234 7 INFO placement.requestlog [None req-e49ad606-9e6f-401f-82da-85a5c3074502 a95814d26ed44c8bb3557f0c3d4122ac 73c42a0961a3480cb1e99f4009d74090 - - a027f77e15d34e0cbdd1f892252d6287 a027f77e15d34e0cbdd1f892252d6287] 10.0.0.3 "GET /resource_providers/a7c7e87b-90f4-49ae-90af-6c610c778a56/aggregates" status: 404 len: 235 microversion: 1.1 [pid: 7|app: 0|req: 529/1049] 10.0.0.3 () {32 vars in 813 bytes} [Thu May 28 22:57:56 2026] GET /resource_providers/a7c7e87b-90f4-49ae-90af-6c610c778a56/aggregates => generated 235 bytes in 10 msecs (HTTP/1.1 404) 5 headers in 202 bytes (1 switches on core 0)
2026-05-28 22:57:56.238 8 INFO placement.requestlog [None req-8456eea6-2db6-4b53-aeb8-51982292ba6d a95814d26ed44c8bb3557f0c3d4122ac 73c42a0961a3480cb1e99f4009d74090 - - a027f77e15d34e0cbdd1f892252d6287 a027f77e15d34e0cbdd1f892252d6287] 10.0.0.3 "GET /resource_providers/a7c7e87b-90f4-49ae-90af-6c610c778a56/aggregates" status: 404 len: 235 microversion: 1.1 [pid: 8|app: 0|req: 521/1050] 10.0.0.3 () {32 vars in 813 bytes} [Thu May 28 22:57:56 2026] GET /resource_providers/a7c7e87b-90f4-49ae-90af-6c610c778a56/aggregates => generated 235 bytes in 12 msecs (HTTP/1.1 404) 5 headers in 202 bytes (1 switches on core 0)
2026-05-28 22:57:56.249 8 INFO placement.requestlog [None req-38c74fac-07d8-446a-875c-6bd28844b50c a95814d26ed44c8bb3557f0c3d4122ac 73c42a0961a3480cb1e99f4009d74090 - - a027f77e15d34e0cbdd1f892252d6287 a027f77e15d34e0cbdd1f892252d6287] 10.0.0.3 "DELETE /resource_providers/a7c7e87b-90f4-49ae-90af-6c610c778a56" status: 404 len: 246 microversion: 1.1 [pid: 8|app: 0|req: 522/1051] 10.0.0.3 () {34 vars in 813 bytes} [Thu May 28 22:57:56 2026] DELETE /resource_providers/a7c7e87b-90f4-49ae-90af-6c610c778a56 => generated 246 bytes in 6 msecs (HTTP/1.1 404) 6 headers in 231 bytes (1 switches on core 0)
2026-05-28 22:57:56.251 7 INFO placement.requestlog [None req-ec5c9c4c-84c4-4fca-8abc-a0774c6ca1a6 a95814d26ed44c8bb3557f0c3d4122ac 73c42a0961a3480cb1e99f4009d74090 - - a027f77e15d34e0cbdd1f892252d6287 a027f77e15d34e0cbdd1f892252d6287] 10.0.0.3 "DELETE /resource_providers/a7c7e87b-90f4-49ae-90af-6c610c778a56" status: 404 len: 246 microversion: 1.1 [pid: 7|app: 0|req: 530/1052] 10.0.0.3 () {34 vars in 813 bytes} [Thu May 28 22:57:56 2026] DELETE /resource_providers/a7c7e87b-90f4-49ae-90af-6c610c778a56 => generated 246 bytes in 9 msecs (HTTP/1.1 404) 6 headers in 231 bytes (1 switches on core 0)
2026-05-28 22:57:58.333 8 INFO placement.requestlog [None req-632ba447-acf5-4182-8cc5-d19c9cd9c50e - - - - - -] 10.0.0.185 "GET /" status: 200 len: 136 microversion: 1.0
2026-05-28 22:57:58.333 7 INFO placement.requestlog [None req-e8153321-7b9b-4fdb-a29c-44ec06ffc2b7 - - - - - -] 10.0.0.185 "GET /" status: 200 len: 136 microversion: 1.0
2026-05-28 22:58:05.343 8 INFO placement.requestlog [req-34857078-6918-469f-942a-3f1c53f6a00c req-e579b24c-e1e0-4822-8305-c72c41bb9392 b055a39c3cac414ea1ea9ff361f65c3b 73c42a0961a3480cb1e99f4009d74090 - - a027f77e15d34e0cbdd1f892252d6287 a027f77e15d34e0cbdd1f892252d6287] 199.19.213.179 "GET /resource_providers/3c82af00-09a5-4606-b104-8d39499dee21/allocations" status: 200 len: 253 microversion: 1.0 [pid: 8|app: 0|req: 524/1055] 199.19.213.179 () {32 vars in 856 bytes} [Thu May 28 22:58:05 2026] GET /resource_providers/3c82af00-09a5-4606-b104-8d39499dee21/allocations => generated 253 bytes in 15 msecs (HTTP/1.1 200) 6 headers in 224 bytes (1 switches on core 0)
2026-05-28 22:58:05.363 7 INFO placement.requestlog [req-34857078-6918-469f-942a-3f1c53f6a00c req-d39ad896-9b8e-4da2-ac35-63e00c9b705c b055a39c3cac414ea1ea9ff361f65c3b 73c42a0961a3480cb1e99f4009d74090 - - a027f77e15d34e0cbdd1f892252d6287 a027f77e15d34e0cbdd1f892252d6287] 199.19.213.179 "GET /allocations/fd2e0464-7e7a-4f9c-8fe1-b1d03d08cc76" status: 200 len: 258 microversion: 1.28 [pid: 7|app: 0|req: 532/1056] 199.19.213.179 () {34 vars in 862 bytes} [Thu May 28 22:58:05 2026] GET /allocations/fd2e0464-7e7a-4f9c-8fe1-b1d03d08cc76 => generated 258 bytes in 14 msecs (HTTP/1.1 200) 8 headers in 296 bytes (1 switches on core 0)
2026-05-28 22:58:05.379 8 INFO placement.requestlog [req-34857078-6918-469f-942a-3f1c53f6a00c req-dbda12c0-a1ca-44d4-a40d-da8fad5e281e b055a39c3cac414ea1ea9ff361f65c3b 73c42a0961a3480cb1e99f4009d74090 - - a027f77e15d34e0cbdd1f892252d6287 a027f77e15d34e0cbdd1f892252d6287] 199.19.213.179 "GET /allocations/01c7e453-5fd1-4ad3-a5fc-7c272dbc25e4" status: 200 len: 258 microversion: 1.28 [pid: 8|app: 0|req: 525/1057] 199.19.213.179 () {34 vars in 862 bytes} [Thu May 28 22:58:05 2026] GET /allocations/01c7e453-5fd1-4ad3-a5fc-7c272dbc25e4 => generated 258 bytes in 10 msecs (HTTP/1.1 200) 8 headers in 296 bytes (1 switches on core 0)
2026-05-28 22:58:06.428 7 INFO placement.requestlog [req-34857078-6918-469f-942a-3f1c53f6a00c req-10c0cfb4-5275-4e44-ba79-8232c0b88855 b055a39c3cac414ea1ea9ff361f65c3b 73c42a0961a3480cb1e99f4009d74090 - - a027f77e15d34e0cbdd1f892252d6287 a027f77e15d34e0cbdd1f892252d6287] 199.19.213.179 "DELETE /allocations/01c7e453-5fd1-4ad3-a5fc-7c272dbc25e4" status: 204 len: 0 microversion: 1.0 [pid: 7|app: 0|req: 533/1058] 199.19.213.179 () {34 vars in 840 bytes} [Thu May 28 22:58:06 2026] DELETE /allocations/01c7e453-5fd1-4ad3-a5fc-7c272dbc25e4 => generated 0 bytes in 23 msecs (HTTP/1.1 204) 5 headers in 198 bytes (1 switches on core 0)
2026-05-28 22:58:08.333 7 INFO placement.requestlog [None req-921f5f7d-839c-47d9-a8b5-28dcd7529ce4 - - - - - -] 10.0.0.185 "GET /" status: 200 len: 136 microversion: 1.0
2026-05-28 22:58:08.333 8 INFO placement.requestlog [None req-2d6d8cd2-cdca-40e7-8015-3391ce898f4e - - - - - -] 10.0.0.185 "GET /" status: 200 len: 136 microversion: 1.0
2026-05-28 22:58:12.821 8 INFO placement.requestlog [req-754cc22a-42bd-4ab1-99e7-a6ae201021bd req-aa37aadc-9647-4021-97f2-b1266bb45ccd b055a39c3cac414ea1ea9ff361f65c3b 73c42a0961a3480cb1e99f4009d74090 - - a027f77e15d34e0cbdd1f892252d6287 a027f77e15d34e0cbdd1f892252d6287] 199.19.213.179 "GET /resource_providers/3c82af00-09a5-4606-b104-8d39499dee21/allocations" status: 200 len: 153 microversion: 1.0 [pid: 8|app: 0|req: 527/1061] 199.19.213.179 () {32 vars in 856 bytes} [Thu May 28 22:58:12 2026] GET /resource_providers/3c82af00-09a5-4606-b104-8d39499dee21/allocations => generated 153 bytes in 17 msecs (HTTP/1.1 200) 6 headers in 224 bytes (1 switches on core 0)
2026-05-28 22:58:12.840 7 INFO placement.requestlog [req-754cc22a-42bd-4ab1-99e7-a6ae201021bd req-198bbd2e-3c4d-4652-a817-f590df323bfc b055a39c3cac414ea1ea9ff361f65c3b 73c42a0961a3480cb1e99f4009d74090 - - a027f77e15d34e0cbdd1f892252d6287 a027f77e15d34e0cbdd1f892252d6287] 199.19.213.179 "GET /allocations/fd2e0464-7e7a-4f9c-8fe1-b1d03d08cc76" status: 200 len: 258 microversion: 1.28 [pid: 7|app: 0|req: 535/1062] 199.19.213.179 () {34 vars in 862 bytes} [Thu May 28 22:58:12 2026] GET /allocations/fd2e0464-7e7a-4f9c-8fe1-b1d03d08cc76 => generated 258 bytes in 15 msecs (HTTP/1.1 200) 8 headers in 296 bytes (1 switches on core 0)
2026-05-28 22:58:13.888 8 INFO placement.requestlog [req-754cc22a-42bd-4ab1-99e7-a6ae201021bd req-f0b2dd22-e4de-492e-9ac6-e2f66c442d37 b055a39c3cac414ea1ea9ff361f65c3b 73c42a0961a3480cb1e99f4009d74090 - - a027f77e15d34e0cbdd1f892252d6287 a027f77e15d34e0cbdd1f892252d6287] 199.19.213.179 "DELETE /allocations/fd2e0464-7e7a-4f9c-8fe1-b1d03d08cc76" status: 204 len: 0 microversion: 1.0 [pid: 8|app: 0|req: 528/1063] 199.19.213.179 () {34 vars in 840 bytes} [Thu May 28 22:58:13 2026] DELETE /allocations/fd2e0464-7e7a-4f9c-8fe1-b1d03d08cc76 => generated 0 bytes in 23 msecs (HTTP/1.1 204) 5 headers in 198 bytes (1 switches on core 0)
2026-05-28 22:58:17.818 8 INFO placement.requestlog [None req-97a7f300-91fe-4da9-b779-8932535682bc a95814d26ed44c8bb3557f0c3d4122ac 73c42a0961a3480cb1e99f4009d74090 - - a027f77e15d34e0cbdd1f892252d6287 a027f77e15d34e0cbdd1f892252d6287] 10.0.0.3 "GET /resource_providers/a0739cc7-3ba9-4f01-b1a7-1e4874ede703/aggregates" status: 404 len: 235 microversion: 1.1 [pid: 8|app: 0|req: 529/1064] 10.0.0.3 () {32 vars in 813 bytes} [Thu May 28 22:58:17 2026] GET /resource_providers/a0739cc7-3ba9-4f01-b1a7-1e4874ede703/aggregates => generated 235 bytes in 111 msecs (HTTP/1.1 404) 5 headers in 202 bytes (1 switches on core 0)
2026-05-28 22:58:17.823 7 INFO placement.requestlog [None req-4cfddc3f-d25d-48df-94cb-3532aa6b5448 a95814d26ed44c8bb3557f0c3d4122ac 73c42a0961a3480cb1e99f4009d74090 - - a027f77e15d34e0cbdd1f892252d6287 a027f77e15d34e0cbdd1f892252d6287] 10.0.0.3 "GET /resource_providers/a0739cc7-3ba9-4f01-b1a7-1e4874ede703/aggregates" status: 404 len: 235 microversion: 1.1 [pid: 7|app: 0|req: 536/1065] 10.0.0.3 () {32 vars in 813 bytes} [Thu May 28 22:58:17 2026] GET /resource_providers/a0739cc7-3ba9-4f01-b1a7-1e4874ede703/aggregates => generated 235 bytes in 123 msecs (HTTP/1.1 404) 5 headers in 202 bytes (1 switches on core 0)
2026-05-28 22:58:17.839 7 INFO placement.requestlog [None req-b3a65758-1246-4af9-af18-376a7a9c0d99 a95814d26ed44c8bb3557f0c3d4122ac 73c42a0961a3480cb1e99f4009d74090 - - a027f77e15d34e0cbdd1f892252d6287 a027f77e15d34e0cbdd1f892252d6287] 10.0.0.3 "DELETE /resource_providers/a0739cc7-3ba9-4f01-b1a7-1e4874ede703" status: 404 len: 246 microversion: 1.1 [pid: 7|app: 0|req: 537/1066] 10.0.0.3 () {34 vars in 813 bytes} [Thu May 28 22:58:17 2026] DELETE /resource_providers/a0739cc7-3ba9-4f01-b1a7-1e4874ede703 => generated 246 bytes in 9 msecs (HTTP/1.1 404) 6 headers in 231 bytes (1 switches on core 0)
2026-05-28 22:58:17.841 8 INFO placement.requestlog [None req-5f6693d6-b4e6-4faa-a5d2-f9c7f59c6084 a95814d26ed44c8bb3557f0c3d4122ac 73c42a0961a3480cb1e99f4009d74090 - - a027f77e15d34e0cbdd1f892252d6287 a027f77e15d34e0cbdd1f892252d6287] 10.0.0.3 "DELETE /resource_providers/a0739cc7-3ba9-4f01-b1a7-1e4874ede703" status: 404 len: 246 microversion: 1.1 [pid: 8|app: 0|req: 530/1067] 10.0.0.3 () {34 vars in 813 bytes} [Thu May 28 22:58:17 2026] DELETE /resource_providers/a0739cc7-3ba9-4f01-b1a7-1e4874ede703 => generated 246 bytes in 12 msecs (HTTP/1.1 404) 6 headers in 231 bytes (1 switches on core 0)
2026-05-28 22:58:18.333 7 INFO placement.requestlog [None req-d527859b-efcb-43fe-8b6b-f192455587a9 - - - - - -] 10.0.0.185 "GET /" status: 200 len: 136 microversion: 1.0
2026-05-28 22:58:18.333 8 INFO placement.requestlog [None req-afd655e4-02eb-44cc-b632-8cd332a79386 - - - - - -] 10.0.0.185 "GET /" status: 200 len: 136 microversion: 1.0
2026-05-28 22:58:23.832 7 INFO placement.requestlog [req-2a3da4b6-2106-4440-bbdb-692b55a540a4 req-9c315a80-18d9-4a36-8a2c-a816172493f4 b055a39c3cac414ea1ea9ff361f65c3b 73c42a0961a3480cb1e99f4009d74090 - - a027f77e15d34e0cbdd1f892252d6287 a027f77e15d34e0cbdd1f892252d6287] 199.19.213.179 "GET /resource_providers/3c82af00-09a5-4606-b104-8d39499dee21/allocations" status: 200 len: 55 microversion: 1.0 [pid: 7|app: 0|req: 539/1070] 199.19.213.179 () {32 vars in 856 bytes} [Thu May 28 22:58:23 2026] GET /resource_providers/3c82af00-09a5-4606-b104-8d39499dee21/allocations => generated 55 bytes in 151 msecs (HTTP/1.1 200) 6 headers in 223 bytes (1 switches on core 0)
2026-05-28 22:58:23.859 8 INFO placement.requestlog [req-2a3da4b6-2106-4440-bbdb-692b55a540a4 req-d641fae0-b06d-413a-9358-ddc1540d2eb6 b055a39c3cac414ea1ea9ff361f65c3b 73c42a0961a3480cb1e99f4009d74090 - - a027f77e15d34e0cbdd1f892252d6287 a027f77e15d34e0cbdd1f892252d6287] 199.19.213.179 "GET /resource_providers?in_tree=3c82af00-09a5-4606-b104-8d39499dee21" status: 200 len: 798 microversion: 1.14 [pid: 8|app: 0|req: 532/1071] 199.19.213.179 () {34 vars in 891 bytes} [Thu May 28 22:58:23 2026] GET /resource_providers?in_tree=3c82af00-09a5-4606-b104-8d39499dee21 => generated 798 bytes in 18 msecs (HTTP/1.1 200) 6 headers in 225 bytes (1 switches on core 0)
2026-05-28 22:58:23.880 7 INFO placement.requestlog [req-2a3da4b6-2106-4440-bbdb-692b55a540a4 req-6a84340b-63e7-4ea8-bf68-8eb3b30c44c4 b055a39c3cac414ea1ea9ff361f65c3b 73c42a0961a3480cb1e99f4009d74090 - - a027f77e15d34e0cbdd1f892252d6287 a027f77e15d34e0cbdd1f892252d6287] 199.19.213.179 "GET /resource_providers/3c82af00-09a5-4606-b104-8d39499dee21/inventories" status: 200 len: 401 microversion: 1.0 [pid: 7|app: 0|req: 540/1072] 199.19.213.179 () {32 vars in 856 bytes} [Thu May 28 22:58:23 2026] GET /resource_providers/3c82af00-09a5-4606-b104-8d39499dee21/inventories => generated 401 bytes in 15 msecs (HTTP/1.1 200) 6 headers in 224 bytes (1 switches on core 0)
2026-05-28 22:58:23.898 8 INFO placement.requestlog [req-2a3da4b6-2106-4440-bbdb-692b55a540a4 req-ca1ef121-0789-446e-bbd7-d5eeb6d86f2a b055a39c3cac414ea1ea9ff361f65c3b 73c42a0961a3480cb1e99f4009d74090 - - a027f77e15d34e0cbdd1f892252d6287 a027f77e15d34e0cbdd1f892252d6287] 199.19.213.179 "GET /resource_providers/3c82af00-09a5-4606-b104-8d39499dee21/aggregates" status: 200 len: 54 microversion: 1.19 [pid: 8|app: 0|req: 533/1073] 199.19.213.179 () {34 vars in 898 bytes} [Thu May 28 22:58:23 2026] GET /resource_providers/3c82af00-09a5-4606-b104-8d39499dee21/aggregates => generated 54 bytes in 11 msecs (HTTP/1.1 200) 8 headers in 295 bytes (1 switches on core 0)
2026-05-28 22:58:23.927 7 INFO placement.requestlog [req-2a3da4b6-2106-4440-bbdb-692b55a540a4 req-c4a2ffee-9b79-4068-99af-78f05f87db48 b055a39c3cac414ea1ea9ff361f65c3b 73c42a0961a3480cb1e99f4009d74090 - - a027f77e15d34e0cbdd1f892252d6287 a027f77e15d34e0cbdd1f892252d6287] 199.19.213.179 "GET /resource_providers/3c82af00-09a5-4606-b104-8d39499dee21/traits" status: 200 len: 1978 microversion: 1.6 [pid: 7|app: 0|req: 541/1074] 199.19.213.179 () {34 vars in 889 bytes} [Thu May 28 22:58:23 2026] GET /resource_providers/3c82af00-09a5-4606-b104-8d39499dee21/traits => generated 1978 bytes in 22 msecs (HTTP/1.1 200) 6 headers in 225 bytes (1 switches on core 0)
2026-05-28 22:58:23.944 8 INFO placement.requestlog [req-2a3da4b6-2106-4440-bbdb-692b55a540a4 req-4eb296bd-1443-4978-af26-855389bde063 b055a39c3cac414ea1ea9ff361f65c3b 73c42a0961a3480cb1e99f4009d74090 - - a027f77e15d34e0cbdd1f892252d6287 a027f77e15d34e0cbdd1f892252d6287] 199.19.213.179 "GET /resource_providers/3c82af00-09a5-4606-b104-8d39499dee21/allocations" status: 200 len: 55 microversion: 1.0 [pid: 8|app: 0|req: 534/1075] 199.19.213.179 () {32 vars in 856 bytes} [Thu May 28 22:58:23 2026] GET /resource_providers/3c82af00-09a5-4606-b104-8d39499dee21/allocations => generated 55 bytes in 11 msecs (HTTP/1.1 200) 6 headers in 223 bytes (1 switches on core 0)
2026-05-28 22:58:28.332 8 INFO placement.requestlog [None req-03ec6c7a-3181-48a3-b9b4-fe9246bdc2cf - - - - - -] 10.0.0.185 "GET /" status: 200 len: 136 microversion: 1.0
2026-05-28 22:58:28.332 7 INFO placement.requestlog [None req-6c47afa7-a51f-4d0a-bd86-f004f47e0988 - - - - - -] 10.0.0.185 "GET /" status: 200 len: 136 microversion: 1.0
2026-05-28 22:58:38.332 8 INFO placement.requestlog [None req-f34b8ae5-44bb-4bf7-a2bb-6528d0f57276 - - - - - -] 10.0.0.185 "GET /" status: 200 len: 136 microversion: 1.0
2026-05-28 22:58:38.332 7 INFO placement.requestlog [None req-0038ef2b-69af-4d8d-9135-89f6d1181b0c - - - - - -] 10.0.0.185 "GET /" status: 200 len: 136 microversion: 1.0
2026-05-28 22:58:44.853 8 INFO placement.requestlog [req-f37b09c7-36fc-4904-a80a-b7444e587632 req-c960dc7e-146b-4462-a467-7ceecc268e12 b055a39c3cac414ea1ea9ff361f65c3b 73c42a0961a3480cb1e99f4009d74090 - - a027f77e15d34e0cbdd1f892252d6287 a027f77e15d34e0cbdd1f892252d6287] 10.0.0.115 "GET /allocation_candidates?limit=1000&resources=DISK_GB%3A1%2CMEMORY_MB%3A512%2CVCPU%3A1&root_required=%21COMPUTE_STATUS_DISABLED" status: 200 len: 2442 microversion: 1.36 [pid: 8|app: 0|req: 537/1080] 10.0.0.115 () {34 vars in 1011 bytes} [Thu May 28 22:58:44 2026] GET /allocation_candidates?limit=1000&resources=DISK_GB%3A1%2CMEMORY_MB%3A512%2CVCPU%3A1&root_required=%21COMPUTE_STATUS_DISABLED => generated 2442 bytes in 120 msecs (HTTP/1.1 200) 8 headers in 297 bytes (1 switches on core 0)
2026-05-28 22:58:44.880 7 INFO placement.requestlog [req-f37b09c7-36fc-4904-a80a-b7444e587632 req-e2402256-2aef-4e86-98a2-d08f72f578ba b055a39c3cac414ea1ea9ff361f65c3b 73c42a0961a3480cb1e99f4009d74090 - - a027f77e15d34e0cbdd1f892252d6287 a027f77e15d34e0cbdd1f892252d6287] 10.0.0.115 "GET /allocations/bc416fd9-4181-4f65-bcf3-ccbee5991fd2" status: 200 len: 19 microversion: 1.28 [pid: 7|app: 0|req: 544/1081] 10.0.0.115 () {34 vars in 860 bytes} [Thu May 28 22:58:44 2026] GET /allocations/bc416fd9-4181-4f65-bcf3-ccbee5991fd2 => generated 19 bytes in 10 msecs (HTTP/1.1 200) 8 headers in 295 bytes (1 switches on core 0)
2026-05-28 22:58:44.952 8 INFO placement.requestlog [req-f37b09c7-36fc-4904-a80a-b7444e587632 req-cd2e46df-b27c-4f5f-9f0b-1d266cc52ece b055a39c3cac414ea1ea9ff361f65c3b 73c42a0961a3480cb1e99f4009d74090 - - a027f77e15d34e0cbdd1f892252d6287 a027f77e15d34e0cbdd1f892252d6287] 10.0.0.115 "PUT /allocations/bc416fd9-4181-4f65-bcf3-ccbee5991fd2" status: 204 len: 0 microversion: 1.36 [pid: 8|app: 0|req: 538/1082] 10.0.0.115 () {38 vars in 913 bytes} [Thu May 28 22:58:44 2026] PUT /allocations/bc416fd9-4181-4f65-bcf3-ccbee5991fd2 => generated 0 bytes in 66 msecs (HTTP/1.1 204) 5 headers in 199 bytes (1 switches on core 0)
2026-05-28 22:58:46.380 7 INFO placement.requestlog [req-f37b09c7-36fc-4904-a80a-b7444e587632 req-e0663d10-6e57-436a-9623-d8a73841488c b055a39c3cac414ea1ea9ff361f65c3b 73c42a0961a3480cb1e99f4009d74090 - - a027f77e15d34e0cbdd1f892252d6287 a027f77e15d34e0cbdd1f892252d6287] 199.19.213.179 "GET /allocations/bc416fd9-4181-4f65-bcf3-ccbee5991fd2" status: 200 len: 258 microversion: 1.28 [pid: 7|app: 0|req: 545/1083] 199.19.213.179 () {34 vars in 862 bytes} [Thu May 28 22:58:46 2026] GET /allocations/bc416fd9-4181-4f65-bcf3-ccbee5991fd2 => generated 258 bytes in 17 msecs (HTTP/1.1 200) 8 headers in 296 bytes (1 switches on core 0)
2026-05-28 22:58:47.420 8 INFO placement.requestlog [req-f37b09c7-36fc-4904-a80a-b7444e587632 req-0e056ee2-71ef-4452-8fa4-dcd8ed0e08da b055a39c3cac414ea1ea9ff361f65c3b 73c42a0961a3480cb1e99f4009d74090 - - a027f77e15d34e0cbdd1f892252d6287 a027f77e15d34e0cbdd1f892252d6287] 199.19.213.179 "GET /resource_providers/3c82af00-09a5-4606-b104-8d39499dee21/allocations" status: 200 len: 153 microversion: 1.0 [pid: 8|app: 0|req: 539/1084] 199.19.213.179 () {32 vars in 856 bytes} [Thu May 28 22:58:47 2026] GET /resource_providers/3c82af00-09a5-4606-b104-8d39499dee21/allocations => generated 153 bytes in 17 msecs (HTTP/1.1 200) 6 headers in 224 bytes (1 switches on core 0)
2026-05-28 22:58:47.438 7 INFO placement.requestlog [req-f37b09c7-36fc-4904-a80a-b7444e587632 req-65f2ece0-5045-4354-ba97-06e501b832dd b055a39c3cac414ea1ea9ff361f65c3b 73c42a0961a3480cb1e99f4009d74090 - - a027f77e15d34e0cbdd1f892252d6287 a027f77e15d34e0cbdd1f892252d6287] 199.19.213.179 "GET /allocations/bc416fd9-4181-4f65-bcf3-ccbee5991fd2" status: 200 len: 258 microversion: 1.28 [pid: 7|app: 0|req: 546/1085] 199.19.213.179 () {34 vars in 862 bytes} [Thu May 28 22:58:47 2026] GET /allocations/bc416fd9-4181-4f65-bcf3-ccbee5991fd2 => generated 258 bytes in 14 msecs (HTTP/1.1 200) 8 headers in 296 bytes (1 switches on core 0)
2026-05-28 22:58:48.332 8 INFO placement.requestlog [None req-c22fb120-a271-43f5-842e-6abfea705749 - - - - - -] 10.0.0.185 "GET /" status: 200 len: 136 microversion: 1.0
2026-05-28 22:58:48.333 7 INFO placement.requestlog [None req-bd969bed-0a96-4910-80af-0c6cb8eaa76d - - - - - -] 10.0.0.185 "GET /" status: 200 len: 136 microversion: 1.0
2026-05-28 22:58:58.332 8 INFO placement.requestlog [None req-54fa094e-549a-4c3f-bac9-a61bb0d45edc - - - - - -] 10.0.0.185 "GET /" status: 200 len: 136 microversion: 1.0
2026-05-28 22:58:58.332 7 INFO placement.requestlog [None req-a573de7f-82fa-4e08-b455-46a476fb9ee8 - - - - - -] 10.0.0.185 "GET /" status: 200 len: 136 microversion: 1.0
2026-05-28 22:59:02.347 7 INFO placement.requestlog [req-4c276654-e4f0-4f24-bc95-4f38e379be94 req-b254efed-9427-4326-adb5-f8ccd5834ac7 b055a39c3cac414ea1ea9ff361f65c3b 73c42a0961a3480cb1e99f4009d74090 - - a027f77e15d34e0cbdd1f892252d6287 a027f77e15d34e0cbdd1f892252d6287] 10.0.0.115 "GET /allocation_candidates?limit=1000&resources=DISK_GB%3A1%2CMEMORY_MB%3A512%2CVCPU%3A1&root_required=%21COMPUTE_STATUS_DISABLED" status: 200 len: 2444 microversion: 1.36 [pid: 7|app: 0|req: 549/1090] 10.0.0.115 () {34 vars in 1011 bytes} [Thu May 28 22:59:02 2026] GET /allocation_candidates?limit=1000&resources=DISK_GB%3A1%2CMEMORY_MB%3A512%2CVCPU%3A1&root_required=%21COMPUTE_STATUS_DISABLED => generated 2444 bytes in 41 msecs (HTTP/1.1 200) 8 headers in 297 bytes (1 switches on core 0)
2026-05-28 22:59:02.369 8 INFO placement.requestlog [req-4c276654-e4f0-4f24-bc95-4f38e379be94 req-2acf187d-11ab-4ec4-82d6-89c0730fb186 b055a39c3cac414ea1ea9ff361f65c3b 73c42a0961a3480cb1e99f4009d74090 - - a027f77e15d34e0cbdd1f892252d6287 a027f77e15d34e0cbdd1f892252d6287] 10.0.0.115 "GET /allocations/065da103-abf1-4d01-839f-8b8615e833d6" status: 200 len: 19 microversion: 1.28 [pid: 8|app: 0|req: 542/1091] 10.0.0.115 () {34 vars in 860 bytes} [Thu May 28 22:59:02 2026] GET /allocations/065da103-abf1-4d01-839f-8b8615e833d6 => generated 19 bytes in 6 msecs (HTTP/1.1 200) 8 headers in 295 bytes (1 switches on core 0)
2026-05-28 22:59:02.432 7 INFO placement.requestlog [req-4c276654-e4f0-4f24-bc95-4f38e379be94 req-886ddd52-9f19-4c65-86f3-36aac5db6377 b055a39c3cac414ea1ea9ff361f65c3b 73c42a0961a3480cb1e99f4009d74090 - - a027f77e15d34e0cbdd1f892252d6287 a027f77e15d34e0cbdd1f892252d6287] 10.0.0.115 "PUT /allocations/065da103-abf1-4d01-839f-8b8615e833d6" status: 204 len: 0 microversion: 1.36 [pid: 7|app: 0|req: 550/1092] 10.0.0.115 () {38 vars in 913 bytes} [Thu May 28 22:59:02 2026] PUT /allocations/065da103-abf1-4d01-839f-8b8615e833d6 => generated 0 bytes in 59 msecs (HTTP/1.1 204) 5 headers in 199 bytes (1 switches on core 0)
2026-05-28 22:59:03.938 8 INFO placement.requestlog [req-4c276654-e4f0-4f24-bc95-4f38e379be94 req-6312533c-6177-4c68-ab1e-694de5c0e0ea b055a39c3cac414ea1ea9ff361f65c3b 73c42a0961a3480cb1e99f4009d74090 - - a027f77e15d34e0cbdd1f892252d6287 a027f77e15d34e0cbdd1f892252d6287] 199.19.213.179 "GET /allocations/065da103-abf1-4d01-839f-8b8615e833d6" status: 200 len: 258 microversion: 1.28 [pid: 8|app: 0|req: 543/1093] 199.19.213.179 () {34 vars in 862 bytes} [Thu May 28 22:59:03 2026] GET /allocations/065da103-abf1-4d01-839f-8b8615e833d6 => generated 258 bytes in 11 msecs (HTTP/1.1 200) 8 headers in 296 bytes (1 switches on core 0)
2026-05-28 22:59:04.977 7 INFO placement.requestlog [req-4c276654-e4f0-4f24-bc95-4f38e379be94 req-cd85fe75-d0af-4134-8b94-2fd8f9b4112e b055a39c3cac414ea1ea9ff361f65c3b 73c42a0961a3480cb1e99f4009d74090 - - a027f77e15d34e0cbdd1f892252d6287 a027f77e15d34e0cbdd1f892252d6287] 199.19.213.179 "GET /resource_providers/3c82af00-09a5-4606-b104-8d39499dee21/allocations" status: 200 len: 253 microversion: 1.0 [pid: 7|app: 0|req: 551/1094] 199.19.213.179 () {32 vars in 856 bytes} [Thu May 28 22:59:04 2026] GET /resource_providers/3c82af00-09a5-4606-b104-8d39499dee21/allocations => generated 253 bytes in 16 msecs (HTTP/1.1 200) 6 headers in 224 bytes (1 switches on core 0)
2026-05-28 22:59:05.001 8 INFO placement.requestlog [req-4c276654-e4f0-4f24-bc95-4f38e379be94 req-a821088b-9585-4d6c-98b6-25bbfc19826e b055a39c3cac414ea1ea9ff361f65c3b 73c42a0961a3480cb1e99f4009d74090 - - a027f77e15d34e0cbdd1f892252d6287 a027f77e15d34e0cbdd1f892252d6287] 199.19.213.179 "GET /allocations/bc416fd9-4181-4f65-bcf3-ccbee5991fd2" status: 200 len: 258 microversion: 1.28 [pid: 8|app: 0|req: 544/1095] 199.19.213.179 () {34 vars in 862 bytes} [Thu May 28 22:59:04 2026] GET /allocations/bc416fd9-4181-4f65-bcf3-ccbee5991fd2 => generated 258 bytes in 18 msecs (HTTP/1.1 200) 8 headers in 296 bytes (1 switches on core 0)
2026-05-28 22:59:05.019 7 INFO placement.requestlog [req-4c276654-e4f0-4f24-bc95-4f38e379be94 req-e97659f5-ceb5-4a9d-9581-d06d8fe6635b b055a39c3cac414ea1ea9ff361f65c3b 73c42a0961a3480cb1e99f4009d74090 - - a027f77e15d34e0cbdd1f892252d6287 a027f77e15d34e0cbdd1f892252d6287] 199.19.213.179 "GET /allocations/065da103-abf1-4d01-839f-8b8615e833d6" status: 200 len: 258 microversion: 1.28 [pid: 7|app: 0|req: 552/1096] 199.19.213.179 () {34 vars in 862 bytes} [Thu May 28 22:59:05 2026] GET /allocations/065da103-abf1-4d01-839f-8b8615e833d6 => generated 258 bytes in 11 msecs (HTTP/1.1 200) 8 headers in 296 bytes (1 switches on core 0)
2026-05-28 22:59:08.333 7 INFO placement.requestlog [None req-97b35de4-f525-4ee9-8ec5-15a2c97bbd53 - - - - - -] 10.0.0.185 "GET /" status: 200 len: 136 microversion: 1.0
2026-05-28 22:59:08.333 8 INFO placement.requestlog [None req-c7baa4c1-d908-4c94-9f7b-a9059755f7f2 - - - - - -] 10.0.0.185 "GET /" status: 200 len: 136 microversion: 1.0
2026-05-28 22:59:18.333 7 INFO placement.requestlog [None req-4246e4c2-6a65-4a22-8e41-451fb43d3485 - - - - - -] 10.0.0.185 "GET /" status: 200 len: 136 microversion: 1.0
2026-05-28 22:59:18.334 8 INFO placement.requestlog [None req-227aba69-f38a-4cad-a759-876424b3f924 - - - - - -] 10.0.0.185 "GET /" status: 200 len: 136 microversion: 1.0
2026-05-28 22:59:24.486 7 INFO placement.requestlog [req-1023f239-f37e-420f-b9cc-3d73f6475c55 req-6f275504-e571-4cfe-93f4-fe2979796d2b b055a39c3cac414ea1ea9ff361f65c3b 73c42a0961a3480cb1e99f4009d74090 - - a027f77e15d34e0cbdd1f892252d6287 a027f77e15d34e0cbdd1f892252d6287] 199.19.213.179 "GET /resource_providers/3c82af00-09a5-4606-b104-8d39499dee21/allocations" status: 200 len: 253 microversion: 1.0 [pid: 7|app: 0|req: 555/1101] 199.19.213.179 () {32 vars in 856 bytes} [Thu May 28 22:59:24 2026] GET /resource_providers/3c82af00-09a5-4606-b104-8d39499dee21/allocations => generated 253 bytes in 18 msecs (HTTP/1.1 200) 6 headers in 224 bytes (1 switches on core 0)
2026-05-28 22:59:24.507 8 INFO placement.requestlog [req-1023f239-f37e-420f-b9cc-3d73f6475c55 req-71acc366-8cd4-422d-a706-ecfca6313165 b055a39c3cac414ea1ea9ff361f65c3b 73c42a0961a3480cb1e99f4009d74090 - - a027f77e15d34e0cbdd1f892252d6287 a027f77e15d34e0cbdd1f892252d6287] 199.19.213.179 "GET /resource_providers/3c82af00-09a5-4606-b104-8d39499dee21/allocations" status: 200 len: 253 microversion: 1.0 [pid: 8|app: 0|req: 547/1102] 199.19.213.179 () {32 vars in 856 bytes} [Thu May 28 22:59:24 2026] GET /resource_providers/3c82af00-09a5-4606-b104-8d39499dee21/allocations => generated 253 bytes in 13 msecs (HTTP/1.1 200) 6 headers in 224 bytes (1 switches on core 0)
2026-05-28 22:59:24.525 7 INFO placement.requestlog [req-1023f239-f37e-420f-b9cc-3d73f6475c55 req-3ce65cfb-a98c-4de9-8da1-1bd61b9d0ae1 b055a39c3cac414ea1ea9ff361f65c3b 73c42a0961a3480cb1e99f4009d74090 - - a027f77e15d34e0cbdd1f892252d6287 a027f77e15d34e0cbdd1f892252d6287] 199.19.213.179 "GET /allocations/bc416fd9-4181-4f65-bcf3-ccbee5991fd2" status: 200 len: 258 microversion: 1.28 [pid: 7|app: 0|req: 556/1103] 199.19.213.179 () {34 vars in 862 bytes} [Thu May 28 22:59:24 2026] GET /allocations/bc416fd9-4181-4f65-bcf3-ccbee5991fd2 => generated 258 bytes in 12 msecs (HTTP/1.1 200) 8 headers in 296 bytes (1 switches on core 0)
2026-05-28 22:59:24.542 8 INFO placement.requestlog [req-1023f239-f37e-420f-b9cc-3d73f6475c55 req-f8736467-34b2-48d6-b26d-a6fbba027a1b b055a39c3cac414ea1ea9ff361f65c3b 73c42a0961a3480cb1e99f4009d74090 - - a027f77e15d34e0cbdd1f892252d6287 a027f77e15d34e0cbdd1f892252d6287] 199.19.213.179 "GET /allocations/065da103-abf1-4d01-839f-8b8615e833d6" status: 200 len: 258 microversion: 1.28 [pid: 8|app: 0|req: 548/1104] 199.19.213.179 () {34 vars in 862 bytes} [Thu May 28 22:59:24 2026] GET /allocations/065da103-abf1-4d01-839f-8b8615e833d6 => generated 258 bytes in 13 msecs (HTTP/1.1 200) 8 headers in 296 bytes (1 switches on core 0)
2026-05-28 22:59:28.332 7 INFO placement.requestlog [None req-1b8e9590-b813-4c8c-9cce-ce07496753e6 - - - - - -] 10.0.0.185 "GET /" status: 200 len: 136 microversion: 1.0
2026-05-28 22:59:28.332 8 INFO placement.requestlog [None req-3873dbc1-dacc-4571-8e77-c1bfcb771f20 - - - - - -] 10.0.0.185 "GET /" status: 200 len: 136 microversion: 1.0
2026-05-28 22:59:38.332 7 INFO placement.requestlog [None req-84963e2e-2224-4bb9-a58c-ed1e1b8f8ecd - - - - - -] 10.0.0.185 "GET /" status: 200 len: 136 microversion: 1.0
2026-05-28 22:59:38.332 8 INFO placement.requestlog [None req-dcb89fc1-67e9-452f-9ee3-c5299714f1d2 - - - - - -] 10.0.0.185 "GET /" status: 200 len: 136 microversion: 1.0
2026-05-28 22:59:44.902 7 INFO placement.requestlog [req-94501079-a06a-40f9-bbf2-500aef827362 req-5e10cb18-32a1-4ce3-a09b-764d426d43f1 b055a39c3cac414ea1ea9ff361f65c3b 73c42a0961a3480cb1e99f4009d74090 - - a027f77e15d34e0cbdd1f892252d6287 a027f77e15d34e0cbdd1f892252d6287] 10.0.0.115 "GET /allocation_candidates?limit=1000&resources=MEMORY_MB%3A2048%2CVCPU%3A2&root_required=%21COMPUTE_STATUS_DISABLED" status: 200 len: 2432 microversion: 1.36 [pid: 7|app: 0|req: 559/1109] 10.0.0.115 () {34 vars in 985 bytes} [Thu May 28 22:59:44 2026] GET /allocation_candidates?limit=1000&resources=MEMORY_MB%3A2048%2CVCPU%3A2&root_required=%21COMPUTE_STATUS_DISABLED => generated 2432 bytes in 40 msecs (HTTP/1.1 200) 8 headers in 297 bytes (1 switches on core 0)
2026-05-28 22:59:44.936 8 INFO placement.requestlog [req-94501079-a06a-40f9-bbf2-500aef827362 req-14034c4b-a03c-443e-9fa5-6b1e68be2c56 b055a39c3cac414ea1ea9ff361f65c3b 73c42a0961a3480cb1e99f4009d74090 - - a027f77e15d34e0cbdd1f892252d6287 a027f77e15d34e0cbdd1f892252d6287] 10.0.0.115 "GET /allocations/13555640-b4c6-443f-b8df-07a909d1d42a" status: 200 len: 19 microversion: 1.28 [pid: 8|app: 0|req: 551/1110] 10.0.0.115 () {34 vars in 860 bytes} [Thu May 28 22:59:44 2026] GET /allocations/13555640-b4c6-443f-b8df-07a909d1d42a => generated 19 bytes in 11 msecs (HTTP/1.1 200) 8 headers in 295 bytes (1 switches on core 0)
2026-05-28 22:59:45.001 7 INFO placement.requestlog [req-94501079-a06a-40f9-bbf2-500aef827362 req-14bc9303-e29e-4f69-a21d-0e70915f8587 b055a39c3cac414ea1ea9ff361f65c3b 73c42a0961a3480cb1e99f4009d74090 - - a027f77e15d34e0cbdd1f892252d6287 a027f77e15d34e0cbdd1f892252d6287] 10.0.0.115 "PUT /allocations/13555640-b4c6-443f-b8df-07a909d1d42a" status: 204 len: 0 microversion: 1.36 [pid: 7|app: 0|req: 560/1111] 10.0.0.115 () {38 vars in 913 bytes} [Thu May 28 22:59:44 2026] PUT /allocations/13555640-b4c6-443f-b8df-07a909d1d42a => generated 0 bytes in 61 msecs (HTTP/1.1 204) 5 headers in 199 bytes (1 switches on core 0)
