2026-07-01 01:59:29.203 9 INFO neutron.db.ovn_revision_numbers_db [req-1088e54c-5640-4d8a-b802-353180fda2bf req-b59586f3-0349-48e4-b84b-edd94815b0ce f38f15b911454abbb4de72c02a5758ee cbfd40a74b534e2584125249f2429d66 - - default default] Successfully bumped revision number for resource 00f48ac6-52db-45a8-986e-b82a5fe55274 (type: ports) to 1
2026-07-01 01:59:29.205 10 WARNING neutron.api.rpc.agentnotifiers.dhcp_rpc_agent_api [None req-b6558136-3baa-41c4-a250-aa1607144cca 6fcf34c4961644c6880b21b46873a86d 2007a6c78de743c3a6aa92a79777d8fb - - default default] Unable to schedule network 0a32a3d5-62b2-4e8f-bd30-6469b9ffb041: no agents available; will retry on subsequent port and subnet creation events.
2026-07-01 01:59:29.228 9 INFO neutron.wsgi [req-1088e54c-5640-4d8a-b802-353180fda2bf req-b59586f3-0349-48e4-b84b-edd94815b0ce f38f15b911454abbb4de72c02a5758ee cbfd40a74b534e2584125249f2429d66 - - default default] 199.204.45.109 "POST /v2.0/ports HTTP/1.1" status: 201 len: 1158 time: 0.7949564 /var/lib/openstack/lib/python3.10/site-packages/pycadf/identifier.py:71: UserWarning: Invalid uuid: neutron. To ensure interoperability, identifiers should be a valid uuid. warnings.warn(('Invalid uuid: %s. To ensure interoperability, '
2026-07-01 01:59:29.405 9 INFO neutron.wsgi [req-b9863059-c60b-479a-95b8-048f4786b976 req-84da8f9e-b014-44d7-8319-6e8e05278631 da75f5ee220e408fa32f83ef5b1bbfab 329dfaf3a96b46f7b8a09571de8d9f51 - - b0811726392a4530b89972dbf1b46816 b0811726392a4530b89972dbf1b46816] 10.0.0.205 "GET /v2.0/ports?device_id=370f8a8b-a54c-4194-9bf1-685c4011ff36 HTTP/1.1" status: 200 len: 1413 time: 0.2541082
2026-07-01 01:59:29.428 10 INFO neutron.db.ovn_revision_numbers_db [None req-3f3129fc-7976-40a5-b543-58a0d680c30a db0d62f4f0ea4e89910377668fd8c84f 6340392e7cc244169c2c302ebf3aa645 - - default default] Successfully bumped revision number for resource 6aab6336-d1db-419d-845c-94e77b7e7060 (type: security_groups) to 1
2026-07-01 01:59:29.445 10 INFO neutron.db.ovn_revision_numbers_db [None req-3f3129fc-7976-40a5-b543-58a0d680c30a db0d62f4f0ea4e89910377668fd8c84f 6340392e7cc244169c2c302ebf3aa645 - - default default] Successfully bumped revision number for resource 232672a2-6a69-4aee-aa27-73b451bf0683 (type: security_group_rules) to 0
2026-07-01 01:59:29.470 10 INFO neutron.db.ovn_revision_numbers_db [None req-3f3129fc-7976-40a5-b543-58a0d680c30a db0d62f4f0ea4e89910377668fd8c84f 6340392e7cc244169c2c302ebf3aa645 - - default default] Successfully bumped revision number for resource 4498a91e-33bc-45ba-9039-6f11eccfdc79 (type: security_group_rules) to 0
2026-07-01 01:59:29.478 9 INFO neutron.wsgi [req-b9863059-c60b-479a-95b8-048f4786b976 req-11d288c4-ccfb-43f7-9d89-9523482c64f8 da75f5ee220e408fa32f83ef5b1bbfab 329dfaf3a96b46f7b8a09571de8d9f51 - - b0811726392a4530b89972dbf1b46816 b0811726392a4530b89972dbf1b46816] 10.0.0.205 "GET /v2.0/security-groups?id=e8d37089-1f56-4aeb-b580-b2f46628c0f4&fields=id&fields=name HTTP/1.1" status: 200 len: 312 time: 0.0628691
2026-07-01 01:59:29.496 10 INFO neutron.db.ovn_revision_numbers_db [None req-3f3129fc-7976-40a5-b543-58a0d680c30a db0d62f4f0ea4e89910377668fd8c84f 6340392e7cc244169c2c302ebf3aa645 - - default default] Successfully bumped revision number for resource 8cbc4f50-6465-4704-9c04-f597e275f5ae (type: security_group_rules) to 0
2026-07-01 01:59:29.522 10 INFO neutron.db.ovn_revision_numbers_db [None req-3f3129fc-7976-40a5-b543-58a0d680c30a db0d62f4f0ea4e89910377668fd8c84f 6340392e7cc244169c2c302ebf3aa645 - - default default] Successfully bumped revision number for resource c1e8de33-c6db-434d-a39d-0a0b3b9de13d (type: security_group_rules) to 0
2026-07-01 01:59:29.558 10 INFO neutron.wsgi [None req-3f3129fc-7976-40a5-b543-58a0d680c30a db0d62f4f0ea4e89910377668fd8c84f 6340392e7cc244169c2c302ebf3aa645 - - default default] 10.0.0.240 "GET /v2.0/security-groups?tenant_id=632f9fcbe9c04ff3a467e0d161dca1db&name=default HTTP/1.1" status: 200 len: 2996 time: 0.3110869 /var/lib/openstack/lib/python3.10/site-packages/pycadf/identifier.py:71: UserWarning: Invalid uuid: neutron. To ensure interoperability, identifiers should be a valid uuid. warnings.warn(('Invalid uuid: %s. To ensure interoperability, '
2026-07-01 01:59:29.720 9 INFO neutron.db.ovn_revision_numbers_db [req-1088e54c-5640-4d8a-b802-353180fda2bf req-c71bb276-ffd8-4e46-840d-0a9feb7feca3 da75f5ee220e408fa32f83ef5b1bbfab 329dfaf3a96b46f7b8a09571de8d9f51 - - b0811726392a4530b89972dbf1b46816 b0811726392a4530b89972dbf1b46816] Successfully bumped revision number for resource 00f48ac6-52db-45a8-986e-b82a5fe55274 (type: ports) to 2
2026-07-01 01:59:29.781 10 INFO neutron.db.ovn_revision_numbers_db [None req-b6558136-3baa-41c4-a250-aa1607144cca 6fcf34c4961644c6880b21b46873a86d 2007a6c78de743c3a6aa92a79777d8fb - - default default] Successfully bumped revision number for resource 97c22a36-2f75-43be-9cac-4324222bd388 (type: ports) to 2
2026-07-01 01:59:29.799 9 INFO neutron.wsgi [None req-3b27d25c-fffc-4c95-84d2-8585d5d26a1f db0d62f4f0ea4e89910377668fd8c84f 6340392e7cc244169c2c302ebf3aa645 - - default default] 10.0.0.240 "DELETE /v2.0/security-groups/6aab6336-d1db-419d-845c-94e77b7e7060 HTTP/1.1" status: 204 len: 168 time: 0.2295604
2026-07-01 01:59:29.834 10 INFO neutron.db.ovn_revision_numbers_db [None req-b6558136-3baa-41c4-a250-aa1607144cca 6fcf34c4961644c6880b21b46873a86d 2007a6c78de743c3a6aa92a79777d8fb - - default default] Successfully bumped revision number for resource 0ba9de7c-94e4-4d00-84f6-f11132642308 (type: subnets) to 0
2026-07-01 01:59:29.868 10 INFO neutron.wsgi [None req-b6558136-3baa-41c4-a250-aa1607144cca 6fcf34c4961644c6880b21b46873a86d 2007a6c78de743c3a6aa92a79777d8fb - - default default] 10.0.0.240 "POST /v2.0/subnets HTTP/1.1" status: 201 len: 804 time: 0.8821857
2026-07-01 01:59:29.885 10 WARNING neutron_lib.context [None req-d544d011-ca69-45dd-9637-5300fe6df733 6fcf34c4961644c6880b21b46873a86d 2007a6c78de743c3a6aa92a79777d8fb - - default default] Method 'is_advsvc' is deprecated since 2023.2 release (neutron-lib 3.8.0) and will be removed once support for the old RBAC API policies will be removed from Neutron. Please use method 'is_service_role' instead.
2026-07-01 01:59:29.978 9 INFO neutron.wsgi [req-6d08b719-d0c6-4a8c-9b86-902b31f1b75e req-8e0e762d-1476-4a08-af7b-f353d8db86a3 f38f15b911454abbb4de72c02a5758ee cbfd40a74b534e2584125249f2429d66 - - default default] 10.0.0.34 "GET /v2.0/ports?device_id=542b9eb7-cfde-49bb-afef-6a4058186478 HTTP/1.1" status: 200 len: 1168 time: 0.1351001
2026-07-01 01:59:29.983 10 INFO neutron.db.segments_db [None req-d544d011-ca69-45dd-9637-5300fe6df733 6fcf34c4961644c6880b21b46873a86d 2007a6c78de743c3a6aa92a79777d8fb - - default default] Added segment 2f428906-5ef7-4632-9263-b8d40adf417e of type geneve for network 040acbc5-cc6d-46db-b410-c6143958319b /var/lib/openstack/lib/python3.10/site-packages/pycadf/identifier.py:71: UserWarning: Invalid uuid: neutron. To ensure interoperability, identifiers should be a valid uuid. warnings.warn(('Invalid uuid: %s. To ensure interoperability, '
2026-07-01 01:59:30.031 9 INFO neutron.wsgi [req-6d08b719-d0c6-4a8c-9b86-902b31f1b75e req-1b8f728f-5fb9-4a9f-b0e6-4a137a0acf48 f38f15b911454abbb4de72c02a5758ee cbfd40a74b534e2584125249f2429d66 - - default default] 10.0.0.34 "GET /v2.0/security-groups?id=77362166-2d86-48b8-8adc-d479e95702b4&fields=id&fields=name HTTP/1.1" status: 200 len: 286 time: 0.0433459
2026-07-01 01:59:30.034 9 INFO neutron.db.ovn_revision_numbers_db [req-1088e54c-5640-4d8a-b802-353180fda2bf req-c71bb276-ffd8-4e46-840d-0a9feb7feca3 da75f5ee220e408fa32f83ef5b1bbfab 329dfaf3a96b46f7b8a09571de8d9f51 - - b0811726392a4530b89972dbf1b46816 b0811726392a4530b89972dbf1b46816] Successfully bumped revision number for resource 00f48ac6-52db-45a8-986e-b82a5fe55274 (type: ports) to 2
2026-07-01 01:59:30.049 9 INFO neutron.wsgi [req-1088e54c-5640-4d8a-b802-353180fda2bf req-c71bb276-ffd8-4e46-840d-0a9feb7feca3 da75f5ee220e408fa32f83ef5b1bbfab 329dfaf3a96b46f7b8a09571de8d9f51 - - b0811726392a4530b89972dbf1b46816 b0811726392a4530b89972dbf1b46816] 199.204.45.109 "PUT /v2.0/ports/00f48ac6-52db-45a8-986e-b82a5fe55274 HTTP/1.1" status: 200 len: 1376 time: 0.8141999
2026-07-01 01:59:30.080 9 INFO neutron.notifiers.nova [-] Nova event matching ['req-5b48f184-27c8-4243-8d9f-a776da14eae8'] response: {'name': 'network-changed', 'server_uuid': '542b9eb7-cfde-49bb-afef-6a4058186478', 'tag': '00f48ac6-52db-45a8-986e-b82a5fe55274', 'status': 'completed', 'code': 200}
2026-07-01 01:59:30.120 9 INFO neutron.wsgi [req-1088e54c-5640-4d8a-b802-353180fda2bf req-c747b88e-3d9e-4dd0-aa99-cce95273addc da75f5ee220e408fa32f83ef5b1bbfab 329dfaf3a96b46f7b8a09571de8d9f51 - - b0811726392a4530b89972dbf1b46816 b0811726392a4530b89972dbf1b46816] 199.204.45.109 "GET /v2.0/ports?tenant_id=cbfd40a74b534e2584125249f2429d66&device_id=542b9eb7-cfde-49bb-afef-6a4058186478 HTTP/1.1" status: 200 len: 1407 time: 0.0345776
2026-07-01 01:59:30.122 10 INFO neutron.db.ovn_revision_numbers_db [None req-d544d011-ca69-45dd-9637-5300fe6df733 6fcf34c4961644c6880b21b46873a86d 2007a6c78de743c3a6aa92a79777d8fb - - default default] Successfully bumped revision number for resource 040acbc5-cc6d-46db-b410-c6143958319b (type: networks) to 1
2026-07-01 01:59:30.151 9 INFO neutron.wsgi [req-1088e54c-5640-4d8a-b802-353180fda2bf req-9284e400-561f-4385-9ecc-23a74a0caeec da75f5ee220e408fa32f83ef5b1bbfab 329dfaf3a96b46f7b8a09571de8d9f51 - - b0811726392a4530b89972dbf1b46816 b0811726392a4530b89972dbf1b46816] 199.204.45.109 "GET /v2.0/floatingips?fixed_ip_address=10.100.0.7&port_id=00f48ac6-52db-45a8-986e-b82a5fe55274 HTTP/1.1" status: 200 len: 217 time: 0.0231884
2026-07-01 01:59:30.192 9 INFO neutron.wsgi [req-1088e54c-5640-4d8a-b802-353180fda2bf req-8991bb41-3b8f-481d-9bec-1e3fd2c08fc1 da75f5ee220e408fa32f83ef5b1bbfab 329dfaf3a96b46f7b8a09571de8d9f51 - - b0811726392a4530b89972dbf1b46816 b0811726392a4530b89972dbf1b46816] 199.204.45.109 "GET /v2.0/subnets?id=267f4433-4a8b-4e54-adbe-18b191f6ff7e HTTP/1.1" status: 200 len: 864 time: 0.0351067
2026-07-01 01:59:30.221 9 INFO neutron.wsgi [req-1088e54c-5640-4d8a-b802-353180fda2bf req-eea59786-cb88-4d6d-947a-26f797fe9078 da75f5ee220e408fa32f83ef5b1bbfab 329dfaf3a96b46f7b8a09571de8d9f51 - - b0811726392a4530b89972dbf1b46816 b0811726392a4530b89972dbf1b46816] 199.204.45.109 "GET /v2.0/ports?network_id=26bb01f3-7b6c-463b-bf41-311e48ba6485&device_owner=network%3Adhcp HTTP/1.1" status: 200 len: 210 time: 0.0208411
2026-07-01 01:59:30.279 9 INFO neutron.wsgi [req-1088e54c-5640-4d8a-b802-353180fda2bf req-2f5e40cd-7fd9-4f1e-8ba7-ae06be60474f da75f5ee220e408fa32f83ef5b1bbfab 329dfaf3a96b46f7b8a09571de8d9f51 - - b0811726392a4530b89972dbf1b46816 b0811726392a4530b89972dbf1b46816] 199.204.45.109 "GET /v2.0/networks/26bb01f3-7b6c-463b-bf41-311e48ba6485?fields=segments HTTP/1.1" status: 200 len: 212 time: 0.0509207
2026-07-01 01:59:30.288 10 WARNING neutron.scheduler.dhcp_agent_scheduler [None req-d544d011-ca69-45dd-9637-5300fe6df733 6fcf34c4961644c6880b21b46873a86d 2007a6c78de743c3a6aa92a79777d8fb - - default default] No more DHCP agents
2026-07-01 01:59:30.293 10 WARNING neutron.api.rpc.agentnotifiers.dhcp_rpc_agent_api [None req-d544d011-ca69-45dd-9637-5300fe6df733 6fcf34c4961644c6880b21b46873a86d 2007a6c78de743c3a6aa92a79777d8fb - - default default] Unable to schedule network 040acbc5-cc6d-46db-b410-c6143958319b: no agents available; will retry on subsequent port and subnet creation events.
2026-07-01 01:59:30.357 9 INFO neutron.wsgi [req-1088e54c-5640-4d8a-b802-353180fda2bf req-a9cd1758-4c52-4294-8253-7c02155b82f9 da75f5ee220e408fa32f83ef5b1bbfab 329dfaf3a96b46f7b8a09571de8d9f51 - - b0811726392a4530b89972dbf1b46816 b0811726392a4530b89972dbf1b46816] 199.204.45.109 "GET /v2.0/networks/26bb01f3-7b6c-463b-bf41-311e48ba6485?fields=provider%3Aphysical_network&fields=provider%3Anetwork_type HTTP/1.1" status: 200 len: 277 time: 0.0700066
2026-07-01 01:59:30.403 10 INFO neutron.db.ovn_revision_numbers_db [None req-d544d011-ca69-45dd-9637-5300fe6df733 6fcf34c4961644c6880b21b46873a86d 2007a6c78de743c3a6aa92a79777d8fb - - default default] Successfully bumped revision number for resource c10b5acd-df60-49cc-9901-48c01baee575 (type: ports) to 1
2026-07-01 01:59:30.443 10 INFO neutron.wsgi [None req-d544d011-ca69-45dd-9637-5300fe6df733 6fcf34c4961644c6880b21b46873a86d 2007a6c78de743c3a6aa92a79777d8fb - - default default] 10.0.0.240 "POST /v2.0/networks HTTP/1.1" status: 201 len: 831 time: 0.5647078
2026-07-01 01:59:30.444 9 INFO neutron.wsgi [req-4550a59b-4b6e-4072-b89e-7cfaae355685 req-85b5bdbd-6da7-402c-ad7c-eea0d47995f5 da75f5ee220e408fa32f83ef5b1bbfab 329dfaf3a96b46f7b8a09571de8d9f51 - - b0811726392a4530b89972dbf1b46816 b0811726392a4530b89972dbf1b46816] 199.204.45.109 "GET /v2.0/ports?tenant_id=cbfd40a74b534e2584125249f2429d66&device_id=542b9eb7-cfde-49bb-afef-6a4058186478 HTTP/1.1" status: 200 len: 1407 time: 0.0456612
2026-07-01 01:59:30.453 9 WARNING neutron_lib.context [None req-7b2a641f-4634-4d9b-a920-baa54dd24846 6fcf34c4961644c6880b21b46873a86d 2007a6c78de743c3a6aa92a79777d8fb - - default default] Method 'is_advsvc' is deprecated since 2023.2 release (neutron-lib 3.8.0) and will be removed once support for the old RBAC API policies will be removed from Neutron. Please use method 'is_service_role' instead.
2026-07-01 01:59:30.540 9 INFO neutron.wsgi [req-4550a59b-4b6e-4072-b89e-7cfaae355685 req-03e5bd1a-76e2-49aa-8307-7ebf8558b2c3 da75f5ee220e408fa32f83ef5b1bbfab 329dfaf3a96b46f7b8a09571de8d9f51 - - b0811726392a4530b89972dbf1b46816 b0811726392a4530b89972dbf1b46816] 199.204.45.109 "GET /v2.0/networks?id=26bb01f3-7b6c-463b-bf41-311e48ba6485 HTTP/1.1" status: 200 len: 969 time: 0.0856366
2026-07-01 01:59:30.586 9 INFO neutron.wsgi [req-4550a59b-4b6e-4072-b89e-7cfaae355685 req-e8647f11-be93-46b6-842b-4744df967b0a da75f5ee220e408fa32f83ef5b1bbfab 329dfaf3a96b46f7b8a09571de8d9f51 - - b0811726392a4530b89972dbf1b46816 b0811726392a4530b89972dbf1b46816] 199.204.45.109 "GET /v2.0/floatingips?fixed_ip_address=10.100.0.7&port_id=00f48ac6-52db-45a8-986e-b82a5fe55274 HTTP/1.1" status: 200 len: 217 time: 0.0403478
2026-07-01 01:59:30.649 9 INFO neutron.wsgi [req-4550a59b-4b6e-4072-b89e-7cfaae355685 req-a0baabad-d5ce-4c34-8f98-924c32d06b1a da75f5ee220e408fa32f83ef5b1bbfab 329dfaf3a96b46f7b8a09571de8d9f51 - - b0811726392a4530b89972dbf1b46816 b0811726392a4530b89972dbf1b46816] 199.204.45.109 "GET /v2.0/subnets?id=267f4433-4a8b-4e54-adbe-18b191f6ff7e HTTP/1.1" status: 200 len: 864 time: 0.0505941
2026-07-01 01:59:30.681 9 INFO neutron.wsgi [req-4550a59b-4b6e-4072-b89e-7cfaae355685 req-551f7098-d8b5-4785-94d1-fda349323f6b da75f5ee220e408fa32f83ef5b1bbfab 329dfaf3a96b46f7b8a09571de8d9f51 - - b0811726392a4530b89972dbf1b46816 b0811726392a4530b89972dbf1b46816] 199.204.45.109 "GET /v2.0/ports?network_id=26bb01f3-7b6c-463b-bf41-311e48ba6485&device_owner=network%3Adhcp HTTP/1.1" status: 200 len: 210 time: 0.0190063
2026-07-01 01:59:30.767 9 INFO neutron.wsgi [req-4550a59b-4b6e-4072-b89e-7cfaae355685 req-18b9079c-d4d7-451d-bffb-0c86dbe7e0e3 da75f5ee220e408fa32f83ef5b1bbfab 329dfaf3a96b46f7b8a09571de8d9f51 - - b0811726392a4530b89972dbf1b46816 b0811726392a4530b89972dbf1b46816] 199.204.45.109 "GET /v2.0/networks/26bb01f3-7b6c-463b-bf41-311e48ba6485?fields=segments HTTP/1.1" status: 200 len: 212 time: 0.0774500
2026-07-01 01:59:30.818 9 WARNING neutron.scheduler.dhcp_agent_scheduler [None req-7b2a641f-4634-4d9b-a920-baa54dd24846 6fcf34c4961644c6880b21b46873a86d 2007a6c78de743c3a6aa92a79777d8fb - - default default] No more DHCP agents
2026-07-01 01:59:30.820 9 WARNING neutron.api.rpc.agentnotifiers.dhcp_rpc_agent_api [None req-7b2a641f-4634-4d9b-a920-baa54dd24846 6fcf34c4961644c6880b21b46873a86d 2007a6c78de743c3a6aa92a79777d8fb - - default default] Unable to schedule network 040acbc5-cc6d-46db-b410-c6143958319b: no agents available; will retry on subsequent port and subnet creation events.
2026-07-01 01:59:30.862 9 INFO neutron.wsgi [req-4550a59b-4b6e-4072-b89e-7cfaae355685 req-6db838cf-9d0b-42b5-8599-5cee8795c226 da75f5ee220e408fa32f83ef5b1bbfab 329dfaf3a96b46f7b8a09571de8d9f51 - - b0811726392a4530b89972dbf1b46816 b0811726392a4530b89972dbf1b46816] 199.204.45.109 "GET /v2.0/networks/26bb01f3-7b6c-463b-bf41-311e48ba6485?fields=provider%3Aphysical_network&fields=provider%3Anetwork_type HTTP/1.1" status: 200 len: 277 time: 0.0878675
2026-07-01 01:59:31.149 9 INFO neutron.wsgi [req-641516dc-0450-4cca-9587-ed0f1b1b7ee7 req-da2a7044-cfbf-428a-85b6-7031ff12e8a5 f38f15b911454abbb4de72c02a5758ee cbfd40a74b534e2584125249f2429d66 - - default default] 10.0.0.34 "GET /v2.0/ports?device_id=542b9eb7-cfde-49bb-afef-6a4058186478 HTTP/1.1" status: 200 len: 1168 time: 0.0507417
2026-07-01 01:59:31.200 9 INFO neutron.wsgi [req-641516dc-0450-4cca-9587-ed0f1b1b7ee7 req-5799f28c-1c01-422e-9f71-eaa61f96f8df f38f15b911454abbb4de72c02a5758ee cbfd40a74b534e2584125249f2429d66 - - default default] 10.0.0.34 "GET /v2.0/security-groups?id=77362166-2d86-48b8-8adc-d479e95702b4&fields=id&fields=name HTTP/1.1" status: 200 len: 286 time: 0.0396447
2026-07-01 01:59:31.349 9 INFO neutron.db.ovn_revision_numbers_db [None req-7b2a641f-4634-4d9b-a920-baa54dd24846 6fcf34c4961644c6880b21b46873a86d 2007a6c78de743c3a6aa92a79777d8fb - - default default] Successfully bumped revision number for resource c10b5acd-df60-49cc-9901-48c01baee575 (type: ports) to 2
2026-07-01 01:59:31.386 9 INFO neutron.db.ovn_revision_numbers_db [None req-7b2a641f-4634-4d9b-a920-baa54dd24846 6fcf34c4961644c6880b21b46873a86d 2007a6c78de743c3a6aa92a79777d8fb - - default default] Successfully bumped revision number for resource b62a7928-7589-473c-9ff1-1f560b272ed7 (type: subnets) to 0
2026-07-01 01:59:31.402 9 INFO neutron.wsgi [None req-7b2a641f-4634-4d9b-a920-baa54dd24846 6fcf34c4961644c6880b21b46873a86d 2007a6c78de743c3a6aa92a79777d8fb - - default default] 10.0.0.240 "POST /v2.0/subnets HTTP/1.1" status: 201 len: 804 time: 0.9534922
2026-07-01 01:59:31.416 9 WARNING neutron_lib.context [None req-fafcbdc1-8e71-467d-9706-0b69afb5a814 6fcf34c4961644c6880b21b46873a86d 2007a6c78de743c3a6aa92a79777d8fb - - default default] Method 'is_advsvc' is deprecated since 2023.2 release (neutron-lib 3.8.0) and will be removed once support for the old RBAC API policies will be removed from Neutron. Please use method 'is_service_role' instead.
2026-07-01 01:59:31.483 9 WARNING neutron.plugins.ml2.drivers.ovn.mech_driver.ovsdb.ovn_client [None req-893e819e-c923-4dec-b005-82e98c725972 - - - - - -] No hosting information found for port f53aa01e-2d39-4092-b190-a7020ce18d47: RuntimeError: No hosting information found for port f53aa01e-2d39-4092-b190-a7020ce18d47
2026-07-01 01:59:31.483 9 INFO neutron.plugins.ml2.drivers.ovn.mech_driver.mech_driver [None req-893e819e-c923-4dec-b005-82e98c725972 - - - - - -] OVN reports status up for port: 00f48ac6-52db-45a8-986e-b82a5fe55274
2026-07-01 01:59:31.488 9 INFO neutron.db.segments_db [None req-fafcbdc1-8e71-467d-9706-0b69afb5a814 6fcf34c4961644c6880b21b46873a86d 2007a6c78de743c3a6aa92a79777d8fb - - default default] Added segment 57877586-320c-41f7-98f9-d3fd075619eb of type geneve for network 72cefb17-7710-470f-8333-21990f0d0255
2026-07-01 01:59:31.502 9 INFO neutron.plugins.ml2.plugin [None req-893e819e-c923-4dec-b005-82e98c725972 - - - - - -] Attempt 1 to provision port 00f48ac6-52db-45a8-986e-b82a5fe55274
2026-07-01 01:59:31.686 9 INFO neutron.db.ovn_revision_numbers_db [None req-fafcbdc1-8e71-467d-9706-0b69afb5a814 6fcf34c4961644c6880b21b46873a86d 2007a6c78de743c3a6aa92a79777d8fb - - default default] Successfully bumped revision number for resource 72cefb17-7710-470f-8333-21990f0d0255 (type: networks) to 1
2026-07-01 01:59:31.914 9 WARNING neutron.scheduler.dhcp_agent_scheduler [None req-fafcbdc1-8e71-467d-9706-0b69afb5a814 6fcf34c4961644c6880b21b46873a86d 2007a6c78de743c3a6aa92a79777d8fb - - default default] No more DHCP agents
2026-07-01 01:59:31.925 9 WARNING neutron.api.rpc.agentnotifiers.dhcp_rpc_agent_api [None req-fafcbdc1-8e71-467d-9706-0b69afb5a814 6fcf34c4961644c6880b21b46873a86d 2007a6c78de743c3a6aa92a79777d8fb - - default default] Unable to schedule network 72cefb17-7710-470f-8333-21990f0d0255: no agents available; will retry on subsequent port and subnet creation events.
2026-07-01 01:59:31.936 9 INFO neutron.db.ovn_revision_numbers_db [None req-893e819e-c923-4dec-b005-82e98c725972 - - - - - -] Successfully bumped revision number for resource 00f48ac6-52db-45a8-986e-b82a5fe55274 (type: ports) to 4 /var/lib/openstack/lib/python3.10/site-packages/pycadf/identifier.py:71: UserWarning: Invalid uuid: neutron. To ensure interoperability, identifiers should be a valid uuid. warnings.warn(('Invalid uuid: %s. To ensure interoperability, '
2026-07-01 01:59:32.345 10 INFO neutron.wsgi [req-e22d527b-b249-4725-b311-0cba389f1329 req-526ade87-3f0e-48cc-9a94-18d0939a9514 f38f15b911454abbb4de72c02a5758ee cbfd40a74b534e2584125249f2429d66 - - default default] 10.0.0.34 "GET /v2.0/ports?device_id=542b9eb7-cfde-49bb-afef-6a4058186478 HTTP/1.1" status: 200 len: 1170 time: 0.0841956
2026-07-01 01:59:32.362 9 INFO neutron.db.ovn_revision_numbers_db [None req-fafcbdc1-8e71-467d-9706-0b69afb5a814 6fcf34c4961644c6880b21b46873a86d 2007a6c78de743c3a6aa92a79777d8fb - - default default] Successfully bumped revision number for resource eaa0a9c2-2b15-4443-a08d-d3966f7bea5f (type: ports) to 1
2026-07-01 01:59:32.388 10 INFO neutron.wsgi [req-e22d527b-b249-4725-b311-0cba389f1329 req-4bb2c528-bf0b-4b87-82ab-4f6edaee052a f38f15b911454abbb4de72c02a5758ee cbfd40a74b534e2584125249f2429d66 - - default default] 10.0.0.34 "GET /v2.0/security-groups?id=77362166-2d86-48b8-8adc-d479e95702b4&fields=id&fields=name HTTP/1.1" status: 200 len: 286 time: 0.0420973
2026-07-01 01:59:32.400 9 INFO neutron.wsgi [None req-fafcbdc1-8e71-467d-9706-0b69afb5a814 6fcf34c4961644c6880b21b46873a86d 2007a6c78de743c3a6aa92a79777d8fb - - default default] 10.0.0.240 "POST /v2.0/networks HTTP/1.1" status: 201 len: 830 time: 0.9900060
2026-07-01 01:59:32.410 9 WARNING neutron_lib.context [None req-408068b6-a696-4f3b-aeb5-e531e438218b 6fcf34c4961644c6880b21b46873a86d 2007a6c78de743c3a6aa92a79777d8fb - - default default] Method 'is_advsvc' is deprecated since 2023.2 release (neutron-lib 3.8.0) and will be removed once support for the old RBAC API policies will be removed from Neutron. Please use method 'is_service_role' instead.
2026-07-01 01:59:32.424 9 INFO neutron.notifiers.nova [-] Nova event matching ['req-2f440ed9-8795-4f95-b5ce-956c8f5a18a7'] response: {'server_uuid': '542b9eb7-cfde-49bb-afef-6a4058186478', 'name': 'network-vif-plugged', 'status': 'completed', 'tag': '00f48ac6-52db-45a8-986e-b82a5fe55274', 'code': 200}
2026-07-01 01:59:32.424 9 INFO neutron.notifiers.nova [-] Nova event matching ['req-2f440ed9-8795-4f95-b5ce-956c8f5a18a7'] response: {'server_uuid': '542b9eb7-cfde-49bb-afef-6a4058186478', 'name': 'network-vif-plugged', 'status': 'completed', 'tag': '00f48ac6-52db-45a8-986e-b82a5fe55274', 'code': 200}
2026-07-01 01:59:32.447 9 INFO neutron.wsgi [req-b9426697-7f13-4f92-91e3-63ff65ea2b68 req-df42dd15-4b40-496d-b385-bcb1887c17ca 4fb851779a154ca68209b4921987ecf0 acaba9b176b3428fa294d73ca63f2502 - - default default] 10.0.0.34 "GET /v2.0/ports?device_id=370f8a8b-a54c-4194-9bf1-685c4011ff36 HTTP/1.1" status: 200 len: 1174 time: 0.1087074
2026-07-01 01:59:32.504 9 INFO neutron.wsgi [req-b9426697-7f13-4f92-91e3-63ff65ea2b68 req-fdb3af81-6dc7-4f09-a2c9-a089b5c31795 4fb851779a154ca68209b4921987ecf0 acaba9b176b3428fa294d73ca63f2502 - - default default] 10.0.0.34 "GET /v2.0/security-groups?id=e8d37089-1f56-4aeb-b580-b2f46628c0f4&fields=id&fields=name HTTP/1.1" status: 200 len: 312 time: 0.0473249
2026-07-01 01:59:32.680 9 WARNING neutron.scheduler.dhcp_agent_scheduler [None req-408068b6-a696-4f3b-aeb5-e531e438218b 6fcf34c4961644c6880b21b46873a86d 2007a6c78de743c3a6aa92a79777d8fb - - default default] No more DHCP agents
2026-07-01 01:59:32.684 9 WARNING neutron.api.rpc.agentnotifiers.dhcp_rpc_agent_api [None req-408068b6-a696-4f3b-aeb5-e531e438218b 6fcf34c4961644c6880b21b46873a86d 2007a6c78de743c3a6aa92a79777d8fb - - default default] Unable to schedule network 72cefb17-7710-470f-8333-21990f0d0255: no agents available; will retry on subsequent port and subnet creation events.
2026-07-01 01:59:32.752 9 INFO neutron.wsgi [req-4e943c53-4045-4afb-b318-95faeec6ff23 req-2c596aee-9f1a-47f5-b229-26bbf248b958 4fb851779a154ca68209b4921987ecf0 acaba9b176b3428fa294d73ca63f2502 - - default default] 10.0.0.34 "GET /v2.0/ports?device_id=370f8a8b-a54c-4194-9bf1-685c4011ff36 HTTP/1.1" status: 200 len: 1174 time: 0.0459459
2026-07-01 01:59:32.768 10 INFO neutron.plugins.ml2.drivers.ovn.mech_driver.mech_driver [None req-12efca80-85e1-4cd3-9fde-19274a80a8e8 - - - - - -] OVN reports status down for port: 71231e6f-0eaf-4b46-9952-4964f541c949
2026-07-01 01:59:32.859 9 INFO neutron.wsgi [req-4e943c53-4045-4afb-b318-95faeec6ff23 req-1102afac-8c6a-48ca-bcde-eb431f646263 4fb851779a154ca68209b4921987ecf0 acaba9b176b3428fa294d73ca63f2502 - - default default] 10.0.0.34 "GET /v2.0/security-groups?id=e8d37089-1f56-4aeb-b580-b2f46628c0f4&fields=id&fields=name HTTP/1.1" status: 200 len: 312 time: 0.1030068
2026-07-01 01:59:32.984 10 INFO neutron.notifiers.nova [-] Nova event matching ['req-eaf7c6eb-435c-46d9-9e81-1c7559570bf8'] response: {'server_uuid': '370f8a8b-a54c-4194-9bf1-685c4011ff36', 'name': 'network-vif-unplugged', 'status': 'completed', 'tag': '71231e6f-0eaf-4b46-9952-4964f541c949', 'code': 200}
2026-07-01 01:59:33.097 9 INFO neutron.wsgi [req-96e665e8-92a9-4ecf-ab86-7c1fd4fdbac9 req-5e2ea4a4-2ac9-4935-b291-1f41934016a2 4fb851779a154ca68209b4921987ecf0 acaba9b176b3428fa294d73ca63f2502 - - default default] 199.204.45.109 "GET /v2.0/ports?device_id=370f8a8b-a54c-4194-9bf1-685c4011ff36 HTTP/1.1" status: 200 len: 1172 time: 0.0411253
2026-07-01 01:59:33.177 10 INFO neutron.db.ovn_revision_numbers_db [None req-12efca80-85e1-4cd3-9fde-19274a80a8e8 - - - - - -] Successfully bumped revision number for resource 71231e6f-0eaf-4b46-9952-4964f541c949 (type: ports) to 7
2026-07-01 01:59:33.497 9 INFO neutron.db.ovn_revision_numbers_db [None req-408068b6-a696-4f3b-aeb5-e531e438218b 6fcf34c4961644c6880b21b46873a86d 2007a6c78de743c3a6aa92a79777d8fb - - default default] Successfully bumped revision number for resource eaa0a9c2-2b15-4443-a08d-d3966f7bea5f (type: ports) to 2
2026-07-01 01:59:33.522 9 INFO neutron.wsgi [req-a5672a39-2782-4aa8-9f6f-fe182b20529b req-ef23dc08-6876-47b6-9f94-143bde7318f6 f38f15b911454abbb4de72c02a5758ee cbfd40a74b534e2584125249f2429d66 - - default default] 10.0.0.34 "GET /v2.0/ports?device_id=542b9eb7-cfde-49bb-afef-6a4058186478 HTTP/1.1" status: 200 len: 1170 time: 0.0574780
2026-07-01 01:59:33.556 9 INFO neutron.db.l3_db [req-96e665e8-92a9-4ecf-ab86-7c1fd4fdbac9 req-b0ff7b04-c6b1-45ce-87e0-e08369cd9bdd 4fb851779a154ca68209b4921987ecf0 acaba9b176b3428fa294d73ca63f2502 - - default default] Floating IP c780f00b-4efb-48e3-b966-6ded78bc3627 disassociated. External IP: 10.96.250.212, port: 71231e6f-0eaf-4b46-9952-4964f541c949.
2026-07-01 01:59:33.585 9 INFO neutron.db.ovn_revision_numbers_db [None req-408068b6-a696-4f3b-aeb5-e531e438218b 6fcf34c4961644c6880b21b46873a86d 2007a6c78de743c3a6aa92a79777d8fb - - default default] Successfully bumped revision number for resource e240748b-d872-48cb-935e-0d634f09ccd6 (type: subnets) to 0
2026-07-01 01:59:33.614 9 INFO neutron.wsgi [None req-408068b6-a696-4f3b-aeb5-e531e438218b 6fcf34c4961644c6880b21b46873a86d 2007a6c78de743c3a6aa92a79777d8fb - - default default] 10.0.0.240 "POST /v2.0/subnets HTTP/1.1" status: 201 len: 804 time: 1.2091434
2026-07-01 01:59:33.621 9 INFO neutron.wsgi [req-a5672a39-2782-4aa8-9f6f-fe182b20529b req-5d7acbbd-cf0b-462b-89d8-b6c44ecd82c2 f38f15b911454abbb4de72c02a5758ee cbfd40a74b534e2584125249f2429d66 - - default default] 10.0.0.34 "GET /v2.0/security-groups?id=77362166-2d86-48b8-8adc-d479e95702b4&fields=id&fields=name HTTP/1.1" status: 200 len: 286 time: 0.0888832 /var/lib/openstack/lib/python3.10/site-packages/pycadf/identifier.py:71: UserWarning: Invalid uuid: neutron. To ensure interoperability, identifiers should be a valid uuid. warnings.warn(('Invalid uuid: %s. To ensure interoperability, '
2026-07-01 01:59:33.630 10 WARNING neutron_lib.context [None req-b69f3139-37e1-441d-8ecd-b79ab29304cf 6fcf34c4961644c6880b21b46873a86d 2007a6c78de743c3a6aa92a79777d8fb - - default default] Method 'is_advsvc' is deprecated since 2023.2 release (neutron-lib 3.8.0) and will be removed once support for the old RBAC API policies will be removed from Neutron. Please use method 'is_service_role' instead.
2026-07-01 01:59:33.749 10 INFO neutron.db.segments_db [None req-b69f3139-37e1-441d-8ecd-b79ab29304cf 6fcf34c4961644c6880b21b46873a86d 2007a6c78de743c3a6aa92a79777d8fb - - default default] Added segment 3ff828b5-083d-4c6c-82a7-bf26f9e041d6 of type geneve for network c587e60f-b4d0-4b9c-9bc6-00a95154f4c1
2026-07-01 01:59:33.756 9 INFO neutron.wsgi [req-96e665e8-92a9-4ecf-ab86-7c1fd4fdbac9 req-b0ff7b04-c6b1-45ce-87e0-e08369cd9bdd 4fb851779a154ca68209b4921987ecf0 acaba9b176b3428fa294d73ca63f2502 - - default default] 199.204.45.109 "DELETE /v2.0/ports/71231e6f-0eaf-4b46-9952-4964f541c949 HTTP/1.1" status: 204 len: 173 time: 0.6516609
2026-07-01 01:59:33.918 10 INFO neutron.db.ovn_revision_numbers_db [None req-b69f3139-37e1-441d-8ecd-b79ab29304cf 6fcf34c4961644c6880b21b46873a86d 2007a6c78de743c3a6aa92a79777d8fb - - default default] Successfully bumped revision number for resource c587e60f-b4d0-4b9c-9bc6-00a95154f4c1 (type: networks) to 1
2026-07-01 01:59:33.981 10 INFO neutron.wsgi [req-af0d9bfd-df9e-4f83-81d6-e07e5eb3ae1a req-485f925d-98c3-4f70-a13e-9a9b631b4b92 4fb851779a154ca68209b4921987ecf0 acaba9b176b3428fa294d73ca63f2502 - - default default] 10.0.0.34 "GET /v2.0/ports?device_id=370f8a8b-a54c-4194-9bf1-685c4011ff36 HTTP/1.1" status: 200 len: 210 time: 0.0366776
2026-07-01 01:59:34.169 9 INFO neutron.plugins.ml2.drivers.ovn.mech_driver.mech_driver [None req-893e819e-c923-4dec-b005-82e98c725972 - - - - - -] OVN reports status down for port: 00f48ac6-52db-45a8-986e-b82a5fe55274
2026-07-01 01:59:34.190 10 WARNING neutron.scheduler.dhcp_agent_scheduler [None req-b69f3139-37e1-441d-8ecd-b79ab29304cf 6fcf34c4961644c6880b21b46873a86d 2007a6c78de743c3a6aa92a79777d8fb - - default default] No more DHCP agents
2026-07-01 01:59:34.194 10 WARNING neutron.api.rpc.agentnotifiers.dhcp_rpc_agent_api [None req-b69f3139-37e1-441d-8ecd-b79ab29304cf 6fcf34c4961644c6880b21b46873a86d 2007a6c78de743c3a6aa92a79777d8fb - - default default] Unable to schedule network c587e60f-b4d0-4b9c-9bc6-00a95154f4c1: no agents available; will retry on subsequent port and subnet creation events.
2026-07-01 01:59:34.303 10 INFO neutron.wsgi [req-9a7a27fb-0e82-494c-9c28-a1f164b88267 req-9607ab46-8376-4f6a-b5cb-61fa604161bd f38f15b911454abbb4de72c02a5758ee cbfd40a74b534e2584125249f2429d66 - - default default] 10.0.0.34 "GET /v2.0/ports?device_id=542b9eb7-cfde-49bb-afef-6a4058186478 HTTP/1.1" status: 200 len: 1170 time: 0.1947093
2026-07-01 01:59:34.334 10 INFO neutron.db.ovn_revision_numbers_db [None req-b69f3139-37e1-441d-8ecd-b79ab29304cf 6fcf34c4961644c6880b21b46873a86d 2007a6c78de743c3a6aa92a79777d8fb - - default default] Successfully bumped revision number for resource b1020049-547f-48b7-ad63-ee64c7d9dbc7 (type: ports) to 1
2026-07-01 01:59:34.349 10 INFO neutron.wsgi [req-9a7a27fb-0e82-494c-9c28-a1f164b88267 req-ccf2de58-d40a-4af2-9580-c69fa9891498 f38f15b911454abbb4de72c02a5758ee cbfd40a74b534e2584125249f2429d66 - - default default] 10.0.0.34 "GET /v2.0/security-groups?id=77362166-2d86-48b8-8adc-d479e95702b4&fields=id&fields=name HTTP/1.1" status: 200 len: 286 time: 0.0393009
2026-07-01 01:59:34.360 10 INFO neutron.wsgi [None req-b69f3139-37e1-441d-8ecd-b79ab29304cf 6fcf34c4961644c6880b21b46873a86d 2007a6c78de743c3a6aa92a79777d8fb - - default default] 10.0.0.240 "POST /v2.0/networks HTTP/1.1" status: 201 len: 831 time: 0.7395427
2026-07-01 01:59:34.371 10 WARNING neutron_lib.context [None req-d04676de-0b21-4958-a46e-c2186e4a6a64 6fcf34c4961644c6880b21b46873a86d 2007a6c78de743c3a6aa92a79777d8fb - - default default] Method 'is_advsvc' is deprecated since 2023.2 release (neutron-lib 3.8.0) and will be removed once support for the old RBAC API policies will be removed from Neutron. Please use method 'is_service_role' instead.
2026-07-01 01:59:34.477 9 INFO neutron.notifiers.nova [-] Nova event matching ['req-f9b88415-f19d-4ecc-a0c5-f8c841e944ce'] response: {'server_uuid': '370f8a8b-a54c-4194-9bf1-685c4011ff36', 'name': 'network-vif-deleted', 'tag': '71231e6f-0eaf-4b46-9952-4964f541c949', 'status': 'completed', 'code': 200}
2026-07-01 01:59:34.478 9 INFO neutron.notifiers.nova [-] Nova event matching ['req-f9b88415-f19d-4ecc-a0c5-f8c841e944ce'] response: {'server_uuid': '542b9eb7-cfde-49bb-afef-6a4058186478', 'name': 'network-vif-unplugged', 'status': 'completed', 'tag': '00f48ac6-52db-45a8-986e-b82a5fe55274', 'code': 200}
2026-07-01 01:59:34.499 9 INFO neutron.wsgi [req-8391fcb2-587f-4b58-9942-693f534ea109 req-fa2ec3cd-9ee6-48e4-80a0-5872c971a513 f38f15b911454abbb4de72c02a5758ee cbfd40a74b534e2584125249f2429d66 - - default default] 199.204.45.109 "GET /v2.0/ports?device_id=542b9eb7-cfde-49bb-afef-6a4058186478 HTTP/1.1" status: 200 len: 1168 time: 0.0470850
2026-07-01 01:59:34.556 9 INFO neutron.db.ovn_revision_numbers_db [None req-893e819e-c923-4dec-b005-82e98c725972 - - - - - -] Successfully bumped revision number for resource 00f48ac6-52db-45a8-986e-b82a5fe55274 (type: ports) to 5
2026-07-01 01:59:34.615 10 WARNING neutron.scheduler.dhcp_agent_scheduler [None req-d04676de-0b21-4958-a46e-c2186e4a6a64 6fcf34c4961644c6880b21b46873a86d 2007a6c78de743c3a6aa92a79777d8fb - - default default] No more DHCP agents
2026-07-01 01:59:34.617 10 WARNING neutron.api.rpc.agentnotifiers.dhcp_rpc_agent_api [None req-d04676de-0b21-4958-a46e-c2186e4a6a64 6fcf34c4961644c6880b21b46873a86d 2007a6c78de743c3a6aa92a79777d8fb - - default default] Unable to schedule network c587e60f-b4d0-4b9c-9bc6-00a95154f4c1: no agents available; will retry on subsequent port and subnet creation events.
2026-07-01 01:59:34.817 9 INFO neutron.wsgi [req-8391fcb2-587f-4b58-9942-693f534ea109 req-70aa598f-fbb4-4ffd-9dfc-8024ad01dfdb f38f15b911454abbb4de72c02a5758ee cbfd40a74b534e2584125249f2429d66 - - default default] 199.204.45.109 "DELETE /v2.0/ports/00f48ac6-52db-45a8-986e-b82a5fe55274 HTTP/1.1" status: 204 len: 173 time: 0.3107927
2026-07-01 01:59:35.029 10 INFO neutron.notifiers.nova [-] Nova event matching ['req-f63ca111-aedc-47e0-97a2-19dadfadff03'] response: {'server_uuid': '370f8a8b-a54c-4194-9bf1-685c4011ff36', 'name': 'network-vif-plugged', 'status': 'completed', 'tag': '71231e6f-0eaf-4b46-9952-4964f541c949', 'code': 200}
2026-07-01 01:59:35.084 10 INFO neutron.db.ovn_revision_numbers_db [None req-d04676de-0b21-4958-a46e-c2186e4a6a64 6fcf34c4961644c6880b21b46873a86d 2007a6c78de743c3a6aa92a79777d8fb - - default default] Successfully bumped revision number for resource b1020049-547f-48b7-ad63-ee64c7d9dbc7 (type: ports) to 2
2026-07-01 01:59:35.137 10 INFO neutron.db.ovn_revision_numbers_db [None req-d04676de-0b21-4958-a46e-c2186e4a6a64 6fcf34c4961644c6880b21b46873a86d 2007a6c78de743c3a6aa92a79777d8fb - - default default] Successfully bumped revision number for resource ef4273e9-3de4-42df-bd65-df04a3b6c077 (type: subnets) to 0
2026-07-01 01:59:35.162 10 INFO neutron.wsgi [None req-d04676de-0b21-4958-a46e-c2186e4a6a64 6fcf34c4961644c6880b21b46873a86d 2007a6c78de743c3a6aa92a79777d8fb - - default default] 10.0.0.240 "POST /v2.0/subnets HTTP/1.1" status: 201 len: 804 time: 0.7958207 /var/lib/openstack/lib/python3.10/site-packages/pycadf/identifier.py:71: UserWarning: Invalid uuid: neutron. To ensure interoperability, identifiers should be a valid uuid. warnings.warn(('Invalid uuid: %s. To ensure interoperability, '
2026-07-01 01:59:35.214 10 INFO neutron.wsgi [None req-9e285986-64c2-4451-8f97-a970e1d605f6 4fb851779a154ca68209b4921987ecf0 acaba9b176b3428fa294d73ca63f2502 - - default default] 10.0.0.240 "DELETE /v2.0/security-groups/e8d37089-1f56-4aeb-b580-b2f46628c0f4 HTTP/1.1" status: 204 len: 168 time: 0.1422009
2026-07-01 01:59:35.231 9 INFO neutron.api.v2.resource [None req-612bcca3-d8fb-4350-9b51-0aa763584aad 4fb851779a154ca68209b4921987ecf0 acaba9b176b3428fa294d73ca63f2502 - - default default] show failed (client error): The resource could not be found.
2026-07-01 01:59:35.232 9 INFO neutron.wsgi [None req-612bcca3-d8fb-4350-9b51-0aa763584aad 4fb851779a154ca68209b4921987ecf0 acaba9b176b3428fa294d73ca63f2502 - - default default] 10.0.0.240 "GET /v2.0/security-groups/e8d37089-1f56-4aeb-b580-b2f46628c0f4 HTTP/1.1" status: 404 len: 347 time: 0.0130248
2026-07-01 01:59:35.237 9 INFO neutron.wsgi [None req-18718ecb-82eb-459e-90b5-f54840607e47 6fcf34c4961644c6880b21b46873a86d 2007a6c78de743c3a6aa92a79777d8fb - - default default] 10.0.0.240 "PUT /v2.0/subnets/87b1d7d2-caf5-4c44-a465-81030bcbb560/tags HTTP/1.1" status: 200 len: 210 time: 0.0694332
2026-07-01 01:59:35.326 10 INFO neutron.wsgi [None req-9aefb667-78c9-4a1c-973c-af067000b725 6fcf34c4961644c6880b21b46873a86d 2007a6c78de743c3a6aa92a79777d8fb - - default default] 10.0.0.240 "PUT /v2.0/subnets/0ba9de7c-94e4-4d00-84f6-f11132642308/tags HTTP/1.1" status: 200 len: 218 time: 0.0839760
2026-07-01 01:59:35.432 9 INFO neutron.wsgi [None req-0790a234-58aa-4919-b201-334b5a73df2a 6fcf34c4961644c6880b21b46873a86d 2007a6c78de743c3a6aa92a79777d8fb - - default default] 10.0.0.240 "PUT /v2.0/subnets/b62a7928-7589-473c-9ff1-1f560b272ed7/tags HTTP/1.1" status: 200 len: 227 time: 0.0969324
2026-07-01 01:59:35.486 10 INFO neutron.wsgi [None req-58d0170b-639e-469a-be2d-284d96a665e7 6fcf34c4961644c6880b21b46873a86d 2007a6c78de743c3a6aa92a79777d8fb - - default default] 10.0.0.240 "PUT /v2.0/subnets/e240748b-d872-48cb-935e-0d634f09ccd6/tags HTTP/1.1" status: 200 len: 212 time: 0.0476546
2026-07-01 01:59:35.562 10 INFO neutron.wsgi [None req-d4a23344-2470-4668-9feb-288249ad960c 6fcf34c4961644c6880b21b46873a86d 2007a6c78de743c3a6aa92a79777d8fb - - default default] 10.0.0.240 "GET /v2.0/subnets?tags=red HTTP/1.1" status: 200 len: 2027 time: 0.0704007
2026-07-01 01:59:35.617 9 INFO neutron.wsgi [None req-87ecc5dc-1706-4d0a-9b94-2119b71137a7 4fb851779a154ca68209b4921987ecf0 acaba9b176b3428fa294d73ca63f2502 - - default default] 10.0.0.240 "DELETE /v2.0/floatingips/c780f00b-4efb-48e3-b966-6ded78bc3627 HTTP/1.1" status: 204 len: 168 time: 0.3814621
2026-07-01 01:59:35.623 10 INFO neutron.wsgi [None req-a0fd409a-c32c-43ca-b9fa-85bae03cd799 6fcf34c4961644c6880b21b46873a86d 2007a6c78de743c3a6aa92a79777d8fb - - default default] 10.0.0.240 "GET /v2.0/subnets?tags=red%2Cblue HTTP/1.1" status: 200 len: 1430 time: 0.0558689
2026-07-01 01:59:35.700 9 INFO neutron.wsgi [None req-4625364f-b890-4813-a3f4-7b964c26213b 6fcf34c4961644c6880b21b46873a86d 2007a6c78de743c3a6aa92a79777d8fb - - default default] 10.0.0.240 "GET /v2.0/subnets?tags-any=blue HTTP/1.1" status: 200 len: 1430 time: 0.0722542
2026-07-01 01:59:35.751 9 INFO neutron.wsgi [None req-0605e568-f86a-428e-878e-e2247b25a3ca 6fcf34c4961644c6880b21b46873a86d 2007a6c78de743c3a6aa92a79777d8fb - - default default] 10.0.0.240 "GET /v2.0/subnets?tags-any=red%2Cblue HTTP/1.1" status: 200 len: 2027 time: 0.0446937
2026-07-01 01:59:36.043 9 INFO neutron.wsgi [None req-c2e6b965-1494-4547-8609-89319f05474f 6fcf34c4961644c6880b21b46873a86d 2007a6c78de743c3a6aa92a79777d8fb - - default default] 10.0.0.240 "GET /v2.0/subnets?not-tags=red HTTP/1.1" status: 200 len: 2018 time: 0.2834525
2026-07-01 01:59:36.124 10 INFO neutron.db.ovn_revision_numbers_db [None req-a1d0b391-a972-4c78-9895-d25d635e8d33 db0d62f4f0ea4e89910377668fd8c84f 6340392e7cc244169c2c302ebf3aa645 - - default default] Successfully bumped revision number for resource 11315f25-d570-4139-8401-d5dd068a72a9 (type: security_groups) to 1
2026-07-01 01:59:36.133 9 INFO neutron.wsgi [None req-5b97055a-5a76-4929-8953-74d0d9d968f4 6fcf34c4961644c6880b21b46873a86d 2007a6c78de743c3a6aa92a79777d8fb - - default default] 10.0.0.240 "GET /v2.0/subnets?not-tags=red%2Cblue HTTP/1.1" status: 200 len: 2615 time: 0.0843921
2026-07-01 01:59:36.137 10 INFO neutron.db.ovn_revision_numbers_db [None req-a1d0b391-a972-4c78-9895-d25d635e8d33 db0d62f4f0ea4e89910377668fd8c84f 6340392e7cc244169c2c302ebf3aa645 - - default default] Successfully bumped revision number for resource 3b482ba2-1376-4a35-b191-a6516907122f (type: security_group_rules) to 0
2026-07-01 01:59:36.151 10 INFO neutron.db.ovn_revision_numbers_db [None req-a1d0b391-a972-4c78-9895-d25d635e8d33 db0d62f4f0ea4e89910377668fd8c84f 6340392e7cc244169c2c302ebf3aa645 - - default default] Successfully bumped revision number for resource 7f96ea4e-ffdc-496e-88e2-913c55937fbe (type: security_group_rules) to 0
2026-07-01 01:59:36.163 10 INFO neutron.db.ovn_revision_numbers_db [None req-a1d0b391-a972-4c78-9895-d25d635e8d33 db0d62f4f0ea4e89910377668fd8c84f 6340392e7cc244169c2c302ebf3aa645 - - default default] Successfully bumped revision number for resource 7fdc82a5-c2b9-4224-872e-073730b3d075 (type: security_group_rules) to 0
2026-07-01 01:59:36.177 10 INFO neutron.db.ovn_revision_numbers_db [None req-a1d0b391-a972-4c78-9895-d25d635e8d33 db0d62f4f0ea4e89910377668fd8c84f 6340392e7cc244169c2c302ebf3aa645 - - default default] Successfully bumped revision number for resource bd693365-5493-4a4c-912b-af3d1df2f73a (type: security_group_rules) to 0
2026-07-01 01:59:36.195 9 INFO neutron.wsgi [None req-7a94a0eb-ed68-43e6-b0b8-4429475046b5 6fcf34c4961644c6880b21b46873a86d 2007a6c78de743c3a6aa92a79777d8fb - - default default] 10.0.0.240 "GET /v2.0/subnets?not-tags-any=blue HTTP/1.1" status: 200 len: 2615 time: 0.0567760
2026-07-01 01:59:36.198 10 INFO neutron.wsgi [None req-a1d0b391-a972-4c78-9895-d25d635e8d33 db0d62f4f0ea4e89910377668fd8c84f 6340392e7cc244169c2c302ebf3aa645 - - default default] 10.0.0.240 "GET /v2.0/security-groups?tenant_id=98497ba0c2eb46788bd1b04ba871ed57&name=default HTTP/1.1" status: 200 len: 2996 time: 0.3522964
2026-07-01 01:59:36.254 10 INFO neutron.wsgi [None req-db06dbaa-4f76-497c-ae6d-e31a630d8d44 6fcf34c4961644c6880b21b46873a86d 2007a6c78de743c3a6aa92a79777d8fb - - default default] 10.0.0.240 "GET /v2.0/subnets?not-tags-any=red%2Cblue HTTP/1.1" status: 200 len: 2018 time: 0.0542719
2026-07-01 01:59:36.514 9 INFO neutron.notifiers.nova [-] Nova event matching ['req-accef228-cc15-4e88-bf91-93cd82a4eb3f'] response: {'server_uuid': '542b9eb7-cfde-49bb-afef-6a4058186478', 'name': 'network-vif-plugged', 'status': 'completed', 'tag': '00f48ac6-52db-45a8-986e-b82a5fe55274', 'code': 200}
2026-07-01 01:59:36.515 9 INFO neutron.notifiers.nova [-] Nova event matching ['req-accef228-cc15-4e88-bf91-93cd82a4eb3f'] response: {'server_uuid': '542b9eb7-cfde-49bb-afef-6a4058186478', 'name': 'network-vif-deleted', 'tag': '00f48ac6-52db-45a8-986e-b82a5fe55274', 'status': 'completed', 'code': 200}
2026-07-01 01:59:36.554 9 INFO neutron.wsgi [None req-2ddf1b78-5ea7-4fe5-801a-bf58d3388f88 db0d62f4f0ea4e89910377668fd8c84f 6340392e7cc244169c2c302ebf3aa645 - - default default] 10.0.0.240 "DELETE /v2.0/security-groups/11315f25-d570-4139-8401-d5dd068a72a9 HTTP/1.1" status: 204 len: 168 time: 0.3491275
2026-07-01 01:59:36.750 10 INFO neutron.wsgi [None req-db73e283-6e9f-4db1-a7fc-6c71df637eeb 6fcf34c4961644c6880b21b46873a86d 2007a6c78de743c3a6aa92a79777d8fb - - default default] 10.0.0.240 "DELETE /v2.0/subnets/87b1d7d2-caf5-4c44-a465-81030bcbb560 HTTP/1.1" status: 204 len: 168 time: 0.4904993
2026-07-01 01:59:36.894 9 INFO neutron.db.ovn_revision_numbers_db [None req-9008d0a2-efc7-4472-a989-01bbe05822f8 db0d62f4f0ea4e89910377668fd8c84f 6340392e7cc244169c2c302ebf3aa645 - - default default] Successfully bumped revision number for resource cb958acd-d17e-4b97-b32c-8c06b4e93da9 (type: security_groups) to 1
2026-07-01 01:59:36.926 9 INFO neutron.db.ovn_revision_numbers_db [None req-9008d0a2-efc7-4472-a989-01bbe05822f8 db0d62f4f0ea4e89910377668fd8c84f 6340392e7cc244169c2c302ebf3aa645 - - default default] Successfully bumped revision number for resource 1c3d0b63-d367-4975-a1e4-f8a17874200e (type: security_group_rules) to 0
2026-07-01 01:59:36.959 10 INFO neutron.wsgi [None req-3301a578-37b9-4082-aab5-88fbb5261fd4 6fcf34c4961644c6880b21b46873a86d 2007a6c78de743c3a6aa92a79777d8fb - - default default] 10.0.0.240 "DELETE /v2.0/subnets/0ba9de7c-94e4-4d00-84f6-f11132642308 HTTP/1.1" status: 204 len: 168 time: 0.2045951
2026-07-01 01:59:36.962 9 INFO neutron.db.ovn_revision_numbers_db [None req-9008d0a2-efc7-4472-a989-01bbe05822f8 db0d62f4f0ea4e89910377668fd8c84f 6340392e7cc244169c2c302ebf3aa645 - - default default] Successfully bumped revision number for resource 2b50806c-2a2d-4f48-bfb5-6715e476843d (type: security_group_rules) to 0
2026-07-01 01:59:36.992 9 INFO neutron.db.ovn_revision_numbers_db [None req-9008d0a2-efc7-4472-a989-01bbe05822f8 db0d62f4f0ea4e89910377668fd8c84f 6340392e7cc244169c2c302ebf3aa645 - - default default] Successfully bumped revision number for resource 4f7666f5-f337-4dc4-bf62-a71e7f8babe6 (type: security_group_rules) to 0
2026-07-01 01:59:37.011 9 INFO neutron.db.ovn_revision_numbers_db [None req-9008d0a2-efc7-4472-a989-01bbe05822f8 db0d62f4f0ea4e89910377668fd8c84f 6340392e7cc244169c2c302ebf3aa645 - - default default] Successfully bumped revision number for resource 641e64ab-6e31-4fab-9cfa-0967a38123a6 (type: security_group_rules) to 0
2026-07-01 01:59:37.062 9 INFO neutron.wsgi [None req-9008d0a2-efc7-4472-a989-01bbe05822f8 db0d62f4f0ea4e89910377668fd8c84f 6340392e7cc244169c2c302ebf3aa645 - - default default] 10.0.0.240 "GET /v2.0/security-groups?tenant_id=ce148a1fdb0d4ec88e5e1a8a2d12aed8&name=default HTTP/1.1" status: 200 len: 2996 time: 0.3946321
2026-07-01 01:59:37.187 10 INFO neutron.wsgi [None req-c3033cde-3126-4563-bb18-669441d7d0af 6fcf34c4961644c6880b21b46873a86d 2007a6c78de743c3a6aa92a79777d8fb - - default default] 10.0.0.240 "DELETE /v2.0/subnets/b62a7928-7589-473c-9ff1-1f560b272ed7 HTTP/1.1" status: 204 len: 168 time: 0.2235847
2026-07-01 01:59:37.295 9 INFO neutron.wsgi [None req-3f5fbf09-1778-459e-be6e-a98d4938ebbc db0d62f4f0ea4e89910377668fd8c84f 6340392e7cc244169c2c302ebf3aa645 - - default default] 10.0.0.240 "PUT /v2.0/routers/2400fcbc-160d-4f2e-886e-5d9f507a17e2/remove_router_interface HTTP/1.1" status: 200 len: 503 time: 1.6737065 /var/lib/openstack/lib/python3.10/site-packages/pycadf/identifier.py:71: UserWarning: Invalid uuid: neutron. To ensure interoperability, identifiers should be a valid uuid. warnings.warn(('Invalid uuid: %s. To ensure interoperability, '
2026-07-01 01:59:37.345 10 INFO neutron.wsgi [None req-abd64a99-5e87-4462-a0d8-730dbcdf86b9 db0d62f4f0ea4e89910377668fd8c84f 6340392e7cc244169c2c302ebf3aa645 - - default default] 10.0.0.240 "DELETE /v2.0/security-groups/cb958acd-d17e-4b97-b32c-8c06b4e93da9 HTTP/1.1" status: 204 len: 168 time: 0.2771752
2026-07-01 01:59:37.459 10 INFO neutron.wsgi [None req-56d4942e-2a97-439e-b914-cd5ab198d350 6fcf34c4961644c6880b21b46873a86d 2007a6c78de743c3a6aa92a79777d8fb - - default default] 10.0.0.240 "DELETE /v2.0/subnets/e240748b-d872-48cb-935e-0d634f09ccd6 HTTP/1.1" status: 204 len: 168 time: 0.2648859
2026-07-01 01:59:37.693 10 INFO neutron.wsgi [None req-55d87bbd-e10b-4c2f-9a61-f36abd402e43 6fcf34c4961644c6880b21b46873a86d 2007a6c78de743c3a6aa92a79777d8fb - - default default] 10.0.0.240 "DELETE /v2.0/subnets/ef4273e9-3de4-42df-bd65-df04a3b6c077 HTTP/1.1" status: 204 len: 168 time: 0.2285254
2026-07-01 01:59:38.052 10 INFO neutron.services.segments.plugin [-] Segment c2cfbaf4-f64f-43e9-814c-b71db081e27b resource provider aggregate not found
2026-07-01 01:59:38.055 10 INFO neutron.services.segments.plugin [-] Segment c2cfbaf4-f64f-43e9-814c-b71db081e27b resource provider aggregate not found
2026-07-01 01:59:38.070 10 INFO neutron.services.segments.plugin [-] Segment c2cfbaf4-f64f-43e9-814c-b71db081e27b resource provider not found; error: Placement Client Error (4xx): {"errors": [{"status": 404, "title": "Not Found", "detail": "The resource could not be found.\n\n No resource provider with uuid c2cfbaf4-f64f-43e9-814c-b71db081e27b found for delete ", "request_id": "req-ec4a839b-8f07-413b-b75f-a31fa45c08ce"}]}
2026-07-01 01:59:38.073 10 INFO neutron.services.segments.plugin [-] Segment c2cfbaf4-f64f-43e9-814c-b71db081e27b resource provider not found; error: Placement Client Error (4xx): {"errors": [{"status": 404, "title": "Not Found", "detail": "The resource could not be found.\n\n No resource provider with uuid c2cfbaf4-f64f-43e9-814c-b71db081e27b found for delete ", "request_id": "req-e22e43f8-7022-482d-9305-2280d75e1f3f"}]}
2026-07-01 01:59:38.086 10 INFO neutron.wsgi [None req-5798b34b-7e33-4ada-9cf0-8db826cdafd3 6fcf34c4961644c6880b21b46873a86d 2007a6c78de743c3a6aa92a79777d8fb - - default default] 10.0.0.240 "DELETE /v2.0/networks/13401409-f08a-40f5-8733-ebc20882d591 HTTP/1.1" status: 204 len: 168 time: 0.3887901
2026-07-01 01:59:38.273 9 INFO neutron.wsgi [None req-38135439-bf93-4e1f-9e79-6829efba8487 db0d62f4f0ea4e89910377668fd8c84f 6340392e7cc244169c2c302ebf3aa645 - - default default] 10.0.0.240 "PUT /v2.0/routers/c50b6317-7b96-44bf-a35c-8784ec81fb0b/remove_router_interface HTTP/1.1" status: 200 len: 503 time: 1.6516790
2026-07-01 01:59:38.592 9 INFO neutron.wsgi [None req-fc691e28-41bc-40fe-8d52-80b28d5444ca db0d62f4f0ea4e89910377668fd8c84f 6340392e7cc244169c2c302ebf3aa645 - - default default] 10.0.0.240 "DELETE /v2.0/routers/2400fcbc-160d-4f2e-886e-5d9f507a17e2 HTTP/1.1" status: 204 len: 168 time: 1.2848072 /var/lib/openstack/lib/python3.10/site-packages/pycadf/identifier.py:71: UserWarning: Invalid uuid: neutron. To ensure interoperability, identifiers should be a valid uuid. warnings.warn(('Invalid uuid: %s. To ensure interoperability, '
