2026-07-01 02:02:52.491 10 INFO neutron.wsgi [None req-a7d3a03f-fdfe-4e05-b4e3-8241a9c23fe2 db0d62f4f0ea4e89910377668fd8c84f 6340392e7cc244169c2c302ebf3aa645 - - default default] 10.0.0.3 "GET /v2.0/subnets HTTP/1.1" status: 200 len: 5496 time: 0.0458059
2026-07-01 02:02:52.594 10 INFO neutron.wsgi [None req-84bc8ed0-b978-4651-a0b4-7998970cb6b5 db0d62f4f0ea4e89910377668fd8c84f 6340392e7cc244169c2c302ebf3aa645 - - default default] 10.0.0.3 "GET /v2.0/ports HTTP/1.1" status: 200 len: 19913 time: 0.1000476
2026-07-01 02:02:52.621 10 INFO neutron.wsgi [None req-1e357525-2d4f-4720-9d87-1c885f38901a db0d62f4f0ea4e89910377668fd8c84f 6340392e7cc244169c2c302ebf3aa645 - - default default] 10.0.0.3 "GET /v2.0/agents HTTP/1.1" status: 200 len: 997 time: 0.0121984
2026-07-01 02:02:52.714 10 INFO neutron.wsgi [None req-a23bac56-78f5-405b-9dea-d9eb053774c0 db0d62f4f0ea4e89910377668fd8c84f 6340392e7cc244169c2c302ebf3aa645 - - default default] 10.0.0.3 "GET /v2.0/networks HTTP/1.1" status: 200 len: 4719 time: 0.0922318
2026-07-01 02:02:56.579 10 INFO neutron.wsgi [-] 10.0.0.133 "GET / HTTP/1.1" status: 200 len: 246 time: 0.0020537
2026-07-01 02:02:56.583 9 INFO neutron.wsgi [-] 10.0.0.133 "GET / HTTP/1.1" status: 200 len: 246 time: 0.0046456
2026-07-01 02:03:11.581 10 INFO neutron.wsgi [-] 10.0.0.133 "GET / HTTP/1.1" status: 200 len: 246 time: 0.0041270
2026-07-01 02:03:11.582 9 INFO neutron.wsgi [-] 10.0.0.133 "GET / HTTP/1.1" status: 200 len: 246 time: 0.0037768
2026-07-01 02:03:20.139 10 INFO neutron.wsgi [None req-a29449a6-c775-4928-af05-0635653cf892 db0d62f4f0ea4e89910377668fd8c84f 6340392e7cc244169c2c302ebf3aa645 - - default default] 199.204.45.109 "GET /v2.0/extensions/security-group HTTP/1.1" status: 200 len: 369 time: 0.0077536
2026-07-01 02:03:20.150 10 INFO neutron.wsgi [None req-13c0e354-b659-44cd-9c5f-0a671d553349 db0d62f4f0ea4e89910377668fd8c84f 6340392e7cc244169c2c302ebf3aa645 - - default default] 199.204.45.109 "GET /v2.0/extensions/dns-integration HTTP/1.1" status: 200 len: 371 time: 0.0048223
2026-07-01 02:03:20.160 10 INFO neutron.wsgi [None req-60388b88-dd5e-45ed-bd1c-ed8ea42a2861 db0d62f4f0ea4e89910377668fd8c84f 6340392e7cc244169c2c302ebf3aa645 - - default default] 199.204.45.109 "GET /v2.0/extensions/qos HTTP/1.1" status: 200 len: 365 time: 0.0041847
2026-07-01 02:03:20.169 10 INFO neutron.wsgi [None req-1cf419a8-25ec-4f45-b2db-aa6e5cacc910 db0d62f4f0ea4e89910377668fd8c84f 6340392e7cc244169c2c302ebf3aa645 - - default default] 199.204.45.109 "GET /v2.0/extensions/allowed-address-pairs HTTP/1.1" status: 200 len: 383 time: 0.0053272
2026-07-01 02:03:20.209 10 INFO neutron.wsgi [None req-c79467eb-a9e0-484c-8ba3-741c8d6a640d db0d62f4f0ea4e89910377668fd8c84f 6340392e7cc244169c2c302ebf3aa645 - - default default] 199.204.45.109 "GET /v2.0/subnets/a4bf6ff1-c62f-419a-a5d4-7fcfd4c6c283 HTTP/1.1" status: 200 len: 851 time: 0.0354490
2026-07-01 02:03:20.258 10 INFO neutron.wsgi [None req-f0a389e3-d81d-457b-b043-0a094750fdde db0d62f4f0ea4e89910377668fd8c84f 6340392e7cc244169c2c302ebf3aa645 - - default default] 199.204.45.109 "GET /v2.0/ports?device_id=3c48f870-1432-4169-a3cf-151673f95b1c HTTP/1.1" status: 200 len: 1417 time: 0.0372128
2026-07-01 02:03:20.587 10 WARNING neutron.scheduler.dhcp_agent_scheduler [None req-8c115f9a-5f0d-492c-92e7-e80a7a3c4f38 db0d62f4f0ea4e89910377668fd8c84f 6340392e7cc244169c2c302ebf3aa645 - - default default] No more DHCP agents
2026-07-01 02:03:20.590 10 WARNING neutron.api.rpc.agentnotifiers.dhcp_rpc_agent_api [None req-8c115f9a-5f0d-492c-92e7-e80a7a3c4f38 db0d62f4f0ea4e89910377668fd8c84f 6340392e7cc244169c2c302ebf3aa645 - - default default] Unable to schedule network edd4a6d1-d025-487f-b51f-867bbb0bdfd1: no agents available; will retry on subsequent port and subnet creation events.
2026-07-01 02:03:20.764 10 INFO neutron.db.ovn_revision_numbers_db [None req-8c115f9a-5f0d-492c-92e7-e80a7a3c4f38 db0d62f4f0ea4e89910377668fd8c84f 6340392e7cc244169c2c302ebf3aa645 - - default default] Successfully bumped revision number for resource 0e4a74ab-ae51-4abc-81db-6c11eabe4054 (type: ports) to 1
2026-07-01 02:03:20.787 10 INFO neutron.wsgi [None req-8c115f9a-5f0d-492c-92e7-e80a7a3c4f38 db0d62f4f0ea4e89910377668fd8c84f 6340392e7cc244169c2c302ebf3aa645 - - default default] 199.204.45.109 "POST /v2.0/ports HTTP/1.1" status: 201 len: 1302 time: 0.5213983 /var/lib/openstack/lib/python3.10/site-packages/pycadf/identifier.py:71: UserWarning: Invalid uuid: neutron. To ensure interoperability, identifiers should be a valid uuid. warnings.warn(('Invalid uuid: %s. To ensure interoperability, '
2026-07-01 02:03:20.873 10 INFO neutron.wsgi [req-e2a66717-da5f-4e75-9c22-d7b83956de1d req-9f850487-32b2-438b-9370-80b9523df8f9 db0d62f4f0ea4e89910377668fd8c84f 6340392e7cc244169c2c302ebf3aa645 - - default default] 10.0.0.34 "GET /v2.0/ports/0e4a74ab-ae51-4abc-81db-6c11eabe4054 HTTP/1.1" status: 200 len: 1297 time: 0.0341301
2026-07-01 02:03:20.887 10 INFO neutron.wsgi [req-e2a66717-da5f-4e75-9c22-d7b83956de1d req-ed209452-0e8d-4a45-956c-d975456cdbdf db0d62f4f0ea4e89910377668fd8c84f 6340392e7cc244169c2c302ebf3aa645 - - default default] 10.0.0.34 "GET /v2.0/extensions HTTP/1.1" status: 200 len: 16980 time: 0.0062764
2026-07-01 02:03:21.084 9 INFO neutron.wsgi [req-e2a66717-da5f-4e75-9c22-d7b83956de1d req-9594d57c-4ec3-4c88-8e21-28a4c315e8dc da75f5ee220e408fa32f83ef5b1bbfab 329dfaf3a96b46f7b8a09571de8d9f51 - - b0811726392a4530b89972dbf1b46816 b0811726392a4530b89972dbf1b46816] 199.204.45.109 "GET /v2.0/ports/0e4a74ab-ae51-4abc-81db-6c11eabe4054?fields=binding%3Avnic_type&fields=binding%3Aprofile&fields=network_id&fields=resource_request&fields=numa_affinity_policy&fields=device_profile HTTP/1.1" status: 200 len: 335 time: 0.1256320
2026-07-01 02:03:21.153 9 INFO neutron.wsgi [req-e2a66717-da5f-4e75-9c22-d7b83956de1d req-81305049-56b6-43ac-b028-529110661997 da75f5ee220e408fa32f83ef5b1bbfab 329dfaf3a96b46f7b8a09571de8d9f51 - - b0811726392a4530b89972dbf1b46816 b0811726392a4530b89972dbf1b46816] 199.204.45.109 "GET /v2.0/networks/edd4a6d1-d025-487f-b51f-867bbb0bdfd1?fields=segments HTTP/1.1" status: 200 len: 212 time: 0.0626504
2026-07-01 02:03:21.220 9 INFO neutron.wsgi [req-e2a66717-da5f-4e75-9c22-d7b83956de1d req-04a75be4-9ffd-4a81-a375-3ef931c6b192 da75f5ee220e408fa32f83ef5b1bbfab 329dfaf3a96b46f7b8a09571de8d9f51 - - b0811726392a4530b89972dbf1b46816 b0811726392a4530b89972dbf1b46816] 199.204.45.109 "GET /v2.0/networks/edd4a6d1-d025-487f-b51f-867bbb0bdfd1?fields=provider%3Aphysical_network&fields=provider%3Anetwork_type HTTP/1.1" status: 200 len: 277 time: 0.0589471
2026-07-01 02:03:21.274 9 INFO neutron.wsgi [req-e2a66717-da5f-4e75-9c22-d7b83956de1d req-f3e8f1e4-a55a-49ea-8953-a813201d4904 da75f5ee220e408fa32f83ef5b1bbfab 329dfaf3a96b46f7b8a09571de8d9f51 - - b0811726392a4530b89972dbf1b46816 b0811726392a4530b89972dbf1b46816] 199.204.45.109 "GET /v2.0/ports/0e4a74ab-ae51-4abc-81db-6c11eabe4054 HTTP/1.1" status: 200 len: 1297 time: 0.0336800
2026-07-01 02:03:21.371 9 INFO neutron.wsgi [req-e2a66717-da5f-4e75-9c22-d7b83956de1d req-a5a9714d-bf7f-4736-baea-5bdb2be9c6f2 db0d62f4f0ea4e89910377668fd8c84f 6340392e7cc244169c2c302ebf3aa645 - - default default] 199.204.45.109 "GET /v2.0/networks?id=edd4a6d1-d025-487f-b51f-867bbb0bdfd1 HTTP/1.1" status: 200 len: 1005 time: 0.0912328
2026-07-01 02:03:21.810 9 INFO neutron.db.ovn_revision_numbers_db [req-e2a66717-da5f-4e75-9c22-d7b83956de1d req-2e1ad1ec-6e01-47d7-8a89-cfe2e0e9fa1b da75f5ee220e408fa32f83ef5b1bbfab 329dfaf3a96b46f7b8a09571de8d9f51 - - b0811726392a4530b89972dbf1b46816 b0811726392a4530b89972dbf1b46816] Successfully bumped revision number for resource 0e4a74ab-ae51-4abc-81db-6c11eabe4054 (type: ports) to 2
2026-07-01 02:03:22.035 9 INFO neutron.db.ovn_revision_numbers_db [req-e2a66717-da5f-4e75-9c22-d7b83956de1d req-2e1ad1ec-6e01-47d7-8a89-cfe2e0e9fa1b da75f5ee220e408fa32f83ef5b1bbfab 329dfaf3a96b46f7b8a09571de8d9f51 - - b0811726392a4530b89972dbf1b46816 b0811726392a4530b89972dbf1b46816] Successfully bumped revision number for resource 0e4a74ab-ae51-4abc-81db-6c11eabe4054 (type: ports) to 2
2026-07-01 02:03:22.053 9 INFO neutron.wsgi [req-e2a66717-da5f-4e75-9c22-d7b83956de1d req-2e1ad1ec-6e01-47d7-8a89-cfe2e0e9fa1b da75f5ee220e408fa32f83ef5b1bbfab 329dfaf3a96b46f7b8a09571de8d9f51 - - b0811726392a4530b89972dbf1b46816 b0811726392a4530b89972dbf1b46816] 199.204.45.109 "PUT /v2.0/ports/0e4a74ab-ae51-4abc-81db-6c11eabe4054 HTTP/1.1" status: 200 len: 1428 time: 0.6729040 /var/lib/openstack/lib/python3.10/site-packages/pycadf/identifier.py:71: UserWarning: Invalid uuid: neutron. To ensure interoperability, identifiers should be a valid uuid. warnings.warn(('Invalid uuid: %s. To ensure interoperability, '
2026-07-01 02:03:22.137 9 INFO neutron.wsgi [req-e2a66717-da5f-4e75-9c22-d7b83956de1d req-38b74019-bc3a-494f-9400-5e81a8eeb554 da75f5ee220e408fa32f83ef5b1bbfab 329dfaf3a96b46f7b8a09571de8d9f51 - - b0811726392a4530b89972dbf1b46816 b0811726392a4530b89972dbf1b46816] 199.204.45.109 "GET /v2.0/ports?tenant_id=6340392e7cc244169c2c302ebf3aa645&device_id=3c48f870-1432-4169-a3cf-151673f95b1c HTTP/1.1" status: 200 len: 2665 time: 0.0468278
2026-07-01 02:03:22.145 9 INFO neutron.notifiers.nova [-] Nova event matching ['req-2fc422b5-2fd5-4a87-9879-c01309cb75c7'] response: {'name': 'network-changed', 'server_uuid': '3c48f870-1432-4169-a3cf-151673f95b1c', 'tag': '0e4a74ab-ae51-4abc-81db-6c11eabe4054', 'status': 'completed', 'code': 200}
2026-07-01 02:03:22.174 9 INFO neutron.wsgi [req-e2a66717-da5f-4e75-9c22-d7b83956de1d req-52c3ef50-cb0b-4ceb-a13b-55135883693b da75f5ee220e408fa32f83ef5b1bbfab 329dfaf3a96b46f7b8a09571de8d9f51 - - b0811726392a4530b89972dbf1b46816 b0811726392a4530b89972dbf1b46816] 199.204.45.109 "GET /v2.0/floatingips?fixed_ip_address=172.24.2.141&port_id=0d047e4c-786a-4aa8-a8a7-f5397c280a9f HTTP/1.1" status: 200 len: 217 time: 0.0281847
2026-07-01 02:03:22.214 9 INFO neutron.wsgi [req-e2a66717-da5f-4e75-9c22-d7b83956de1d req-878d80af-932c-43ed-955a-0c699ee8fc49 da75f5ee220e408fa32f83ef5b1bbfab 329dfaf3a96b46f7b8a09571de8d9f51 - - b0811726392a4530b89972dbf1b46816 b0811726392a4530b89972dbf1b46816] 199.204.45.109 "GET /v2.0/subnets?id=0011a067-2fac-4ab3-b5bc-08ed977b9935 HTTP/1.1" status: 200 len: 829 time: 0.0337095
2026-07-01 02:03:22.252 9 INFO neutron.wsgi [req-e2a66717-da5f-4e75-9c22-d7b83956de1d req-f972ddd7-e815-41d8-b723-6e046a32f1a8 da75f5ee220e408fa32f83ef5b1bbfab 329dfaf3a96b46f7b8a09571de8d9f51 - - b0811726392a4530b89972dbf1b46816 b0811726392a4530b89972dbf1b46816] 199.204.45.109 "GET /v2.0/ports?network_id=e1e6c6da-e597-44ec-bbfd-325626b21d19&device_owner=network%3Adhcp HTTP/1.1" status: 200 len: 210 time: 0.0313385
2026-07-01 02:03:22.337 9 INFO neutron.wsgi [req-e2a66717-da5f-4e75-9c22-d7b83956de1d req-a692224b-2360-4623-b4d4-5ad700dd7b1a da75f5ee220e408fa32f83ef5b1bbfab 329dfaf3a96b46f7b8a09571de8d9f51 - - b0811726392a4530b89972dbf1b46816 b0811726392a4530b89972dbf1b46816] 199.204.45.109 "GET /v2.0/networks/e1e6c6da-e597-44ec-bbfd-325626b21d19?fields=segments HTTP/1.1" status: 200 len: 212 time: 0.0775700
2026-07-01 02:03:22.424 9 INFO neutron.wsgi [req-e2a66717-da5f-4e75-9c22-d7b83956de1d req-0d8bf47f-0c9e-476a-8dbc-be5d372f14f1 da75f5ee220e408fa32f83ef5b1bbfab 329dfaf3a96b46f7b8a09571de8d9f51 - - b0811726392a4530b89972dbf1b46816 b0811726392a4530b89972dbf1b46816] 199.204.45.109 "GET /v2.0/networks/e1e6c6da-e597-44ec-bbfd-325626b21d19?fields=provider%3Aphysical_network&fields=provider%3Anetwork_type HTTP/1.1" status: 200 len: 277 time: 0.0763628
2026-07-01 02:03:22.452 9 INFO neutron.wsgi [req-e2a66717-da5f-4e75-9c22-d7b83956de1d req-f0d32e98-bb4b-4003-80ab-b25da0a87c28 da75f5ee220e408fa32f83ef5b1bbfab 329dfaf3a96b46f7b8a09571de8d9f51 - - b0811726392a4530b89972dbf1b46816 b0811726392a4530b89972dbf1b46816] 199.204.45.109 "GET /v2.0/floatingips?fixed_ip_address=10.1.1.108&port_id=0e4a74ab-ae51-4abc-81db-6c11eabe4054 HTTP/1.1" status: 200 len: 217 time: 0.0216315
2026-07-01 02:03:22.492 9 INFO neutron.wsgi [req-e2a66717-da5f-4e75-9c22-d7b83956de1d req-92fc9165-4c40-4caf-b64e-04a505592762 da75f5ee220e408fa32f83ef5b1bbfab 329dfaf3a96b46f7b8a09571de8d9f51 - - b0811726392a4530b89972dbf1b46816 b0811726392a4530b89972dbf1b46816] 199.204.45.109 "GET /v2.0/subnets?id=a4bf6ff1-c62f-419a-a5d4-7fcfd4c6c283 HTTP/1.1" status: 200 len: 854 time: 0.0334773
2026-07-01 02:03:22.517 9 INFO neutron.wsgi [req-e2a66717-da5f-4e75-9c22-d7b83956de1d req-49524edd-322c-4241-b0e6-08b31231ec46 da75f5ee220e408fa32f83ef5b1bbfab 329dfaf3a96b46f7b8a09571de8d9f51 - - b0811726392a4530b89972dbf1b46816 b0811726392a4530b89972dbf1b46816] 199.204.45.109 "GET /v2.0/ports?network_id=edd4a6d1-d025-487f-b51f-867bbb0bdfd1&device_owner=network%3Adhcp HTTP/1.1" status: 200 len: 210 time: 0.0185156
2026-07-01 02:03:22.574 9 INFO neutron.wsgi [req-e2a66717-da5f-4e75-9c22-d7b83956de1d req-ffb40ec7-9763-404a-8420-dbb567d57af5 da75f5ee220e408fa32f83ef5b1bbfab 329dfaf3a96b46f7b8a09571de8d9f51 - - b0811726392a4530b89972dbf1b46816 b0811726392a4530b89972dbf1b46816] 199.204.45.109 "GET /v2.0/networks/edd4a6d1-d025-487f-b51f-867bbb0bdfd1?fields=segments HTTP/1.1" status: 200 len: 212 time: 0.0507567
2026-07-01 02:03:22.648 9 INFO neutron.wsgi [req-e2a66717-da5f-4e75-9c22-d7b83956de1d req-b430001d-b89c-4e8e-b272-d44c75287ef7 da75f5ee220e408fa32f83ef5b1bbfab 329dfaf3a96b46f7b8a09571de8d9f51 - - b0811726392a4530b89972dbf1b46816 b0811726392a4530b89972dbf1b46816] 199.204.45.109 "GET /v2.0/networks/edd4a6d1-d025-487f-b51f-867bbb0bdfd1?fields=provider%3Aphysical_network&fields=provider%3Anetwork_type HTTP/1.1" status: 200 len: 277 time: 0.0676925
2026-07-01 02:03:22.744 10 INFO neutron.plugins.ml2.drivers.ovn.mech_driver.mech_driver [None req-12efca80-85e1-4cd3-9fde-19274a80a8e8 - - - - - -] OVN reports status up for port: 0e4a74ab-ae51-4abc-81db-6c11eabe4054
2026-07-01 02:03:22.745 9 INFO neutron.wsgi [req-d48898b7-1699-42a9-bb08-18a75f65ab63 req-7929bb2e-9067-4643-bff0-0382b59a852b da75f5ee220e408fa32f83ef5b1bbfab 329dfaf3a96b46f7b8a09571de8d9f51 - - b0811726392a4530b89972dbf1b46816 b0811726392a4530b89972dbf1b46816] 199.204.45.109 "GET /v2.0/ports?tenant_id=6340392e7cc244169c2c302ebf3aa645&device_id=3c48f870-1432-4169-a3cf-151673f95b1c HTTP/1.1" status: 200 len: 2665 time: 0.0514550
2026-07-01 02:03:22.757 10 INFO neutron.plugins.ml2.plugin [None req-12efca80-85e1-4cd3-9fde-19274a80a8e8 - - - - - -] Attempt 1 to provision port 0e4a74ab-ae51-4abc-81db-6c11eabe4054
2026-07-01 02:03:22.807 9 INFO neutron.wsgi [req-d48898b7-1699-42a9-bb08-18a75f65ab63 req-a42fe599-f564-4409-af44-8d6edf8ca8c2 da75f5ee220e408fa32f83ef5b1bbfab 329dfaf3a96b46f7b8a09571de8d9f51 - - b0811726392a4530b89972dbf1b46816 b0811726392a4530b89972dbf1b46816] 199.204.45.109 "GET /v2.0/networks?id=edd4a6d1-d025-487f-b51f-867bbb0bdfd1 HTTP/1.1" status: 200 len: 1005 time: 0.0545404
2026-07-01 02:03:22.842 9 INFO neutron.wsgi [req-d48898b7-1699-42a9-bb08-18a75f65ab63 req-efa2e852-d2cc-4cf9-ae66-14695307c651 da75f5ee220e408fa32f83ef5b1bbfab 329dfaf3a96b46f7b8a09571de8d9f51 - - b0811726392a4530b89972dbf1b46816 b0811726392a4530b89972dbf1b46816] 199.204.45.109 "GET /v2.0/floatingips?fixed_ip_address=10.1.1.108&port_id=0e4a74ab-ae51-4abc-81db-6c11eabe4054 HTTP/1.1" status: 200 len: 217 time: 0.0268338
2026-07-01 02:03:22.890 9 INFO neutron.wsgi [req-d48898b7-1699-42a9-bb08-18a75f65ab63 req-061e85d1-8c86-4d8b-9315-3cf3940feba1 da75f5ee220e408fa32f83ef5b1bbfab 329dfaf3a96b46f7b8a09571de8d9f51 - - b0811726392a4530b89972dbf1b46816 b0811726392a4530b89972dbf1b46816] 199.204.45.109 "GET /v2.0/subnets?id=a4bf6ff1-c62f-419a-a5d4-7fcfd4c6c283 HTTP/1.1" status: 200 len: 854 time: 0.0394201
2026-07-01 02:03:22.917 9 INFO neutron.wsgi [req-d48898b7-1699-42a9-bb08-18a75f65ab63 req-3b9fa904-464b-4850-929a-7071a4042121 da75f5ee220e408fa32f83ef5b1bbfab 329dfaf3a96b46f7b8a09571de8d9f51 - - b0811726392a4530b89972dbf1b46816 b0811726392a4530b89972dbf1b46816] 199.204.45.109 "GET /v2.0/ports?network_id=edd4a6d1-d025-487f-b51f-867bbb0bdfd1&device_owner=network%3Adhcp HTTP/1.1" status: 200 len: 210 time: 0.0203743
2026-07-01 02:03:22.934 10 INFO neutron.notifiers.nova [-] Nova event matching ['req-e117242f-dbca-456b-8396-301b99998d6a'] response: {'server_uuid': '3c48f870-1432-4169-a3cf-151673f95b1c', 'name': 'network-vif-plugged', 'status': 'completed', 'tag': '0e4a74ab-ae51-4abc-81db-6c11eabe4054', 'code': 200}
2026-07-01 02:03:22.956 10 INFO neutron.wsgi [req-e2a66717-da5f-4e75-9c22-d7b83956de1d req-96b74a52-ba22-440c-a0b5-90b9d744d9c3 db0d62f4f0ea4e89910377668fd8c84f 6340392e7cc244169c2c302ebf3aa645 - - default default] 10.0.0.34 "GET /v2.0/ports/0e4a74ab-ae51-4abc-81db-6c11eabe4054 HTTP/1.1" status: 200 len: 1458 time: 0.0417354
2026-07-01 02:03:22.977 9 INFO neutron.wsgi [req-d48898b7-1699-42a9-bb08-18a75f65ab63 req-3751897f-4153-4e77-9c33-9f4d1cd8d3ad da75f5ee220e408fa32f83ef5b1bbfab 329dfaf3a96b46f7b8a09571de8d9f51 - - b0811726392a4530b89972dbf1b46816 b0811726392a4530b89972dbf1b46816] 199.204.45.109 "GET /v2.0/networks/edd4a6d1-d025-487f-b51f-867bbb0bdfd1?fields=segments HTTP/1.1" status: 200 len: 212 time: 0.0552220
2026-07-01 02:03:23.041 9 INFO neutron.wsgi [req-d48898b7-1699-42a9-bb08-18a75f65ab63 req-a49a417d-5f21-4fd2-b673-a4dd90834f60 da75f5ee220e408fa32f83ef5b1bbfab 329dfaf3a96b46f7b8a09571de8d9f51 - - b0811726392a4530b89972dbf1b46816 b0811726392a4530b89972dbf1b46816] 199.204.45.109 "GET /v2.0/networks/edd4a6d1-d025-487f-b51f-867bbb0bdfd1?fields=provider%3Aphysical_network&fields=provider%3Anetwork_type HTTP/1.1" status: 200 len: 277 time: 0.0542591
2026-07-01 02:03:23.132 10 INFO neutron.db.ovn_revision_numbers_db [None req-12efca80-85e1-4cd3-9fde-19274a80a8e8 - - - - - -] Successfully bumped revision number for resource 0e4a74ab-ae51-4abc-81db-6c11eabe4054 (type: ports) to 4
2026-07-01 02:03:23.418 10 INFO neutron.db.ovn_revision_numbers_db [None req-6b13cb71-70f6-4e3e-9519-f9b4b82f6641 db0d62f4f0ea4e89910377668fd8c84f 6340392e7cc244169c2c302ebf3aa645 - - default default] Successfully bumped revision number for resource 0e4a74ab-ae51-4abc-81db-6c11eabe4054 (type: ports) to 5
2026-07-01 02:03:23.432 10 INFO neutron.wsgi [None req-6b13cb71-70f6-4e3e-9519-f9b4b82f6641 db0d62f4f0ea4e89910377668fd8c84f 6340392e7cc244169c2c302ebf3aa645 - - default default] 199.204.45.109 "PUT /v2.0/ports/0e4a74ab-ae51-4abc-81db-6c11eabe4054 HTTP/1.1" status: 200 len: 1491 time: 0.4663427 /var/lib/openstack/lib/python3.10/site-packages/pycadf/identifier.py:71: UserWarning: Invalid uuid: neutron. To ensure interoperability, identifiers should be a valid uuid. warnings.warn(('Invalid uuid: %s. To ensure interoperability, '
2026-07-01 02:03:23.448 10 INFO neutron.api.v2.resource [None req-ee0f8113-0295-4b8c-bcd5-63e787bcf852 db0d62f4f0ea4e89910377668fd8c84f 6340392e7cc244169c2c302ebf3aa645 - - default default] show failed (client error): The resource could not be found.
2026-07-01 02:03:23.449 10 INFO neutron.wsgi [None req-ee0f8113-0295-4b8c-bcd5-63e787bcf852 db0d62f4f0ea4e89910377668fd8c84f 6340392e7cc244169c2c302ebf3aa645 - - default default] 199.204.45.109 "GET /v2.0/security-groups/lb-3a8d7474-6661-4b0b-91ef-fab530ff53b6 HTTP/1.1" status: 404 len: 355 time: 0.0100589
2026-07-01 02:03:23.486 10 INFO neutron.wsgi [None req-72cd535b-df7c-4450-ae92-cee43f5575a7 db0d62f4f0ea4e89910377668fd8c84f 6340392e7cc244169c2c302ebf3aa645 - - default default] 199.204.45.109 "GET /v2.0/security-groups?name=lb-3a8d7474-6661-4b0b-91ef-fab530ff53b6 HTTP/1.1" status: 200 len: 1777 time: 0.0338001
2026-07-01 02:03:23.790 10 INFO neutron.db.ovn_revision_numbers_db [None req-ee3f2e54-e609-4742-80f4-a96a26a45432 db0d62f4f0ea4e89910377668fd8c84f 6340392e7cc244169c2c302ebf3aa645 - - default default] Successfully bumped revision number for resource 0e4a74ab-ae51-4abc-81db-6c11eabe4054 (type: ports) to 6
2026-07-01 02:03:23.802 10 INFO neutron.wsgi [None req-ee3f2e54-e609-4742-80f4-a96a26a45432 db0d62f4f0ea4e89910377668fd8c84f 6340392e7cc244169c2c302ebf3aa645 - - default default] 199.204.45.109 "PUT /v2.0/ports/0e4a74ab-ae51-4abc-81db-6c11eabe4054 HTTP/1.1" status: 200 len: 1491 time: 0.3106833 /var/lib/openstack/lib/python3.10/site-packages/pycadf/identifier.py:71: UserWarning: Invalid uuid: neutron. To ensure interoperability, identifiers should be a valid uuid. warnings.warn(('Invalid uuid: %s. To ensure interoperability, '
2026-07-01 02:03:24.010 10 INFO neutron.wsgi [None req-1de8f573-1b82-4892-b078-12d9988d0be4 db0d62f4f0ea4e89910377668fd8c84f 6340392e7cc244169c2c302ebf3aa645 - - default default] 199.204.45.109 "GET /v2.0/extensions/security-group HTTP/1.1" status: 200 len: 369 time: 0.0079768
2026-07-01 02:03:24.016 10 INFO neutron.wsgi [None req-656628ef-b650-45c0-96d3-d05f9212e8ba db0d62f4f0ea4e89910377668fd8c84f 6340392e7cc244169c2c302ebf3aa645 - - default default] 199.204.45.109 "GET /v2.0/extensions/dns-integration HTTP/1.1" status: 200 len: 371 time: 0.0030797
2026-07-01 02:03:24.024 10 INFO neutron.wsgi [None req-975faff8-fe90-496b-af40-ff1ea2cc9a06 db0d62f4f0ea4e89910377668fd8c84f 6340392e7cc244169c2c302ebf3aa645 - - default default] 199.204.45.109 "GET /v2.0/extensions/qos HTTP/1.1" status: 200 len: 365 time: 0.0041950
2026-07-01 02:03:24.032 10 INFO neutron.wsgi [None req-c28803ec-9738-4299-9d31-3dab8f0df14b db0d62f4f0ea4e89910377668fd8c84f 6340392e7cc244169c2c302ebf3aa645 - - default default] 199.204.45.109 "GET /v2.0/extensions/allowed-address-pairs HTTP/1.1" status: 200 len: 383 time: 0.0041113
2026-07-01 02:03:24.076 10 INFO neutron.wsgi [None req-6af01135-c88f-47d5-927e-27f5ca1fa072 db0d62f4f0ea4e89910377668fd8c84f 6340392e7cc244169c2c302ebf3aa645 - - default default] 199.204.45.109 "GET /v2.0/subnets/a4bf6ff1-c62f-419a-a5d4-7fcfd4c6c283 HTTP/1.1" status: 200 len: 851 time: 0.0381052
2026-07-01 02:03:24.112 10 INFO neutron.wsgi [None req-56b4ed2f-73c4-46ce-a3bd-421e7b5670c2 db0d62f4f0ea4e89910377668fd8c84f 6340392e7cc244169c2c302ebf3aa645 - - default default] 199.204.45.109 "GET /v2.0/ports/9b34e573-0dcd-46c1-a3f4-c5130fc6d21a HTTP/1.1" status: 200 len: 1332 time: 0.0302372
2026-07-01 02:03:24.164 10 INFO neutron.wsgi [None req-7a74436f-3812-4d49-92ab-5d25257dbb8e db0d62f4f0ea4e89910377668fd8c84f 6340392e7cc244169c2c302ebf3aa645 - - default default] 199.204.45.109 "GET /v2.0/ports/0e4a74ab-ae51-4abc-81db-6c11eabe4054 HTTP/1.1" status: 200 len: 1519 time: 0.0425003
2026-07-01 02:03:24.212 10 INFO neutron.wsgi [None req-b0cc5282-40ad-4c6b-bce6-e9c72046dc18 db0d62f4f0ea4e89910377668fd8c84f 6340392e7cc244169c2c302ebf3aa645 - - default default] 199.204.45.109 "GET /v2.0/subnets/a4bf6ff1-c62f-419a-a5d4-7fcfd4c6c283 HTTP/1.1" status: 200 len: 851 time: 0.0377529
2026-07-01 02:03:24.282 10 INFO neutron.wsgi [None req-80a480b6-eadc-4ba7-bf8e-eab73057c1ed db0d62f4f0ea4e89910377668fd8c84f 6340392e7cc244169c2c302ebf3aa645 - - default default] 199.204.45.109 "GET /v2.0/networks/edd4a6d1-d025-487f-b51f-867bbb0bdfd1 HTTP/1.1" status: 200 len: 1002 time: 0.0640020
2026-07-01 02:03:24.329 10 INFO neutron.wsgi [None req-7fe86298-b9ad-40a7-ac80-6ceba7fde80f db0d62f4f0ea4e89910377668fd8c84f 6340392e7cc244169c2c302ebf3aa645 - - default default] 199.204.45.109 "GET /v2.0/ports/9b34e573-0dcd-46c1-a3f4-c5130fc6d21a HTTP/1.1" status: 200 len: 1332 time: 0.0307400
2026-07-01 02:03:24.379 10 INFO neutron.wsgi [None req-045cfb06-23eb-4c7d-9247-f811bc8b7de1 db0d62f4f0ea4e89910377668fd8c84f 6340392e7cc244169c2c302ebf3aa645 - - default default] 199.204.45.109 "GET /v2.0/subnets/a4bf6ff1-c62f-419a-a5d4-7fcfd4c6c283 HTTP/1.1" status: 200 len: 851 time: 0.0415239
2026-07-01 02:03:24.975 10 INFO neutron.notifiers.nova [-] Nova event matching ['req-e4fb184b-3012-4081-bba9-2ac39d3b6254'] response: {'server_uuid': '3c48f870-1432-4169-a3cf-151673f95b1c', 'name': 'network-vif-plugged', 'status': 'completed', 'tag': '0e4a74ab-ae51-4abc-81db-6c11eabe4054', 'code': 200}
2026-07-01 02:03:24.976 10 INFO neutron.notifiers.nova [-] Nova event matching ['req-e4fb184b-3012-4081-bba9-2ac39d3b6254'] response: {'name': 'network-changed', 'server_uuid': '3c48f870-1432-4169-a3cf-151673f95b1c', 'tag': '0e4a74ab-ae51-4abc-81db-6c11eabe4054', 'status': 'completed', 'code': 200}
2026-07-01 02:03:24.976 10 INFO neutron.notifiers.nova [-] Nova event matching ['req-e4fb184b-3012-4081-bba9-2ac39d3b6254'] response: {'name': 'network-changed', 'server_uuid': '3c48f870-1432-4169-a3cf-151673f95b1c', 'tag': '0e4a74ab-ae51-4abc-81db-6c11eabe4054', 'status': 'completed', 'code': 200}
2026-07-01 02:03:25.067 9 INFO neutron.wsgi [req-41a76f26-12a6-4e96-97f1-2170675849a1 req-76bc98ab-59af-4296-abd1-47586cdae534 da75f5ee220e408fa32f83ef5b1bbfab 329dfaf3a96b46f7b8a09571de8d9f51 - - b0811726392a4530b89972dbf1b46816 b0811726392a4530b89972dbf1b46816] 199.204.45.109 "GET /v2.0/ports?tenant_id=6340392e7cc244169c2c302ebf3aa645&device_id=3c48f870-1432-4169-a3cf-151673f95b1c HTTP/1.1" status: 200 len: 2728 time: 0.0427837
2026-07-01 02:03:25.135 9 INFO neutron.wsgi [req-41a76f26-12a6-4e96-97f1-2170675849a1 req-33877b27-3be3-4f5c-a9d9-8c452d2f1539 da75f5ee220e408fa32f83ef5b1bbfab 329dfaf3a96b46f7b8a09571de8d9f51 - - b0811726392a4530b89972dbf1b46816 b0811726392a4530b89972dbf1b46816] 199.204.45.109 "GET /v2.0/networks?id=edd4a6d1-d025-487f-b51f-867bbb0bdfd1 HTTP/1.1" status: 200 len: 1005 time: 0.0611832
2026-07-01 02:03:25.163 9 INFO neutron.wsgi [req-41a76f26-12a6-4e96-97f1-2170675849a1 req-8f20cf7c-5963-404c-b7fc-775c541149dc da75f5ee220e408fa32f83ef5b1bbfab 329dfaf3a96b46f7b8a09571de8d9f51 - - b0811726392a4530b89972dbf1b46816 b0811726392a4530b89972dbf1b46816] 199.204.45.109 "GET /v2.0/floatingips?fixed_ip_address=10.1.1.108&port_id=0e4a74ab-ae51-4abc-81db-6c11eabe4054 HTTP/1.1" status: 200 len: 217 time: 0.0219274
2026-07-01 02:03:25.201 9 INFO neutron.wsgi [req-41a76f26-12a6-4e96-97f1-2170675849a1 req-1fe6a767-4d46-47c6-a367-fd43d177b13b da75f5ee220e408fa32f83ef5b1bbfab 329dfaf3a96b46f7b8a09571de8d9f51 - - b0811726392a4530b89972dbf1b46816 b0811726392a4530b89972dbf1b46816] 199.204.45.109 "GET /v2.0/subnets?id=a4bf6ff1-c62f-419a-a5d4-7fcfd4c6c283 HTTP/1.1" status: 200 len: 854 time: 0.0313265
2026-07-01 02:03:25.226 9 INFO neutron.wsgi [req-41a76f26-12a6-4e96-97f1-2170675849a1 req-69ed67f8-de8d-40f0-a0fb-324c4cd915a2 da75f5ee220e408fa32f83ef5b1bbfab 329dfaf3a96b46f7b8a09571de8d9f51 - - b0811726392a4530b89972dbf1b46816 b0811726392a4530b89972dbf1b46816] 199.204.45.109 "GET /v2.0/ports?network_id=edd4a6d1-d025-487f-b51f-867bbb0bdfd1&device_owner=network%3Adhcp HTTP/1.1" status: 200 len: 210 time: 0.0189242
2026-07-01 02:03:25.306 9 INFO neutron.wsgi [req-41a76f26-12a6-4e96-97f1-2170675849a1 req-648f7b2e-7a78-4688-8b72-e54b9968c625 da75f5ee220e408fa32f83ef5b1bbfab 329dfaf3a96b46f7b8a09571de8d9f51 - - b0811726392a4530b89972dbf1b46816 b0811726392a4530b89972dbf1b46816] 199.204.45.109 "GET /v2.0/networks/edd4a6d1-d025-487f-b51f-867bbb0bdfd1?fields=segments HTTP/1.1" status: 200 len: 212 time: 0.0735221
2026-07-01 02:03:25.381 9 INFO neutron.wsgi [req-41a76f26-12a6-4e96-97f1-2170675849a1 req-4a92b5fd-96d5-4a23-957a-68d0971906a9 da75f5ee220e408fa32f83ef5b1bbfab 329dfaf3a96b46f7b8a09571de8d9f51 - - b0811726392a4530b89972dbf1b46816 b0811726392a4530b89972dbf1b46816] 199.204.45.109 "GET /v2.0/networks/edd4a6d1-d025-487f-b51f-867bbb0bdfd1?fields=provider%3Aphysical_network&fields=provider%3Anetwork_type HTTP/1.1" status: 200 len: 277 time: 0.0693939
2026-07-01 02:03:25.473 9 INFO neutron.wsgi [req-41a76f26-12a6-4e96-97f1-2170675849a1 req-5141d98d-4d0b-469a-934b-cc9545c56287 da75f5ee220e408fa32f83ef5b1bbfab 329dfaf3a96b46f7b8a09571de8d9f51 - - b0811726392a4530b89972dbf1b46816 b0811726392a4530b89972dbf1b46816] 199.204.45.109 "GET /v2.0/ports?tenant_id=6340392e7cc244169c2c302ebf3aa645&device_id=3c48f870-1432-4169-a3cf-151673f95b1c HTTP/1.1" status: 200 len: 2728 time: 0.0453806
2026-07-01 02:03:25.536 9 INFO neutron.wsgi [req-41a76f26-12a6-4e96-97f1-2170675849a1 req-70503c3b-a29e-4af9-a777-849257ba96f5 da75f5ee220e408fa32f83ef5b1bbfab 329dfaf3a96b46f7b8a09571de8d9f51 - - b0811726392a4530b89972dbf1b46816 b0811726392a4530b89972dbf1b46816] 199.204.45.109 "GET /v2.0/networks?id=edd4a6d1-d025-487f-b51f-867bbb0bdfd1 HTTP/1.1" status: 200 len: 1005 time: 0.0586400
2026-07-01 02:03:25.561 9 INFO neutron.wsgi [req-41a76f26-12a6-4e96-97f1-2170675849a1 req-784cb8b9-5e70-483a-92c8-45fa8cb1103c da75f5ee220e408fa32f83ef5b1bbfab 329dfaf3a96b46f7b8a09571de8d9f51 - - b0811726392a4530b89972dbf1b46816 b0811726392a4530b89972dbf1b46816] 199.204.45.109 "GET /v2.0/floatingips?fixed_ip_address=10.1.1.108&port_id=0e4a74ab-ae51-4abc-81db-6c11eabe4054 HTTP/1.1" status: 200 len: 217 time: 0.0216553
2026-07-01 02:03:25.592 9 INFO neutron.wsgi [req-41a76f26-12a6-4e96-97f1-2170675849a1 req-6d522518-0a66-4ecc-8756-16751b70840d da75f5ee220e408fa32f83ef5b1bbfab 329dfaf3a96b46f7b8a09571de8d9f51 - - b0811726392a4530b89972dbf1b46816 b0811726392a4530b89972dbf1b46816] 199.204.45.109 "GET /v2.0/subnets?id=a4bf6ff1-c62f-419a-a5d4-7fcfd4c6c283 HTTP/1.1" status: 200 len: 854 time: 0.0275333
2026-07-01 02:03:25.618 9 INFO neutron.wsgi [req-41a76f26-12a6-4e96-97f1-2170675849a1 req-b724a4d2-c6ac-4b68-a4dd-882472a3ea9e da75f5ee220e408fa32f83ef5b1bbfab 329dfaf3a96b46f7b8a09571de8d9f51 - - b0811726392a4530b89972dbf1b46816 b0811726392a4530b89972dbf1b46816] 199.204.45.109 "GET /v2.0/ports?network_id=edd4a6d1-d025-487f-b51f-867bbb0bdfd1&device_owner=network%3Adhcp HTTP/1.1" status: 200 len: 210 time: 0.0188103
2026-07-01 02:03:25.682 9 INFO neutron.wsgi [req-41a76f26-12a6-4e96-97f1-2170675849a1 req-3f012205-4ffe-4bba-8bdc-c3764132f6c7 da75f5ee220e408fa32f83ef5b1bbfab 329dfaf3a96b46f7b8a09571de8d9f51 - - b0811726392a4530b89972dbf1b46816 b0811726392a4530b89972dbf1b46816] 199.204.45.109 "GET /v2.0/networks/edd4a6d1-d025-487f-b51f-867bbb0bdfd1?fields=segments HTTP/1.1" status: 200 len: 212 time: 0.0583382
2026-07-01 02:03:25.759 9 INFO neutron.wsgi [req-41a76f26-12a6-4e96-97f1-2170675849a1 req-2c862e91-54d3-4d1c-97c3-e5d200b2618f da75f5ee220e408fa32f83ef5b1bbfab 329dfaf3a96b46f7b8a09571de8d9f51 - - b0811726392a4530b89972dbf1b46816 b0811726392a4530b89972dbf1b46816] 199.204.45.109 "GET /v2.0/networks/edd4a6d1-d025-487f-b51f-867bbb0bdfd1?fields=provider%3Aphysical_network&fields=provider%3Anetwork_type HTTP/1.1" status: 200 len: 277 time: 0.0715854
2026-07-01 02:03:26.580 9 INFO neutron.wsgi [-] 10.0.0.133 "GET / HTTP/1.1" status: 200 len: 246 time: 0.0025454
2026-07-01 02:03:26.580 10 INFO neutron.wsgi [-] 10.0.0.133 "GET / HTTP/1.1" status: 200 len: 246 time: 0.0026107
2026-07-01 02:03:29.189 9 WARNING neutron_lib.context [None req-217a78ee-572f-4003-815e-2997c7a37305 e8bd1edc7aa447d48c3a5691e2ff5054 77b255e3d5254ce2b88afe37ad6448b3 - - default default] Method 'is_advsvc' is deprecated since 2023.2 release (neutron-lib 3.8.0) and will be removed once support for the old RBAC API policies will be removed from Neutron. Please use method 'is_service_role' instead.
2026-07-01 02:03:29.460 9 WARNING neutron.scheduler.dhcp_agent_scheduler [None req-217a78ee-572f-4003-815e-2997c7a37305 e8bd1edc7aa447d48c3a5691e2ff5054 77b255e3d5254ce2b88afe37ad6448b3 - - default default] No more DHCP agents
2026-07-01 02:03:29.462 9 WARNING neutron.api.rpc.agentnotifiers.dhcp_rpc_agent_api [None req-217a78ee-572f-4003-815e-2997c7a37305 e8bd1edc7aa447d48c3a5691e2ff5054 77b255e3d5254ce2b88afe37ad6448b3 - - default default] Unable to schedule network 86b4aabe-90ef-4b51-a0f6-c64cafb0c650: no agents available; will retry on subsequent port and subnet creation events.
2026-07-01 02:03:29.869 9 INFO neutron.db.l3_db [None req-217a78ee-572f-4003-815e-2997c7a37305 e8bd1edc7aa447d48c3a5691e2ff5054 77b255e3d5254ce2b88afe37ad6448b3 - - default default] Floating IP 763f16d7-a257-4418-9951-3d83826bc6d6 associated. External IP: 10.96.250.211, port: 9b34e573-0dcd-46c1-a3f4-c5130fc6d21a.
2026-07-01 02:03:30.092 9 INFO neutron.db.ovn_revision_numbers_db [None req-217a78ee-572f-4003-815e-2997c7a37305 e8bd1edc7aa447d48c3a5691e2ff5054 77b255e3d5254ce2b88afe37ad6448b3 - - default default] Successfully bumped revision number for resource 763f16d7-a257-4418-9951-3d83826bc6d6 (type: floatingips) to 0
2026-07-01 02:03:30.206 9 INFO neutron.db.ovn_revision_numbers_db [None req-217a78ee-572f-4003-815e-2997c7a37305 e8bd1edc7aa447d48c3a5691e2ff5054 77b255e3d5254ce2b88afe37ad6448b3 - - default default] Successfully bumped revision number for resource 763f16d7-a257-4418-9951-3d83826bc6d6 (type: floatingips) to 1
2026-07-01 02:03:30.242 9 INFO neutron.wsgi [None req-217a78ee-572f-4003-815e-2997c7a37305 e8bd1edc7aa447d48c3a5691e2ff5054 77b255e3d5254ce2b88afe37ad6448b3 - - default default] 10.0.0.240 "POST /v2.0/floatingips HTTP/1.1" status: 201 len: 1098 time: 1.0596752
2026-07-01 02:03:33.098 10 INFO neutron.db.ovn_revision_numbers_db [None req-3e2c977d-9796-4246-99d2-bafcc0133909 - - - - - -] Successfully bumped revision number for resource 9b34e573-0dcd-46c1-a3f4-c5130fc6d21a (type: ports) to 4
2026-07-01 02:03:33.123 10 INFO neutron.wsgi [None req-5da33cc0-a8ef-4afe-bab1-51be350b23cd db0d62f4f0ea4e89910377668fd8c84f 6340392e7cc244169c2c302ebf3aa645 - - default default] 199.204.45.109 "GET /v2.0/extensions/security-group HTTP/1.1" status: 200 len: 369 time: 0.0062764
2026-07-01 02:03:33.134 10 INFO neutron.wsgi [None req-492f8df3-1e75-4e4a-ac36-dc2bdbd36034 db0d62f4f0ea4e89910377668fd8c84f 6340392e7cc244169c2c302ebf3aa645 - - default default] 199.204.45.109 "GET /v2.0/extensions/dns-integration HTTP/1.1" status: 200 len: 371 time: 0.0047555
2026-07-01 02:03:33.142 10 INFO neutron.wsgi [None req-d29e0088-1819-489c-b1ee-7017ac236e87 db0d62f4f0ea4e89910377668fd8c84f 6340392e7cc244169c2c302ebf3aa645 - - default default] 199.204.45.109 "GET /v2.0/extensions/qos HTTP/1.1" status: 200 len: 365 time: 0.0042932
2026-07-01 02:03:33.151 10 INFO neutron.wsgi [None req-ee4b8970-aaff-4e75-8494-765c6d0d7b2f db0d62f4f0ea4e89910377668fd8c84f 6340392e7cc244169c2c302ebf3aa645 - - default default] 199.204.45.109 "GET /v2.0/extensions/allowed-address-pairs HTTP/1.1" status: 200 len: 383 time: 0.0041640
2026-07-01 02:03:33.183 10 INFO neutron.api.v2.resource [None req-639d13b8-198c-4f6c-b767-a7c05b8345d5 db0d62f4f0ea4e89910377668fd8c84f 6340392e7cc244169c2c302ebf3aa645 - - default default] show failed (client error): The resource could not be found.
2026-07-01 02:03:33.185 10 INFO neutron.wsgi [None req-639d13b8-198c-4f6c-b767-a7c05b8345d5 db0d62f4f0ea4e89910377668fd8c84f 6340392e7cc244169c2c302ebf3aa645 - - default default] 199.204.45.109 "GET /v2.0/security-groups/lb-3a8d7474-6661-4b0b-91ef-fab530ff53b6 HTTP/1.1" status: 404 len: 355 time: 0.0284874
2026-07-01 02:03:33.233 10 INFO neutron.wsgi [None req-384ab325-b8f9-4fcb-8773-fbbbe6c9b57b db0d62f4f0ea4e89910377668fd8c84f 6340392e7cc244169c2c302ebf3aa645 - - default default] 199.204.45.109 "GET /v2.0/security-groups?name=lb-3a8d7474-6661-4b0b-91ef-fab530ff53b6 HTTP/1.1" status: 200 len: 1777 time: 0.0385721
2026-07-01 02:03:33.269 10 INFO neutron.wsgi [None req-26ca637f-8de4-4571-8cf0-680e672d7e1c db0d62f4f0ea4e89910377668fd8c84f 6340392e7cc244169c2c302ebf3aa645 - - default default] 199.204.45.109 "GET /v2.0/security-group-rules?security_group_id=5d9f45af-13a2-4731-8e4f-299a1107e606 HTTP/1.1" status: 200 len: 1318 time: 0.0310349
2026-07-01 02:03:33.440 10 INFO neutron.db.ovn_revision_numbers_db [None req-2293801e-f46f-43c2-b901-9e874b1fd538 db0d62f4f0ea4e89910377668fd8c84f 6340392e7cc244169c2c302ebf3aa645 - - default default] Successfully bumped revision number for resource 4c5d3f2e-307f-4e04-a4f1-f1014673f84a (type: security_group_rules) to 0
2026-07-01 02:03:33.465 10 INFO neutron.wsgi [None req-2293801e-f46f-43c2-b901-9e874b1fd538 db0d62f4f0ea4e89910377668fd8c84f 6340392e7cc244169c2c302ebf3aa645 - - default default] 199.204.45.109 "POST /v2.0/security-group-rules HTTP/1.1" status: 201 len: 769 time: 0.1868057
2026-07-01 02:03:33.616 10 INFO neutron.db.ovn_revision_numbers_db [None req-ec1efca5-b18e-416e-981c-116db56c7004 db0d62f4f0ea4e89910377668fd8c84f 6340392e7cc244169c2c302ebf3aa645 - - default default] Successfully bumped revision number for resource 10d3171c-48de-4137-a142-6c5fcf66e22e (type: security_group_rules) to 0
2026-07-01 02:03:33.663 10 INFO neutron.wsgi [None req-ec1efca5-b18e-416e-981c-116db56c7004 db0d62f4f0ea4e89910377668fd8c84f 6340392e7cc244169c2c302ebf3aa645 - - default default] 199.204.45.109 "POST /v2.0/security-group-rules HTTP/1.1" status: 201 len: 773 time: 0.1862943
2026-07-01 02:03:41.579 9 INFO neutron.wsgi [-] 10.0.0.133 "GET / HTTP/1.1" status: 200 len: 246 time: 0.0019162
2026-07-01 02:03:41.579 10 INFO neutron.wsgi [-] 10.0.0.133 "GET / HTTP/1.1" status: 200 len: 246 time: 0.0025606 /var/lib/openstack/lib/python3.10/site-packages/pycadf/identifier.py:71: UserWarning: Invalid uuid: neutron. To ensure interoperability, identifiers should be a valid uuid. warnings.warn(('Invalid uuid: %s. To ensure interoperability, '
2026-07-01 02:03:41.922 9 INFO neutron.wsgi [None req-0bbfed69-1379-4c3e-96f7-0de7bafeccb2 db0d62f4f0ea4e89910377668fd8c84f 6340392e7cc244169c2c302ebf3aa645 - - default default] 10.0.0.198 "GET /v2.0/extensions/security-group HTTP/1.1" status: 200 len: 369 time: 0.0556583
2026-07-01 02:03:41.941 9 INFO neutron.wsgi [None req-7584b654-2313-4078-8e99-96342b405572 db0d62f4f0ea4e89910377668fd8c84f 6340392e7cc244169c2c302ebf3aa645 - - default default] 10.0.0.198 "GET /v2.0/extensions/dns-integration HTTP/1.1" status: 200 len: 371 time: 0.0100858
2026-07-01 02:03:41.955 9 INFO neutron.wsgi [None req-0f6b256d-96d5-4172-95ac-fc9b1e551a95 db0d62f4f0ea4e89910377668fd8c84f 6340392e7cc244169c2c302ebf3aa645 - - default default] 10.0.0.198 "GET /v2.0/extensions/qos HTTP/1.1" status: 200 len: 365 time: 0.0062819
2026-07-01 02:03:41.963 9 INFO neutron.wsgi [None req-9252ba9d-fd80-4bb1-94b5-6239fc3d21a2 db0d62f4f0ea4e89910377668fd8c84f 6340392e7cc244169c2c302ebf3aa645 - - default default] 10.0.0.198 "GET /v2.0/extensions/allowed-address-pairs HTTP/1.1" status: 200 len: 383 time: 0.0029860
2026-07-01 02:03:42.433 9 INFO neutron.wsgi [-] 10.0.0.198 "GET / HTTP/1.1" status: 200 len: 284 time: 0.0023947
2026-07-01 02:03:42.482 9 INFO neutron.wsgi [None req-d6f5a305-f38e-42c5-9e6b-06fa01b7bc9c e8bd1edc7aa447d48c3a5691e2ff5054 77b255e3d5254ce2b88afe37ad6448b3 - - default default] 10.0.0.198 "GET /v2.0/subnets/f72c2d1e-806d-4fa0-b29d-037f78cea29b HTTP/1.1" status: 200 len: 830 time: 0.0349188
2026-07-01 02:03:43.476 10 INFO neutron.wsgi [None req-2afda39b-e230-475d-bc55-7889c7565fb3 db0d62f4f0ea4e89910377668fd8c84f 6340392e7cc244169c2c302ebf3aa645 - - default default] 199.204.45.109 "GET /v2.0/extensions/security-group HTTP/1.1" status: 200 len: 369 time: 0.0095336
2026-07-01 02:03:43.483 10 INFO neutron.wsgi [None req-2c212a47-3ca5-45de-a1d8-866f66233c71 db0d62f4f0ea4e89910377668fd8c84f 6340392e7cc244169c2c302ebf3aa645 - - default default] 199.204.45.109 "GET /v2.0/extensions/dns-integration HTTP/1.1" status: 200 len: 371 time: 0.0033391
2026-07-01 02:03:43.492 10 INFO neutron.wsgi [None req-d7935686-ae48-4dba-a942-855bac3f8620 db0d62f4f0ea4e89910377668fd8c84f 6340392e7cc244169c2c302ebf3aa645 - - default default] 199.204.45.109 "GET /v2.0/extensions/qos HTTP/1.1" status: 200 len: 365 time: 0.0053320
2026-07-01 02:03:43.500 10 INFO neutron.wsgi [None req-267130b6-3a83-4a6d-b101-1b12a18794ff db0d62f4f0ea4e89910377668fd8c84f 6340392e7cc244169c2c302ebf3aa645 - - default default] 199.204.45.109 "GET /v2.0/extensions/allowed-address-pairs HTTP/1.1" status: 200 len: 383 time: 0.0043585
2026-07-01 02:03:43.539 10 INFO neutron.wsgi [None req-3749f560-abc8-453b-add2-5bec9fbf94ad db0d62f4f0ea4e89910377668fd8c84f 6340392e7cc244169c2c302ebf3aa645 - - default default] 199.204.45.109 "GET /v2.0/subnets/f72c2d1e-806d-4fa0-b29d-037f78cea29b HTTP/1.1" status: 200 len: 848 time: 0.0350587
2026-07-01 02:03:43.547 9 INFO neutron.wsgi [req-de792c82-62f7-451f-8579-36ab9e67f347 req-1cf8c5cc-de17-4404-8780-c2dddba91683 da75f5ee220e408fa32f83ef5b1bbfab 329dfaf3a96b46f7b8a09571de8d9f51 - - b0811726392a4530b89972dbf1b46816 b0811726392a4530b89972dbf1b46816] 199.204.45.109 "GET /v2.0/ports?device_id=8a5f921b-6f61-4205-b695-638a69c354ea&fields=binding%3Ahost_id&fields=binding%3Avif_type HTTP/1.1" status: 200 len: 265 time: 0.3077612
2026-07-01 02:03:43.587 10 INFO neutron.wsgi [None req-4d58ef26-5cb3-49ad-bf47-d1d6f72ca54c db0d62f4f0ea4e89910377668fd8c84f 6340392e7cc244169c2c302ebf3aa645 - - default default] 199.204.45.109 "GET /v2.0/ports?device_id=3c48f870-1432-4169-a3cf-151673f95b1c HTTP/1.1" status: 200 len: 2728 time: 0.0444188
2026-07-01 02:03:43.616 9 INFO neutron.wsgi [req-de792c82-62f7-451f-8579-36ab9e67f347 req-b29fd51e-42d3-4024-984c-02af2be1057b da75f5ee220e408fa32f83ef5b1bbfab 329dfaf3a96b46f7b8a09571de8d9f51 - - b0811726392a4530b89972dbf1b46816 b0811726392a4530b89972dbf1b46816] 199.204.45.109 "GET /v2.0/ports?tenant_id=77b255e3d5254ce2b88afe37ad6448b3&device_id=8a5f921b-6f61-4205-b695-638a69c354ea HTTP/1.1" status: 200 len: 1638 time: 0.0302527
2026-07-01 02:03:43.693 9 INFO neutron.wsgi [req-de792c82-62f7-451f-8579-36ab9e67f347 req-570c49b8-641d-4f71-b673-b09c2734638b da75f5ee220e408fa32f83ef5b1bbfab 329dfaf3a96b46f7b8a09571de8d9f51 - - b0811726392a4530b89972dbf1b46816 b0811726392a4530b89972dbf1b46816] 199.204.45.109 "GET /v2.0/networks?id=6cfe2913-9718-4f70-93f2-c3520727cc88 HTTP/1.1" status: 200 len: 1001 time: 0.0590830
2026-07-01 02:03:43.735 10 INFO neutron.wsgi [None req-a47b9ddd-4d9b-410f-bb68-69f955722704 db0d62f4f0ea4e89910377668fd8c84f 6340392e7cc244169c2c302ebf3aa645 - - default default] 199.204.45.109 "GET /v2.0/extensions/security-group HTTP/1.1" status: 200 len: 369 time: 0.0076201
2026-07-01 02:03:43.743 10 INFO neutron.wsgi [None req-3d9368c3-a255-4b45-8c10-e43919c2b899 db0d62f4f0ea4e89910377668fd8c84f 6340392e7cc244169c2c302ebf3aa645 - - default default] 199.204.45.109 "GET /v2.0/extensions/dns-integration HTTP/1.1" status: 200 len: 371 time: 0.0041482
2026-07-01 02:03:43.743 9 INFO neutron.wsgi [req-de792c82-62f7-451f-8579-36ab9e67f347 req-19d47dce-b6a8-47fe-b19a-f727885c683c da75f5ee220e408fa32f83ef5b1bbfab 329dfaf3a96b46f7b8a09571de8d9f51 - - b0811726392a4530b89972dbf1b46816 b0811726392a4530b89972dbf1b46816] 199.204.45.109 "GET /v2.0/floatingips?fixed_ip_address=10.2.1.108&port_id=2add843d-e1a4-4587-ad8c-b679052154ab HTTP/1.1" status: 200 len: 1059 time: 0.0437062
2026-07-01 02:03:43.751 10 INFO neutron.wsgi [None req-18a2175b-23e8-4a30-8d2f-96d9acbddc4b db0d62f4f0ea4e89910377668fd8c84f 6340392e7cc244169c2c302ebf3aa645 - - default default] 199.204.45.109 "GET /v2.0/extensions/qos HTTP/1.1" status: 200 len: 365 time: 0.0041418
2026-07-01 02:03:43.759 10 INFO neutron.wsgi [None req-364fe032-0192-4b41-afa2-c0baa3c6821a db0d62f4f0ea4e89910377668fd8c84f 6340392e7cc244169c2c302ebf3aa645 - - default default] 199.204.45.109 "GET /v2.0/extensions/allowed-address-pairs HTTP/1.1" status: 200 len: 383 time: 0.0039022
2026-07-01 02:03:43.777 9 INFO neutron.wsgi [req-de792c82-62f7-451f-8579-36ab9e67f347 req-ab844d53-b067-42ff-9b00-a2531f48f8b0 da75f5ee220e408fa32f83ef5b1bbfab 329dfaf3a96b46f7b8a09571de8d9f51 - - b0811726392a4530b89972dbf1b46816 b0811726392a4530b89972dbf1b46816] 199.204.45.109 "GET /v2.0/floatingips?fixed_ip_address=fd7b%3Af9f7%3Afff%3A4eca%3A%3A19c&port_id=2add843d-e1a4-4587-ad8c-b679052154ab HTTP/1.1" status: 200 len: 217 time: 0.0276759
2026-07-01 02:03:43.826 9 INFO neutron.wsgi [req-de792c82-62f7-451f-8579-36ab9e67f347 req-7ed907dc-99a0-4450-acef-193774b7fb1e da75f5ee220e408fa32f83ef5b1bbfab 329dfaf3a96b46f7b8a09571de8d9f51 - - b0811726392a4530b89972dbf1b46816 b0811726392a4530b89972dbf1b46816] 199.204.45.109 "GET /v2.0/subnets?id=f72c2d1e-806d-4fa0-b29d-037f78cea29b&id=efec1323-b5f5-45e2-9e4c-426cd8332f96 HTTP/1.1" status: 200 len: 1561 time: 0.0416832
2026-07-01 02:03:43.853 9 INFO neutron.wsgi [req-de792c82-62f7-451f-8579-36ab9e67f347 req-1dea970c-73dc-4154-8b01-0d8de6cfdfcd da75f5ee220e408fa32f83ef5b1bbfab 329dfaf3a96b46f7b8a09571de8d9f51 - - b0811726392a4530b89972dbf1b46816 b0811726392a4530b89972dbf1b46816] 199.204.45.109 "GET /v2.0/ports?network_id=6cfe2913-9718-4f70-93f2-c3520727cc88&device_owner=network%3Adhcp HTTP/1.1" status: 200 len: 210 time: 0.0199840
2026-07-01 02:03:43.882 9 INFO neutron.wsgi [req-de792c82-62f7-451f-8579-36ab9e67f347 req-485533b8-c6a1-4ff1-8427-34331c950122 da75f5ee220e408fa32f83ef5b1bbfab 329dfaf3a96b46f7b8a09571de8d9f51 - - b0811726392a4530b89972dbf1b46816 b0811726392a4530b89972dbf1b46816] 199.204.45.109 "GET /v2.0/ports?network_id=6cfe2913-9718-4f70-93f2-c3520727cc88&device_owner=network%3Adhcp HTTP/1.1" status: 200 len: 210 time: 0.0253255
2026-07-01 02:03:43.902 10 INFO neutron.wsgi [req-10acf8a6-d280-4b47-b306-da36ca073be9 req-c9c753c1-d463-459b-9130-00ae9d8bd318 da75f5ee220e408fa32f83ef5b1bbfab 329dfaf3a96b46f7b8a09571de8d9f51 - - b0811726392a4530b89972dbf1b46816 b0811726392a4530b89972dbf1b46816] 199.204.45.109 "GET /v2.0/networks/6cfe2913-9718-4f70-93f2-c3520727cc88?fields=segments HTTP/1.1" status: 200 len: 212 time: 0.0510609
2026-07-01 02:03:43.961 9 INFO neutron.wsgi [req-de792c82-62f7-451f-8579-36ab9e67f347 req-297723f8-218f-4f5f-a553-1cddce970cd0 da75f5ee220e408fa32f83ef5b1bbfab 329dfaf3a96b46f7b8a09571de8d9f51 - - b0811726392a4530b89972dbf1b46816 b0811726392a4530b89972dbf1b46816] 199.204.45.109 "GET /v2.0/networks/6cfe2913-9718-4f70-93f2-c3520727cc88?fields=segments HTTP/1.1" status: 200 len: 212 time: 0.0705800
2026-07-01 02:03:44.054 9 INFO neutron.wsgi [req-de792c82-62f7-451f-8579-36ab9e67f347 req-4a4744cd-a041-42bc-9465-ac0daf6df585 da75f5ee220e408fa32f83ef5b1bbfab 329dfaf3a96b46f7b8a09571de8d9f51 - - b0811726392a4530b89972dbf1b46816 b0811726392a4530b89972dbf1b46816] 199.204.45.109 "GET /v2.0/networks/6cfe2913-9718-4f70-93f2-c3520727cc88?fields=provider%3Aphysical_network&fields=provider%3Anetwork_type HTTP/1.1" status: 200 len: 277 time: 0.0742066
2026-07-01 02:03:44.170 10 INFO neutron.wsgi [req-10acf8a6-d280-4b47-b306-da36ca073be9 req-984e4a61-2919-413b-bc98-2a51dd8e5498 da75f5ee220e408fa32f83ef5b1bbfab 329dfaf3a96b46f7b8a09571de8d9f51 - - b0811726392a4530b89972dbf1b46816 b0811726392a4530b89972dbf1b46816] 199.204.45.109 "GET /v2.0/networks/6cfe2913-9718-4f70-93f2-c3520727cc88?fields=provider%3Aphysical_network&fields=provider%3Anetwork_type HTTP/1.1" status: 200 len: 277 time: 0.2624040
2026-07-01 02:03:44.270 10 INFO neutron.wsgi [req-10acf8a6-d280-4b47-b306-da36ca073be9 req-0af77669-4e92-44c4-a5b7-8b30a3f3249f db0d62f4f0ea4e89910377668fd8c84f 6340392e7cc244169c2c302ebf3aa645 - - default default] 199.204.45.109 "GET /v2.0/networks?id=6cfe2913-9718-4f70-93f2-c3520727cc88 HTTP/1.1" status: 200 len: 1001 time: 0.0686083
2026-07-01 02:03:44.599 10 WARNING neutron.scheduler.dhcp_agent_scheduler [req-10acf8a6-d280-4b47-b306-da36ca073be9 req-4f4cd370-641a-43b1-b686-43cf1bb1f2a6 db0d62f4f0ea4e89910377668fd8c84f 6340392e7cc244169c2c302ebf3aa645 - - default default] No more DHCP agents
2026-07-01 02:03:44.600 10 WARNING neutron.api.rpc.agentnotifiers.dhcp_rpc_agent_api [req-10acf8a6-d280-4b47-b306-da36ca073be9 req-4f4cd370-641a-43b1-b686-43cf1bb1f2a6 db0d62f4f0ea4e89910377668fd8c84f 6340392e7cc244169c2c302ebf3aa645 - - default default] Unable to schedule network 6cfe2913-9718-4f70-93f2-c3520727cc88: no agents available; will retry on subsequent port and subnet creation events.
2026-07-01 02:03:44.774 10 INFO neutron.db.ovn_revision_numbers_db [req-10acf8a6-d280-4b47-b306-da36ca073be9 req-4f4cd370-641a-43b1-b686-43cf1bb1f2a6 db0d62f4f0ea4e89910377668fd8c84f 6340392e7cc244169c2c302ebf3aa645 - - default default] Successfully bumped revision number for resource 340cbf41-3162-4ca1-8c9a-474ec8c42439 (type: ports) to 1
2026-07-01 02:03:44.798 10 INFO neutron.wsgi [req-10acf8a6-d280-4b47-b306-da36ca073be9 req-4f4cd370-641a-43b1-b686-43cf1bb1f2a6 db0d62f4f0ea4e89910377668fd8c84f 6340392e7cc244169c2c302ebf3aa645 - - default default] 199.204.45.109 "POST /v2.0/ports HTTP/1.1" status: 201 len: 1508 time: 0.5191736 /var/lib/openstack/lib/python3.10/site-packages/pycadf/identifier.py:71: UserWarning: Invalid uuid: neutron. To ensure interoperability, identifiers should be a valid uuid. warnings.warn(('Invalid uuid: %s. To ensure interoperability, '
2026-07-01 02:03:45.269 10 INFO neutron.db.ovn_revision_numbers_db [req-10acf8a6-d280-4b47-b306-da36ca073be9 req-445b4f29-ac43-41ec-9298-ff64fc16076f da75f5ee220e408fa32f83ef5b1bbfab 329dfaf3a96b46f7b8a09571de8d9f51 - - b0811726392a4530b89972dbf1b46816 b0811726392a4530b89972dbf1b46816] Successfully bumped revision number for resource 340cbf41-3162-4ca1-8c9a-474ec8c42439 (type: ports) to 2
2026-07-01 02:03:45.504 10 INFO neutron.db.ovn_revision_numbers_db [req-10acf8a6-d280-4b47-b306-da36ca073be9 req-445b4f29-ac43-41ec-9298-ff64fc16076f da75f5ee220e408fa32f83ef5b1bbfab 329dfaf3a96b46f7b8a09571de8d9f51 - - b0811726392a4530b89972dbf1b46816 b0811726392a4530b89972dbf1b46816] Successfully bumped revision number for resource 340cbf41-3162-4ca1-8c9a-474ec8c42439 (type: ports) to 2
2026-07-01 02:03:45.521 10 INFO neutron.wsgi [req-10acf8a6-d280-4b47-b306-da36ca073be9 req-445b4f29-ac43-41ec-9298-ff64fc16076f da75f5ee220e408fa32f83ef5b1bbfab 329dfaf3a96b46f7b8a09571de8d9f51 - - b0811726392a4530b89972dbf1b46816 b0811726392a4530b89972dbf1b46816] 199.204.45.109 "PUT /v2.0/ports/340cbf41-3162-4ca1-8c9a-474ec8c42439 HTTP/1.1" status: 200 len: 1605 time: 0.7143433
2026-07-01 02:03:45.558 10 INFO neutron.notifiers.nova [-] Nova event matching ['req-566ca73e-9855-4f04-a894-951107af48bb'] response: {'name': 'network-changed', 'server_uuid': '3c48f870-1432-4169-a3cf-151673f95b1c', 'tag': '340cbf41-3162-4ca1-8c9a-474ec8c42439', 'status': 'completed', 'code': 200} /var/lib/openstack/lib/python3.10/site-packages/pycadf/identifier.py:71: UserWarning: Invalid uuid: neutron. To ensure interoperability, identifiers should be a valid uuid. warnings.warn(('Invalid uuid: %s. To ensure interoperability, '
