2026-07-01 02:01:47.663 10 INFO neutron.wsgi [None req-6c496412-d6cc-43fc-b9e8-94fc6d76beae e8bd1edc7aa447d48c3a5691e2ff5054 77b255e3d5254ce2b88afe37ad6448b3 - - default default] 10.0.0.240 "POST /v2.0/subnets HTTP/1.1" status: 201 len: 831 time: 0.8580937
2026-07-01 02:01:47.674 10 WARNING neutron_lib.context [None req-859d6017-af42-4054-b593-2e2449a8cf12 e8bd1edc7aa447d48c3a5691e2ff5054 77b255e3d5254ce2b88afe37ad6448b3 - - default default] Method 'is_advsvc' is deprecated since 2023.2 release (neutron-lib 3.8.0) and will be removed once support for the old RBAC API policies will be removed from Neutron. Please use method 'is_service_role' instead. /var/lib/openstack/lib/python3.10/site-packages/pycadf/identifier.py:71: UserWarning: Invalid uuid: neutron. To ensure interoperability, identifiers should be a valid uuid. warnings.warn(('Invalid uuid: %s. To ensure interoperability, '
2026-07-01 02:01:47.839 9 INFO neutron.wsgi [None req-f21b6a47-835d-425e-8940-9d76272ac1a6 5575cd7f06944e228429e2cfbe742050 815086434dc0430e829139b6cf50cd1f - - default default] 10.0.0.240 "DELETE /v2.0/security-groups/ff76421b-be99-47b8-b92f-6a3783226fb9 HTTP/1.1" status: 204 len: 168 time: 0.1347330
2026-07-01 02:01:47.952 10 WARNING neutron.scheduler.dhcp_agent_scheduler [None req-859d6017-af42-4054-b593-2e2449a8cf12 e8bd1edc7aa447d48c3a5691e2ff5054 77b255e3d5254ce2b88afe37ad6448b3 - - default default] No more DHCP agents
2026-07-01 02:01:47.954 10 WARNING neutron.api.rpc.agentnotifiers.dhcp_rpc_agent_api [None req-859d6017-af42-4054-b593-2e2449a8cf12 e8bd1edc7aa447d48c3a5691e2ff5054 77b255e3d5254ce2b88afe37ad6448b3 - - default default] Unable to schedule network eb542f57-3222-47d0-9820-6e58d930db41: no agents available; will retry on subsequent port and subnet creation events.
2026-07-01 02:01:47.986 10 INFO neutron.db.ovn_revision_numbers_db [None req-859d6017-af42-4054-b593-2e2449a8cf12 e8bd1edc7aa447d48c3a5691e2ff5054 77b255e3d5254ce2b88afe37ad6448b3 - - default default] Successfully bumped revision number for resource e4e265de-34bd-4a6a-b614-f31699ccac1f (type: subnets) to 0
2026-07-01 02:01:48.003 10 INFO neutron.wsgi [None req-859d6017-af42-4054-b593-2e2449a8cf12 e8bd1edc7aa447d48c3a5691e2ff5054 77b255e3d5254ce2b88afe37ad6448b3 - - default default] 10.0.0.240 "POST /v2.0/subnets HTTP/1.1" status: 201 len: 905 time: 0.3345542
2026-07-01 02:01:48.014 10 WARNING neutron_lib.context [None req-ecaf6ed5-3b1f-424a-ab2c-f20014cb488e e8bd1edc7aa447d48c3a5691e2ff5054 77b255e3d5254ce2b88afe37ad6448b3 - - default default] Method 'is_advsvc' is deprecated since 2023.2 release (neutron-lib 3.8.0) and will be removed once support for the old RBAC API policies will be removed from Neutron. Please use method 'is_service_role' instead.
2026-07-01 02:01:48.197 9 INFO neutron.wsgi [None req-2b45a4d7-e1ca-4a72-9e6e-f1cb127471c7 5575cd7f06944e228429e2cfbe742050 815086434dc0430e829139b6cf50cd1f - - default default] 10.0.0.240 "DELETE /v2.0/floatingips/70e0664c-485b-49ff-b42e-f83134b10c79 HTTP/1.1" status: 204 len: 168 time: 0.3220954
2026-07-01 02:01:48.442 10 INFO neutron.plugins.ml2.drivers.ovn.mech_driver.mech_driver [None req-12efca80-85e1-4cd3-9fde-19274a80a8e8 - - - - - -] OVN reports status down for port: 904932a4-9834-47b4-8b9a-8f01b3e2f8e4
2026-07-01 02:01:48.544 10 INFO neutron.wsgi [req-64dc2e0c-59ec-4fc0-9e99-8c78a0ecde6e req-e52d3c53-1ec6-422a-914e-fbbb0e3da3cc 5575cd7f06944e228429e2cfbe742050 815086434dc0430e829139b6cf50cd1f - - default default] 10.0.0.34 "GET /v2.0/ports?device_id=2a9b296c-29cf-4b35-8955-b214cb13f558 HTTP/1.1" status: 200 len: 1170 time: 0.1646674
2026-07-01 02:01:48.626 10 INFO neutron.wsgi [req-64dc2e0c-59ec-4fc0-9e99-8c78a0ecde6e req-dbcd684e-ea3c-44a9-980b-418aa53b38c9 5575cd7f06944e228429e2cfbe742050 815086434dc0430e829139b6cf50cd1f - - default default] 10.0.0.34 "GET /v2.0/security-groups?id=5f9bae0d-eef4-4cbb-a3ac-a74c9d1f2b08&fields=id&fields=name HTTP/1.1" status: 200 len: 312 time: 0.0760438
2026-07-01 02:01:48.673 10 INFO neutron.notifiers.nova [-] Nova event matching ['req-965acee3-54e9-4628-ac65-ab6c88a754e9'] response: {'server_uuid': '2a9b296c-29cf-4b35-8955-b214cb13f558', 'name': 'network-vif-unplugged', 'status': 'completed', 'tag': '904932a4-9834-47b4-8b9a-8f01b3e2f8e4', 'code': 200}
2026-07-01 02:01:48.713 10 WARNING neutron.scheduler.dhcp_agent_scheduler [None req-ecaf6ed5-3b1f-424a-ab2c-f20014cb488e e8bd1edc7aa447d48c3a5691e2ff5054 77b255e3d5254ce2b88afe37ad6448b3 - - default default] No more DHCP agents
2026-07-01 02:01:48.719 10 WARNING neutron.api.rpc.agentnotifiers.dhcp_rpc_agent_api [None req-ecaf6ed5-3b1f-424a-ab2c-f20014cb488e e8bd1edc7aa447d48c3a5691e2ff5054 77b255e3d5254ce2b88afe37ad6448b3 - - default default] Unable to schedule network 86b4aabe-90ef-4b51-a0f6-c64cafb0c650: no agents available; will retry on subsequent port and subnet creation events.
2026-07-01 02:01:48.759 9 INFO neutron.wsgi [req-44b76ce1-c920-4c41-a2da-5583364b0e13 req-ea571635-f880-49ff-8f20-c5f3be0e802c 5575cd7f06944e228429e2cfbe742050 815086434dc0430e829139b6cf50cd1f - - default default] 199.204.45.109 "GET /v2.0/ports?device_id=2a9b296c-29cf-4b35-8955-b214cb13f558 HTTP/1.1" status: 200 len: 1168 time: 0.0336914
2026-07-01 02:01:48.761 9 INFO neutron.notifiers.nova [-] Nova event matching ['req-05ffd564-a917-46b0-9d56-26dfb6a35d09'] response: {'server_uuid': 'c3e330b0-9de3-421c-9b33-cc61132f2e0c', 'name': 'network-vif-plugged', 'status': 'completed', 'tag': '67f20fc5-9862-42b1-bca6-e62b5ad15f95', 'code': 200}
2026-07-01 02:01:48.761 9 INFO neutron.notifiers.nova [-] Nova event matching ['req-05ffd564-a917-46b0-9d56-26dfb6a35d09'] response: {'server_uuid': 'c3e330b0-9de3-421c-9b33-cc61132f2e0c', 'name': 'network-vif-deleted', 'tag': '67f20fc5-9862-42b1-bca6-e62b5ad15f95', 'status': 'completed', 'code': 200}
2026-07-01 02:01:48.898 10 INFO neutron.db.ovn_revision_numbers_db [None req-12efca80-85e1-4cd3-9fde-19274a80a8e8 - - - - - -] Successfully bumped revision number for resource 904932a4-9834-47b4-8b9a-8f01b3e2f8e4 (type: ports) to 5
2026-07-01 02:01:48.915 10 INFO neutron.db.ovn_revision_numbers_db [None req-ecaf6ed5-3b1f-424a-ab2c-f20014cb488e e8bd1edc7aa447d48c3a5691e2ff5054 77b255e3d5254ce2b88afe37ad6448b3 - - default default] Successfully bumped revision number for resource fa864dfc-25bc-4bf8-9616-96c77422e58f (type: ports) to 1
2026-07-01 02:01:49.095 9 INFO neutron.wsgi [req-44b76ce1-c920-4c41-a2da-5583364b0e13 req-8b86873e-3fc7-4ff3-9ebb-4d28dd6af916 5575cd7f06944e228429e2cfbe742050 815086434dc0430e829139b6cf50cd1f - - default default] 199.204.45.109 "DELETE /v2.0/ports/904932a4-9834-47b4-8b9a-8f01b3e2f8e4 HTTP/1.1" status: 204 len: 173 time: 0.3310659
2026-07-01 02:01:49.498 10 INFO neutron.plugins.ml2.drivers.ovn.mech_driver.mech_driver [None req-12efca80-85e1-4cd3-9fde-19274a80a8e8 - - - - - -] OVN reports status up for port: fa864dfc-25bc-4bf8-9616-96c77422e58f
2026-07-01 02:01:49.510 10 INFO neutron.plugins.ml2.plugin [None req-12efca80-85e1-4cd3-9fde-19274a80a8e8 - - - - - -] Attempt 1 to provision port fa864dfc-25bc-4bf8-9616-96c77422e58f
2026-07-01 02:01:49.527 10 INFO neutron.plugins.ml2.drivers.ovn.mech_driver.ovsdb.ovsdb_monitor [None req-3e2c977d-9796-4246-99d2-bafcc0133909 - - - - - -] Router cb847c9d-2c26-4717-86e4-07472cad3c6e is bound to host instance
2026-07-01 02:01:49.581 10 INFO neutron.db.ovn_revision_numbers_db [None req-ecaf6ed5-3b1f-424a-ab2c-f20014cb488e e8bd1edc7aa447d48c3a5691e2ff5054 77b255e3d5254ce2b88afe37ad6448b3 - - default default] Successfully bumped revision number for resource fa864dfc-25bc-4bf8-9616-96c77422e58f (type: router_ports) to 1
2026-07-01 02:01:49.824 9 INFO neutron.wsgi [None req-21d7d6f9-6070-4f03-a49e-2a7ca5fccb4e 5575cd7f06944e228429e2cfbe742050 815086434dc0430e829139b6cf50cd1f - - default default] 10.0.0.240 "DELETE /v2.0/security-groups/5f9bae0d-eef4-4cbb-a3ac-a74c9d1f2b08 HTTP/1.1" status: 204 len: 168 time: 0.1345601
2026-07-01 02:01:49.947 10 INFO neutron.db.ovn_revision_numbers_db [None req-ecaf6ed5-3b1f-424a-ab2c-f20014cb488e e8bd1edc7aa447d48c3a5691e2ff5054 77b255e3d5254ce2b88afe37ad6448b3 - - default default] Successfully bumped revision number for resource cb847c9d-2c26-4717-86e4-07472cad3c6e (type: routers) to 2
2026-07-01 02:01:49.963 10 INFO neutron.wsgi [None req-ecaf6ed5-3b1f-424a-ab2c-f20014cb488e e8bd1edc7aa447d48c3a5691e2ff5054 77b255e3d5254ce2b88afe37ad6448b3 - - default default] 10.0.0.240 "POST /v2.0/routers HTTP/1.1" status: 201 len: 865 time: 1.9544182 /var/lib/openstack/lib/python3.10/site-packages/pycadf/identifier.py:71: UserWarning: Invalid uuid: neutron. To ensure interoperability, identifiers should be a valid uuid. warnings.warn(('Invalid uuid: %s. To ensure interoperability, '
2026-07-01 02:01:50.476 10 INFO neutron.db.ovn_revision_numbers_db [None req-3e2c977d-9796-4246-99d2-bafcc0133909 - - - - - -] Successfully bumped revision number for resource fa864dfc-25bc-4bf8-9616-96c77422e58f (type: ports) to 1
2026-07-01 02:01:50.633 10 WARNING neutron.scheduler.dhcp_agent_scheduler [None req-12492c84-e06f-4799-92a9-14f1a45a64eb e8bd1edc7aa447d48c3a5691e2ff5054 77b255e3d5254ce2b88afe37ad6448b3 - - default default] No more DHCP agents
2026-07-01 02:01:50.634 10 WARNING neutron.api.rpc.agentnotifiers.dhcp_rpc_agent_api [None req-12492c84-e06f-4799-92a9-14f1a45a64eb e8bd1edc7aa447d48c3a5691e2ff5054 77b255e3d5254ce2b88afe37ad6448b3 - - default default] Unable to schedule network edd4a6d1-d025-487f-b51f-867bbb0bdfd1: no agents available; will retry on subsequent port and subnet creation events.
2026-07-01 02:01:50.694 9 INFO neutron.wsgi [None req-21c04547-fdf0-4208-970f-0f6f35a6fadc 5575cd7f06944e228429e2cfbe742050 815086434dc0430e829139b6cf50cd1f - - default default] 10.0.0.240 "PUT /v2.0/routers/d5f21644-ebd1-46e8-aa19-edecdcc298c3/remove_router_interface HTTP/1.1" status: 200 len: 503 time: 0.8351858 /var/lib/openstack/lib/python3.10/site-packages/pycadf/identifier.py:71: UserWarning: Invalid uuid: neutron. To ensure interoperability, identifiers should be a valid uuid. warnings.warn(('Invalid uuid: %s. To ensure interoperability, '
2026-07-01 02:01:50.724 10 INFO neutron.notifiers.nova [-] Nova event matching ['req-d094a7b8-94a1-4800-a3fc-2de9a45297a5'] response: {'server_uuid': '2a9b296c-29cf-4b35-8955-b214cb13f558', 'name': 'network-vif-plugged', 'status': 'completed', 'tag': '904932a4-9834-47b4-8b9a-8f01b3e2f8e4', 'code': 200}
2026-07-01 02:01:50.798 9 INFO neutron.notifiers.nova [-] Nova event matching ['req-54980065-18b7-4027-bfe5-5ff940dc73ee'] response: {'server_uuid': '2a9b296c-29cf-4b35-8955-b214cb13f558', 'name': 'network-vif-deleted', 'tag': '904932a4-9834-47b4-8b9a-8f01b3e2f8e4', 'status': 'completed', 'code': 200}
2026-07-01 02:01:50.799 10 INFO neutron.db.ovn_revision_numbers_db [None req-3e2c977d-9796-4246-99d2-bafcc0133909 - - - - - -] Successfully bumped revision number for resource fa864dfc-25bc-4bf8-9616-96c77422e58f (type: router_ports) to 3
2026-07-01 02:01:50.872 10 INFO neutron.db.ovn_revision_numbers_db [None req-12492c84-e06f-4799-92a9-14f1a45a64eb e8bd1edc7aa447d48c3a5691e2ff5054 77b255e3d5254ce2b88afe37ad6448b3 - - default default] Successfully bumped revision number for resource efc962ba-c58d-49d4-ba4b-f57065e5c7ee (type: ports) to 1
2026-07-01 02:01:50.914 9 INFO neutron.wsgi [None req-fb459fa3-273c-41fb-8d51-5a9d6b1ccf0f 5575cd7f06944e228429e2cfbe742050 815086434dc0430e829139b6cf50cd1f - - default default] 10.0.0.240 "DELETE /v2.0/subnets/6a1e9d20-2631-467e-bd12-2b3e51ae9ca9 HTTP/1.1" status: 204 len: 168 time: 0.2151074
2026-07-01 02:01:50.983 10 INFO neutron.db.ovn_revision_numbers_db [None req-3e2c977d-9796-4246-99d2-bafcc0133909 - - - - - -] Successfully bumped revision number for resource fa864dfc-25bc-4bf8-9616-96c77422e58f (type: ports) to 2
2026-07-01 02:01:51.284 10 INFO neutron.db.ovn_revision_numbers_db [None req-3e2c977d-9796-4246-99d2-bafcc0133909 - - - - - -] Successfully bumped revision number for resource fa864dfc-25bc-4bf8-9616-96c77422e58f (type: ports) to 4
2026-07-01 02:01:51.671 9 INFO neutron.plugins.ml2.drivers.ovn.mech_driver.mech_driver [None req-893e819e-c923-4dec-b005-82e98c725972 - - - - - -] OVN reports status up for port: efc962ba-c58d-49d4-ba4b-f57065e5c7ee
2026-07-01 02:01:51.692 9 INFO neutron.plugins.ml2.plugin [None req-893e819e-c923-4dec-b005-82e98c725972 - - - - - -] Attempt 1 to provision port efc962ba-c58d-49d4-ba4b-f57065e5c7ee
2026-07-01 02:01:51.708 10 INFO neutron.db.ovn_revision_numbers_db [None req-12492c84-e06f-4799-92a9-14f1a45a64eb e8bd1edc7aa447d48c3a5691e2ff5054 77b255e3d5254ce2b88afe37ad6448b3 - - default default] Successfully bumped revision number for resource efc962ba-c58d-49d4-ba4b-f57065e5c7ee (type: router_ports) to 1
2026-07-01 02:01:51.803 10 INFO neutron.db.ovn_revision_numbers_db [None req-3e2c977d-9796-4246-99d2-bafcc0133909 - - - - - -] Successfully bumped revision number for resource fa864dfc-25bc-4bf8-9616-96c77422e58f (type: router_ports) to 4
2026-07-01 02:01:51.917 10 INFO neutron.db.ovn_revision_numbers_db [None req-12492c84-e06f-4799-92a9-14f1a45a64eb e8bd1edc7aa447d48c3a5691e2ff5054 77b255e3d5254ce2b88afe37ad6448b3 - - default default] Successfully bumped revision number for resource efc962ba-c58d-49d4-ba4b-f57065e5c7ee (type: ports) to 1
2026-07-01 02:01:51.971 10 INFO neutron.wsgi [None req-d95548d2-e309-423d-af9e-b982da35613d db0d62f4f0ea4e89910377668fd8c84f 6340392e7cc244169c2c302ebf3aa645 - - default default] 10.0.0.3 "GET /v2.0/security-groups HTTP/1.1" status: 200 len: 22359 time: 0.1256442
2026-07-01 02:01:52.024 10 WARNING neutron.scheduler.dhcp_agent_scheduler [None req-12492c84-e06f-4799-92a9-14f1a45a64eb e8bd1edc7aa447d48c3a5691e2ff5054 77b255e3d5254ce2b88afe37ad6448b3 - - default default] No more DHCP agents
2026-07-01 02:01:52.026 10 WARNING neutron.api.rpc.agentnotifiers.dhcp_rpc_agent_api [None req-12492c84-e06f-4799-92a9-14f1a45a64eb e8bd1edc7aa447d48c3a5691e2ff5054 77b255e3d5254ce2b88afe37ad6448b3 - - default default] Unable to schedule network edd4a6d1-d025-487f-b51f-867bbb0bdfd1: no agents available; will retry on subsequent port and subnet creation events.
2026-07-01 02:01:52.060 10 INFO neutron.wsgi [None req-fd00ed2e-11d8-4f18-9481-d98fdef9f565 db0d62f4f0ea4e89910377668fd8c84f 6340392e7cc244169c2c302ebf3aa645 - - default default] 10.0.0.3 "GET /v2.0/routers HTTP/1.1" status: 200 len: 1342 time: 0.0799708
2026-07-01 02:01:52.083 10 INFO neutron.wsgi [None req-90511011-fb9a-4851-9a7e-0adc79bca6be db0d62f4f0ea4e89910377668fd8c84f 6340392e7cc244169c2c302ebf3aa645 - - default default] 10.0.0.3 "GET /v2.0/agents?binary=ovn-controller HTTP/1.1" status: 200 len: 591 time: 0.0217850
2026-07-01 02:01:52.115 9 INFO neutron.db.ovn_revision_numbers_db [None req-893e819e-c923-4dec-b005-82e98c725972 - - - - - -] Successfully bumped revision number for resource efc962ba-c58d-49d4-ba4b-f57065e5c7ee (type: ports) to 2
2026-07-01 02:01:52.152 9 INFO neutron.wsgi [None req-858d7245-7147-4321-a22d-b0f5d90173a7 5575cd7f06944e228429e2cfbe742050 815086434dc0430e829139b6cf50cd1f - - default default] 10.0.0.240 "DELETE /v2.0/routers/d5f21644-ebd1-46e8-aa19-edecdcc298c3 HTTP/1.1" status: 204 len: 168 time: 1.2331007
2026-07-01 02:01:52.185 10 INFO neutron.wsgi [None req-542e019e-60c1-4fd0-8ba1-564aca727a60 db0d62f4f0ea4e89910377668fd8c84f 6340392e7cc244169c2c302ebf3aa645 - - default default] 10.0.0.3 "GET /v2.0/networks HTTP/1.1" status: 200 len: 5426 time: 0.1009204
2026-07-01 02:01:52.220 9 INFO neutron.db.ovn_revision_numbers_db [None req-893e819e-c923-4dec-b005-82e98c725972 - - - - - -] Successfully bumped revision number for resource efc962ba-c58d-49d4-ba4b-f57065e5c7ee (type: router_ports) to 2
2026-07-01 02:01:52.252 10 INFO neutron.wsgi [None req-2dbb18ad-0fb0-42c7-b108-99633387a368 db0d62f4f0ea4e89910377668fd8c84f 6340392e7cc244169c2c302ebf3aa645 - - default default] 10.0.0.3 "GET /v2.0/subnets HTTP/1.1" status: 200 len: 5496 time: 0.0580339
2026-07-01 02:01:52.344 10 INFO neutron.wsgi [None req-13ef761d-e79c-41cc-9f07-d7a6369b5dc2 db0d62f4f0ea4e89910377668fd8c84f 6340392e7cc244169c2c302ebf3aa645 - - default default] 10.0.0.3 "GET /v2.0/ports HTTP/1.1" status: 200 len: 11519 time: 0.0884509
2026-07-01 02:01:52.383 10 INFO neutron.wsgi [None req-fa6240f4-1689-445f-ac6e-1a67009fbbd1 db0d62f4f0ea4e89910377668fd8c84f 6340392e7cc244169c2c302ebf3aa645 - - default default] 10.0.0.3 "GET /v2.0/agents HTTP/1.1" status: 200 len: 997 time: 0.0221801
2026-07-01 02:01:52.402 10 INFO neutron.wsgi [None req-a4db0105-6044-47ec-9896-6ede6adc4bab db0d62f4f0ea4e89910377668fd8c84f 6340392e7cc244169c2c302ebf3aa645 - - default default] 10.0.0.3 "GET /v2.0/network-ip-availabilities HTTP/1.1" status: 200 len: 3630 time: 0.0180113
2026-07-01 02:01:52.460 10 INFO neutron.wsgi [None req-bfee1214-7ff2-414f-92f1-b04722f31764 db0d62f4f0ea4e89910377668fd8c84f 6340392e7cc244169c2c302ebf3aa645 - - default default] 10.0.0.3 "GET /v2.0/subnets HTTP/1.1" status: 200 len: 5496 time: 0.0554361
2026-07-01 02:01:52.465 10 INFO neutron.db.ovn_revision_numbers_db [None req-12492c84-e06f-4799-92a9-14f1a45a64eb e8bd1edc7aa447d48c3a5691e2ff5054 77b255e3d5254ce2b88afe37ad6448b3 - - default default] Successfully bumped revision number for resource efc962ba-c58d-49d4-ba4b-f57065e5c7ee (type: router_ports) to 2
2026-07-01 02:01:52.467 10 INFO neutron.wsgi [None req-12492c84-e06f-4799-92a9-14f1a45a64eb e8bd1edc7aa447d48c3a5691e2ff5054 77b255e3d5254ce2b88afe37ad6448b3 - - default default] 10.0.0.240 "PUT /v2.0/routers/cb847c9d-2c26-4717-86e4-07472cad3c6e/add_router_interface HTTP/1.1" status: 200 len: 503 time: 2.4992778
2026-07-01 02:01:52.472 10 INFO neutron.wsgi [None req-a68e926c-c885-42e3-b21f-06929f2aef30 db0d62f4f0ea4e89910377668fd8c84f 6340392e7cc244169c2c302ebf3aa645 - - default default] 10.0.0.3 "GET /v2.0/subnetpools HTTP/1.1" status: 200 len: 193 time: 0.0106711
2026-07-01 02:01:52.517 9 INFO neutron.services.segments.plugin [-] Segment 5682de43-a159-46b8-8ccf-6c493e8fde38 resource provider aggregate not found
2026-07-01 02:01:52.518 10 INFO neutron.wsgi [None req-48b7e45f-f4d2-441d-b426-6956943e9bcd db0d62f4f0ea4e89910377668fd8c84f 6340392e7cc244169c2c302ebf3aa645 - - default default] 10.0.0.3 "GET /v2.0/floatingips HTTP/1.1" status: 200 len: 193 time: 0.0461342
2026-07-01 02:01:52.523 9 INFO neutron.services.segments.plugin [-] Segment 5682de43-a159-46b8-8ccf-6c493e8fde38 resource provider aggregate not found
2026-07-01 02:01:52.546 9 INFO neutron.services.segments.plugin [-] Segment 5682de43-a159-46b8-8ccf-6c493e8fde38 resource provider not found; error: Placement Client Error (4xx): {"errors": [{"status": 404, "title": "Not Found", "detail": "The resource could not be found.\n\n No resource provider with uuid 5682de43-a159-46b8-8ccf-6c493e8fde38 found for delete ", "request_id": "req-511ced6b-4644-48b7-a676-52c0e8859054"}]}
2026-07-01 02:01:52.556 9 INFO neutron.services.segments.plugin [-] Segment 5682de43-a159-46b8-8ccf-6c493e8fde38 resource provider not found; error: Placement Client Error (4xx): {"errors": [{"status": 404, "title": "Not Found", "detail": "The resource could not be found.\n\n No resource provider with uuid 5682de43-a159-46b8-8ccf-6c493e8fde38 found for delete ", "request_id": "req-b185fb94-660a-4525-afca-62b75e0adc66"}]}
2026-07-01 02:01:52.570 9 INFO neutron.wsgi [None req-ba85cbc5-dafd-4e0e-8e89-ce21757f07e7 5575cd7f06944e228429e2cfbe742050 815086434dc0430e829139b6cf50cd1f - - default default] 10.0.0.240 "DELETE /v2.0/networks/963cddaf-d784-417e-a0e6-0156acb6532b HTTP/1.1" status: 204 len: 168 time: 0.4121797
2026-07-01 02:01:53.041 10 WARNING neutron.scheduler.dhcp_agent_scheduler [None req-17bd4914-c542-4f83-beeb-b47c4a0487fa e8bd1edc7aa447d48c3a5691e2ff5054 77b255e3d5254ce2b88afe37ad6448b3 - - default default] No more DHCP agents
2026-07-01 02:01:53.043 10 WARNING neutron.api.rpc.agentnotifiers.dhcp_rpc_agent_api [None req-17bd4914-c542-4f83-beeb-b47c4a0487fa e8bd1edc7aa447d48c3a5691e2ff5054 77b255e3d5254ce2b88afe37ad6448b3 - - default default] Unable to schedule network 6cfe2913-9718-4f70-93f2-c3520727cc88: no agents available; will retry on subsequent port and subnet creation events.
2026-07-01 02:01:53.193 10 INFO neutron.db.ovn_revision_numbers_db [None req-17bd4914-c542-4f83-beeb-b47c4a0487fa e8bd1edc7aa447d48c3a5691e2ff5054 77b255e3d5254ce2b88afe37ad6448b3 - - default default] Successfully bumped revision number for resource 4265f88a-b5d0-42ac-addc-d21f9e2b8d8a (type: ports) to 1
2026-07-01 02:01:53.334 9 INFO neutron.wsgi [None req-6f777dda-bc29-4d98-bac1-98d1f12b2317 db0d62f4f0ea4e89910377668fd8c84f 6340392e7cc244169c2c302ebf3aa645 - - default default] 10.0.0.240 "GET /v2.0/security-groups?tenant_id=815086434dc0430e829139b6cf50cd1f&name=default HTTP/1.1" status: 200 len: 2996 time: 0.1604474
2026-07-01 02:01:53.620 10 INFO neutron.wsgi [None req-8f716a63-e416-4a87-a0de-02b7867800b9 db0d62f4f0ea4e89910377668fd8c84f 6340392e7cc244169c2c302ebf3aa645 - - default default] 10.0.0.240 "DELETE /v2.0/security-groups/0d84d058-56da-4269-a3c4-26b2d7dacb5d HTTP/1.1" status: 204 len: 168 time: 0.2807951
2026-07-01 02:01:53.699 10 INFO neutron.plugins.ml2.drivers.ovn.mech_driver.mech_driver [None req-12efca80-85e1-4cd3-9fde-19274a80a8e8 - - - - - -] OVN reports status up for port: 4265f88a-b5d0-42ac-addc-d21f9e2b8d8a
2026-07-01 02:01:53.708 10 INFO neutron.plugins.ml2.plugin [None req-12efca80-85e1-4cd3-9fde-19274a80a8e8 - - - - - -] Attempt 1 to provision port 4265f88a-b5d0-42ac-addc-d21f9e2b8d8a
2026-07-01 02:01:53.724 10 INFO neutron.db.ovn_revision_numbers_db [None req-17bd4914-c542-4f83-beeb-b47c4a0487fa e8bd1edc7aa447d48c3a5691e2ff5054 77b255e3d5254ce2b88afe37ad6448b3 - - default default] Successfully bumped revision number for resource 4265f88a-b5d0-42ac-addc-d21f9e2b8d8a (type: router_ports) to 1
2026-07-01 02:01:53.825 9 INFO neutron.db.ovn_revision_numbers_db [None req-903e560a-903a-40f9-bd50-4ef8615f777d db0d62f4f0ea4e89910377668fd8c84f 6340392e7cc244169c2c302ebf3aa645 - - default default] Successfully bumped revision number for resource 33b29fcb-8edd-4047-924c-87c9ac738edb (type: security_groups) to 1
2026-07-01 02:01:53.841 9 INFO neutron.db.ovn_revision_numbers_db [None req-903e560a-903a-40f9-bd50-4ef8615f777d db0d62f4f0ea4e89910377668fd8c84f 6340392e7cc244169c2c302ebf3aa645 - - default default] Successfully bumped revision number for resource 1082cd42-e034-4dec-9d8f-c36de757024f (type: security_group_rules) to 0
2026-07-01 02:01:53.855 9 INFO neutron.db.ovn_revision_numbers_db [None req-903e560a-903a-40f9-bd50-4ef8615f777d db0d62f4f0ea4e89910377668fd8c84f 6340392e7cc244169c2c302ebf3aa645 - - default default] Successfully bumped revision number for resource 1f119be9-4229-465a-a201-a962af5ec487 (type: security_group_rules) to 0
2026-07-01 02:01:53.870 9 INFO neutron.db.ovn_revision_numbers_db [None req-903e560a-903a-40f9-bd50-4ef8615f777d db0d62f4f0ea4e89910377668fd8c84f 6340392e7cc244169c2c302ebf3aa645 - - default default] Successfully bumped revision number for resource 2a61be27-3d97-4fd0-9cbe-b68a6e3a5182 (type: security_group_rules) to 0
2026-07-01 02:01:53.884 9 INFO neutron.db.ovn_revision_numbers_db [None req-903e560a-903a-40f9-bd50-4ef8615f777d db0d62f4f0ea4e89910377668fd8c84f 6340392e7cc244169c2c302ebf3aa645 - - default default] Successfully bumped revision number for resource f810eac1-932a-42e2-a89a-e93e09135fad (type: security_group_rules) to 0
2026-07-01 02:01:53.894 10 INFO neutron.db.ovn_revision_numbers_db [None req-17bd4914-c542-4f83-beeb-b47c4a0487fa e8bd1edc7aa447d48c3a5691e2ff5054 77b255e3d5254ce2b88afe37ad6448b3 - - default default] Successfully bumped revision number for resource 4265f88a-b5d0-42ac-addc-d21f9e2b8d8a (type: ports) to 1
2026-07-01 02:01:53.908 9 INFO neutron.wsgi [None req-903e560a-903a-40f9-bd50-4ef8615f777d db0d62f4f0ea4e89910377668fd8c84f 6340392e7cc244169c2c302ebf3aa645 - - default default] 10.0.0.240 "GET /v2.0/security-groups?tenant_id=8a51556cbb124dbaaf8f1df21da0fbb5&name=default HTTP/1.1" status: 200 len: 3000 time: 0.1933694
2026-07-01 02:01:54.105 9 INFO neutron.wsgi [None req-781aff5e-52a2-4d71-927d-ef74afe7ff9f db0d62f4f0ea4e89910377668fd8c84f 6340392e7cc244169c2c302ebf3aa645 - - default default] 10.0.0.240 "DELETE /v2.0/security-groups/33b29fcb-8edd-4047-924c-87c9ac738edb HTTP/1.1" status: 204 len: 168 time: 0.1923158
2026-07-01 02:01:54.221 10 WARNING neutron.scheduler.dhcp_agent_scheduler [None req-17bd4914-c542-4f83-beeb-b47c4a0487fa e8bd1edc7aa447d48c3a5691e2ff5054 77b255e3d5254ce2b88afe37ad6448b3 - - default default] No more DHCP agents
2026-07-01 02:01:54.224 10 WARNING neutron.api.rpc.agentnotifiers.dhcp_rpc_agent_api [None req-17bd4914-c542-4f83-beeb-b47c4a0487fa e8bd1edc7aa447d48c3a5691e2ff5054 77b255e3d5254ce2b88afe37ad6448b3 - - default default] Unable to schedule network 6cfe2913-9718-4f70-93f2-c3520727cc88: no agents available; will retry on subsequent port and subnet creation events.
2026-07-01 02:01:54.301 10 INFO neutron.db.ovn_revision_numbers_db [None req-12efca80-85e1-4cd3-9fde-19274a80a8e8 - - - - - -] Successfully bumped revision number for resource 4265f88a-b5d0-42ac-addc-d21f9e2b8d8a (type: ports) to 2
2026-07-01 02:01:54.425 10 INFO neutron.db.ovn_revision_numbers_db [None req-12efca80-85e1-4cd3-9fde-19274a80a8e8 - - - - - -] Successfully bumped revision number for resource 4265f88a-b5d0-42ac-addc-d21f9e2b8d8a (type: router_ports) to 2
2026-07-01 02:01:54.633 10 INFO neutron.db.ovn_revision_numbers_db [None req-17bd4914-c542-4f83-beeb-b47c4a0487fa e8bd1edc7aa447d48c3a5691e2ff5054 77b255e3d5254ce2b88afe37ad6448b3 - - default default] Successfully bumped revision number for resource 4265f88a-b5d0-42ac-addc-d21f9e2b8d8a (type: router_ports) to 2
2026-07-01 02:01:54.637 10 INFO neutron.wsgi [None req-17bd4914-c542-4f83-beeb-b47c4a0487fa e8bd1edc7aa447d48c3a5691e2ff5054 77b255e3d5254ce2b88afe37ad6448b3 - - default default] 10.0.0.240 "PUT /v2.0/routers/cb847c9d-2c26-4717-86e4-07472cad3c6e/add_router_interface HTTP/1.1" status: 200 len: 503 time: 2.1636009
2026-07-01 02:01:55.199 10 WARNING neutron.scheduler.dhcp_agent_scheduler [None req-0a581a2e-c2b5-4f73-bbf5-6118053a977a e8bd1edc7aa447d48c3a5691e2ff5054 77b255e3d5254ce2b88afe37ad6448b3 - - default default] No more DHCP agents
2026-07-01 02:01:55.202 10 WARNING neutron.api.rpc.agentnotifiers.dhcp_rpc_agent_api [None req-0a581a2e-c2b5-4f73-bbf5-6118053a977a e8bd1edc7aa447d48c3a5691e2ff5054 77b255e3d5254ce2b88afe37ad6448b3 - - default default] Unable to schedule network eb542f57-3222-47d0-9820-6e58d930db41: no agents available; will retry on subsequent port and subnet creation events.
2026-07-01 02:01:55.395 10 INFO neutron.db.ovn_revision_numbers_db [None req-0a581a2e-c2b5-4f73-bbf5-6118053a977a e8bd1edc7aa447d48c3a5691e2ff5054 77b255e3d5254ce2b88afe37ad6448b3 - - default default] Successfully bumped revision number for resource d5cbda9b-1d89-47f9-bae9-6e3afe61f7a9 (type: ports) to 1
2026-07-01 02:01:55.897 10 INFO neutron.db.ovn_revision_numbers_db [None req-0a581a2e-c2b5-4f73-bbf5-6118053a977a e8bd1edc7aa447d48c3a5691e2ff5054 77b255e3d5254ce2b88afe37ad6448b3 - - default default] Successfully bumped revision number for resource d5cbda9b-1d89-47f9-bae9-6e3afe61f7a9 (type: router_ports) to 1
2026-07-01 02:01:56.091 10 INFO neutron.db.ovn_revision_numbers_db [None req-0a581a2e-c2b5-4f73-bbf5-6118053a977a e8bd1edc7aa447d48c3a5691e2ff5054 77b255e3d5254ce2b88afe37ad6448b3 - - default default] Successfully bumped revision number for resource d5cbda9b-1d89-47f9-bae9-6e3afe61f7a9 (type: ports) to 1
2026-07-01 02:01:56.155 10 WARNING neutron.scheduler.dhcp_agent_scheduler [None req-0a581a2e-c2b5-4f73-bbf5-6118053a977a e8bd1edc7aa447d48c3a5691e2ff5054 77b255e3d5254ce2b88afe37ad6448b3 - - default default] No more DHCP agents
2026-07-01 02:01:56.156 10 WARNING neutron.api.rpc.agentnotifiers.dhcp_rpc_agent_api [None req-0a581a2e-c2b5-4f73-bbf5-6118053a977a e8bd1edc7aa447d48c3a5691e2ff5054 77b255e3d5254ce2b88afe37ad6448b3 - - default default] Unable to schedule network eb542f57-3222-47d0-9820-6e58d930db41: no agents available; will retry on subsequent port and subnet creation events.
2026-07-01 02:01:56.501 10 INFO neutron.db.ovn_revision_numbers_db [None req-0a581a2e-c2b5-4f73-bbf5-6118053a977a e8bd1edc7aa447d48c3a5691e2ff5054 77b255e3d5254ce2b88afe37ad6448b3 - - default default] Successfully bumped revision number for resource d5cbda9b-1d89-47f9-bae9-6e3afe61f7a9 (type: router_ports) to 1
2026-07-01 02:01:56.505 10 INFO neutron.wsgi [None req-0a581a2e-c2b5-4f73-bbf5-6118053a977a e8bd1edc7aa447d48c3a5691e2ff5054 77b255e3d5254ce2b88afe37ad6448b3 - - default default] 10.0.0.240 "PUT /v2.0/routers/cb847c9d-2c26-4717-86e4-07472cad3c6e/add_router_interface HTTP/1.1" status: 200 len: 503 time: 1.8641460
2026-07-01 02:01:56.575 10 WARNING neutron_lib.context [None req-d525ee21-c3a2-40f2-b0ae-ce92f5e5c029 e8bd1edc7aa447d48c3a5691e2ff5054 77b255e3d5254ce2b88afe37ad6448b3 - - default default] Method 'is_advsvc' is deprecated since 2023.2 release (neutron-lib 3.8.0) and will be removed once support for the old RBAC API policies will be removed from Neutron. Please use method 'is_service_role' instead.
2026-07-01 02:01:56.577 9 INFO neutron.wsgi [-] 10.0.0.133 "GET / HTTP/1.1" status: 200 len: 246 time: 0.0014765
2026-07-01 02:01:56.581 9 INFO neutron.wsgi [-] 10.0.0.133 "GET / HTTP/1.1" status: 200 len: 246 time: 0.0024736
2026-07-01 02:01:56.690 10 INFO neutron.db.ovn_revision_numbers_db [None req-d525ee21-c3a2-40f2-b0ae-ce92f5e5c029 e8bd1edc7aa447d48c3a5691e2ff5054 77b255e3d5254ce2b88afe37ad6448b3 - - default default] Successfully bumped revision number for resource f0ac2674-975c-4493-a2e4-6a43d7c00ccb (type: security_groups) to 1
2026-07-01 02:01:56.703 10 INFO neutron.db.ovn_revision_numbers_db [None req-d525ee21-c3a2-40f2-b0ae-ce92f5e5c029 e8bd1edc7aa447d48c3a5691e2ff5054 77b255e3d5254ce2b88afe37ad6448b3 - - default default] Successfully bumped revision number for resource 461f2cdb-6d42-4b49-ae21-87742270fa3b (type: security_group_rules) to 0
2026-07-01 02:01:56.715 10 INFO neutron.db.ovn_revision_numbers_db [None req-d525ee21-c3a2-40f2-b0ae-ce92f5e5c029 e8bd1edc7aa447d48c3a5691e2ff5054 77b255e3d5254ce2b88afe37ad6448b3 - - default default] Successfully bumped revision number for resource 8a4e9638-b503-47d8-84de-e65c939f5a8e (type: security_group_rules) to 0
2026-07-01 02:01:56.737 10 INFO neutron.wsgi [None req-d525ee21-c3a2-40f2-b0ae-ce92f5e5c029 e8bd1edc7aa447d48c3a5691e2ff5054 77b255e3d5254ce2b88afe37ad6448b3 - - default default] 10.0.0.240 "POST /v2.0/security-groups HTTP/1.1" status: 201 len: 1765 time: 0.1674926
2026-07-01 02:01:56.746 10 WARNING neutron_lib.context [None req-2b8fd5f6-f317-4948-88ad-34e603bb0e66 e8bd1edc7aa447d48c3a5691e2ff5054 77b255e3d5254ce2b88afe37ad6448b3 - - default default] Method 'is_advsvc' is deprecated since 2023.2 release (neutron-lib 3.8.0) and will be removed once support for the old RBAC API policies will be removed from Neutron. Please use method 'is_service_role' instead.
2026-07-01 02:01:56.860 10 INFO neutron.db.ovn_revision_numbers_db [None req-2b8fd5f6-f317-4948-88ad-34e603bb0e66 e8bd1edc7aa447d48c3a5691e2ff5054 77b255e3d5254ce2b88afe37ad6448b3 - - default default] Successfully bumped revision number for resource a0e85393-1e57-4e21-862d-cc8bc4d114cc (type: security_group_rules) to 0
2026-07-01 02:01:56.882 10 INFO neutron.wsgi [None req-2b8fd5f6-f317-4948-88ad-34e603bb0e66 e8bd1edc7aa447d48c3a5691e2ff5054 77b255e3d5254ce2b88afe37ad6448b3 - - default default] 10.0.0.240 "POST /v2.0/security-group-rules HTTP/1.1" status: 201 len: 764 time: 0.1401966
2026-07-01 02:01:56.891 10 WARNING neutron_lib.context [None req-c959f699-40f9-4add-93db-6f0fa3842e6e e8bd1edc7aa447d48c3a5691e2ff5054 77b255e3d5254ce2b88afe37ad6448b3 - - default default] Method 'is_advsvc' is deprecated since 2023.2 release (neutron-lib 3.8.0) and will be removed once support for the old RBAC API policies will be removed from Neutron. Please use method 'is_service_role' instead.
2026-07-01 02:01:56.971 9 WARNING neutron.plugins.ml2.drivers.ovn.mech_driver.ovsdb.ovn_client [None req-893e819e-c923-4dec-b005-82e98c725972 - - - - - -] No hosting information found for port efc962ba-c58d-49d4-ba4b-f57065e5c7ee: RuntimeError: No hosting information found for port efc962ba-c58d-49d4-ba4b-f57065e5c7ee
2026-07-01 02:01:56.972 9 INFO neutron.plugins.ml2.drivers.ovn.mech_driver.mech_driver [None req-893e819e-c923-4dec-b005-82e98c725972 - - - - - -] OVN reports status up for port: d5cbda9b-1d89-47f9-bae9-6e3afe61f7a9
2026-07-01 02:01:56.984 9 INFO neutron.plugins.ml2.plugin [None req-893e819e-c923-4dec-b005-82e98c725972 - - - - - -] Attempt 1 to provision port d5cbda9b-1d89-47f9-bae9-6e3afe61f7a9
2026-07-01 02:01:56.999 10 INFO neutron.db.ovn_revision_numbers_db [None req-c959f699-40f9-4add-93db-6f0fa3842e6e e8bd1edc7aa447d48c3a5691e2ff5054 77b255e3d5254ce2b88afe37ad6448b3 - - default default] Successfully bumped revision number for resource 8bc9fdff-dda5-4a22-8386-5e575171a5a2 (type: security_group_rules) to 0
2026-07-01 02:01:57.024 10 INFO neutron.wsgi [None req-c959f699-40f9-4add-93db-6f0fa3842e6e e8bd1edc7aa447d48c3a5691e2ff5054 77b255e3d5254ce2b88afe37ad6448b3 - - default default] 10.0.0.240 "POST /v2.0/security-group-rules HTTP/1.1" status: 201 len: 764 time: 0.1371284
2026-07-01 02:01:57.034 10 WARNING neutron_lib.context [None req-8923c8a8-4071-4e61-9032-cf428564b3c9 e8bd1edc7aa447d48c3a5691e2ff5054 77b255e3d5254ce2b88afe37ad6448b3 - - default default] Method 'is_advsvc' is deprecated since 2023.2 release (neutron-lib 3.8.0) and will be removed once support for the old RBAC API policies will be removed from Neutron. Please use method 'is_service_role' instead.
2026-07-01 02:01:57.146 10 INFO neutron.db.ovn_revision_numbers_db [None req-8923c8a8-4071-4e61-9032-cf428564b3c9 e8bd1edc7aa447d48c3a5691e2ff5054 77b255e3d5254ce2b88afe37ad6448b3 - - default default] Successfully bumped revision number for resource 787004ea-c28f-4cc4-acb4-2f39665b6195 (type: security_group_rules) to 0
2026-07-01 02:01:57.172 10 INFO neutron.wsgi [None req-8923c8a8-4071-4e61-9032-cf428564b3c9 e8bd1edc7aa447d48c3a5691e2ff5054 77b255e3d5254ce2b88afe37ad6448b3 - - default default] 10.0.0.240 "POST /v2.0/security-group-rules HTTP/1.1" status: 201 len: 766 time: 0.1419699
2026-07-01 02:01:57.181 10 WARNING neutron_lib.context [None req-13ecaec9-066f-42ec-84a7-47b7648a701c e8bd1edc7aa447d48c3a5691e2ff5054 77b255e3d5254ce2b88afe37ad6448b3 - - default default] Method 'is_advsvc' is deprecated since 2023.2 release (neutron-lib 3.8.0) and will be removed once support for the old RBAC API policies will be removed from Neutron. Please use method 'is_service_role' instead.
2026-07-01 02:01:57.252 9 INFO neutron.db.ovn_revision_numbers_db [None req-893e819e-c923-4dec-b005-82e98c725972 - - - - - -] Successfully bumped revision number for resource d5cbda9b-1d89-47f9-bae9-6e3afe61f7a9 (type: ports) to 2
2026-07-01 02:01:57.297 10 INFO neutron.db.ovn_revision_numbers_db [None req-13ecaec9-066f-42ec-84a7-47b7648a701c e8bd1edc7aa447d48c3a5691e2ff5054 77b255e3d5254ce2b88afe37ad6448b3 - - default default] Successfully bumped revision number for resource 9bb9337d-aa8c-40cf-8203-620171b98c93 (type: security_group_rules) to 0
2026-07-01 02:01:57.325 10 INFO neutron.wsgi [None req-13ecaec9-066f-42ec-84a7-47b7648a701c e8bd1edc7aa447d48c3a5691e2ff5054 77b255e3d5254ce2b88afe37ad6448b3 - - default default] 10.0.0.240 "POST /v2.0/security-group-rules HTTP/1.1" status: 201 len: 768 time: 0.1485283
2026-07-01 02:01:57.334 10 WARNING neutron_lib.context [None req-1fa6fc47-694c-43c3-9e84-f8516f80e594 e8bd1edc7aa447d48c3a5691e2ff5054 77b255e3d5254ce2b88afe37ad6448b3 - - default default] Method 'is_advsvc' is deprecated since 2023.2 release (neutron-lib 3.8.0) and will be removed once support for the old RBAC API policies will be removed from Neutron. Please use method 'is_service_role' instead.
2026-07-01 02:01:57.343 9 INFO neutron.db.ovn_revision_numbers_db [None req-893e819e-c923-4dec-b005-82e98c725972 - - - - - -] Successfully bumped revision number for resource d5cbda9b-1d89-47f9-bae9-6e3afe61f7a9 (type: router_ports) to 2
2026-07-01 02:01:57.464 10 INFO neutron.db.ovn_revision_numbers_db [None req-1fa6fc47-694c-43c3-9e84-f8516f80e594 e8bd1edc7aa447d48c3a5691e2ff5054 77b255e3d5254ce2b88afe37ad6448b3 - - default default] Successfully bumped revision number for resource 61e38c20-2488-4300-be09-0a525276a164 (type: security_group_rules) to 0
2026-07-01 02:01:57.487 10 INFO neutron.wsgi [None req-1fa6fc47-694c-43c3-9e84-f8516f80e594 e8bd1edc7aa447d48c3a5691e2ff5054 77b255e3d5254ce2b88afe37ad6448b3 - - default default] 10.0.0.240 "POST /v2.0/security-group-rules HTTP/1.1" status: 201 len: 768 time: 0.1573966
2026-07-01 02:01:57.497 10 WARNING neutron_lib.context [None req-23c1921a-3d9c-40bb-bc8b-daa92b5e6e8f e8bd1edc7aa447d48c3a5691e2ff5054 77b255e3d5254ce2b88afe37ad6448b3 - - default default] Method 'is_advsvc' is deprecated since 2023.2 release (neutron-lib 3.8.0) and will be removed once support for the old RBAC API policies will be removed from Neutron. Please use method 'is_service_role' instead.
2026-07-01 02:01:57.609 10 INFO neutron.db.ovn_revision_numbers_db [None req-23c1921a-3d9c-40bb-bc8b-daa92b5e6e8f e8bd1edc7aa447d48c3a5691e2ff5054 77b255e3d5254ce2b88afe37ad6448b3 - - default default] Successfully bumped revision number for resource 09c08f28-75bb-40c7-8bf3-b5d1835a6e1d (type: security_group_rules) to 0
2026-07-01 02:01:57.631 10 INFO neutron.wsgi [None req-23c1921a-3d9c-40bb-bc8b-daa92b5e6e8f e8bd1edc7aa447d48c3a5691e2ff5054 77b255e3d5254ce2b88afe37ad6448b3 - - default default] 10.0.0.240 "POST /v2.0/security-group-rules HTTP/1.1" status: 201 len: 764 time: 0.1396191
2026-07-01 02:01:57.643 10 WARNING neutron_lib.context [None req-72599e3f-16c5-494d-bf99-05fe89183deb e8bd1edc7aa447d48c3a5691e2ff5054 77b255e3d5254ce2b88afe37ad6448b3 - - default default] Method 'is_advsvc' is deprecated since 2023.2 release (neutron-lib 3.8.0) and will be removed once support for the old RBAC API policies will be removed from Neutron. Please use method 'is_service_role' instead.
2026-07-01 02:01:57.770 10 INFO neutron.db.ovn_revision_numbers_db [None req-72599e3f-16c5-494d-bf99-05fe89183deb e8bd1edc7aa447d48c3a5691e2ff5054 77b255e3d5254ce2b88afe37ad6448b3 - - default default] Successfully bumped revision number for resource d608f520-e01e-49c5-bd92-c4c61b98a845 (type: security_group_rules) to 0
2026-07-01 02:01:57.792 10 INFO neutron.wsgi [None req-72599e3f-16c5-494d-bf99-05fe89183deb e8bd1edc7aa447d48c3a5691e2ff5054 77b255e3d5254ce2b88afe37ad6448b3 - - default default] 10.0.0.240 "POST /v2.0/security-group-rules HTTP/1.1" status: 201 len: 764 time: 0.1541839
2026-07-01 02:01:57.802 10 WARNING neutron_lib.context [None req-ab0c3a61-f22b-45a0-a9ea-4dfd2041e496 e8bd1edc7aa447d48c3a5691e2ff5054 77b255e3d5254ce2b88afe37ad6448b3 - - default default] Method 'is_advsvc' is deprecated since 2023.2 release (neutron-lib 3.8.0) and will be removed once support for the old RBAC API policies will be removed from Neutron. Please use method 'is_service_role' instead.
2026-07-01 02:01:57.916 10 INFO neutron.db.ovn_revision_numbers_db [None req-ab0c3a61-f22b-45a0-a9ea-4dfd2041e496 e8bd1edc7aa447d48c3a5691e2ff5054 77b255e3d5254ce2b88afe37ad6448b3 - - default default] Successfully bumped revision number for resource a55207e7-51b4-4c79-a919-5a43d5ccccfb (type: security_group_rules) to 0
2026-07-01 02:01:57.937 10 INFO neutron.wsgi [None req-ab0c3a61-f22b-45a0-a9ea-4dfd2041e496 e8bd1edc7aa447d48c3a5691e2ff5054 77b255e3d5254ce2b88afe37ad6448b3 - - default default] 10.0.0.240 "POST /v2.0/security-group-rules HTTP/1.1" status: 201 len: 764 time: 0.1398368
2026-07-01 02:01:57.946 10 WARNING neutron_lib.context [None req-59fe390b-4434-4c90-8411-ee18a5d6fbe4 e8bd1edc7aa447d48c3a5691e2ff5054 77b255e3d5254ce2b88afe37ad6448b3 - - default default] Method 'is_advsvc' is deprecated since 2023.2 release (neutron-lib 3.8.0) and will be removed once support for the old RBAC API policies will be removed from Neutron. Please use method 'is_service_role' instead.
2026-07-01 02:01:58.047 10 INFO neutron.db.ovn_revision_numbers_db [None req-59fe390b-4434-4c90-8411-ee18a5d6fbe4 e8bd1edc7aa447d48c3a5691e2ff5054 77b255e3d5254ce2b88afe37ad6448b3 - - default default] Successfully bumped revision number for resource ca4173f2-47b5-47d4-b3b2-358cc4228815 (type: security_group_rules) to 0
2026-07-01 02:01:58.069 10 INFO neutron.wsgi [None req-59fe390b-4434-4c90-8411-ee18a5d6fbe4 e8bd1edc7aa447d48c3a5691e2ff5054 77b255e3d5254ce2b88afe37ad6448b3 - - default default] 10.0.0.240 "POST /v2.0/security-group-rules HTTP/1.1" status: 201 len: 766 time: 0.1271145
2026-07-01 02:01:58.079 10 WARNING neutron_lib.context [None req-ef9ba3fa-1864-4803-aabd-031b2eb7ef13 e8bd1edc7aa447d48c3a5691e2ff5054 77b255e3d5254ce2b88afe37ad6448b3 - - default default] Method 'is_advsvc' is deprecated since 2023.2 release (neutron-lib 3.8.0) and will be removed once support for the old RBAC API policies will be removed from Neutron. Please use method 'is_service_role' instead.
2026-07-01 02:01:58.188 10 INFO neutron.db.ovn_revision_numbers_db [None req-ef9ba3fa-1864-4803-aabd-031b2eb7ef13 e8bd1edc7aa447d48c3a5691e2ff5054 77b255e3d5254ce2b88afe37ad6448b3 - - default default] Successfully bumped revision number for resource f87d9b63-60e2-47b0-aece-bec9635419d2 (type: security_group_rules) to 0
2026-07-01 02:01:58.209 10 INFO neutron.wsgi [None req-ef9ba3fa-1864-4803-aabd-031b2eb7ef13 e8bd1edc7aa447d48c3a5691e2ff5054 77b255e3d5254ce2b88afe37ad6448b3 - - default default] 10.0.0.240 "POST /v2.0/security-group-rules HTTP/1.1" status: 201 len: 768 time: 0.1349947
2026-07-01 02:01:58.219 10 WARNING neutron_lib.context [None req-23c6c141-308b-497d-8aa2-dc02e162c80a e8bd1edc7aa447d48c3a5691e2ff5054 77b255e3d5254ce2b88afe37ad6448b3 - - default default] Method 'is_advsvc' is deprecated since 2023.2 release (neutron-lib 3.8.0) and will be removed once support for the old RBAC API policies will be removed from Neutron. Please use method 'is_service_role' instead.
2026-07-01 02:01:58.373 10 INFO neutron.db.ovn_revision_numbers_db [None req-23c6c141-308b-497d-8aa2-dc02e162c80a e8bd1edc7aa447d48c3a5691e2ff5054 77b255e3d5254ce2b88afe37ad6448b3 - - default default] Successfully bumped revision number for resource 9aba4621-9041-4a1c-a7aa-20a609200bae (type: security_group_rules) to 0
2026-07-01 02:01:58.413 10 INFO neutron.wsgi [None req-23c6c141-308b-497d-8aa2-dc02e162c80a e8bd1edc7aa447d48c3a5691e2ff5054 77b255e3d5254ce2b88afe37ad6448b3 - - default default] 10.0.0.240 "POST /v2.0/security-group-rules HTTP/1.1" status: 201 len: 764 time: 0.1980877
2026-07-01 02:01:58.420 10 WARNING neutron_lib.context [None req-8bc76d43-c293-4e2e-b915-449638177515 35c8fd2781df41c9883b303acda8c024 ac0ae8b939c14306acd4c997076c9ead - - default default] Method 'is_advsvc' is deprecated since 2023.2 release (neutron-lib 3.8.0) and will be removed once support for the old RBAC API policies will be removed from Neutron. Please use method 'is_service_role' instead.
2026-07-01 02:01:58.535 10 INFO neutron.db.ovn_revision_numbers_db [None req-8bc76d43-c293-4e2e-b915-449638177515 35c8fd2781df41c9883b303acda8c024 ac0ae8b939c14306acd4c997076c9ead - - default default] Successfully bumped revision number for resource 6f05ee00-8d89-43a1-999b-accd100acf25 (type: security_groups) to 1
2026-07-01 02:01:58.551 10 INFO neutron.db.ovn_revision_numbers_db [None req-8bc76d43-c293-4e2e-b915-449638177515 35c8fd2781df41c9883b303acda8c024 ac0ae8b939c14306acd4c997076c9ead - - default default] Successfully bumped revision number for resource 141c8164-e16e-4c33-a5ed-1e14631bc1f8 (type: security_group_rules) to 0
2026-07-01 02:01:58.565 10 INFO neutron.db.ovn_revision_numbers_db [None req-8bc76d43-c293-4e2e-b915-449638177515 35c8fd2781df41c9883b303acda8c024 ac0ae8b939c14306acd4c997076c9ead - - default default] Successfully bumped revision number for resource 38426a4a-a303-46a3-a12d-bf9621d3bb39 (type: security_group_rules) to 0
2026-07-01 02:01:58.577 10 INFO neutron.db.ovn_revision_numbers_db [None req-8bc76d43-c293-4e2e-b915-449638177515 35c8fd2781df41c9883b303acda8c024 ac0ae8b939c14306acd4c997076c9ead - - default default] Successfully bumped revision number for resource b5260faa-10ce-4c3f-bc51-da214e76e0f4 (type: security_group_rules) to 0
2026-07-01 02:01:58.588 10 INFO neutron.db.ovn_revision_numbers_db [None req-8bc76d43-c293-4e2e-b915-449638177515 35c8fd2781df41c9883b303acda8c024 ac0ae8b939c14306acd4c997076c9ead - - default default] Successfully bumped revision number for resource c5b503a4-c4a9-47e4-8474-55efe2705744 (type: security_group_rules) to 0
2026-07-01 02:01:58.649 10 INFO neutron.db.segments_db [None req-8bc76d43-c293-4e2e-b915-449638177515 35c8fd2781df41c9883b303acda8c024 ac0ae8b939c14306acd4c997076c9ead - - default default] Added segment 0c484aad-7097-4f89-bdcd-3a25b375880d of type geneve for network 804c9a34-445a-4de5-91be-0693a794e444
2026-07-01 02:01:58.711 9 INFO neutron.wsgi [req-f4b2d6bb-bb11-48ac-9aa1-9a6a73efe221 req-63655a32-0d30-49e5-a72d-df129ae1a08d e8bd1edc7aa447d48c3a5691e2ff5054 77b255e3d5254ce2b88afe37ad6448b3 - - default default] 10.0.0.34 "GET /v2.0/security-groups?name=tempest-lb_member_SG-505050082&fields=id&tenant_id=77b255e3d5254ce2b88afe37ad6448b3 HTTP/1.1" status: 200 len: 267 time: 0.0419734
2026-07-01 02:01:58.783 9 INFO neutron.wsgi [req-f4b2d6bb-bb11-48ac-9aa1-9a6a73efe221 req-a9217d11-56e4-4ca8-8ff7-ff6a50e8e060 e8bd1edc7aa447d48c3a5691e2ff5054 77b255e3d5254ce2b88afe37ad6448b3 - - default default] 10.0.0.34 "GET /v2.0/networks?id=6cfe2913-9718-4f70-93f2-c3520727cc88 HTTP/1.1" status: 200 len: 903 time: 0.0651209
2026-07-01 02:01:58.800 9 INFO neutron.wsgi [req-f4b2d6bb-bb11-48ac-9aa1-9a6a73efe221 req-74b4f537-7af1-42c4-9050-d22bb303d618 e8bd1edc7aa447d48c3a5691e2ff5054 77b255e3d5254ce2b88afe37ad6448b3 - - default default] 10.0.0.34 "GET /v2.0/quotas/77b255e3d5254ce2b88afe37ad6448b3 HTTP/1.1" status: 200 len: 386 time: 0.0094395
2026-07-01 02:01:58.809 10 INFO neutron.db.ovn_revision_numbers_db [None req-8bc76d43-c293-4e2e-b915-449638177515 35c8fd2781df41c9883b303acda8c024 ac0ae8b939c14306acd4c997076c9ead - - default default] Successfully bumped revision number for resource 804c9a34-445a-4de5-91be-0693a794e444 (type: networks) to 1
2026-07-01 02:01:59.003 10 WARNING neutron.scheduler.dhcp_agent_scheduler [None req-8bc76d43-c293-4e2e-b915-449638177515 35c8fd2781df41c9883b303acda8c024 ac0ae8b939c14306acd4c997076c9ead - - default default] No more DHCP agents
2026-07-01 02:01:59.004 10 WARNING neutron.api.rpc.agentnotifiers.dhcp_rpc_agent_api [None req-8bc76d43-c293-4e2e-b915-449638177515 35c8fd2781df41c9883b303acda8c024 ac0ae8b939c14306acd4c997076c9ead - - default default] Unable to schedule network 804c9a34-445a-4de5-91be-0693a794e444: no agents available; will retry on subsequent port and subnet creation events.
2026-07-01 02:01:59.013 9 INFO neutron.wsgi [req-f4b2d6bb-bb11-48ac-9aa1-9a6a73efe221 req-269d86b5-45ee-4e13-bc1c-405a86148cf8 e8bd1edc7aa447d48c3a5691e2ff5054 77b255e3d5254ce2b88afe37ad6448b3 - - default default] 10.0.0.34 "GET /v2.0/ports?tenant_id=77b255e3d5254ce2b88afe37ad6448b3&fields=id HTTP/1.1" status: 200 len: 486 time: 0.2061222
2026-07-01 02:01:59.085 10 INFO neutron.db.ovn_revision_numbers_db [None req-8bc76d43-c293-4e2e-b915-449638177515 35c8fd2781df41c9883b303acda8c024 ac0ae8b939c14306acd4c997076c9ead - - default default] Successfully bumped revision number for resource ae4ce14b-1cc2-400a-8530-14beaffeadbf (type: ports) to 1
2026-07-01 02:01:59.090 9 INFO neutron.wsgi [req-f4b2d6bb-bb11-48ac-9aa1-9a6a73efe221 req-c441df6d-5bc8-4b8c-b23f-a4b1235b8024 da75f5ee220e408fa32f83ef5b1bbfab 329dfaf3a96b46f7b8a09571de8d9f51 - - b0811726392a4530b89972dbf1b46816 b0811726392a4530b89972dbf1b46816] 10.0.0.34 "GET /v2.0/networks/6cfe2913-9718-4f70-93f2-c3520727cc88?fields=segments HTTP/1.1" status: 200 len: 212 time: 0.0646331
2026-07-01 02:01:59.106 10 INFO neutron.wsgi [None req-8bc76d43-c293-4e2e-b915-449638177515 35c8fd2781df41c9883b303acda8c024 ac0ae8b939c14306acd4c997076c9ead - - default default] 10.0.0.240 "POST /v2.0/networks HTTP/1.1" status: 201 len: 829 time: 0.8805046
2026-07-01 02:01:59.117 10 WARNING neutron_lib.context [None req-a2fc4676-b925-44a6-89db-fad0f950ae98 35c8fd2781df41c9883b303acda8c024 ac0ae8b939c14306acd4c997076c9ead - - default default] Method 'is_advsvc' is deprecated since 2023.2 release (neutron-lib 3.8.0) and will be removed once support for the old RBAC API policies will be removed from Neutron. Please use method 'is_service_role' instead.
2026-07-01 02:01:59.158 9 INFO neutron.wsgi [req-f4b2d6bb-bb11-48ac-9aa1-9a6a73efe221 req-aca5213b-ca08-4df8-a1b5-c96ff1805335 da75f5ee220e408fa32f83ef5b1bbfab 329dfaf3a96b46f7b8a09571de8d9f51 - - b0811726392a4530b89972dbf1b46816 b0811726392a4530b89972dbf1b46816] 10.0.0.34 "GET /v2.0/networks/6cfe2913-9718-4f70-93f2-c3520727cc88?fields=provider%3Aphysical_network&fields=provider%3Anetwork_type HTTP/1.1" status: 200 len: 277 time: 0.0590549
2026-07-01 02:01:59.305 10 INFO neutron.wsgi [req-5edfef18-68e3-4baa-aeca-2d08bcf73707 req-bf55783a-beb1-4b22-a7fd-d6f7747eefc6 e8bd1edc7aa447d48c3a5691e2ff5054 77b255e3d5254ce2b88afe37ad6448b3 - - default default] 10.0.0.34 "GET /v2.0/ports?device_id=8a5f921b-6f61-4205-b695-638a69c354ea HTTP/1.1" status: 200 len: 210 time: 0.0223870
2026-07-01 02:01:59.372 10 WARNING neutron.scheduler.dhcp_agent_scheduler [None req-a2fc4676-b925-44a6-89db-fad0f950ae98 35c8fd2781df41c9883b303acda8c024 ac0ae8b939c14306acd4c997076c9ead - - default default] No more DHCP agents
