2026-07-01 01:58:01.587 10 INFO neutron.wsgi [req-d0f5b7e9-bff9-442d-bc93-5cf1fd72308e req-6e70e924-f8da-49a2-9c72-84f6171a2240 da75f5ee220e408fa32f83ef5b1bbfab 329dfaf3a96b46f7b8a09571de8d9f51 - - b0811726392a4530b89972dbf1b46816 b0811726392a4530b89972dbf1b46816] 199.204.45.109 "GET /v2.0/networks/e1ab3c70-8c51-49ab-853c-d240afa3e8b8?fields=provider%3Aphysical_network&fields=provider%3Anetwork_type HTTP/1.1" status: 200 len: 277 time: 0.0634582
2026-07-01 01:58:01.630 10 INFO neutron.wsgi [req-ed339e05-1fe5-43ef-abae-b307af5dc9d4 req-b75af337-bba8-4a86-a301-1cf4b96a950b 93360a2c0fec40c4ba4a0ddb9ccab2f4 b41eb4f721924518b3e283b48cb13e5e - - default default] 10.0.0.34 "GET /v2.0/security-groups?name=tempest-securitygroup--292735026&fields=id&tenant_id=b41eb4f721924518b3e283b48cb13e5e HTTP/1.1" status: 200 len: 267 time: 0.0858700
2026-07-01 01:58:01.702 10 INFO neutron.wsgi [req-ed339e05-1fe5-43ef-abae-b307af5dc9d4 req-a1adbbc0-4bee-46a5-bf0d-c9136f721d4e 93360a2c0fec40c4ba4a0ddb9ccab2f4 b41eb4f721924518b3e283b48cb13e5e - - default default] 10.0.0.34 "GET /v2.0/networks?id=3c25d590-de4e-49cf-8558-1df0a23dfe8f HTTP/1.1" status: 200 len: 883 time: 0.0632958
2026-07-01 01:58:01.721 10 INFO neutron.wsgi [req-ed339e05-1fe5-43ef-abae-b307af5dc9d4 req-568104ca-5832-4153-848b-8051b3aacfba 93360a2c0fec40c4ba4a0ddb9ccab2f4 b41eb4f721924518b3e283b48cb13e5e - - default default] 10.0.0.34 "GET /v2.0/quotas/b41eb4f721924518b3e283b48cb13e5e HTTP/1.1" status: 200 len: 386 time: 0.0109019
2026-07-01 01:58:01.804 10 INFO neutron.wsgi [req-ed339e05-1fe5-43ef-abae-b307af5dc9d4 req-65a8ec54-6380-4b5e-8e63-3652570c54d1 93360a2c0fec40c4ba4a0ddb9ccab2f4 b41eb4f721924518b3e283b48cb13e5e - - default default] 10.0.0.34 "GET /v2.0/ports?tenant_id=b41eb4f721924518b3e283b48cb13e5e&fields=id HTTP/1.1" status: 200 len: 302 time: 0.0743959
2026-07-01 01:58:01.828 9 INFO neutron.wsgi [req-96036466-434a-4d59-baab-b4728f5ae2ab req-d9d002d1-40ec-42d7-b440-189ae52023d9 e6e90891e68e46aab8e0936747684a46 51ba4128d4cf4bf29e26fc3e532bca28 - - default default] 10.0.0.34 "GET /v2.0/ports?device_id=723d8cb3-990d-4607-9258-a1032098a078 HTTP/1.1" status: 200 len: 1168 time: 0.0442801
2026-07-01 01:58:01.879 10 INFO neutron.wsgi [req-ed339e05-1fe5-43ef-abae-b307af5dc9d4 req-fe5cf3bf-9fe8-46b2-9609-722fe6c3f07b da75f5ee220e408fa32f83ef5b1bbfab 329dfaf3a96b46f7b8a09571de8d9f51 - - b0811726392a4530b89972dbf1b46816 b0811726392a4530b89972dbf1b46816] 10.0.0.34 "GET /v2.0/networks/3c25d590-de4e-49cf-8558-1df0a23dfe8f?fields=segments HTTP/1.1" status: 200 len: 212 time: 0.0603848
2026-07-01 01:58:01.881 9 INFO neutron.wsgi [req-96036466-434a-4d59-baab-b4728f5ae2ab req-46c03603-46a6-49dd-b694-ae6d8a7f691e e6e90891e68e46aab8e0936747684a46 51ba4128d4cf4bf29e26fc3e532bca28 - - default default] 10.0.0.34 "GET /v2.0/security-groups?id=160ba717-efaa-4802-8c4a-3ab017b6e4b5&fields=id&fields=name HTTP/1.1" status: 200 len: 286 time: 0.0395899
2026-07-01 01:58:01.945 10 INFO neutron.wsgi [req-ed339e05-1fe5-43ef-abae-b307af5dc9d4 req-86c5198d-62de-4887-8edd-8872a6bbe3c0 da75f5ee220e408fa32f83ef5b1bbfab 329dfaf3a96b46f7b8a09571de8d9f51 - - b0811726392a4530b89972dbf1b46816 b0811726392a4530b89972dbf1b46816] 10.0.0.34 "GET /v2.0/networks/3c25d590-de4e-49cf-8558-1df0a23dfe8f?fields=provider%3Aphysical_network&fields=provider%3Anetwork_type HTTP/1.1" status: 200 len: 277 time: 0.0578976
2026-07-01 01:58:02.103 9 INFO neutron.wsgi [req-e0692282-1716-4292-b4eb-f1d0cfd7fb7c req-bbbfbef3-1a43-46be-b5e9-649ebe32287a 93360a2c0fec40c4ba4a0ddb9ccab2f4 b41eb4f721924518b3e283b48cb13e5e - - default default] 10.0.0.34 "GET /v2.0/ports?device_id=bf97184d-bb9e-48bb-b8d4-d043facaf0c8 HTTP/1.1" status: 200 len: 210 time: 0.0198061
2026-07-01 01:58:02.161 10 INFO neutron.wsgi [req-a5ac45a8-9f91-4bb5-a52e-f93f21571b07 req-1ad279eb-8cf0-46f8-9e81-323ef87a9447 418b8ea2b57b4560aef1aea9fa60da42 28b890827e6f4471ad59498e19d24321 - - default default] 10.0.0.34 "GET /v2.0/ports?device_id=934cb7c0-2c8a-400a-b506-c1a41c8d893e HTTP/1.1" status: 200 len: 1168 time: 0.0392411
2026-07-01 01:58:02.205 10 INFO neutron.wsgi [req-a5ac45a8-9f91-4bb5-a52e-f93f21571b07 req-c0dd930e-90a8-4399-a8c8-d71cd9e8a15b 418b8ea2b57b4560aef1aea9fa60da42 28b890827e6f4471ad59498e19d24321 - - default default] 10.0.0.34 "GET /v2.0/security-groups?id=b26e5b69-4716-4b25-aa97-b42a565e26ee&fields=id&fields=name HTTP/1.1" status: 200 len: 313 time: 0.0375402
2026-07-01 01:58:02.705 9 WARNING neutron.plugins.ml2.drivers.ovn.mech_driver.ovsdb.ovn_client [None req-893e819e-c923-4dec-b005-82e98c725972 - - - - - -] No hosting information found for port 0321a1eb-aa7f-4ee1-bd3e-f026af40734a: RuntimeError: No hosting information found for port 0321a1eb-aa7f-4ee1-bd3e-f026af40734a
2026-07-01 01:58:02.706 9 INFO neutron.plugins.ml2.drivers.ovn.mech_driver.mech_driver [None req-893e819e-c923-4dec-b005-82e98c725972 - - - - - -] OVN reports status up for port: 50be6f98-0f4d-40ca-b3bf-a703ea09559a
2026-07-01 01:58:02.734 9 INFO neutron.plugins.ml2.plugin [None req-893e819e-c923-4dec-b005-82e98c725972 - - - - - -] Attempt 1 to provision port 50be6f98-0f4d-40ca-b3bf-a703ea09559a
2026-07-01 01:58:02.869 9 INFO neutron.notifiers.nova [-] Nova event matching ['req-0b252002-81f7-4232-9890-62f21436db0d'] response: {'server_uuid': '934cb7c0-2c8a-400a-b506-c1a41c8d893e', 'name': 'network-vif-plugged', 'status': 'completed', 'tag': '50be6f98-0f4d-40ca-b3bf-a703ea09559a', 'code': 200}
2026-07-01 01:58:02.996 9 INFO neutron.db.ovn_revision_numbers_db [None req-c1bbc71b-edc5-48b4-a082-3b98c6703f2f db0d62f4f0ea4e89910377668fd8c84f 6340392e7cc244169c2c302ebf3aa645 - - default default] Successfully bumped revision number for resource c95fbb82-dcfa-4efa-8463-2ad516e23c2d (type: security_groups) to 1
2026-07-01 01:58:03.018 9 INFO neutron.db.ovn_revision_numbers_db [None req-c1bbc71b-edc5-48b4-a082-3b98c6703f2f db0d62f4f0ea4e89910377668fd8c84f 6340392e7cc244169c2c302ebf3aa645 - - default default] Successfully bumped revision number for resource 1e5f449a-ab0b-4e2c-98fe-1a961add5bb2 (type: security_group_rules) to 0
2026-07-01 01:58:03.028 10 INFO neutron.wsgi [req-93c48486-7760-4cf5-aa8c-fa205cf27960 req-d39c5049-cfd6-4711-9b38-732e9966ec52 e6e90891e68e46aab8e0936747684a46 51ba4128d4cf4bf29e26fc3e532bca28 - - default default] 10.0.0.34 "GET /v2.0/ports?device_id=723d8cb3-990d-4607-9258-a1032098a078 HTTP/1.1" status: 200 len: 1168 time: 0.0608108
2026-07-01 01:58:03.043 9 INFO neutron.db.ovn_revision_numbers_db [None req-c1bbc71b-edc5-48b4-a082-3b98c6703f2f db0d62f4f0ea4e89910377668fd8c84f 6340392e7cc244169c2c302ebf3aa645 - - default default] Successfully bumped revision number for resource 7a1105a4-dbd9-4434-8143-1f3494e3ef47 (type: security_group_rules) to 0
2026-07-01 01:58:03.059 9 INFO neutron.db.ovn_revision_numbers_db [None req-c1bbc71b-edc5-48b4-a082-3b98c6703f2f db0d62f4f0ea4e89910377668fd8c84f 6340392e7cc244169c2c302ebf3aa645 - - default default] Successfully bumped revision number for resource f8fb8c8b-df5f-4bed-b1d4-d47760b698fc (type: security_group_rules) to 0
2026-07-01 01:58:03.070 9 INFO neutron.db.ovn_revision_numbers_db [None req-893e819e-c923-4dec-b005-82e98c725972 - - - - - -] Successfully bumped revision number for resource 50be6f98-0f4d-40ca-b3bf-a703ea09559a (type: ports) to 4
2026-07-01 01:58:03.080 9 INFO neutron.db.ovn_revision_numbers_db [None req-c1bbc71b-edc5-48b4-a082-3b98c6703f2f db0d62f4f0ea4e89910377668fd8c84f 6340392e7cc244169c2c302ebf3aa645 - - default default] Successfully bumped revision number for resource fd365fb1-1945-4e4d-97e8-02e1404d06b0 (type: security_group_rules) to 0
2026-07-01 01:58:03.091 10 INFO neutron.wsgi [req-93c48486-7760-4cf5-aa8c-fa205cf27960 req-1e0025d7-138d-468d-af1b-a3f46705c3fc e6e90891e68e46aab8e0936747684a46 51ba4128d4cf4bf29e26fc3e532bca28 - - default default] 10.0.0.34 "GET /v2.0/security-groups?id=160ba717-efaa-4802-8c4a-3ab017b6e4b5&fields=id&fields=name HTTP/1.1" status: 200 len: 286 time: 0.0538037
2026-07-01 01:58:03.115 9 INFO neutron.wsgi [None req-c1bbc71b-edc5-48b4-a082-3b98c6703f2f db0d62f4f0ea4e89910377668fd8c84f 6340392e7cc244169c2c302ebf3aa645 - - default default] 10.0.0.240 "GET /v2.0/security-groups?tenant_id=cb107fc29ae44dafa83db8765dadadf0&name=default HTTP/1.1" status: 200 len: 2996 time: 0.4950521
2026-07-01 01:58:03.135 9 INFO neutron.plugins.ml2.drivers.ovn.mech_driver.mech_driver [None req-893e819e-c923-4dec-b005-82e98c725972 - - - - - -] OVN reports status up for port: 7c120ea0-f18d-47f9-ab92-3307546de7c6
2026-07-01 01:58:03.155 9 INFO neutron.plugins.ml2.plugin [None req-893e819e-c923-4dec-b005-82e98c725972 - - - - - -] Attempt 1 to provision port 7c120ea0-f18d-47f9-ab92-3307546de7c6 /var/lib/openstack/lib/python3.10/site-packages/pycadf/identifier.py:71: UserWarning: Invalid uuid: neutron. To ensure interoperability, identifiers should be a valid uuid. warnings.warn(('Invalid uuid: %s. To ensure interoperability, '
2026-07-01 01:58:03.226 10 WARNING neutron.plugins.ml2.drivers.ovn.mech_driver.ovsdb.ovn_client [None req-12efca80-85e1-4cd3-9fde-19274a80a8e8 - - - - - -] No hosting information found for port 9fcda09b-2d15-4916-9ea7-b78d74aa53aa: RuntimeError: No hosting information found for port 9fcda09b-2d15-4916-9ea7-b78d74aa53aa
2026-07-01 01:58:03.226 9 INFO neutron.wsgi [req-9ffe3965-e863-4c10-b171-996db21429d5 req-f7ca240d-a31f-426e-9c68-87ca39c49333 93360a2c0fec40c4ba4a0ddb9ccab2f4 b41eb4f721924518b3e283b48cb13e5e - - default default] 10.0.0.34 "GET /v2.0/ports?device_id=bf97184d-bb9e-48bb-b8d4-d043facaf0c8 HTTP/1.1" status: 200 len: 210 time: 0.0318861
2026-07-01 01:58:03.251 10 INFO neutron.wsgi [req-ed339e05-1fe5-43ef-abae-b307af5dc9d4 req-e97333b1-9f8c-4951-8beb-5db86ccff70f 93360a2c0fec40c4ba4a0ddb9ccab2f4 b41eb4f721924518b3e283b48cb13e5e - - default default] 199.204.45.109 "GET /v2.0/networks?id=3c25d590-de4e-49cf-8558-1df0a23dfe8f HTTP/1.1" status: 200 len: 883 time: 0.1273186
2026-07-01 01:58:03.361 10 INFO neutron.wsgi [req-ed339e05-1fe5-43ef-abae-b307af5dc9d4 req-0c4ec40b-8141-42ca-ae71-f9fb48d66d35 93360a2c0fec40c4ba4a0ddb9ccab2f4 b41eb4f721924518b3e283b48cb13e5e - - default default] 199.204.45.109 "GET /v2.0/security-groups?fields=id&fields=name&tenant_id=b41eb4f721924518b3e283b48cb13e5e HTTP/1.1" status: 200 len: 379 time: 0.1041615
2026-07-01 01:58:03.366 10 INFO neutron.wsgi [req-360a05c8-7155-4f2b-a37b-e74e86cd0b1c req-bd19f98f-2fe7-40ed-b609-d3d0696bf863 418b8ea2b57b4560aef1aea9fa60da42 28b890827e6f4471ad59498e19d24321 - - default default] 10.0.0.34 "GET /v2.0/ports?device_id=934cb7c0-2c8a-400a-b506-c1a41c8d893e HTTP/1.1" status: 200 len: 1170 time: 0.0783954
2026-07-01 01:58:03.372 10 WARNING neutron_lib.context [req-ed339e05-1fe5-43ef-abae-b307af5dc9d4 req-2c1900c2-68e3-44ac-8969-008414fd8756 93360a2c0fec40c4ba4a0ddb9ccab2f4 b41eb4f721924518b3e283b48cb13e5e - - default default] Method 'is_advsvc' is deprecated since 2023.2 release (neutron-lib 3.8.0) and will be removed once support for the old RBAC API policies will be removed from Neutron. Please use method 'is_service_role' instead.
2026-07-01 01:58:03.493 9 INFO neutron.db.ovn_revision_numbers_db [None req-893e819e-c923-4dec-b005-82e98c725972 - - - - - -] Successfully bumped revision number for resource 7c120ea0-f18d-47f9-ab92-3307546de7c6 (type: ports) to 4
2026-07-01 01:58:03.638 10 INFO neutron.wsgi [req-360a05c8-7155-4f2b-a37b-e74e86cd0b1c req-8c68fd5d-1f52-421c-8764-341f9464d7c3 418b8ea2b57b4560aef1aea9fa60da42 28b890827e6f4471ad59498e19d24321 - - default default] 10.0.0.34 "GET /v2.0/security-groups?id=b26e5b69-4716-4b25-aa97-b42a565e26ee&fields=id&fields=name HTTP/1.1" status: 200 len: 313 time: 0.2636752
2026-07-01 01:58:03.720 10 INFO neutron.wsgi [None req-f23dbe80-d5d1-40a1-9c9f-95a4802129a3 db0d62f4f0ea4e89910377668fd8c84f 6340392e7cc244169c2c302ebf3aa645 - - default default] 10.0.0.240 "DELETE /v2.0/security-groups/c95fbb82-dcfa-4efa-8463-2ad516e23c2d HTTP/1.1" status: 204 len: 168 time: 0.5941365
2026-07-01 01:58:03.932 10 WARNING neutron.scheduler.dhcp_agent_scheduler [req-ed339e05-1fe5-43ef-abae-b307af5dc9d4 req-2c1900c2-68e3-44ac-8969-008414fd8756 93360a2c0fec40c4ba4a0ddb9ccab2f4 b41eb4f721924518b3e283b48cb13e5e - - default default] No more DHCP agents
2026-07-01 01:58:03.934 10 WARNING neutron.api.rpc.agentnotifiers.dhcp_rpc_agent_api [req-ed339e05-1fe5-43ef-abae-b307af5dc9d4 req-2c1900c2-68e3-44ac-8969-008414fd8756 93360a2c0fec40c4ba4a0ddb9ccab2f4 b41eb4f721924518b3e283b48cb13e5e - - default default] Unable to schedule network 3c25d590-de4e-49cf-8558-1df0a23dfe8f: no agents available; will retry on subsequent port and subnet creation events.
2026-07-01 01:58:04.130 10 INFO neutron.db.ovn_revision_numbers_db [req-ed339e05-1fe5-43ef-abae-b307af5dc9d4 req-2c1900c2-68e3-44ac-8969-008414fd8756 93360a2c0fec40c4ba4a0ddb9ccab2f4 b41eb4f721924518b3e283b48cb13e5e - - default default] Successfully bumped revision number for resource 35d2b359-8eb2-413a-8c22-f0484167bc70 (type: ports) to 1
2026-07-01 01:58:04.153 10 INFO neutron.wsgi [req-ed339e05-1fe5-43ef-abae-b307af5dc9d4 req-2c1900c2-68e3-44ac-8969-008414fd8756 93360a2c0fec40c4ba4a0ddb9ccab2f4 b41eb4f721924518b3e283b48cb13e5e - - default default] 199.204.45.109 "POST /v2.0/ports HTTP/1.1" status: 201 len: 1162 time: 0.7855952 /var/lib/openstack/lib/python3.10/site-packages/pycadf/identifier.py:71: UserWarning: Invalid uuid: neutron. To ensure interoperability, identifiers should be a valid uuid. warnings.warn(('Invalid uuid: %s. To ensure interoperability, ' /var/lib/openstack/lib/python3.10/site-packages/pycadf/identifier.py:71: UserWarning: Invalid uuid: neutron. To ensure interoperability, identifiers should be a valid uuid. warnings.warn(('Invalid uuid: %s. To ensure interoperability, '
2026-07-01 01:58:04.216 9 INFO neutron.wsgi [req-b4a226f3-7852-406d-948f-93519306324a req-ce24ad5c-87f5-4b07-a8c3-15bce6990c0d e6e90891e68e46aab8e0936747684a46 51ba4128d4cf4bf29e26fc3e532bca28 - - default default] 10.0.0.34 "GET /v2.0/ports?device_id=723d8cb3-990d-4607-9258-a1032098a078 HTTP/1.1" status: 200 len: 1170 time: 0.0357912
2026-07-01 01:58:04.261 9 INFO neutron.wsgi [req-b4a226f3-7852-406d-948f-93519306324a req-021438af-6c5d-4db1-83ef-6dce8bec9b22 e6e90891e68e46aab8e0936747684a46 51ba4128d4cf4bf29e26fc3e532bca28 - - default default] 10.0.0.34 "GET /v2.0/security-groups?id=160ba717-efaa-4802-8c4a-3ab017b6e4b5&fields=id&fields=name HTTP/1.1" status: 200 len: 286 time: 0.0390904
2026-07-01 01:58:04.352 10 INFO neutron.wsgi [req-85a00f37-55fb-48f1-ae54-1b4f5e750d3f req-dd066005-52be-4489-8833-b0fd3d404d1f 93360a2c0fec40c4ba4a0ddb9ccab2f4 b41eb4f721924518b3e283b48cb13e5e - - default default] 10.0.0.34 "GET /v2.0/ports?device_id=bf97184d-bb9e-48bb-b8d4-d043facaf0c8 HTTP/1.1" status: 200 len: 1160 time: 0.0463490
2026-07-01 01:58:04.418 10 INFO neutron.wsgi [req-85a00f37-55fb-48f1-ae54-1b4f5e750d3f req-408a83a1-fec0-48bc-94b9-9a50537abab2 93360a2c0fec40c4ba4a0ddb9ccab2f4 b41eb4f721924518b3e283b48cb13e5e - - default default] 10.0.0.34 "GET /v2.0/security-groups?id=69933e28-82e2-4d32-97a5-58fea499ae41&fields=id&fields=name HTTP/1.1" status: 200 len: 312 time: 0.0554469
2026-07-01 01:58:04.611 10 INFO neutron.db.ovn_revision_numbers_db [req-ed339e05-1fe5-43ef-abae-b307af5dc9d4 req-b80bfbd4-6c6c-4a53-bed2-d0bad767e8fa da75f5ee220e408fa32f83ef5b1bbfab 329dfaf3a96b46f7b8a09571de8d9f51 - - b0811726392a4530b89972dbf1b46816 b0811726392a4530b89972dbf1b46816] Successfully bumped revision number for resource 35d2b359-8eb2-413a-8c22-f0484167bc70 (type: ports) to 2
2026-07-01 01:58:04.807 9 INFO neutron.wsgi [req-0625343f-6fcc-415a-b90f-3ab4736797d4 req-779c2721-3e02-437a-bf9d-23253c2e1e0c 418b8ea2b57b4560aef1aea9fa60da42 28b890827e6f4471ad59498e19d24321 - - default default] 10.0.0.34 "GET /v2.0/ports?device_id=934cb7c0-2c8a-400a-b506-c1a41c8d893e HTTP/1.1" status: 200 len: 1170 time: 0.0955257
2026-07-01 01:58:04.827 10 INFO neutron.db.ovn_revision_numbers_db [req-ed339e05-1fe5-43ef-abae-b307af5dc9d4 req-b80bfbd4-6c6c-4a53-bed2-d0bad767e8fa da75f5ee220e408fa32f83ef5b1bbfab 329dfaf3a96b46f7b8a09571de8d9f51 - - b0811726392a4530b89972dbf1b46816 b0811726392a4530b89972dbf1b46816] Successfully bumped revision number for resource 35d2b359-8eb2-413a-8c22-f0484167bc70 (type: ports) to 2
2026-07-01 01:58:04.846 10 INFO neutron.wsgi [req-ed339e05-1fe5-43ef-abae-b307af5dc9d4 req-b80bfbd4-6c6c-4a53-bed2-d0bad767e8fa da75f5ee220e408fa32f83ef5b1bbfab 329dfaf3a96b46f7b8a09571de8d9f51 - - b0811726392a4530b89972dbf1b46816 b0811726392a4530b89972dbf1b46816] 199.204.45.109 "PUT /v2.0/ports/35d2b359-8eb2-413a-8c22-f0484167bc70 HTTP/1.1" status: 200 len: 1380 time: 0.6841245
2026-07-01 01:58:04.846 9 INFO neutron.wsgi [req-0625343f-6fcc-415a-b90f-3ab4736797d4 req-2d3f4799-0c61-4175-a662-6b5ef070f3b1 418b8ea2b57b4560aef1aea9fa60da42 28b890827e6f4471ad59498e19d24321 - - default default] 10.0.0.34 "GET /v2.0/security-groups?id=b26e5b69-4716-4b25-aa97-b42a565e26ee&fields=id&fields=name HTTP/1.1" status: 200 len: 313 time: 0.0335062 /var/lib/openstack/lib/python3.10/site-packages/pycadf/identifier.py:71: UserWarning: Invalid uuid: neutron. To ensure interoperability, identifiers should be a valid uuid. warnings.warn(('Invalid uuid: %s. To ensure interoperability, '
2026-07-01 01:58:04.916 10 INFO neutron.notifiers.nova [-] Nova event matching ['req-7aa7fad5-e9b9-4f25-b052-e79d79ffc4bc'] response: {'name': 'network-changed', 'server_uuid': 'bf97184d-bb9e-48bb-b8d4-d043facaf0c8', 'tag': '35d2b359-8eb2-413a-8c22-f0484167bc70', 'status': 'completed', 'code': 200}
2026-07-01 01:58:04.919 9 INFO neutron.notifiers.nova [-] Nova event matching ['req-dcea1910-e8fb-4864-a62c-de5277190a7c'] response: {'server_uuid': '934cb7c0-2c8a-400a-b506-c1a41c8d893e', 'name': 'network-vif-plugged', 'status': 'completed', 'tag': '50be6f98-0f4d-40ca-b3bf-a703ea09559a', 'code': 200}
2026-07-01 01:58:04.919 9 INFO neutron.notifiers.nova [-] Nova event matching ['req-dcea1910-e8fb-4864-a62c-de5277190a7c'] response: {'server_uuid': '723d8cb3-990d-4607-9258-a1032098a078', 'name': 'network-vif-plugged', 'status': 'completed', 'tag': '7c120ea0-f18d-47f9-ab92-3307546de7c6', 'code': 200}
2026-07-01 01:58:04.920 9 INFO neutron.notifiers.nova [-] Nova event matching ['req-dcea1910-e8fb-4864-a62c-de5277190a7c'] response: {'server_uuid': '723d8cb3-990d-4607-9258-a1032098a078', 'name': 'network-vif-plugged', 'status': 'completed', 'tag': '7c120ea0-f18d-47f9-ab92-3307546de7c6', 'code': 200}
2026-07-01 01:58:04.941 10 INFO neutron.wsgi [req-ed339e05-1fe5-43ef-abae-b307af5dc9d4 req-1270f471-bc57-4c15-a29e-6880d6d4d2a3 da75f5ee220e408fa32f83ef5b1bbfab 329dfaf3a96b46f7b8a09571de8d9f51 - - b0811726392a4530b89972dbf1b46816 b0811726392a4530b89972dbf1b46816] 199.204.45.109 "GET /v2.0/ports?tenant_id=b41eb4f721924518b3e283b48cb13e5e&device_id=bf97184d-bb9e-48bb-b8d4-d043facaf0c8 HTTP/1.1" status: 200 len: 1411 time: 0.0552688
2026-07-01 01:58:04.974 10 INFO neutron.wsgi [req-ed339e05-1fe5-43ef-abae-b307af5dc9d4 req-c793054f-afd3-4094-9dd3-262b23d31e62 da75f5ee220e408fa32f83ef5b1bbfab 329dfaf3a96b46f7b8a09571de8d9f51 - - b0811726392a4530b89972dbf1b46816 b0811726392a4530b89972dbf1b46816] 199.204.45.109 "GET /v2.0/floatingips?fixed_ip_address=10.100.0.14&port_id=35d2b359-8eb2-413a-8c22-f0484167bc70 HTTP/1.1" status: 200 len: 217 time: 0.0278947
2026-07-01 01:58:05.016 10 INFO neutron.wsgi [req-ed339e05-1fe5-43ef-abae-b307af5dc9d4 req-00385b53-2e7e-4478-af91-037e5da351bc da75f5ee220e408fa32f83ef5b1bbfab 329dfaf3a96b46f7b8a09571de8d9f51 - - b0811726392a4530b89972dbf1b46816 b0811726392a4530b89972dbf1b46816] 199.204.45.109 "GET /v2.0/subnets?id=59740818-1348-42f8-bf50-f843a25a9488 HTTP/1.1" status: 200 len: 877 time: 0.0372264
2026-07-01 01:58:05.052 10 INFO neutron.wsgi [req-ed339e05-1fe5-43ef-abae-b307af5dc9d4 req-871ed8ae-8126-4c73-92e4-39700ed644d5 da75f5ee220e408fa32f83ef5b1bbfab 329dfaf3a96b46f7b8a09571de8d9f51 - - b0811726392a4530b89972dbf1b46816 b0811726392a4530b89972dbf1b46816] 199.204.45.109 "GET /v2.0/ports?network_id=3c25d590-de4e-49cf-8558-1df0a23dfe8f&device_owner=network%3Adhcp HTTP/1.1" status: 200 len: 210 time: 0.0261824
2026-07-01 01:58:05.102 10 INFO neutron.wsgi [req-3b5cb2be-774c-4246-b587-72eb5031fdb8 req-f3c044d3-ede4-4113-a7c8-d3b2eb51e8c9 418b8ea2b57b4560aef1aea9fa60da42 28b890827e6f4471ad59498e19d24321 - - default default] 10.0.0.34 "GET /v2.0/ports?device_id=934cb7c0-2c8a-400a-b506-c1a41c8d893e HTTP/1.1" status: 200 len: 1170 time: 0.1310155
2026-07-01 01:58:05.149 10 INFO neutron.wsgi [req-ed339e05-1fe5-43ef-abae-b307af5dc9d4 req-7a603cc3-c42d-48e0-a978-1a7847091206 da75f5ee220e408fa32f83ef5b1bbfab 329dfaf3a96b46f7b8a09571de8d9f51 - - b0811726392a4530b89972dbf1b46816 b0811726392a4530b89972dbf1b46816] 199.204.45.109 "GET /v2.0/networks/3c25d590-de4e-49cf-8558-1df0a23dfe8f?fields=segments HTTP/1.1" status: 200 len: 212 time: 0.0911336
2026-07-01 01:58:05.217 10 INFO neutron.wsgi [req-ed339e05-1fe5-43ef-abae-b307af5dc9d4 req-a0441645-0f2f-4edf-bd8e-282806dc1d37 da75f5ee220e408fa32f83ef5b1bbfab 329dfaf3a96b46f7b8a09571de8d9f51 - - b0811726392a4530b89972dbf1b46816 b0811726392a4530b89972dbf1b46816] 199.204.45.109 "GET /v2.0/networks/3c25d590-de4e-49cf-8558-1df0a23dfe8f?fields=provider%3Aphysical_network&fields=provider%3Anetwork_type HTTP/1.1" status: 200 len: 277 time: 0.0615656
2026-07-01 01:58:05.314 10 INFO neutron.wsgi [req-6949ca6a-e70e-4e71-a570-d34e3346f8ce req-19194d09-ed9c-4259-abf1-911e867c8259 da75f5ee220e408fa32f83ef5b1bbfab 329dfaf3a96b46f7b8a09571de8d9f51 - - b0811726392a4530b89972dbf1b46816 b0811726392a4530b89972dbf1b46816] 199.204.45.109 "GET /v2.0/ports?tenant_id=b41eb4f721924518b3e283b48cb13e5e&device_id=bf97184d-bb9e-48bb-b8d4-d043facaf0c8 HTTP/1.1" status: 200 len: 1411 time: 0.0447938
2026-07-01 01:58:05.402 10 INFO neutron.wsgi [req-6949ca6a-e70e-4e71-a570-d34e3346f8ce req-b7caf1b6-4600-47bb-b9bc-77441e271d39 da75f5ee220e408fa32f83ef5b1bbfab 329dfaf3a96b46f7b8a09571de8d9f51 - - b0811726392a4530b89972dbf1b46816 b0811726392a4530b89972dbf1b46816] 199.204.45.109 "GET /v2.0/networks?id=3c25d590-de4e-49cf-8558-1df0a23dfe8f HTTP/1.1" status: 200 len: 982 time: 0.0833185
2026-07-01 01:58:05.437 9 INFO neutron.wsgi [req-ebdda827-27e2-4ca7-9e80-288cca8a3325 req-9883cc2c-bc9b-4ed2-a58e-46c09900b30d e6e90891e68e46aab8e0936747684a46 51ba4128d4cf4bf29e26fc3e532bca28 - - default default] 10.0.0.34 "GET /v2.0/ports?device_id=723d8cb3-990d-4607-9258-a1032098a078 HTTP/1.1" status: 200 len: 1170 time: 0.0669405
2026-07-01 01:58:05.437 10 INFO neutron.plugins.ml2.drivers.ovn.mech_driver.mech_driver [None req-12efca80-85e1-4cd3-9fde-19274a80a8e8 - - - - - -] OVN reports status up for port: 35d2b359-8eb2-413a-8c22-f0484167bc70
2026-07-01 01:58:05.440 10 INFO neutron.wsgi [req-6949ca6a-e70e-4e71-a570-d34e3346f8ce req-49aa22c3-b2be-4ccf-8b18-ae193f844c5a da75f5ee220e408fa32f83ef5b1bbfab 329dfaf3a96b46f7b8a09571de8d9f51 - - b0811726392a4530b89972dbf1b46816 b0811726392a4530b89972dbf1b46816] 199.204.45.109 "GET /v2.0/floatingips?fixed_ip_address=10.100.0.14&port_id=35d2b359-8eb2-413a-8c22-f0484167bc70 HTTP/1.1" status: 200 len: 217 time: 0.0322654
2026-07-01 01:58:05.449 10 INFO neutron.plugins.ml2.plugin [None req-12efca80-85e1-4cd3-9fde-19274a80a8e8 - - - - - -] Attempt 1 to provision port 35d2b359-8eb2-413a-8c22-f0484167bc70
2026-07-01 01:58:05.489 10 INFO neutron.wsgi [req-6949ca6a-e70e-4e71-a570-d34e3346f8ce req-a2d36a9d-30d9-47df-ac8a-d8bd4062b6ec da75f5ee220e408fa32f83ef5b1bbfab 329dfaf3a96b46f7b8a09571de8d9f51 - - b0811726392a4530b89972dbf1b46816 b0811726392a4530b89972dbf1b46816] 199.204.45.109 "GET /v2.0/subnets?id=59740818-1348-42f8-bf50-f843a25a9488 HTTP/1.1" status: 200 len: 877 time: 0.0412436
2026-07-01 01:58:05.497 9 INFO neutron.wsgi [req-ebdda827-27e2-4ca7-9e80-288cca8a3325 req-23373583-e62e-4343-b807-04aac2fcdfd2 e6e90891e68e46aab8e0936747684a46 51ba4128d4cf4bf29e26fc3e532bca28 - - default default] 10.0.0.34 "GET /v2.0/security-groups?id=160ba717-efaa-4802-8c4a-3ab017b6e4b5&fields=id&fields=name HTTP/1.1" status: 200 len: 286 time: 0.0551827
2026-07-01 01:58:05.537 10 INFO neutron.wsgi [req-6949ca6a-e70e-4e71-a570-d34e3346f8ce req-4f311c36-75f8-43e2-8381-3b684cd4d0a1 da75f5ee220e408fa32f83ef5b1bbfab 329dfaf3a96b46f7b8a09571de8d9f51 - - b0811726392a4530b89972dbf1b46816 b0811726392a4530b89972dbf1b46816] 199.204.45.109 "GET /v2.0/ports?network_id=3c25d590-de4e-49cf-8558-1df0a23dfe8f&device_owner=network%3Adhcp HTTP/1.1" status: 200 len: 210 time: 0.0383637
2026-07-01 01:58:05.539 9 INFO neutron.db.l3_db [None req-b25a01aa-471c-4b69-bed3-bd06af29a2b8 418b8ea2b57b4560aef1aea9fa60da42 28b890827e6f4471ad59498e19d24321 - - default default] Floating IP 808cdcf5-03a1-4b8e-88a6-0680712e8a0d associated. External IP: 10.96.250.212, port: 50be6f98-0f4d-40ca-b3bf-a703ea09559a.
2026-07-01 01:58:05.587 10 INFO neutron.wsgi [req-ac2bd84b-e7d6-4929-8dd6-480c71e5be7a req-b0c798f7-d619-4c53-ae87-e1d1e9471358 93360a2c0fec40c4ba4a0ddb9ccab2f4 b41eb4f721924518b3e283b48cb13e5e - - default default] 10.0.0.34 "GET /v2.0/ports?device_id=bf97184d-bb9e-48bb-b8d4-d043facaf0c8 HTTP/1.1" status: 200 len: 1172 time: 0.0914941
2026-07-01 01:58:05.635 10 INFO neutron.wsgi [req-6949ca6a-e70e-4e71-a570-d34e3346f8ce req-7dad1bcf-01eb-444d-b845-239aa6e40fa4 da75f5ee220e408fa32f83ef5b1bbfab 329dfaf3a96b46f7b8a09571de8d9f51 - - b0811726392a4530b89972dbf1b46816 b0811726392a4530b89972dbf1b46816] 199.204.45.109 "GET /v2.0/networks/3c25d590-de4e-49cf-8558-1df0a23dfe8f?fields=segments HTTP/1.1" status: 200 len: 212 time: 0.0883071
2026-07-01 01:58:05.657 10 INFO neutron.wsgi [req-ac2bd84b-e7d6-4929-8dd6-480c71e5be7a req-712e6180-4006-4e6c-b60e-143adf559e73 93360a2c0fec40c4ba4a0ddb9ccab2f4 b41eb4f721924518b3e283b48cb13e5e - - default default] 10.0.0.34 "GET /v2.0/security-groups?id=69933e28-82e2-4d32-97a5-58fea499ae41&fields=id&fields=name HTTP/1.1" status: 200 len: 312 time: 0.0601451
2026-07-01 01:58:05.735 10 INFO neutron.wsgi [req-6949ca6a-e70e-4e71-a570-d34e3346f8ce req-04402a56-edaa-475f-9568-fece3d8a1913 da75f5ee220e408fa32f83ef5b1bbfab 329dfaf3a96b46f7b8a09571de8d9f51 - - b0811726392a4530b89972dbf1b46816 b0811726392a4530b89972dbf1b46816] 199.204.45.109 "GET /v2.0/networks/3c25d590-de4e-49cf-8558-1df0a23dfe8f?fields=provider%3Aphysical_network&fields=provider%3Anetwork_type HTTP/1.1" status: 200 len: 277 time: 0.0913703
2026-07-01 01:58:05.786 10 WARNING neutron_lib.context [None req-218e5a58-d0ca-4de8-a880-9254ad0059da 45791d7a3399431bb35bf97381520fa1 acf9a1a66aec47d8b91c5222a1da287e - - default default] Method 'is_advsvc' is deprecated since 2023.2 release (neutron-lib 3.8.0) and will be removed once support for the old RBAC API policies will be removed from Neutron. Please use method 'is_service_role' instead.
2026-07-01 01:58:05.905 10 INFO neutron.db.ovn_revision_numbers_db [None req-12efca80-85e1-4cd3-9fde-19274a80a8e8 - - - - - -] Successfully bumped revision number for resource 35d2b359-8eb2-413a-8c22-f0484167bc70 (type: ports) to 4 /var/lib/openstack/lib/python3.10/site-packages/pycadf/identifier.py:71: UserWarning: Invalid uuid: neutron. To ensure interoperability, identifiers should be a valid uuid. warnings.warn(('Invalid uuid: %s. To ensure interoperability, '
2026-07-01 01:58:05.996 9 INFO neutron.plugins.ml2.drivers.ovn.mech_driver.mech_driver [None req-893e819e-c923-4dec-b005-82e98c725972 - - - - - -] OVN reports status down for port: 7c120ea0-f18d-47f9-ab92-3307546de7c6
2026-07-01 01:58:06.002 10 INFO neutron.db.ovn_revision_numbers_db [None req-218e5a58-d0ca-4de8-a880-9254ad0059da 45791d7a3399431bb35bf97381520fa1 acf9a1a66aec47d8b91c5222a1da287e - - default default] Successfully bumped revision number for resource 7f5dea01-281e-4522-8eba-1a80389459a3 (type: security_groups) to 1
2026-07-01 01:58:06.018 10 INFO neutron.db.ovn_revision_numbers_db [None req-218e5a58-d0ca-4de8-a880-9254ad0059da 45791d7a3399431bb35bf97381520fa1 acf9a1a66aec47d8b91c5222a1da287e - - default default] Successfully bumped revision number for resource 5211cc17-75aa-450b-873e-6c73f830a522 (type: security_group_rules) to 0
2026-07-01 01:58:06.033 10 INFO neutron.db.ovn_revision_numbers_db [None req-218e5a58-d0ca-4de8-a880-9254ad0059da 45791d7a3399431bb35bf97381520fa1 acf9a1a66aec47d8b91c5222a1da287e - - default default] Successfully bumped revision number for resource 86dd6622-e162-4088-9f93-543506982ca8 (type: security_group_rules) to 0
2026-07-01 01:58:06.036 9 INFO neutron.db.ovn_revision_numbers_db [None req-b25a01aa-471c-4b69-bed3-bd06af29a2b8 418b8ea2b57b4560aef1aea9fa60da42 28b890827e6f4471ad59498e19d24321 - - default default] Successfully bumped revision number for resource 808cdcf5-03a1-4b8e-88a6-0680712e8a0d (type: floatingips) to 1
2026-07-01 01:58:06.047 10 INFO neutron.db.ovn_revision_numbers_db [None req-218e5a58-d0ca-4de8-a880-9254ad0059da 45791d7a3399431bb35bf97381520fa1 acf9a1a66aec47d8b91c5222a1da287e - - default default] Successfully bumped revision number for resource 9f2b841c-ec4f-4663-8018-fbf7a1ef8549 (type: security_group_rules) to 0
2026-07-01 01:58:06.060 10 INFO neutron.db.ovn_revision_numbers_db [None req-218e5a58-d0ca-4de8-a880-9254ad0059da 45791d7a3399431bb35bf97381520fa1 acf9a1a66aec47d8b91c5222a1da287e - - default default] Successfully bumped revision number for resource cda6938f-c9c6-4069-8cca-b52f090908ff (type: security_group_rules) to 0
2026-07-01 01:58:06.137 10 INFO neutron.db.segments_db [None req-218e5a58-d0ca-4de8-a880-9254ad0059da 45791d7a3399431bb35bf97381520fa1 acf9a1a66aec47d8b91c5222a1da287e - - default default] Added segment 4892797b-7b79-41f8-8b02-3ab0ce118097 of type geneve for network 682eca97-9e60-4d2b-9108-bcb4eff3c7e6
2026-07-01 01:58:06.147 9 INFO neutron.wsgi [req-4d8b94b9-3cfc-47ce-a692-d3dfbc760831 req-0608a3d7-d859-4a69-a23f-a60126844dd8 e6e90891e68e46aab8e0936747684a46 51ba4128d4cf4bf29e26fc3e532bca28 - - default default] 10.0.0.34 "GET /v2.0/ports?device_id=723d8cb3-990d-4607-9258-a1032098a078 HTTP/1.1" status: 200 len: 1170 time: 0.1660233
2026-07-01 01:58:06.203 9 INFO neutron.wsgi [req-4d8b94b9-3cfc-47ce-a692-d3dfbc760831 req-6f3142d9-bade-4277-9a01-0ce5fcfddbde e6e90891e68e46aab8e0936747684a46 51ba4128d4cf4bf29e26fc3e532bca28 - - default default] 10.0.0.34 "GET /v2.0/security-groups?id=160ba717-efaa-4802-8c4a-3ab017b6e4b5&fields=id&fields=name HTTP/1.1" status: 200 len: 286 time: 0.0477784
2026-07-01 01:58:06.260 9 INFO neutron.db.ovn_revision_numbers_db [None req-b25a01aa-471c-4b69-bed3-bd06af29a2b8 418b8ea2b57b4560aef1aea9fa60da42 28b890827e6f4471ad59498e19d24321 - - default default] Successfully bumped revision number for resource 808cdcf5-03a1-4b8e-88a6-0680712e8a0d (type: floatingips) to 2 /var/lib/openstack/lib/python3.10/site-packages/pycadf/identifier.py:71: UserWarning: Invalid uuid: neutron. To ensure interoperability, identifiers should be a valid uuid. warnings.warn(('Invalid uuid: %s. To ensure interoperability, '
2026-07-01 01:58:06.300 9 INFO neutron.wsgi [None req-b25a01aa-471c-4b69-bed3-bd06af29a2b8 418b8ea2b57b4560aef1aea9fa60da42 28b890827e6f4471ad59498e19d24321 - - default default] 10.0.0.240 "PUT /v2.0/floatingips/808cdcf5-03a1-4b8e-88a6-0680712e8a0d HTTP/1.1" status: 200 len: 1049 time: 1.1848028
2026-07-01 01:58:06.338 10 INFO neutron.db.ovn_revision_numbers_db [None req-218e5a58-d0ca-4de8-a880-9254ad0059da 45791d7a3399431bb35bf97381520fa1 acf9a1a66aec47d8b91c5222a1da287e - - default default] Successfully bumped revision number for resource 682eca97-9e60-4d2b-9108-bcb4eff3c7e6 (type: networks) to 1
2026-07-01 01:58:06.425 9 INFO neutron.db.ovn_revision_numbers_db [None req-893e819e-c923-4dec-b005-82e98c725972 - - - - - -] Successfully bumped revision number for resource 7c120ea0-f18d-47f9-ab92-3307546de7c6 (type: ports) to 5
2026-07-01 01:58:06.433 10 INFO neutron.wsgi [req-939dbb94-00e9-4e5e-9f46-37884805ff65 req-575cecb0-683d-4577-a6dd-cd858a7a7a06 418b8ea2b57b4560aef1aea9fa60da42 28b890827e6f4471ad59498e19d24321 - - default default] 10.0.0.34 "GET /v2.0/ports?device_id=934cb7c0-2c8a-400a-b506-c1a41c8d893e HTTP/1.1" status: 200 len: 1170 time: 0.0669410
2026-07-01 01:58:06.439 10 INFO neutron.wsgi [req-04aa0073-0ba1-4c09-bd3e-433d0e68a698 req-a93ba4b4-3124-48f3-ac5f-346899c96dd8 e6e90891e68e46aab8e0936747684a46 51ba4128d4cf4bf29e26fc3e532bca28 - - default default] 199.204.45.109 "GET /v2.0/ports?device_id=723d8cb3-990d-4607-9258-a1032098a078 HTTP/1.1" status: 200 len: 1168 time: 0.1787810
2026-07-01 01:58:06.543 10 INFO neutron.wsgi [req-939dbb94-00e9-4e5e-9f46-37884805ff65 req-3023f5d3-4752-4ee1-af74-712116ba89f5 418b8ea2b57b4560aef1aea9fa60da42 28b890827e6f4471ad59498e19d24321 - - default default] 10.0.0.34 "GET /v2.0/security-groups?id=b26e5b69-4716-4b25-aa97-b42a565e26ee&fields=id&fields=name HTTP/1.1" status: 200 len: 313 time: 0.0983269
2026-07-01 01:58:06.649 10 WARNING neutron.scheduler.dhcp_agent_scheduler [None req-218e5a58-d0ca-4de8-a880-9254ad0059da 45791d7a3399431bb35bf97381520fa1 acf9a1a66aec47d8b91c5222a1da287e - - default default] No more DHCP agents
2026-07-01 01:58:06.653 10 WARNING neutron.api.rpc.agentnotifiers.dhcp_rpc_agent_api [None req-218e5a58-d0ca-4de8-a880-9254ad0059da 45791d7a3399431bb35bf97381520fa1 acf9a1a66aec47d8b91c5222a1da287e - - default default] Unable to schedule network 682eca97-9e60-4d2b-9108-bcb4eff3c7e6: no agents available; will retry on subsequent port and subnet creation events. /var/lib/openstack/lib/python3.10/site-packages/pycadf/identifier.py:71: UserWarning: Invalid uuid: neutron. To ensure interoperability, identifiers should be a valid uuid. warnings.warn(('Invalid uuid: %s. To ensure interoperability, '
2026-07-01 01:58:06.931 9 INFO neutron.plugins.ml2.drivers.ovn.mech_driver.mech_driver [None req-893e819e-c923-4dec-b005-82e98c725972 - - - - - -] OVN reports status down for port: 50be6f98-0f4d-40ca-b3bf-a703ea09559a
2026-07-01 01:58:06.937 9 INFO neutron.wsgi [req-2f3ecede-481f-49d9-8e9a-4452366ffc0e req-3d8784c2-8481-4b33-89db-2b0f8bb55394 418b8ea2b57b4560aef1aea9fa60da42 28b890827e6f4471ad59498e19d24321 - - default default] 10.0.0.34 "GET /v2.0/ports?device_id=934cb7c0-2c8a-400a-b506-c1a41c8d893e HTTP/1.1" status: 200 len: 1170 time: 0.0682340
2026-07-01 01:58:06.974 10 INFO neutron.db.ovn_revision_numbers_db [None req-218e5a58-d0ca-4de8-a880-9254ad0059da 45791d7a3399431bb35bf97381520fa1 acf9a1a66aec47d8b91c5222a1da287e - - default default] Successfully bumped revision number for resource 1fb52435-3198-4dda-bbd4-7c3c115d0767 (type: ports) to 1
2026-07-01 01:58:06.990 10 INFO neutron.wsgi [req-7ee6f755-d386-409e-b484-e5ffc45d6022 req-f5a03530-4c45-4ded-95a4-8bdc29d7c3f5 93360a2c0fec40c4ba4a0ddb9ccab2f4 b41eb4f721924518b3e283b48cb13e5e - - default default] 10.0.0.34 "GET /v2.0/ports?device_id=bf97184d-bb9e-48bb-b8d4-d043facaf0c8 HTTP/1.1" status: 200 len: 1174 time: 0.1599734
2026-07-01 01:58:07.006 9 INFO neutron.wsgi [req-2f3ecede-481f-49d9-8e9a-4452366ffc0e req-f7362d0d-ae7a-418c-9a1a-fd993fc5892b 418b8ea2b57b4560aef1aea9fa60da42 28b890827e6f4471ad59498e19d24321 - - default default] 10.0.0.34 "GET /v2.0/security-groups?id=b26e5b69-4716-4b25-aa97-b42a565e26ee&fields=id&fields=name HTTP/1.1" status: 200 len: 313 time: 0.0574934
2026-07-01 01:58:07.012 10 INFO neutron.wsgi [None req-218e5a58-d0ca-4de8-a880-9254ad0059da 45791d7a3399431bb35bf97381520fa1 acf9a1a66aec47d8b91c5222a1da287e - - default default] 10.0.0.240 "POST /v2.0/networks HTTP/1.1" status: 201 len: 849 time: 1.4777062
2026-07-01 01:58:07.024 9 WARNING neutron_lib.context [None req-3c146f0b-852f-44e7-bc78-35997c6bd3f2 45791d7a3399431bb35bf97381520fa1 acf9a1a66aec47d8b91c5222a1da287e - - default default] Method 'is_advsvc' is deprecated since 2023.2 release (neutron-lib 3.8.0) and will be removed once support for the old RBAC API policies will be removed from Neutron. Please use method 'is_service_role' instead.
2026-07-01 01:58:07.044 10 INFO neutron.wsgi [req-7ee6f755-d386-409e-b484-e5ffc45d6022 req-a923d57f-bace-4ecd-8cf2-f411bf7f9bbf 93360a2c0fec40c4ba4a0ddb9ccab2f4 b41eb4f721924518b3e283b48cb13e5e - - default default] 10.0.0.34 "GET /v2.0/security-groups?id=69933e28-82e2-4d32-97a5-58fea499ae41&fields=id&fields=name HTTP/1.1" status: 200 len: 312 time: 0.0439589
2026-07-01 01:58:07.065 9 INFO neutron.notifiers.nova [-] Nova event matching ['req-8bce2cba-7c66-4958-839b-ac64dde10709'] response: {'server_uuid': '723d8cb3-990d-4607-9258-a1032098a078', 'name': 'network-vif-unplugged', 'status': 'completed', 'tag': '7c120ea0-f18d-47f9-ab92-3307546de7c6', 'code': 200}
2026-07-01 01:58:07.066 9 INFO neutron.notifiers.nova [-] Nova event matching ['req-8bce2cba-7c66-4958-839b-ac64dde10709'] response: {'name': 'network-changed', 'server_uuid': '934cb7c0-2c8a-400a-b506-c1a41c8d893e', 'tag': '50be6f98-0f4d-40ca-b3bf-a703ea09559a', 'status': 'completed', 'code': 200}
2026-07-01 01:58:07.066 9 INFO neutron.notifiers.nova [-] Nova event matching ['req-8bce2cba-7c66-4958-839b-ac64dde10709'] response: {'server_uuid': '723d8cb3-990d-4607-9258-a1032098a078', 'name': 'network-vif-plugged', 'status': 'completed', 'tag': '7c120ea0-f18d-47f9-ab92-3307546de7c6', 'code': 200}
2026-07-01 01:58:07.085 10 INFO neutron.wsgi [req-04aa0073-0ba1-4c09-bd3e-433d0e68a698 req-4155672f-2ca9-4dbc-bb42-8b0af3fe66b3 e6e90891e68e46aab8e0936747684a46 51ba4128d4cf4bf29e26fc3e532bca28 - - default default] 199.204.45.109 "DELETE /v2.0/ports/7c120ea0-f18d-47f9-ab92-3307546de7c6 HTTP/1.1" status: 204 len: 173 time: 0.6412311
2026-07-01 01:58:07.092 10 INFO neutron.notifiers.nova [-] Nova event matching ['req-19f706ac-835a-4359-800b-6c423ca57148'] response: {'server_uuid': 'bf97184d-bb9e-48bb-b8d4-d043facaf0c8', 'name': 'network-vif-plugged', 'status': 'completed', 'tag': '35d2b359-8eb2-413a-8c22-f0484167bc70', 'code': 200}
2026-07-01 01:58:07.092 10 INFO neutron.notifiers.nova [-] Nova event matching ['req-19f706ac-835a-4359-800b-6c423ca57148'] response: {'server_uuid': 'bf97184d-bb9e-48bb-b8d4-d043facaf0c8', 'name': 'network-vif-plugged', 'status': 'completed', 'tag': '35d2b359-8eb2-413a-8c22-f0484167bc70', 'code': 200}
2026-07-01 01:58:07.136 9 INFO neutron.wsgi [req-42acc812-34b6-459b-a465-c2567a05c85f req-3685d4a5-0d40-4297-8f9c-365c1c6e2e8d da75f5ee220e408fa32f83ef5b1bbfab 329dfaf3a96b46f7b8a09571de8d9f51 - - b0811726392a4530b89972dbf1b46816 b0811726392a4530b89972dbf1b46816] 199.204.45.109 "GET /v2.0/ports?tenant_id=28b890827e6f4471ad59498e19d24321&device_id=934cb7c0-2c8a-400a-b506-c1a41c8d893e HTTP/1.1" status: 200 len: 1409 time: 0.0548463
2026-07-01 01:58:07.249 9 INFO neutron.wsgi [req-42acc812-34b6-459b-a465-c2567a05c85f req-48c07d66-9be6-4cc8-9673-858ae4728ec6 da75f5ee220e408fa32f83ef5b1bbfab 329dfaf3a96b46f7b8a09571de8d9f51 - - b0811726392a4530b89972dbf1b46816 b0811726392a4530b89972dbf1b46816] 199.204.45.109 "GET /v2.0/networks?id=e298ca65-7a3e-419d-acff-614066a245d3 HTTP/1.1" status: 200 len: 977 time: 0.1050231
2026-07-01 01:58:07.252 10 INFO neutron.wsgi [req-3ecc6360-8178-4dc5-b5c5-a98a07a20247 req-5a2958fa-c3ce-4689-9620-230ed10f63fe 418b8ea2b57b4560aef1aea9fa60da42 28b890827e6f4471ad59498e19d24321 - - default default] 199.204.45.109 "GET /v2.0/ports?device_id=934cb7c0-2c8a-400a-b506-c1a41c8d893e HTTP/1.1" status: 200 len: 1168 time: 0.0483444
2026-07-01 01:58:07.314 10 INFO neutron.wsgi [req-32550305-145d-4d98-9583-0c3100653a09 req-0a6672fc-479c-4ab5-a993-ac4add50b0b6 e6e90891e68e46aab8e0936747684a46 51ba4128d4cf4bf29e26fc3e532bca28 - - default default] 10.0.0.34 "GET /v2.0/ports?device_id=723d8cb3-990d-4607-9258-a1032098a078 HTTP/1.1" status: 200 len: 210 time: 0.0233755
2026-07-01 01:58:07.350 9 INFO neutron.wsgi [req-42acc812-34b6-459b-a465-c2567a05c85f req-1c60d56b-cf52-423b-9999-a77578443263 da75f5ee220e408fa32f83ef5b1bbfab 329dfaf3a96b46f7b8a09571de8d9f51 - - b0811726392a4530b89972dbf1b46816 b0811726392a4530b89972dbf1b46816] 199.204.45.109 "GET /v2.0/floatingips?fixed_ip_address=10.100.0.3&port_id=50be6f98-0f4d-40ca-b3bf-a703ea09559a HTTP/1.1" status: 200 len: 1057 time: 0.0874436
2026-07-01 01:58:07.413 9 INFO neutron.wsgi [req-42acc812-34b6-459b-a465-c2567a05c85f req-f521a007-8116-4bfa-b72e-3e44cf0b1473 da75f5ee220e408fa32f83ef5b1bbfab 329dfaf3a96b46f7b8a09571de8d9f51 - - b0811726392a4530b89972dbf1b46816 b0811726392a4530b89972dbf1b46816] 199.204.45.109 "GET /v2.0/subnets?id=bd44f1ac-22a3-4fe0-97be-4f6cb54019de HTTP/1.1" status: 200 len: 872 time: 0.0572426
2026-07-01 01:58:07.444 9 INFO neutron.db.ovn_revision_numbers_db [None req-893e819e-c923-4dec-b005-82e98c725972 - - - - - -] Successfully bumped revision number for resource 50be6f98-0f4d-40ca-b3bf-a703ea09559a (type: ports) to 5
2026-07-01 01:58:07.463 9 INFO neutron.wsgi [req-42acc812-34b6-459b-a465-c2567a05c85f req-b80284c8-9d91-4b0f-ab1e-cddec4ababcf da75f5ee220e408fa32f83ef5b1bbfab 329dfaf3a96b46f7b8a09571de8d9f51 - - b0811726392a4530b89972dbf1b46816 b0811726392a4530b89972dbf1b46816] 199.204.45.109 "GET /v2.0/ports?network_id=e298ca65-7a3e-419d-acff-614066a245d3&device_owner=network%3Adhcp HTTP/1.1" status: 200 len: 210 time: 0.0390115
2026-07-01 01:58:07.473 9 WARNING neutron.scheduler.dhcp_agent_scheduler [None req-3c146f0b-852f-44e7-bc78-35997c6bd3f2 45791d7a3399431bb35bf97381520fa1 acf9a1a66aec47d8b91c5222a1da287e - - default default] No more DHCP agents
2026-07-01 01:58:07.477 9 WARNING neutron.api.rpc.agentnotifiers.dhcp_rpc_agent_api [None req-3c146f0b-852f-44e7-bc78-35997c6bd3f2 45791d7a3399431bb35bf97381520fa1 acf9a1a66aec47d8b91c5222a1da287e - - default default] Unable to schedule network 682eca97-9e60-4d2b-9108-bcb4eff3c7e6: no agents available; will retry on subsequent port and subnet creation events.
2026-07-01 01:58:07.540 9 INFO neutron.db.ovn_revision_numbers_db [None req-3c146f0b-852f-44e7-bc78-35997c6bd3f2 45791d7a3399431bb35bf97381520fa1 acf9a1a66aec47d8b91c5222a1da287e - - default default] Successfully bumped revision number for resource c81fe350-d786-4800-b898-d0c2e534520e (type: subnets) to 0
2026-07-01 01:58:07.557 9 INFO neutron.wsgi [req-42acc812-34b6-459b-a465-c2567a05c85f req-658e6e85-ffd9-44d5-bd7c-96a9650fe0f0 da75f5ee220e408fa32f83ef5b1bbfab 329dfaf3a96b46f7b8a09571de8d9f51 - - b0811726392a4530b89972dbf1b46816 b0811726392a4530b89972dbf1b46816] 199.204.45.109 "GET /v2.0/networks/e298ca65-7a3e-419d-acff-614066a245d3?fields=segments HTTP/1.1" status: 200 len: 212 time: 0.0815487
2026-07-01 01:58:07.559 9 INFO neutron.wsgi [None req-3c146f0b-852f-44e7-bc78-35997c6bd3f2 45791d7a3399431bb35bf97381520fa1 acf9a1a66aec47d8b91c5222a1da287e - - default default] 10.0.0.240 "POST /v2.0/subnets HTTP/1.1" status: 201 len: 802 time: 0.5413060 /var/lib/openstack/lib/python3.10/site-packages/pycadf/identifier.py:71: UserWarning: Invalid uuid: neutron. To ensure interoperability, identifiers should be a valid uuid. warnings.warn(('Invalid uuid: %s. To ensure interoperability, '
2026-07-01 01:58:07.578 9 WARNING neutron_lib.context [None req-214fa9bc-6206-40dd-8318-1f49e1ebbc4d 45791d7a3399431bb35bf97381520fa1 acf9a1a66aec47d8b91c5222a1da287e - - default default] Method 'is_advsvc' is deprecated since 2023.2 release (neutron-lib 3.8.0) and will be removed once support for the old RBAC API policies will be removed from Neutron. Please use method 'is_service_role' instead.
2026-07-01 01:58:07.631 9 INFO neutron.wsgi [req-42acc812-34b6-459b-a465-c2567a05c85f req-2ec10e84-6508-43b0-879e-3b31f594bf4c da75f5ee220e408fa32f83ef5b1bbfab 329dfaf3a96b46f7b8a09571de8d9f51 - - b0811726392a4530b89972dbf1b46816 b0811726392a4530b89972dbf1b46816] 199.204.45.109 "GET /v2.0/networks/e298ca65-7a3e-419d-acff-614066a245d3?fields=provider%3Aphysical_network&fields=provider%3Anetwork_type HTTP/1.1" status: 200 len: 277 time: 0.0686238
2026-07-01 01:58:07.664 10 INFO neutron.db.l3_db [req-3ecc6360-8178-4dc5-b5c5-a98a07a20247 req-8767773b-38b3-44bd-956f-cfd2d759a981 418b8ea2b57b4560aef1aea9fa60da42 28b890827e6f4471ad59498e19d24321 - - default default] Floating IP 808cdcf5-03a1-4b8e-88a6-0680712e8a0d disassociated. External IP: 10.96.250.212, port: 50be6f98-0f4d-40ca-b3bf-a703ea09559a.
2026-07-01 01:58:07.821 10 INFO neutron.wsgi [req-3ecc6360-8178-4dc5-b5c5-a98a07a20247 req-8767773b-38b3-44bd-956f-cfd2d759a981 418b8ea2b57b4560aef1aea9fa60da42 28b890827e6f4471ad59498e19d24321 - - default default] 199.204.45.109 "DELETE /v2.0/ports/50be6f98-0f4d-40ca-b3bf-a703ea09559a HTTP/1.1" status: 204 len: 173 time: 0.5589166 /var/lib/openstack/lib/python3.10/site-packages/pycadf/identifier.py:71: UserWarning: Invalid uuid: neutron. To ensure interoperability, identifiers should be a valid uuid. warnings.warn(('Invalid uuid: %s. To ensure interoperability, '
2026-07-01 01:58:08.108 9 INFO neutron.wsgi [req-2ffb0967-e65f-4781-b04b-6dee4fb854e3 req-25a6537f-3e6c-43fa-83f4-cdbf2e3536d6 418b8ea2b57b4560aef1aea9fa60da42 28b890827e6f4471ad59498e19d24321 - - default default] 10.0.0.34 "GET /v2.0/ports?device_id=934cb7c0-2c8a-400a-b506-c1a41c8d893e HTTP/1.1" status: 200 len: 210 time: 0.0292609
2026-07-01 01:58:08.113 9 WARNING neutron.scheduler.dhcp_agent_scheduler [None req-214fa9bc-6206-40dd-8318-1f49e1ebbc4d 45791d7a3399431bb35bf97381520fa1 acf9a1a66aec47d8b91c5222a1da287e - - default default] No more DHCP agents
2026-07-01 01:58:08.116 9 WARNING neutron.api.rpc.agentnotifiers.dhcp_rpc_agent_api [None req-214fa9bc-6206-40dd-8318-1f49e1ebbc4d 45791d7a3399431bb35bf97381520fa1 acf9a1a66aec47d8b91c5222a1da287e - - default default] Unable to schedule network 86b4aabe-90ef-4b51-a0f6-c64cafb0c650: no agents available; will retry on subsequent port and subnet creation events.
2026-07-01 01:58:08.203 10 INFO neutron.wsgi [req-46844fb4-208f-4c9e-beb3-c578c007a8a5 req-515a9cef-c0e5-4341-8fd1-0904d92e9b05 93360a2c0fec40c4ba4a0ddb9ccab2f4 b41eb4f721924518b3e283b48cb13e5e - - default default] 10.0.0.34 "GET /v2.0/ports?device_id=bf97184d-bb9e-48bb-b8d4-d043facaf0c8 HTTP/1.1" status: 200 len: 1174 time: 0.0513458
2026-07-01 01:58:08.266 10 INFO neutron.wsgi [req-46844fb4-208f-4c9e-beb3-c578c007a8a5 req-b2c45589-887c-4321-a65f-2910e58f1839 93360a2c0fec40c4ba4a0ddb9ccab2f4 b41eb4f721924518b3e283b48cb13e5e - - default default] 10.0.0.34 "GET /v2.0/security-groups?id=69933e28-82e2-4d32-97a5-58fea499ae41&fields=id&fields=name HTTP/1.1" status: 200 len: 312 time: 0.0537302
2026-07-01 01:58:08.278 9 INFO neutron.db.ovn_revision_numbers_db [None req-214fa9bc-6206-40dd-8318-1f49e1ebbc4d 45791d7a3399431bb35bf97381520fa1 acf9a1a66aec47d8b91c5222a1da287e - - default default] Successfully bumped revision number for resource 0feea4ed-6504-4198-bc92-f276697b43b5 (type: ports) to 1
2026-07-01 01:58:08.700 9 INFO neutron.wsgi [req-5ffa716c-6934-4fce-bf13-5311bec1ed64 req-e34711f3-6cbd-4554-9fd2-a2e14b7b2f1e 93360a2c0fec40c4ba4a0ddb9ccab2f4 b41eb4f721924518b3e283b48cb13e5e - - default default] 10.0.0.34 "GET /v2.0/ports?device_id=bf97184d-bb9e-48bb-b8d4-d043facaf0c8 HTTP/1.1" status: 200 len: 1174 time: 0.3585627
2026-07-01 01:58:09.008 9 INFO neutron.db.l3_db [None req-28e1bfa4-7ec2-4079-9ae8-585ec651308f 93360a2c0fec40c4ba4a0ddb9ccab2f4 b41eb4f721924518b3e283b48cb13e5e - - default default] Floating IP f7c982b1-c227-48ff-9f0d-b94be4a5f559 associated. External IP: 10.96.250.204, port: 35d2b359-8eb2-413a-8c22-f0484167bc70.
2026-07-01 01:58:09.111 9 INFO neutron.notifiers.nova [-] Nova event matching ['req-6a119dbb-6aae-4cd5-94af-7661a86da58e'] response: {'server_uuid': '934cb7c0-2c8a-400a-b506-c1a41c8d893e', 'name': 'network-vif-unplugged', 'status': 'completed', 'tag': '50be6f98-0f4d-40ca-b3bf-a703ea09559a', 'code': 200}
2026-07-01 01:58:09.111 9 INFO neutron.notifiers.nova [-] Nova event matching ['req-6a119dbb-6aae-4cd5-94af-7661a86da58e'] response: {'server_uuid': '934cb7c0-2c8a-400a-b506-c1a41c8d893e', 'name': 'network-vif-plugged', 'status': 'completed', 'tag': '50be6f98-0f4d-40ca-b3bf-a703ea09559a', 'code': 200}
2026-07-01 01:58:09.151 10 INFO neutron.notifiers.nova [-] Nova event matching ['req-a5c685f8-9875-4f9e-ac52-2a5d347d8a0f'] response: {'server_uuid': '723d8cb3-990d-4607-9258-a1032098a078', 'name': 'network-vif-deleted', 'tag': '7c120ea0-f18d-47f9-ab92-3307546de7c6', 'status': 'completed', 'code': 200}
2026-07-01 01:58:09.152 10 INFO neutron.notifiers.nova [-] Nova event matching ['req-a5c685f8-9875-4f9e-ac52-2a5d347d8a0f'] response: {'server_uuid': '934cb7c0-2c8a-400a-b506-c1a41c8d893e', 'name': 'network-vif-deleted', 'tag': '50be6f98-0f4d-40ca-b3bf-a703ea09559a', 'status': 'completed', 'code': 200}
2026-07-01 01:58:09.270 9 INFO neutron.db.ovn_revision_numbers_db [None req-28e1bfa4-7ec2-4079-9ae8-585ec651308f 93360a2c0fec40c4ba4a0ddb9ccab2f4 b41eb4f721924518b3e283b48cb13e5e - - default default] Successfully bumped revision number for resource f7c982b1-c227-48ff-9f0d-b94be4a5f559 (type: floatingips) to 1
2026-07-01 01:58:09.378 10 INFO neutron.plugins.ml2.drivers.ovn.mech_driver.mech_driver [None req-12efca80-85e1-4cd3-9fde-19274a80a8e8 - - - - - -] OVN reports status up for port: 0feea4ed-6504-4198-bc92-f276697b43b5
2026-07-01 01:58:09.393 10 INFO neutron.plugins.ml2.plugin [None req-12efca80-85e1-4cd3-9fde-19274a80a8e8 - - - - - -] Attempt 1 to provision port 0feea4ed-6504-4198-bc92-f276697b43b5
2026-07-01 01:58:09.417 9 INFO neutron.db.ovn_revision_numbers_db [None req-214fa9bc-6206-40dd-8318-1f49e1ebbc4d 45791d7a3399431bb35bf97381520fa1 acf9a1a66aec47d8b91c5222a1da287e - - default default] Successfully bumped revision number for resource 0feea4ed-6504-4198-bc92-f276697b43b5 (type: router_ports) to 1
2026-07-01 01:58:09.458 9 INFO neutron.wsgi [None req-7ffc416d-570d-4f50-b664-5cd58895a819 418b8ea2b57b4560aef1aea9fa60da42 28b890827e6f4471ad59498e19d24321 - - default default] 10.0.0.240 "DELETE /v2.0/security-groups/b26e5b69-4716-4b25-aa97-b42a565e26ee HTTP/1.1" status: 204 len: 168 time: 0.2662501
