2026-07-01 02:03:58.432 10 INFO neutron.wsgi [None req-7f6b0e4e-6bd5-4532-a8cf-dd14e1f9d034 db0d62f4f0ea4e89910377668fd8c84f 6340392e7cc244169c2c302ebf3aa645 - - default default] 199.204.45.109 "GET /v2.0/networks/eb542f57-3222-47d0-9820-6e58d930db41 HTTP/1.1" status: 200 len: 999 time: 0.0788124
2026-07-01 02:03:58.476 10 INFO neutron.wsgi [None req-c1036f80-bc59-433a-b663-d414f9dd71db db0d62f4f0ea4e89910377668fd8c84f 6340392e7cc244169c2c302ebf3aa645 - - default default] 199.204.45.109 "GET /v2.0/subnets/a432130c-eb3c-46aa-ab95-bdd9791ce092 HTTP/1.1" status: 200 len: 849 time: 0.0364597
2026-07-01 02:03:58.585 10 INFO neutron.wsgi [None req-c8d3dcd0-b7b2-460a-a838-611b2a3e9278 db0d62f4f0ea4e89910377668fd8c84f 6340392e7cc244169c2c302ebf3aa645 - - default default] 199.204.45.109 "GET /v2.0/extensions/security-group HTTP/1.1" status: 200 len: 369 time: 0.0082562
2026-07-01 02:03:58.595 10 INFO neutron.wsgi [None req-b111759e-f7d7-4b06-bcf2-2ae65bf164b9 db0d62f4f0ea4e89910377668fd8c84f 6340392e7cc244169c2c302ebf3aa645 - - default default] 199.204.45.109 "GET /v2.0/extensions/dns-integration HTTP/1.1" status: 200 len: 371 time: 0.0049360
2026-07-01 02:03:58.606 10 INFO neutron.wsgi [None req-ff61ac3e-7ef0-463f-89e1-fa49a455a7d4 db0d62f4f0ea4e89910377668fd8c84f 6340392e7cc244169c2c302ebf3aa645 - - default default] 199.204.45.109 "GET /v2.0/extensions/qos HTTP/1.1" status: 200 len: 365 time: 0.0041544
2026-07-01 02:03:58.615 10 INFO neutron.wsgi [None req-46eef7d3-8b9a-4f17-90f0-3a2db6a39626 db0d62f4f0ea4e89910377668fd8c84f 6340392e7cc244169c2c302ebf3aa645 - - default default] 199.204.45.109 "GET /v2.0/extensions/allowed-address-pairs HTTP/1.1" status: 200 len: 383 time: 0.0047941
2026-07-01 02:03:58.668 10 INFO neutron.wsgi [None req-2e20dda0-34ba-4c1c-ad0f-d65823d2c583 db0d62f4f0ea4e89910377668fd8c84f 6340392e7cc244169c2c302ebf3aa645 - - default default] 199.204.45.109 "GET /v2.0/subnets/a4bf6ff1-c62f-419a-a5d4-7fcfd4c6c283 HTTP/1.1" status: 200 len: 851 time: 0.0447981
2026-07-01 02:03:58.719 10 INFO neutron.wsgi [None req-01794d76-261e-4bf3-9346-42da2dd155fd db0d62f4f0ea4e89910377668fd8c84f 6340392e7cc244169c2c302ebf3aa645 - - default default] 199.204.45.109 "GET /v2.0/ports/9b34e573-0dcd-46c1-a3f4-c5130fc6d21a HTTP/1.1" status: 200 len: 1340 time: 0.0452106
2026-07-01 02:03:58.771 10 INFO neutron.wsgi [None req-559a1011-1627-4974-8678-a138a0544fee db0d62f4f0ea4e89910377668fd8c84f 6340392e7cc244169c2c302ebf3aa645 - - default default] 199.204.45.109 "GET /v2.0/ports/0e4a74ab-ae51-4abc-81db-6c11eabe4054 HTTP/1.1" status: 200 len: 1519 time: 0.0433366
2026-07-01 02:03:58.806 10 INFO neutron.wsgi [None req-8dba86af-a6b6-4ace-b3cc-f37d7b5290a1 db0d62f4f0ea4e89910377668fd8c84f 6340392e7cc244169c2c302ebf3aa645 - - default default] 199.204.45.109 "GET /v2.0/subnets/a4bf6ff1-c62f-419a-a5d4-7fcfd4c6c283 HTTP/1.1" status: 200 len: 851 time: 0.0311160
2026-07-01 02:03:58.874 10 INFO neutron.wsgi [None req-3edb6c34-a385-4bea-989f-e0446556bb5a db0d62f4f0ea4e89910377668fd8c84f 6340392e7cc244169c2c302ebf3aa645 - - default default] 199.204.45.109 "GET /v2.0/networks/edd4a6d1-d025-487f-b51f-867bbb0bdfd1 HTTP/1.1" status: 200 len: 1002 time: 0.0586424
2026-07-01 02:03:58.914 10 INFO neutron.wsgi [None req-5908b55a-264f-4235-8a1d-df5a3bd786f3 db0d62f4f0ea4e89910377668fd8c84f 6340392e7cc244169c2c302ebf3aa645 - - default default] 199.204.45.109 "GET /v2.0/ports/9b34e573-0dcd-46c1-a3f4-c5130fc6d21a HTTP/1.1" status: 200 len: 1340 time: 0.0337107
2026-07-01 02:03:58.957 10 INFO neutron.wsgi [None req-ae8073a3-7cd9-4b48-9561-55e478eb9d73 db0d62f4f0ea4e89910377668fd8c84f 6340392e7cc244169c2c302ebf3aa645 - - default default] 199.204.45.109 "GET /v2.0/subnets/a4bf6ff1-c62f-419a-a5d4-7fcfd4c6c283 HTTP/1.1" status: 200 len: 851 time: 0.0375690
2026-07-01 02:04:00.362 10 INFO neutron.notifiers.nova [-] Nova event matching ['req-4a021527-29d6-4151-9f74-d1f09a8f078a'] response: {'name': 'network-changed', 'server_uuid': '3c48f870-1432-4169-a3cf-151673f95b1c', 'tag': '07e2bc37-4148-465a-adcb-b9f14b9edee1', 'status': 'completed', 'code': 200}
2026-07-01 02:04:00.440 10 INFO neutron.wsgi [req-2cfa96ff-e87b-48ec-91d4-869c3d6950dc req-761f540c-5a78-4848-b331-8f92c2b8005f da75f5ee220e408fa32f83ef5b1bbfab 329dfaf3a96b46f7b8a09571de8d9f51 - - b0811726392a4530b89972dbf1b46816 b0811726392a4530b89972dbf1b46816] 199.204.45.109 "GET /v2.0/ports?tenant_id=6340392e7cc244169c2c302ebf3aa645&device_id=3c48f870-1432-4169-a3cf-151673f95b1c HTTP/1.1" status: 200 len: 5124 time: 0.0591855
2026-07-01 02:04:00.509 10 INFO neutron.wsgi [req-2cfa96ff-e87b-48ec-91d4-869c3d6950dc req-9fb2640a-f605-43da-9422-71a134212579 da75f5ee220e408fa32f83ef5b1bbfab 329dfaf3a96b46f7b8a09571de8d9f51 - - b0811726392a4530b89972dbf1b46816 b0811726392a4530b89972dbf1b46816] 199.204.45.109 "GET /v2.0/networks?id=eb542f57-3222-47d0-9820-6e58d930db41 HTTP/1.1" status: 200 len: 1002 time: 0.0619080
2026-07-01 02:04:00.550 10 INFO neutron.wsgi [req-2cfa96ff-e87b-48ec-91d4-869c3d6950dc req-1488465c-7f42-418c-9f40-ad9822e6b8e0 da75f5ee220e408fa32f83ef5b1bbfab 329dfaf3a96b46f7b8a09571de8d9f51 - - b0811726392a4530b89972dbf1b46816 b0811726392a4530b89972dbf1b46816] 199.204.45.109 "GET /v2.0/floatingips?fixed_ip_address=10.2.2.133&port_id=07e2bc37-4148-465a-adcb-b9f14b9edee1 HTTP/1.1" status: 200 len: 217 time: 0.0334404
2026-07-01 02:04:00.590 10 INFO neutron.wsgi [req-2cfa96ff-e87b-48ec-91d4-869c3d6950dc req-f273f8d0-f0a3-4407-abed-a45fa8e4cb17 da75f5ee220e408fa32f83ef5b1bbfab 329dfaf3a96b46f7b8a09571de8d9f51 - - b0811726392a4530b89972dbf1b46816 b0811726392a4530b89972dbf1b46816] 199.204.45.109 "GET /v2.0/subnets?id=a432130c-eb3c-46aa-ab95-bdd9791ce092 HTTP/1.1" status: 200 len: 852 time: 0.0334966
2026-07-01 02:04:00.618 10 INFO neutron.wsgi [req-2cfa96ff-e87b-48ec-91d4-869c3d6950dc req-8a5e6fea-bcb7-433d-9d0c-a3722e268f9a da75f5ee220e408fa32f83ef5b1bbfab 329dfaf3a96b46f7b8a09571de8d9f51 - - b0811726392a4530b89972dbf1b46816 b0811726392a4530b89972dbf1b46816] 199.204.45.109 "GET /v2.0/ports?network_id=eb542f57-3222-47d0-9820-6e58d930db41&device_owner=network%3Adhcp HTTP/1.1" status: 200 len: 210 time: 0.0209329
2026-07-01 02:04:00.682 10 INFO neutron.wsgi [req-2cfa96ff-e87b-48ec-91d4-869c3d6950dc req-7db172e5-ec61-4745-95b2-08c72d534b1f da75f5ee220e408fa32f83ef5b1bbfab 329dfaf3a96b46f7b8a09571de8d9f51 - - b0811726392a4530b89972dbf1b46816 b0811726392a4530b89972dbf1b46816] 199.204.45.109 "GET /v2.0/networks/eb542f57-3222-47d0-9820-6e58d930db41?fields=segments HTTP/1.1" status: 200 len: 212 time: 0.0579360
2026-07-01 02:04:00.746 10 INFO neutron.wsgi [req-2cfa96ff-e87b-48ec-91d4-869c3d6950dc req-97726df2-1662-4907-9eee-03a3671f4725 da75f5ee220e408fa32f83ef5b1bbfab 329dfaf3a96b46f7b8a09571de8d9f51 - - b0811726392a4530b89972dbf1b46816 b0811726392a4530b89972dbf1b46816] 199.204.45.109 "GET /v2.0/networks/eb542f57-3222-47d0-9820-6e58d930db41?fields=provider%3Aphysical_network&fields=provider%3Anetwork_type HTTP/1.1" status: 200 len: 277 time: 0.0578895
2026-07-01 02:04:07.845 10 INFO neutron.wsgi [None req-8a4db3f4-e340-44d9-b895-529a20f8528a db0d62f4f0ea4e89910377668fd8c84f 6340392e7cc244169c2c302ebf3aa645 - - default default] 199.204.45.109 "GET /v2.0/extensions/security-group HTTP/1.1" status: 200 len: 369 time: 0.0051582
2026-07-01 02:04:07.854 10 INFO neutron.wsgi [None req-12aa78d5-73b3-443b-b6f7-0e323d45426f db0d62f4f0ea4e89910377668fd8c84f 6340392e7cc244169c2c302ebf3aa645 - - default default] 199.204.45.109 "GET /v2.0/extensions/dns-integration HTTP/1.1" status: 200 len: 371 time: 0.0042174
2026-07-01 02:04:07.862 10 INFO neutron.wsgi [None req-b79e8b63-c0e5-46d4-8cc8-c4c525fc0cb5 db0d62f4f0ea4e89910377668fd8c84f 6340392e7cc244169c2c302ebf3aa645 - - default default] 199.204.45.109 "GET /v2.0/extensions/qos HTTP/1.1" status: 200 len: 365 time: 0.0040169
2026-07-01 02:04:07.870 10 INFO neutron.wsgi [None req-dc8e435c-d8ca-4b08-9ce9-f4d397642a71 db0d62f4f0ea4e89910377668fd8c84f 6340392e7cc244169c2c302ebf3aa645 - - default default] 199.204.45.109 "GET /v2.0/extensions/allowed-address-pairs HTTP/1.1" status: 200 len: 383 time: 0.0038943
2026-07-01 02:04:07.909 10 INFO neutron.wsgi [None req-3658906a-1237-48f8-99cc-127e8768dbd7 db0d62f4f0ea4e89910377668fd8c84f 6340392e7cc244169c2c302ebf3aa645 - - default default] 199.204.45.109 "GET /v2.0/subnets/f72c2d1e-806d-4fa0-b29d-037f78cea29b HTTP/1.1" status: 200 len: 848 time: 0.0339785
2026-07-01 02:04:07.955 10 INFO neutron.wsgi [None req-67232d9c-1a81-44ae-a9ff-aaf78ac731ec db0d62f4f0ea4e89910377668fd8c84f 6340392e7cc244169c2c302ebf3aa645 - - default default] 199.204.45.109 "GET /v2.0/ports?device_id=3c48f870-1432-4169-a3cf-151673f95b1c HTTP/1.1" status: 200 len: 5124 time: 0.0387247
2026-07-01 02:04:08.121 10 INFO neutron.wsgi [None req-9d5c0547-4bca-4428-b6fd-a8ae3538693f db0d62f4f0ea4e89910377668fd8c84f 6340392e7cc244169c2c302ebf3aa645 - - default default] 199.204.45.109 "GET /v2.0/extensions/security-group HTTP/1.1" status: 200 len: 369 time: 0.0078156
2026-07-01 02:04:08.131 10 INFO neutron.wsgi [None req-f93bb6ac-4ab3-45fc-bc55-52b538a11526 db0d62f4f0ea4e89910377668fd8c84f 6340392e7cc244169c2c302ebf3aa645 - - default default] 199.204.45.109 "GET /v2.0/extensions/dns-integration HTTP/1.1" status: 200 len: 371 time: 0.0042145
2026-07-01 02:04:08.139 10 INFO neutron.wsgi [None req-bac83565-4d63-43a7-9a25-9be625c5c9a4 db0d62f4f0ea4e89910377668fd8c84f 6340392e7cc244169c2c302ebf3aa645 - - default default] 199.204.45.109 "GET /v2.0/extensions/qos HTTP/1.1" status: 200 len: 365 time: 0.0042977
2026-07-01 02:04:08.148 10 INFO neutron.wsgi [None req-abc03183-b85b-4197-8ed7-ee0cea11df00 db0d62f4f0ea4e89910377668fd8c84f 6340392e7cc244169c2c302ebf3aa645 - - default default] 199.204.45.109 "GET /v2.0/extensions/allowed-address-pairs HTTP/1.1" status: 200 len: 383 time: 0.0045378
2026-07-01 02:04:08.194 10 INFO neutron.wsgi [None req-9a2a604d-0054-447a-98f4-fc53cae78e76 db0d62f4f0ea4e89910377668fd8c84f 6340392e7cc244169c2c302ebf3aa645 - - default default] 199.204.45.109 "GET /v2.0/ports/07e2bc37-4148-465a-adcb-b9f14b9edee1 HTTP/1.1" status: 200 len: 1406 time: 0.0414519
2026-07-01 02:04:08.669 10 INFO neutron.db.ovn_revision_numbers_db [None req-bfd68f3b-f222-4bc1-8bc1-7c0eea040065 db0d62f4f0ea4e89910377668fd8c84f 6340392e7cc244169c2c302ebf3aa645 - - default default] Successfully bumped revision number for resource 07e2bc37-4148-465a-adcb-b9f14b9edee1 (type: ports) to 6
2026-07-01 02:04:08.684 10 INFO neutron.wsgi [None req-bfd68f3b-f222-4bc1-8bc1-7c0eea040065 db0d62f4f0ea4e89910377668fd8c84f 6340392e7cc244169c2c302ebf3aa645 - - default default] 199.204.45.109 "PUT /v2.0/ports/07e2bc37-4148-465a-adcb-b9f14b9edee1 HTTP/1.1" status: 200 len: 1203 time: 0.4846175 /var/lib/openstack/lib/python3.10/site-packages/pycadf/identifier.py:71: UserWarning: Invalid uuid: neutron. To ensure interoperability, identifiers should be a valid uuid. warnings.warn(('Invalid uuid: %s. To ensure interoperability, '
2026-07-01 02:04:08.723 10 INFO neutron.notifiers.nova [-] Nova event matching ['req-32530322-6d10-4374-8281-17f3bd943ebc'] response: {'name': 'network-changed', 'server_uuid': '3c48f870-1432-4169-a3cf-151673f95b1c', 'tag': '07e2bc37-4148-465a-adcb-b9f14b9edee1', 'status': 'completed', 'code': 200}
2026-07-01 02:04:08.759 10 INFO neutron.wsgi [None req-2d2401e3-8c2e-4b8e-b7c5-63ac7e069ce7 db0d62f4f0ea4e89910377668fd8c84f 6340392e7cc244169c2c302ebf3aa645 - - default default] 199.204.45.109 "GET /v2.0/networks/eb542f57-3222-47d0-9820-6e58d930db41 HTTP/1.1" status: 200 len: 999 time: 0.0684509
2026-07-01 02:04:08.809 10 INFO neutron.wsgi [req-41267cd1-5573-4327-b5db-0e9d89ae2127 req-919819ed-d2f5-4dca-b6a5-002adec958e0 da75f5ee220e408fa32f83ef5b1bbfab 329dfaf3a96b46f7b8a09571de8d9f51 - - b0811726392a4530b89972dbf1b46816 b0811726392a4530b89972dbf1b46816] 199.204.45.109 "GET /v2.0/ports?tenant_id=6340392e7cc244169c2c302ebf3aa645&device_id=3c48f870-1432-4169-a3cf-151673f95b1c HTTP/1.1" status: 200 len: 4949 time: 0.0637660
2026-07-01 02:04:08.823 10 INFO neutron.wsgi [None req-000275ce-fb5d-469d-a888-9510166d9972 db0d62f4f0ea4e89910377668fd8c84f 6340392e7cc244169c2c302ebf3aa645 - - default default] 199.204.45.109 "GET /v2.0/ports?device_id=3c48f870-1432-4169-a3cf-151673f95b1c HTTP/1.1" status: 200 len: 4949 time: 0.0541272
2026-07-01 02:04:08.890 10 INFO neutron.wsgi [req-41267cd1-5573-4327-b5db-0e9d89ae2127 req-c427b3fe-2673-4e1b-9ec2-dda50935970e da75f5ee220e408fa32f83ef5b1bbfab 329dfaf3a96b46f7b8a09571de8d9f51 - - b0811726392a4530b89972dbf1b46816 b0811726392a4530b89972dbf1b46816] 199.204.45.109 "GET /v2.0/networks?id=eb542f57-3222-47d0-9820-6e58d930db41 HTTP/1.1" status: 200 len: 1002 time: 0.0666239
2026-07-01 02:04:08.994 10 INFO neutron.wsgi [None req-1a22c8a4-144d-4abd-a2c3-3a8b57bc8565 db0d62f4f0ea4e89910377668fd8c84f 6340392e7cc244169c2c302ebf3aa645 - - default default] 199.204.45.109 "GET /v2.0/ports?device_id=3c48f870-1432-4169-a3cf-151673f95b1c HTTP/1.1" status: 200 len: 4949 time: 0.0615754
2026-07-01 02:04:09.002 10 INFO neutron.wsgi [req-41267cd1-5573-4327-b5db-0e9d89ae2127 req-8fc8163e-f04d-4204-90c8-7b3d54650bed da75f5ee220e408fa32f83ef5b1bbfab 329dfaf3a96b46f7b8a09571de8d9f51 - - b0811726392a4530b89972dbf1b46816 b0811726392a4530b89972dbf1b46816] 199.204.45.109 "GET /v2.0/networks/eb542f57-3222-47d0-9820-6e58d930db41?fields=segments HTTP/1.1" status: 200 len: 212 time: 0.1058805
2026-07-01 02:04:09.075 10 INFO neutron.wsgi [req-41267cd1-5573-4327-b5db-0e9d89ae2127 req-2a08b4f9-1cfb-490c-b23d-b37a7792b90e da75f5ee220e408fa32f83ef5b1bbfab 329dfaf3a96b46f7b8a09571de8d9f51 - - b0811726392a4530b89972dbf1b46816 b0811726392a4530b89972dbf1b46816] 199.204.45.109 "GET /v2.0/networks/eb542f57-3222-47d0-9820-6e58d930db41?fields=provider%3Aphysical_network&fields=provider%3Anetwork_type HTTP/1.1" status: 200 len: 277 time: 0.0676181
2026-07-01 02:04:09.104 15 INFO neutron.db.ovn_revision_numbers_db [None req-75392b2c-f9c2-40af-baf7-3a0d9fad35bc - - - - - -] Successfully bumped revision number for resource edd4a6d1-d025-487f-b51f-867bbb0bdfd1 (type: networks) to 3
2026-07-01 02:04:09.213 10 INFO neutron.plugins.ml2.drivers.ovn.mech_driver.mech_driver [None req-12efca80-85e1-4cd3-9fde-19274a80a8e8 - - - - - -] OVN reports status down for port: 07e2bc37-4148-465a-adcb-b9f14b9edee1
2026-07-01 02:04:09.237 15 INFO neutron.db.ovn_revision_numbers_db [None req-75392b2c-f9c2-40af-baf7-3a0d9fad35bc - - - - - -] Successfully bumped revision number for resource 6cfe2913-9718-4f70-93f2-c3520727cc88 (type: networks) to 3
2026-07-01 02:04:09.293 10 INFO neutron.wsgi [req-d2e42729-09d8-408d-9346-5481b32fa74e req-0a272695-2341-4e4a-b02e-6c2348b1cec3 da75f5ee220e408fa32f83ef5b1bbfab 329dfaf3a96b46f7b8a09571de8d9f51 - - b0811726392a4530b89972dbf1b46816 b0811726392a4530b89972dbf1b46816] 199.204.45.109 "GET /v2.0/ports/07e2bc37-4148-465a-adcb-b9f14b9edee1 HTTP/1.1" status: 200 len: 1231 time: 0.0370491
2026-07-01 02:04:09.371 15 INFO neutron.db.ovn_revision_numbers_db [None req-75392b2c-f9c2-40af-baf7-3a0d9fad35bc - - - - - -] Successfully bumped revision number for resource eb542f57-3222-47d0-9820-6e58d930db41 (type: networks) to 3
2026-07-01 02:04:09.424 15 INFO neutron.db.ovn_revision_numbers_db [None req-75392b2c-f9c2-40af-baf7-3a0d9fad35bc - - - - - -] Successfully bumped revision number for resource f0ac2674-975c-4493-a2e4-6a43d7c00ccb (type: security_groups) to 12
2026-07-01 02:04:09.464 15 INFO neutron.db.ovn_revision_numbers_db [None req-75392b2c-f9c2-40af-baf7-3a0d9fad35bc - - - - - -] Successfully bumped revision number for resource 5d9f45af-13a2-4731-8e4f-299a1107e606 (type: security_groups) to 3
2026-07-01 02:04:09.592 10 INFO neutron.db.ovn_revision_numbers_db [None req-12efca80-85e1-4cd3-9fde-19274a80a8e8 - - - - - -] Successfully bumped revision number for resource 07e2bc37-4148-465a-adcb-b9f14b9edee1 (type: ports) to 7
2026-07-01 02:04:09.636 10 INFO neutron.wsgi [req-d2e42729-09d8-408d-9346-5481b32fa74e req-1eff1ae6-452f-441e-ad08-6c455728fcd7 db0d62f4f0ea4e89910377668fd8c84f 6340392e7cc244169c2c302ebf3aa645 - - default default] 199.204.45.109 "DELETE /v2.0/ports/07e2bc37-4148-465a-adcb-b9f14b9edee1 HTTP/1.1" status: 204 len: 173 time: 0.3382545
2026-07-01 02:04:09.726 10 INFO neutron.wsgi [req-d2e42729-09d8-408d-9346-5481b32fa74e req-08d07f38-2f41-4b72-a790-aeafe3867549 da75f5ee220e408fa32f83ef5b1bbfab 329dfaf3a96b46f7b8a09571de8d9f51 - - b0811726392a4530b89972dbf1b46816 b0811726392a4530b89972dbf1b46816] 199.204.45.109 "GET /v2.0/ports?tenant_id=6340392e7cc244169c2c302ebf3aa645&device_id=3c48f870-1432-4169-a3cf-151673f95b1c HTTP/1.1" status: 200 len: 3926 time: 0.0434287
2026-07-01 02:04:09.797 10 INFO neutron.wsgi [req-d2e42729-09d8-408d-9346-5481b32fa74e req-ccfcfad1-4506-48de-a38a-c9e9898adace da75f5ee220e408fa32f83ef5b1bbfab 329dfaf3a96b46f7b8a09571de8d9f51 - - b0811726392a4530b89972dbf1b46816 b0811726392a4530b89972dbf1b46816] 199.204.45.109 "GET /v2.0/networks?id=e1e6c6da-e597-44ec-bbfd-325626b21d19&id=edd4a6d1-d025-487f-b51f-867bbb0bdfd1&id=6cfe2913-9718-4f70-93f2-c3520727cc88&id=eb542f57-3222-47d0-9820-6e58d930db41 HTTP/1.1" status: 200 len: 3307 time: 0.0662467
2026-07-01 02:04:09.822 10 INFO neutron.wsgi [req-d2e42729-09d8-408d-9346-5481b32fa74e req-935a8dc8-f3d9-4d0c-824b-cebeecd73b1a da75f5ee220e408fa32f83ef5b1bbfab 329dfaf3a96b46f7b8a09571de8d9f51 - - b0811726392a4530b89972dbf1b46816 b0811726392a4530b89972dbf1b46816] 199.204.45.109 "GET /v2.0/floatingips?fixed_ip_address=172.24.2.141&port_id=0d047e4c-786a-4aa8-a8a7-f5397c280a9f HTTP/1.1" status: 200 len: 217 time: 0.0185161
2026-07-01 02:04:09.840 15 INFO neutron.db.ovn_revision_numbers_db [None req-75392b2c-f9c2-40af-baf7-3a0d9fad35bc - - - - - -] Successfully bumped revision number for resource cb847c9d-2c26-4717-86e4-07472cad3c6e (type: routers) to 5
2026-07-01 02:04:09.859 10 INFO neutron.wsgi [req-d2e42729-09d8-408d-9346-5481b32fa74e req-1ec79d78-2b9c-4f08-9fc8-1d59848ef568 da75f5ee220e408fa32f83ef5b1bbfab 329dfaf3a96b46f7b8a09571de8d9f51 - - b0811726392a4530b89972dbf1b46816 b0811726392a4530b89972dbf1b46816] 199.204.45.109 "GET /v2.0/subnets?id=0011a067-2fac-4ab3-b5bc-08ed977b9935 HTTP/1.1" status: 200 len: 829 time: 0.0309310
2026-07-01 02:04:09.889 10 INFO neutron.wsgi [req-d2e42729-09d8-408d-9346-5481b32fa74e req-756b27fb-5a10-4606-b3dc-3ce46cef8e42 da75f5ee220e408fa32f83ef5b1bbfab 329dfaf3a96b46f7b8a09571de8d9f51 - - b0811726392a4530b89972dbf1b46816 b0811726392a4530b89972dbf1b46816] 199.204.45.109 "GET /v2.0/ports?network_id=e1e6c6da-e597-44ec-bbfd-325626b21d19&device_owner=network%3Adhcp HTTP/1.1" status: 200 len: 210 time: 0.0225790
2026-07-01 02:04:09.963 10 INFO neutron.wsgi [req-d2e42729-09d8-408d-9346-5481b32fa74e req-b0a15a88-bc0a-4b2e-86e4-a0583775ed68 da75f5ee220e408fa32f83ef5b1bbfab 329dfaf3a96b46f7b8a09571de8d9f51 - - b0811726392a4530b89972dbf1b46816 b0811726392a4530b89972dbf1b46816] 199.204.45.109 "GET /v2.0/networks/e1e6c6da-e597-44ec-bbfd-325626b21d19?fields=segments HTTP/1.1" status: 200 len: 212 time: 0.0688879
2026-07-01 02:04:10.048 10 INFO neutron.wsgi [req-d2e42729-09d8-408d-9346-5481b32fa74e req-99045234-d1c8-4f08-a6c3-243e2b6da051 da75f5ee220e408fa32f83ef5b1bbfab 329dfaf3a96b46f7b8a09571de8d9f51 - - b0811726392a4530b89972dbf1b46816 b0811726392a4530b89972dbf1b46816] 199.204.45.109 "GET /v2.0/networks/e1e6c6da-e597-44ec-bbfd-325626b21d19?fields=provider%3Aphysical_network&fields=provider%3Anetwork_type HTTP/1.1" status: 200 len: 277 time: 0.0775306
2026-07-01 02:04:10.058 10 INFO neutron.wsgi [None req-d40f790e-3721-46af-b935-8a468a61c4e9 db0d62f4f0ea4e89910377668fd8c84f 6340392e7cc244169c2c302ebf3aa645 - - default default] 199.204.45.109 "GET /v2.0/ports?device_id=3c48f870-1432-4169-a3cf-151673f95b1c HTTP/1.1" status: 200 len: 3926 time: 0.0465100
2026-07-01 02:04:10.084 10 INFO neutron.wsgi [req-d2e42729-09d8-408d-9346-5481b32fa74e req-a925af15-e3aa-4d5d-8cb1-4a636d2a8c24 da75f5ee220e408fa32f83ef5b1bbfab 329dfaf3a96b46f7b8a09571de8d9f51 - - b0811726392a4530b89972dbf1b46816 b0811726392a4530b89972dbf1b46816] 199.204.45.109 "GET /v2.0/floatingips?fixed_ip_address=10.1.1.108&port_id=0e4a74ab-ae51-4abc-81db-6c11eabe4054 HTTP/1.1" status: 200 len: 217 time: 0.0261488
2026-07-01 02:04:10.094 10 INFO neutron.pecan_wsgi.hooks.translation [None req-00c3ea7c-59cd-4d77-919e-a7f81379d336 db0d62f4f0ea4e89910377668fd8c84f 6340392e7cc244169c2c302ebf3aa645 - - default default] DELETE failed (client error): The resource could not be found.
2026-07-01 02:04:10.096 10 INFO neutron.wsgi [None req-00c3ea7c-59cd-4d77-919e-a7f81379d336 db0d62f4f0ea4e89910377668fd8c84f 6340392e7cc244169c2c302ebf3aa645 - - default default] 199.204.45.109 "DELETE /v2.0/ports/07e2bc37-4148-465a-adcb-b9f14b9edee1 HTTP/1.1" status: 404 len: 338 time: 0.0171037
2026-07-01 02:04:10.142 10 INFO neutron.wsgi [req-d2e42729-09d8-408d-9346-5481b32fa74e req-7b73b45e-7bbf-49a3-95db-4389172b07eb da75f5ee220e408fa32f83ef5b1bbfab 329dfaf3a96b46f7b8a09571de8d9f51 - - b0811726392a4530b89972dbf1b46816 b0811726392a4530b89972dbf1b46816] 199.204.45.109 "GET /v2.0/subnets?id=a4bf6ff1-c62f-419a-a5d4-7fcfd4c6c283 HTTP/1.1" status: 200 len: 854 time: 0.0500441
2026-07-01 02:04:10.168 10 INFO neutron.wsgi [req-d2e42729-09d8-408d-9346-5481b32fa74e req-57c34cda-ab58-4956-a038-8a0801537fbf da75f5ee220e408fa32f83ef5b1bbfab 329dfaf3a96b46f7b8a09571de8d9f51 - - b0811726392a4530b89972dbf1b46816 b0811726392a4530b89972dbf1b46816] 199.204.45.109 "GET /v2.0/ports?network_id=edd4a6d1-d025-487f-b51f-867bbb0bdfd1&device_owner=network%3Adhcp HTTP/1.1" status: 200 len: 210 time: 0.0187168
2026-07-01 02:04:10.212 10 INFO neutron.wsgi [None req-916ddd24-6508-4801-8641-6c081959a541 db0d62f4f0ea4e89910377668fd8c84f 6340392e7cc244169c2c302ebf3aa645 - - default default] 199.204.45.109 "GET /v2.0/extensions/security-group HTTP/1.1" status: 200 len: 369 time: 0.0043249
2026-07-01 02:04:10.219 10 INFO neutron.wsgi [None req-744d331b-282b-404b-92a8-75bb84bdd7a1 db0d62f4f0ea4e89910377668fd8c84f 6340392e7cc244169c2c302ebf3aa645 - - default default] 199.204.45.109 "GET /v2.0/extensions/dns-integration HTTP/1.1" status: 200 len: 371 time: 0.0042348
2026-07-01 02:04:10.231 10 INFO neutron.wsgi [None req-902d2e22-fe01-497e-a97c-aa8784c7ae78 db0d62f4f0ea4e89910377668fd8c84f 6340392e7cc244169c2c302ebf3aa645 - - default default] 199.204.45.109 "GET /v2.0/extensions/qos HTTP/1.1" status: 200 len: 365 time: 0.0069418
2026-07-01 02:04:10.240 10 INFO neutron.wsgi [None req-72468efe-b2e5-46db-8ba6-227f17eb1f24 db0d62f4f0ea4e89910377668fd8c84f 6340392e7cc244169c2c302ebf3aa645 - - default default] 199.204.45.109 "GET /v2.0/extensions/allowed-address-pairs HTTP/1.1" status: 200 len: 383 time: 0.0032382
2026-07-01 02:04:10.253 10 INFO neutron.wsgi [req-d2e42729-09d8-408d-9346-5481b32fa74e req-b64c300f-f2c0-4a84-9cd4-c4ace86eb7ec da75f5ee220e408fa32f83ef5b1bbfab 329dfaf3a96b46f7b8a09571de8d9f51 - - b0811726392a4530b89972dbf1b46816 b0811726392a4530b89972dbf1b46816] 199.204.45.109 "GET /v2.0/networks/edd4a6d1-d025-487f-b51f-867bbb0bdfd1?fields=segments HTTP/1.1" status: 200 len: 212 time: 0.0774686
2026-07-01 02:04:10.282 10 INFO neutron.wsgi [None req-d78c06a1-744e-4895-81fa-25ec92a948e3 db0d62f4f0ea4e89910377668fd8c84f 6340392e7cc244169c2c302ebf3aa645 - - default default] 199.204.45.109 "GET /v2.0/subnets/a4bf6ff1-c62f-419a-a5d4-7fcfd4c6c283 HTTP/1.1" status: 200 len: 851 time: 0.0362294
2026-07-01 02:04:10.338 10 INFO neutron.wsgi [None req-d9848758-7c2f-4ec0-aed4-39675b06a461 db0d62f4f0ea4e89910377668fd8c84f 6340392e7cc244169c2c302ebf3aa645 - - default default] 199.204.45.109 "GET /v2.0/ports/9b34e573-0dcd-46c1-a3f4-c5130fc6d21a HTTP/1.1" status: 200 len: 1340 time: 0.0468130
2026-07-01 02:04:10.347 10 INFO neutron.wsgi [req-d2e42729-09d8-408d-9346-5481b32fa74e req-2cca9bc2-ca0b-498e-b4fa-42ad3a36cbc5 da75f5ee220e408fa32f83ef5b1bbfab 329dfaf3a96b46f7b8a09571de8d9f51 - - b0811726392a4530b89972dbf1b46816 b0811726392a4530b89972dbf1b46816] 199.204.45.109 "GET /v2.0/networks/edd4a6d1-d025-487f-b51f-867bbb0bdfd1?fields=provider%3Aphysical_network&fields=provider%3Anetwork_type HTTP/1.1" status: 200 len: 277 time: 0.0865688
2026-07-01 02:04:10.382 10 INFO neutron.wsgi [req-d2e42729-09d8-408d-9346-5481b32fa74e req-fe24fe15-b9c9-4cbd-b819-86703e08ccfa da75f5ee220e408fa32f83ef5b1bbfab 329dfaf3a96b46f7b8a09571de8d9f51 - - b0811726392a4530b89972dbf1b46816 b0811726392a4530b89972dbf1b46816] 199.204.45.109 "GET /v2.0/floatingips?fixed_ip_address=10.2.1.111&port_id=340cbf41-3162-4ca1-8c9a-474ec8c42439 HTTP/1.1" status: 200 len: 217 time: 0.0290596
2026-07-01 02:04:10.396 10 INFO neutron.wsgi [None req-1c94e110-94fa-4565-9956-f413b0458df1 db0d62f4f0ea4e89910377668fd8c84f 6340392e7cc244169c2c302ebf3aa645 - - default default] 199.204.45.109 "GET /v2.0/ports/0e4a74ab-ae51-4abc-81db-6c11eabe4054 HTTP/1.1" status: 200 len: 1519 time: 0.0492907
2026-07-01 02:04:10.441 10 INFO neutron.wsgi [req-d2e42729-09d8-408d-9346-5481b32fa74e req-2dfe1557-7a5e-4263-9a0d-ed80bbc15681 da75f5ee220e408fa32f83ef5b1bbfab 329dfaf3a96b46f7b8a09571de8d9f51 - - b0811726392a4530b89972dbf1b46816 b0811726392a4530b89972dbf1b46816] 199.204.45.109 "GET /v2.0/subnets?id=f72c2d1e-806d-4fa0-b29d-037f78cea29b HTTP/1.1" status: 200 len: 851 time: 0.0499327
2026-07-01 02:04:10.451 10 INFO neutron.wsgi [None req-8db4001b-7c27-4a88-add2-862b5254b82a db0d62f4f0ea4e89910377668fd8c84f 6340392e7cc244169c2c302ebf3aa645 - - default default] 199.204.45.109 "GET /v2.0/subnets/a4bf6ff1-c62f-419a-a5d4-7fcfd4c6c283 HTTP/1.1" status: 200 len: 851 time: 0.0361426
2026-07-01 02:04:10.473 10 INFO neutron.wsgi [req-d2e42729-09d8-408d-9346-5481b32fa74e req-95a9e40b-38e4-49ea-af99-1a95f6844133 da75f5ee220e408fa32f83ef5b1bbfab 329dfaf3a96b46f7b8a09571de8d9f51 - - b0811726392a4530b89972dbf1b46816 b0811726392a4530b89972dbf1b46816] 199.204.45.109 "GET /v2.0/ports?network_id=6cfe2913-9718-4f70-93f2-c3520727cc88&device_owner=network%3Adhcp HTTP/1.1" status: 200 len: 210 time: 0.0210652
2026-07-01 02:04:10.544 10 INFO neutron.wsgi [None req-314076aa-5d24-405d-8771-3a80c667448f db0d62f4f0ea4e89910377668fd8c84f 6340392e7cc244169c2c302ebf3aa645 - - default default] 199.204.45.109 "GET /v2.0/networks/edd4a6d1-d025-487f-b51f-867bbb0bdfd1 HTTP/1.1" status: 200 len: 1002 time: 0.0839486
2026-07-01 02:04:10.571 10 INFO neutron.wsgi [req-d2e42729-09d8-408d-9346-5481b32fa74e req-b0ee7500-055c-4d93-a539-d0034de2c863 da75f5ee220e408fa32f83ef5b1bbfab 329dfaf3a96b46f7b8a09571de8d9f51 - - b0811726392a4530b89972dbf1b46816 b0811726392a4530b89972dbf1b46816] 199.204.45.109 "GET /v2.0/networks/6cfe2913-9718-4f70-93f2-c3520727cc88?fields=segments HTTP/1.1" status: 200 len: 212 time: 0.0910592
2026-07-01 02:04:10.596 10 INFO neutron.wsgi [None req-195e38b4-d5ca-4a29-bf24-56b2f9b39381 db0d62f4f0ea4e89910377668fd8c84f 6340392e7cc244169c2c302ebf3aa645 - - default default] 199.204.45.109 "GET /v2.0/ports/9b34e573-0dcd-46c1-a3f4-c5130fc6d21a HTTP/1.1" status: 200 len: 1340 time: 0.0455179
2026-07-01 02:04:10.654 10 INFO neutron.wsgi [None req-a1ffafd9-a9c3-4c56-b3ca-8a4b5a37ac92 db0d62f4f0ea4e89910377668fd8c84f 6340392e7cc244169c2c302ebf3aa645 - - default default] 199.204.45.109 "GET /v2.0/subnets/a4bf6ff1-c62f-419a-a5d4-7fcfd4c6c283 HTTP/1.1" status: 200 len: 851 time: 0.0497656
2026-07-01 02:04:10.673 10 INFO neutron.wsgi [req-d2e42729-09d8-408d-9346-5481b32fa74e req-3b586d9f-1973-499f-8c38-49c039aec258 da75f5ee220e408fa32f83ef5b1bbfab 329dfaf3a96b46f7b8a09571de8d9f51 - - b0811726392a4530b89972dbf1b46816 b0811726392a4530b89972dbf1b46816] 199.204.45.109 "GET /v2.0/networks/6cfe2913-9718-4f70-93f2-c3520727cc88?fields=provider%3Aphysical_network&fields=provider%3Anetwork_type HTTP/1.1" status: 200 len: 277 time: 0.0947320
2026-07-01 02:04:10.760 10 INFO neutron.notifiers.nova [-] Nova event matching ['req-55c87693-604f-489e-8e32-e30af4178afb'] response: {'server_uuid': '3c48f870-1432-4169-a3cf-151673f95b1c', 'name': 'network-vif-unplugged', 'status': 'completed', 'tag': '07e2bc37-4148-465a-adcb-b9f14b9edee1', 'code': 200}
2026-07-01 02:04:10.761 10 INFO neutron.notifiers.nova [-] Nova event matching ['req-55c87693-604f-489e-8e32-e30af4178afb'] response: {'server_uuid': '3c48f870-1432-4169-a3cf-151673f95b1c', 'name': 'network-vif-plugged', 'status': 'completed', 'tag': '07e2bc37-4148-465a-adcb-b9f14b9edee1', 'code': 200}
2026-07-01 02:04:10.761 10 INFO neutron.notifiers.nova [-] Nova event matching ['req-55c87693-604f-489e-8e32-e30af4178afb'] response: {'server_uuid': '3c48f870-1432-4169-a3cf-151673f95b1c', 'name': 'network-vif-deleted', 'tag': '07e2bc37-4148-465a-adcb-b9f14b9edee1', 'status': 'completed', 'code': 200}
2026-07-01 02:04:11.233 15 INFO neutron.plugins.ml2.drivers.ovn.mech_driver.ovsdb.maintenance [None req-75392b2c-f9c2-40af-baf7-3a0d9fad35bc - - - - - -] Maintenance task: Synchronization finished (took 2.25 seconds)
2026-07-01 02:04:11.579 9 INFO neutron.wsgi [-] 10.0.0.133 "GET / HTTP/1.1" status: 200 len: 246 time: 0.0024526
2026-07-01 02:04:11.580 10 INFO neutron.wsgi [-] 10.0.0.133 "GET / HTTP/1.1" status: 200 len: 246 time: 0.0031562
2026-07-01 02:04:13.936 9 INFO neutron.wsgi [None req-d7d0a198-27f0-4c20-aeea-29daf9e871ab db0d62f4f0ea4e89910377668fd8c84f 6340392e7cc244169c2c302ebf3aa645 - - default default] 199.204.45.109 "GET /v2.0/extensions/security-group HTTP/1.1" status: 200 len: 369 time: 0.0579479
2026-07-01 02:04:13.945 9 INFO neutron.wsgi [None req-9129ac74-62a1-4d00-adbe-f64116ad4698 db0d62f4f0ea4e89910377668fd8c84f 6340392e7cc244169c2c302ebf3aa645 - - default default] 199.204.45.109 "GET /v2.0/extensions/dns-integration HTTP/1.1" status: 200 len: 371 time: 0.0043998
2026-07-01 02:04:13.954 9 INFO neutron.wsgi [None req-32cf5d67-73cc-4759-882c-9914dc65be93 db0d62f4f0ea4e89910377668fd8c84f 6340392e7cc244169c2c302ebf3aa645 - - default default] 199.204.45.109 "GET /v2.0/extensions/qos HTTP/1.1" status: 200 len: 365 time: 0.0044992
2026-07-01 02:04:13.962 9 INFO neutron.wsgi [None req-00d31d07-4cd8-4114-9d46-789456a0780b db0d62f4f0ea4e89910377668fd8c84f 6340392e7cc244169c2c302ebf3aa645 - - default default] 199.204.45.109 "GET /v2.0/extensions/allowed-address-pairs HTTP/1.1" status: 200 len: 383 time: 0.0039382
2026-07-01 02:04:14.105 9 INFO neutron.wsgi [None req-efea2101-e174-4798-ba15-8c299d89323f db0d62f4f0ea4e89910377668fd8c84f 6340392e7cc244169c2c302ebf3aa645 - - default default] 199.204.45.109 "GET /v2.0/ports?device_id=3c48f870-1432-4169-a3cf-151673f95b1c HTTP/1.1" status: 200 len: 3926 time: 0.0456216
2026-07-01 02:04:14.262 9 INFO neutron.wsgi [None req-7722f117-740e-4add-afcb-dfc64d61b7b9 db0d62f4f0ea4e89910377668fd8c84f 6340392e7cc244169c2c302ebf3aa645 - - default default] 199.204.45.109 "GET /v2.0/extensions/security-group HTTP/1.1" status: 200 len: 369 time: 0.0090239
2026-07-01 02:04:14.269 9 INFO neutron.wsgi [None req-661836bf-8142-49d5-887c-48ff1f62b86e db0d62f4f0ea4e89910377668fd8c84f 6340392e7cc244169c2c302ebf3aa645 - - default default] 199.204.45.109 "GET /v2.0/extensions/dns-integration HTTP/1.1" status: 200 len: 371 time: 0.0033066
2026-07-01 02:04:14.277 9 INFO neutron.wsgi [None req-118e42a9-e074-424e-b122-6c33d7e630dc db0d62f4f0ea4e89910377668fd8c84f 6340392e7cc244169c2c302ebf3aa645 - - default default] 199.204.45.109 "GET /v2.0/extensions/qos HTTP/1.1" status: 200 len: 365 time: 0.0042543
2026-07-01 02:04:14.287 9 INFO neutron.wsgi [None req-1ec343dd-e9ca-4525-b554-37f89547ba73 db0d62f4f0ea4e89910377668fd8c84f 6340392e7cc244169c2c302ebf3aa645 - - default default] 199.204.45.109 "GET /v2.0/extensions/allowed-address-pairs HTTP/1.1" status: 200 len: 383 time: 0.0047677
2026-07-01 02:04:14.331 9 INFO neutron.wsgi [None req-e7895b59-6ca8-43a4-9d8e-170ef461141d db0d62f4f0ea4e89910377668fd8c84f 6340392e7cc244169c2c302ebf3aa645 - - default default] 199.204.45.109 "GET /v2.0/ports/340cbf41-3162-4ca1-8c9a-474ec8c42439 HTTP/1.1" status: 200 len: 1406 time: 0.0357442
2026-07-01 02:04:14.762 9 INFO neutron.db.ovn_revision_numbers_db [None req-3d4e1359-4e5a-43a2-8edd-988f022f1620 db0d62f4f0ea4e89910377668fd8c84f 6340392e7cc244169c2c302ebf3aa645 - - default default] Successfully bumped revision number for resource 340cbf41-3162-4ca1-8c9a-474ec8c42439 (type: ports) to 6
2026-07-01 02:04:14.774 9 INFO neutron.wsgi [None req-3d4e1359-4e5a-43a2-8edd-988f022f1620 db0d62f4f0ea4e89910377668fd8c84f 6340392e7cc244169c2c302ebf3aa645 - - default default] 199.204.45.109 "PUT /v2.0/ports/340cbf41-3162-4ca1-8c9a-474ec8c42439 HTTP/1.1" status: 200 len: 1203 time: 0.4337215 /var/lib/openstack/lib/python3.10/site-packages/pycadf/identifier.py:71: UserWarning: Invalid uuid: neutron. To ensure interoperability, identifiers should be a valid uuid. warnings.warn(('Invalid uuid: %s. To ensure interoperability, '
2026-07-01 02:04:14.813 9 INFO neutron.notifiers.nova [-] Nova event matching ['req-647af8ae-7233-473d-829c-89b047ba1732'] response: {'name': 'network-changed', 'server_uuid': '3c48f870-1432-4169-a3cf-151673f95b1c', 'tag': '340cbf41-3162-4ca1-8c9a-474ec8c42439', 'status': 'completed', 'code': 200}
2026-07-01 02:04:14.854 9 INFO neutron.wsgi [None req-17e8c67d-24d3-41ab-bba3-2e6cb730a8a0 db0d62f4f0ea4e89910377668fd8c84f 6340392e7cc244169c2c302ebf3aa645 - - default default] 199.204.45.109 "GET /v2.0/networks/6cfe2913-9718-4f70-93f2-c3520727cc88 HTTP/1.1" status: 200 len: 998 time: 0.0728710
2026-07-01 02:04:14.886 10 INFO neutron.wsgi [req-13343ef1-5cf0-4db8-b749-24d7b074da22 req-bd4ed4fc-bf08-4fd4-93dc-eca7cc0a38ba da75f5ee220e408fa32f83ef5b1bbfab 329dfaf3a96b46f7b8a09571de8d9f51 - - b0811726392a4530b89972dbf1b46816 b0811726392a4530b89972dbf1b46816] 199.204.45.109 "GET /v2.0/ports?tenant_id=6340392e7cc244169c2c302ebf3aa645&device_id=3c48f870-1432-4169-a3cf-151673f95b1c HTTP/1.1" status: 200 len: 3751 time: 0.0507627
2026-07-01 02:04:14.903 9 INFO neutron.wsgi [None req-075d0257-1065-4746-aba4-fd8947f6c027 db0d62f4f0ea4e89910377668fd8c84f 6340392e7cc244169c2c302ebf3aa645 - - default default] 199.204.45.109 "GET /v2.0/ports?device_id=3c48f870-1432-4169-a3cf-151673f95b1c HTTP/1.1" status: 200 len: 3751 time: 0.0435266
2026-07-01 02:04:14.954 10 INFO neutron.wsgi [req-13343ef1-5cf0-4db8-b749-24d7b074da22 req-ee74afd0-6b73-4b51-b53b-74947778b881 da75f5ee220e408fa32f83ef5b1bbfab 329dfaf3a96b46f7b8a09571de8d9f51 - - b0811726392a4530b89972dbf1b46816 b0811726392a4530b89972dbf1b46816] 199.204.45.109 "GET /v2.0/networks?id=6cfe2913-9718-4f70-93f2-c3520727cc88 HTTP/1.1" status: 200 len: 1001 time: 0.0616207
2026-07-01 02:04:15.043 10 INFO neutron.wsgi [req-13343ef1-5cf0-4db8-b749-24d7b074da22 req-be072cd1-2f5b-4d58-b0a8-1a1f7aa18bb0 da75f5ee220e408fa32f83ef5b1bbfab 329dfaf3a96b46f7b8a09571de8d9f51 - - b0811726392a4530b89972dbf1b46816 b0811726392a4530b89972dbf1b46816] 199.204.45.109 "GET /v2.0/networks/6cfe2913-9718-4f70-93f2-c3520727cc88?fields=segments HTTP/1.1" status: 200 len: 212 time: 0.0799878
2026-07-01 02:04:15.114 10 INFO neutron.wsgi [req-13343ef1-5cf0-4db8-b749-24d7b074da22 req-5f265f8b-f5cd-4ab3-a5a2-d6b241aeb202 da75f5ee220e408fa32f83ef5b1bbfab 329dfaf3a96b46f7b8a09571de8d9f51 - - b0811726392a4530b89972dbf1b46816 b0811726392a4530b89972dbf1b46816] 199.204.45.109 "GET /v2.0/networks/6cfe2913-9718-4f70-93f2-c3520727cc88?fields=provider%3Aphysical_network&fields=provider%3Anetwork_type HTTP/1.1" status: 200 len: 277 time: 0.0629480
2026-07-01 02:04:15.440 9 INFO neutron.wsgi [None req-78174b29-a4e8-4f16-a03e-e5ed89e31c2a db0d62f4f0ea4e89910377668fd8c84f 6340392e7cc244169c2c302ebf3aa645 - - default default] 199.204.45.109 "GET /v2.0/ports?device_id=3c48f870-1432-4169-a3cf-151673f95b1c HTTP/1.1" status: 200 len: 3751 time: 0.0558336
2026-07-01 02:04:15.693 10 INFO neutron.plugins.ml2.drivers.ovn.mech_driver.mech_driver [None req-12efca80-85e1-4cd3-9fde-19274a80a8e8 - - - - - -] OVN reports status down for port: 340cbf41-3162-4ca1-8c9a-474ec8c42439
2026-07-01 02:04:15.778 10 INFO neutron.wsgi [req-664feb87-6e12-4303-a35c-ccf4870d3741 req-b04a2c3b-942a-49e4-afc5-2ee859851b4d da75f5ee220e408fa32f83ef5b1bbfab 329dfaf3a96b46f7b8a09571de8d9f51 - - b0811726392a4530b89972dbf1b46816 b0811726392a4530b89972dbf1b46816] 199.204.45.109 "GET /v2.0/ports/340cbf41-3162-4ca1-8c9a-474ec8c42439 HTTP/1.1" status: 200 len: 1231 time: 0.0400000
2026-07-01 02:04:15.868 10 INFO neutron.notifiers.nova [-] Nova event matching ['req-be4d4d65-e02e-4231-8987-3bfc4aaced4d'] response: {'server_uuid': '3c48f870-1432-4169-a3cf-151673f95b1c', 'name': 'network-vif-unplugged', 'status': 'completed', 'tag': '340cbf41-3162-4ca1-8c9a-474ec8c42439', 'code': 200}
2026-07-01 02:04:16.276 10 INFO neutron.db.ovn_revision_numbers_db [None req-12efca80-85e1-4cd3-9fde-19274a80a8e8 - - - - - -] Successfully bumped revision number for resource 340cbf41-3162-4ca1-8c9a-474ec8c42439 (type: ports) to 7
2026-07-01 02:04:16.336 10 INFO neutron.wsgi [req-664feb87-6e12-4303-a35c-ccf4870d3741 req-89be48ce-d489-4e9c-b201-558aa50f5cdb db0d62f4f0ea4e89910377668fd8c84f 6340392e7cc244169c2c302ebf3aa645 - - default default] 199.204.45.109 "DELETE /v2.0/ports/340cbf41-3162-4ca1-8c9a-474ec8c42439 HTTP/1.1" status: 204 len: 173 time: 0.5516078
2026-07-01 02:04:16.435 10 INFO neutron.wsgi [req-664feb87-6e12-4303-a35c-ccf4870d3741 req-64eb4367-5efb-449f-ac1f-d7f12488fcd4 da75f5ee220e408fa32f83ef5b1bbfab 329dfaf3a96b46f7b8a09571de8d9f51 - - b0811726392a4530b89972dbf1b46816 b0811726392a4530b89972dbf1b46816] 199.204.45.109 "GET /v2.0/ports?tenant_id=6340392e7cc244169c2c302ebf3aa645&device_id=3c48f870-1432-4169-a3cf-151673f95b1c HTTP/1.1" status: 200 len: 2728 time: 0.0476668
2026-07-01 02:04:16.494 9 INFO neutron.wsgi [None req-b10ffd43-528c-4331-ac45-9677c80fae0b db0d62f4f0ea4e89910377668fd8c84f 6340392e7cc244169c2c302ebf3aa645 - - default default] 199.204.45.109 "GET /v2.0/ports?device_id=3c48f870-1432-4169-a3cf-151673f95b1c HTTP/1.1" status: 200 len: 2728 time: 0.0402176
2026-07-01 02:04:16.504 10 INFO neutron.wsgi [req-664feb87-6e12-4303-a35c-ccf4870d3741 req-04f26971-e1e3-4ae5-b3cc-456be2c018bd da75f5ee220e408fa32f83ef5b1bbfab 329dfaf3a96b46f7b8a09571de8d9f51 - - b0811726392a4530b89972dbf1b46816 b0811726392a4530b89972dbf1b46816] 199.204.45.109 "GET /v2.0/networks?id=e1e6c6da-e597-44ec-bbfd-325626b21d19&id=edd4a6d1-d025-487f-b51f-867bbb0bdfd1&id=6cfe2913-9718-4f70-93f2-c3520727cc88 HTTP/1.1" status: 200 len: 2518 time: 0.0636654
2026-07-01 02:04:16.523 9 INFO neutron.pecan_wsgi.hooks.translation [None req-d51a153c-0cd6-42ca-8617-469362e9409f db0d62f4f0ea4e89910377668fd8c84f 6340392e7cc244169c2c302ebf3aa645 - - default default] DELETE failed (client error): The resource could not be found.
2026-07-01 02:04:16.525 9 INFO neutron.wsgi [None req-d51a153c-0cd6-42ca-8617-469362e9409f db0d62f4f0ea4e89910377668fd8c84f 6340392e7cc244169c2c302ebf3aa645 - - default default] 199.204.45.109 "DELETE /v2.0/ports/340cbf41-3162-4ca1-8c9a-474ec8c42439 HTTP/1.1" status: 404 len: 338 time: 0.0183978
2026-07-01 02:04:16.535 10 INFO neutron.wsgi [req-664feb87-6e12-4303-a35c-ccf4870d3741 req-a464b54e-268e-45a5-adbb-0f6669a0382f da75f5ee220e408fa32f83ef5b1bbfab 329dfaf3a96b46f7b8a09571de8d9f51 - - b0811726392a4530b89972dbf1b46816 b0811726392a4530b89972dbf1b46816] 199.204.45.109 "GET /v2.0/floatingips?fixed_ip_address=172.24.2.141&port_id=0d047e4c-786a-4aa8-a8a7-f5397c280a9f HTTP/1.1" status: 200 len: 217 time: 0.0263743
2026-07-01 02:04:16.571 10 INFO neutron.wsgi [req-664feb87-6e12-4303-a35c-ccf4870d3741 req-cb9148ef-6635-48dc-b6d2-512c9fcb61c1 da75f5ee220e408fa32f83ef5b1bbfab 329dfaf3a96b46f7b8a09571de8d9f51 - - b0811726392a4530b89972dbf1b46816 b0811726392a4530b89972dbf1b46816] 199.204.45.109 "GET /v2.0/subnets?id=0011a067-2fac-4ab3-b5bc-08ed977b9935 HTTP/1.1" status: 200 len: 829 time: 0.0319722
2026-07-01 02:04:16.598 10 INFO neutron.wsgi [req-664feb87-6e12-4303-a35c-ccf4870d3741 req-3d4feb20-8e6a-43c4-b1a9-0cd27190d0b8 da75f5ee220e408fa32f83ef5b1bbfab 329dfaf3a96b46f7b8a09571de8d9f51 - - b0811726392a4530b89972dbf1b46816 b0811726392a4530b89972dbf1b46816] 199.204.45.109 "GET /v2.0/ports?network_id=e1e6c6da-e597-44ec-bbfd-325626b21d19&device_owner=network%3Adhcp HTTP/1.1" status: 200 len: 210 time: 0.0208452
2026-07-01 02:04:16.629 9 INFO neutron.wsgi [None req-7eff2339-bee1-43d0-88bb-365282a990ae db0d62f4f0ea4e89910377668fd8c84f 6340392e7cc244169c2c302ebf3aa645 - - default default] 199.204.45.109 "GET /v2.0/extensions/security-group HTTP/1.1" status: 200 len: 369 time: 0.0074670
2026-07-01 02:04:16.638 9 INFO neutron.wsgi [None req-3e539da4-8f74-4920-9527-a64adb4bbb56 db0d62f4f0ea4e89910377668fd8c84f 6340392e7cc244169c2c302ebf3aa645 - - default default] 199.204.45.109 "GET /v2.0/extensions/dns-integration HTTP/1.1" status: 200 len: 371 time: 0.0046170
2026-07-01 02:04:16.645 9 INFO neutron.wsgi [None req-c222b93c-a329-4202-86bd-bae5d6d354b8 db0d62f4f0ea4e89910377668fd8c84f 6340392e7cc244169c2c302ebf3aa645 - - default default] 199.204.45.109 "GET /v2.0/extensions/qos HTTP/1.1" status: 200 len: 365 time: 0.0042224
2026-07-01 02:04:16.653 9 INFO neutron.wsgi [None req-93d1866c-dd44-4d3c-bbd9-27719dcca2c4 db0d62f4f0ea4e89910377668fd8c84f 6340392e7cc244169c2c302ebf3aa645 - - default default] 199.204.45.109 "GET /v2.0/extensions/allowed-address-pairs HTTP/1.1" status: 200 len: 383 time: 0.0042028
2026-07-01 02:04:16.663 10 INFO neutron.wsgi [req-664feb87-6e12-4303-a35c-ccf4870d3741 req-a21cf548-3bc4-4aab-84b5-e132a82a9906 da75f5ee220e408fa32f83ef5b1bbfab 329dfaf3a96b46f7b8a09571de8d9f51 - - b0811726392a4530b89972dbf1b46816 b0811726392a4530b89972dbf1b46816] 199.204.45.109 "GET /v2.0/networks/e1e6c6da-e597-44ec-bbfd-325626b21d19?fields=segments HTTP/1.1" status: 200 len: 212 time: 0.0603595
2026-07-01 02:04:16.687 9 INFO neutron.wsgi [None req-3bfec594-baa3-4183-8d25-c38355e81c25 db0d62f4f0ea4e89910377668fd8c84f 6340392e7cc244169c2c302ebf3aa645 - - default default] 199.204.45.109 "GET /v2.0/subnets/a4bf6ff1-c62f-419a-a5d4-7fcfd4c6c283 HTTP/1.1" status: 200 len: 851 time: 0.0287015
2026-07-01 02:04:16.724 9 INFO neutron.wsgi [None req-28a5fc67-d7b3-49ea-a116-88d972683d34 db0d62f4f0ea4e89910377668fd8c84f 6340392e7cc244169c2c302ebf3aa645 - - default default] 199.204.45.109 "GET /v2.0/ports/9b34e573-0dcd-46c1-a3f4-c5130fc6d21a HTTP/1.1" status: 200 len: 1340 time: 0.0325847
2026-07-01 02:04:16.725 10 INFO neutron.wsgi [req-664feb87-6e12-4303-a35c-ccf4870d3741 req-c87ce306-c698-4ee0-97a9-f090657ff158 da75f5ee220e408fa32f83ef5b1bbfab 329dfaf3a96b46f7b8a09571de8d9f51 - - b0811726392a4530b89972dbf1b46816 b0811726392a4530b89972dbf1b46816] 199.204.45.109 "GET /v2.0/networks/e1e6c6da-e597-44ec-bbfd-325626b21d19?fields=provider%3Aphysical_network&fields=provider%3Anetwork_type HTTP/1.1" status: 200 len: 277 time: 0.0566468
2026-07-01 02:04:16.753 10 INFO neutron.wsgi [req-664feb87-6e12-4303-a35c-ccf4870d3741 req-6aede5a7-2b11-4ee1-a495-d5addc7e94bf da75f5ee220e408fa32f83ef5b1bbfab 329dfaf3a96b46f7b8a09571de8d9f51 - - b0811726392a4530b89972dbf1b46816 b0811726392a4530b89972dbf1b46816] 199.204.45.109 "GET /v2.0/floatingips?fixed_ip_address=10.1.1.108&port_id=0e4a74ab-ae51-4abc-81db-6c11eabe4054 HTTP/1.1" status: 200 len: 217 time: 0.0211184
2026-07-01 02:04:16.761 9 INFO neutron.wsgi [None req-05fe6ceb-c843-41ed-938b-e23c9664897e db0d62f4f0ea4e89910377668fd8c84f 6340392e7cc244169c2c302ebf3aa645 - - default default] 199.204.45.109 "GET /v2.0/ports/0e4a74ab-ae51-4abc-81db-6c11eabe4054 HTTP/1.1" status: 200 len: 1519 time: 0.0322542
2026-07-01 02:04:16.790 10 INFO neutron.wsgi [req-664feb87-6e12-4303-a35c-ccf4870d3741 req-0e8e403d-e326-4874-9b2c-2449e592da48 da75f5ee220e408fa32f83ef5b1bbfab 329dfaf3a96b46f7b8a09571de8d9f51 - - b0811726392a4530b89972dbf1b46816 b0811726392a4530b89972dbf1b46816] 199.204.45.109 "GET /v2.0/subnets?id=a4bf6ff1-c62f-419a-a5d4-7fcfd4c6c283 HTTP/1.1" status: 200 len: 854 time: 0.0290103
2026-07-01 02:04:16.792 9 INFO neutron.wsgi [None req-6dc4e3ce-b2e5-4003-98ec-666b0842866a db0d62f4f0ea4e89910377668fd8c84f 6340392e7cc244169c2c302ebf3aa645 - - default default] 199.204.45.109 "GET /v2.0/subnets/a4bf6ff1-c62f-419a-a5d4-7fcfd4c6c283 HTTP/1.1" status: 200 len: 851 time: 0.0254967
2026-07-01 02:04:16.818 10 INFO neutron.wsgi [req-664feb87-6e12-4303-a35c-ccf4870d3741 req-e329fdce-7f40-497b-9010-c35e8b41273d da75f5ee220e408fa32f83ef5b1bbfab 329dfaf3a96b46f7b8a09571de8d9f51 - - b0811726392a4530b89972dbf1b46816 b0811726392a4530b89972dbf1b46816] 199.204.45.109 "GET /v2.0/ports?network_id=edd4a6d1-d025-487f-b51f-867bbb0bdfd1&device_owner=network%3Adhcp HTTP/1.1" status: 200 len: 210 time: 0.0196288
2026-07-01 02:04:16.866 9 INFO neutron.wsgi [None req-a5e86dbb-86ce-4cd3-af7e-f13b78763864 db0d62f4f0ea4e89910377668fd8c84f 6340392e7cc244169c2c302ebf3aa645 - - default default] 199.204.45.109 "GET /v2.0/networks/edd4a6d1-d025-487f-b51f-867bbb0bdfd1 HTTP/1.1" status: 200 len: 1002 time: 0.0695946
2026-07-01 02:04:16.889 10 INFO neutron.wsgi [req-664feb87-6e12-4303-a35c-ccf4870d3741 req-6862608f-f815-4621-bce2-b36e520e0572 da75f5ee220e408fa32f83ef5b1bbfab 329dfaf3a96b46f7b8a09571de8d9f51 - - b0811726392a4530b89972dbf1b46816 b0811726392a4530b89972dbf1b46816] 199.204.45.109 "GET /v2.0/networks/edd4a6d1-d025-487f-b51f-867bbb0bdfd1?fields=segments HTTP/1.1" status: 200 len: 212 time: 0.0615346
2026-07-01 02:04:16.908 9 INFO neutron.wsgi [None req-d965e49e-e9a7-47e9-821f-fa7a073ebdec db0d62f4f0ea4e89910377668fd8c84f 6340392e7cc244169c2c302ebf3aa645 - - default default] 199.204.45.109 "GET /v2.0/ports/9b34e573-0dcd-46c1-a3f4-c5130fc6d21a HTTP/1.1" status: 200 len: 1340 time: 0.0365977
2026-07-01 02:04:16.956 9 INFO neutron.wsgi [None req-69b6215c-99cf-488f-beb6-68913ccfc5c5 db0d62f4f0ea4e89910377668fd8c84f 6340392e7cc244169c2c302ebf3aa645 - - default default] 199.204.45.109 "GET /v2.0/subnets/a4bf6ff1-c62f-419a-a5d4-7fcfd4c6c283 HTTP/1.1" status: 200 len: 851 time: 0.0426118
2026-07-01 02:04:16.972 10 INFO neutron.wsgi [req-664feb87-6e12-4303-a35c-ccf4870d3741 req-0ec2d404-d18d-4ae8-a37d-5ddc9eb51010 da75f5ee220e408fa32f83ef5b1bbfab 329dfaf3a96b46f7b8a09571de8d9f51 - - b0811726392a4530b89972dbf1b46816 b0811726392a4530b89972dbf1b46816] 199.204.45.109 "GET /v2.0/networks/edd4a6d1-d025-487f-b51f-867bbb0bdfd1?fields=provider%3Aphysical_network&fields=provider%3Anetwork_type HTTP/1.1" status: 200 len: 277 time: 0.0747294
2026-07-01 02:04:17.903 10 INFO neutron.notifiers.nova [-] Nova event matching ['req-5a68eb5c-aeb8-4444-861b-041ebca12b8f'] response: {'server_uuid': '3c48f870-1432-4169-a3cf-151673f95b1c', 'name': 'network-vif-plugged', 'status': 'completed', 'tag': '340cbf41-3162-4ca1-8c9a-474ec8c42439', 'code': 200}
2026-07-01 02:04:17.904 10 INFO neutron.notifiers.nova [-] Nova event matching ['req-5a68eb5c-aeb8-4444-861b-041ebca12b8f'] response: {'server_uuid': '3c48f870-1432-4169-a3cf-151673f95b1c', 'name': 'network-vif-deleted', 'tag': '340cbf41-3162-4ca1-8c9a-474ec8c42439', 'status': 'completed', 'code': 200}
2026-07-01 02:04:26.580 9 INFO neutron.wsgi [-] 10.0.0.133 "GET / HTTP/1.1" status: 200 len: 246 time: 0.0025949
2026-07-01 02:04:26.583 9 INFO neutron.wsgi [-] 10.0.0.133 "GET / HTTP/1.1" status: 200 len: 246 time: 0.0024259
2026-07-01 02:04:29.452 10 INFO neutron.wsgi [None req-954dfca9-8bd1-4470-9c4b-ae3477af6e00 db0d62f4f0ea4e89910377668fd8c84f 6340392e7cc244169c2c302ebf3aa645 - - default default] 199.204.45.109 "GET /v2.0/extensions/security-group HTTP/1.1" status: 200 len: 369 time: 0.0080247
2026-07-01 02:04:29.463 10 INFO neutron.wsgi [None req-579d5c4e-8b70-4ca0-881b-be856ba9f79e db0d62f4f0ea4e89910377668fd8c84f 6340392e7cc244169c2c302ebf3aa645 - - default default] 199.204.45.109 "GET /v2.0/extensions/dns-integration HTTP/1.1" status: 200 len: 371 time: 0.0068698
2026-07-01 02:04:29.473 10 INFO neutron.wsgi [None req-5b22b856-5237-4ee2-b8d7-038409d95bee db0d62f4f0ea4e89910377668fd8c84f 6340392e7cc244169c2c302ebf3aa645 - - default default] 199.204.45.109 "GET /v2.0/extensions/qos HTTP/1.1" status: 200 len: 365 time: 0.0060148
2026-07-01 02:04:29.481 10 INFO neutron.wsgi [None req-6feb09b2-69ae-482f-a667-7fdb5638794c db0d62f4f0ea4e89910377668fd8c84f 6340392e7cc244169c2c302ebf3aa645 - - default default] 199.204.45.109 "GET /v2.0/extensions/allowed-address-pairs HTTP/1.1" status: 200 len: 383 time: 0.0047646
2026-07-01 02:04:29.496 10 INFO neutron.api.v2.resource [None req-be56ce58-63c5-44c6-9bbd-8282c6eb16f7 db0d62f4f0ea4e89910377668fd8c84f 6340392e7cc244169c2c302ebf3aa645 - - default default] show failed (client error): The resource could not be found.
2026-07-01 02:04:29.497 10 INFO neutron.wsgi [None req-be56ce58-63c5-44c6-9bbd-8282c6eb16f7 db0d62f4f0ea4e89910377668fd8c84f 6340392e7cc244169c2c302ebf3aa645 - - default default] 199.204.45.109 "GET /v2.0/security-groups/lb-3a8d7474-6661-4b0b-91ef-fab530ff53b6 HTTP/1.1" status: 404 len: 355 time: 0.0119922
2026-07-01 02:04:29.538 10 INFO neutron.wsgi [None req-6f2c0f3b-ca05-4efc-af94-5b84fc7f86a4 db0d62f4f0ea4e89910377668fd8c84f 6340392e7cc244169c2c302ebf3aa645 - - default default] 199.204.45.109 "GET /v2.0/security-groups?name=lb-3a8d7474-6661-4b0b-91ef-fab530ff53b6 HTTP/1.1" status: 200 len: 2941 time: 0.0379162
2026-07-01 02:04:29.591 10 INFO neutron.wsgi [None req-565ebf5d-f23f-4757-85f8-3e3b06cf828a db0d62f4f0ea4e89910377668fd8c84f 6340392e7cc244169c2c302ebf3aa645 - - default default] 199.204.45.109 "GET /v2.0/security-group-rules?security_group_id=5d9f45af-13a2-4731-8e4f-299a1107e606 HTTP/1.1" status: 200 len: 2406 time: 0.0469327
2026-07-01 02:04:29.721 10 INFO neutron.wsgi [None req-96a542a0-3c8c-4160-a645-3f5a86b30bed db0d62f4f0ea4e89910377668fd8c84f 6340392e7cc244169c2c302ebf3aa645 - - default default] 199.204.45.109 "DELETE /v2.0/security-group-rules/10d3171c-48de-4137-a142-6c5fcf66e22e HTTP/1.1" status: 204 len: 173 time: 0.1140950
2026-07-01 02:04:29.844 10 INFO neutron.wsgi [None req-dbaa0172-7d52-4ec8-8443-19a9754d8ef2 db0d62f4f0ea4e89910377668fd8c84f 6340392e7cc244169c2c302ebf3aa645 - - default default] 199.204.45.109 "DELETE /v2.0/security-group-rules/4c5d3f2e-307f-4e04-a4f1-f1014673f84a HTTP/1.1" status: 204 len: 173 time: 0.1154585
