2026-07-01 02:00:24.575 9 INFO neutron.wsgi [None req-0a4476a4-1f40-4569-9bad-891e138bf7e9 591e2e23d34042fb93b76609f0c94251 8be1f3d3d9d04c0085b581b698e7ec6b - - default default] 10.0.0.240 "DELETE /v2.0/subnets/555bd9ad-dd26-4107-a72f-6e780da20f75 HTTP/1.1" status: 404 len: 337 time: 0.0272906
2026-07-01 02:00:24.602 9 INFO neutron.wsgi [None req-ebfa21ec-dfd4-46ec-81b3-7c4a7c53a555 591e2e23d34042fb93b76609f0c94251 8be1f3d3d9d04c0085b581b698e7ec6b - - default default] 10.0.0.240 "GET /v2.0/ports?device_id=838f720f-a53b-4eed-a913-4963428e5d66 HTTP/1.1" status: 200 len: 205 time: 0.0210042
2026-07-01 02:00:24.633 9 INFO neutron.api.v2.resource [None req-3fdc5b04-83e8-47cf-83e5-c03767523b26 591e2e23d34042fb93b76609f0c94251 8be1f3d3d9d04c0085b581b698e7ec6b - - default default] delete failed (client error): The resource could not be found.
2026-07-01 02:00:24.636 9 INFO neutron.wsgi [None req-3fdc5b04-83e8-47cf-83e5-c03767523b26 591e2e23d34042fb93b76609f0c94251 8be1f3d3d9d04c0085b581b698e7ec6b - - default default] 10.0.0.240 "DELETE /v2.0/routers/838f720f-a53b-4eed-a913-4963428e5d66 HTTP/1.1" status: 404 len: 336 time: 0.0296857
2026-07-01 02:00:24.664 9 INFO neutron.pecan_wsgi.hooks.translation [None req-e53467fe-4f94-4826-877c-7b4355dc8f0c 591e2e23d34042fb93b76609f0c94251 8be1f3d3d9d04c0085b581b698e7ec6b - - default default] DELETE failed (client error): The resource could not be found.
2026-07-01 02:00:24.667 9 INFO neutron.wsgi [None req-e53467fe-4f94-4826-877c-7b4355dc8f0c 591e2e23d34042fb93b76609f0c94251 8be1f3d3d9d04c0085b581b698e7ec6b - - default default] 10.0.0.240 "DELETE /v2.0/subnets/d6ab40a2-1f40-4c4e-8ec7-d33f40c1e38b HTTP/1.1" status: 404 len: 337 time: 0.0207355
2026-07-01 02:00:24.696 9 INFO neutron.wsgi [None req-fb9eb4d8-dcfa-4749-a5c4-62dd0a8f6377 591e2e23d34042fb93b76609f0c94251 8be1f3d3d9d04c0085b581b698e7ec6b - - default default] 10.0.0.240 "GET /v2.0/ports?device_id=f9a4bd8e-7c49-4b0e-9632-9b4ef40b6c1f HTTP/1.1" status: 200 len: 205 time: 0.0253201
2026-07-01 02:00:24.734 10 INFO neutron.api.v2.resource [None req-600cb311-51ab-4909-be2c-bdc82fd02437 591e2e23d34042fb93b76609f0c94251 8be1f3d3d9d04c0085b581b698e7ec6b - - default default] delete failed (client error): The resource could not be found.
2026-07-01 02:00:24.735 10 INFO neutron.wsgi [None req-600cb311-51ab-4909-be2c-bdc82fd02437 591e2e23d34042fb93b76609f0c94251 8be1f3d3d9d04c0085b581b698e7ec6b - - default default] 10.0.0.240 "DELETE /v2.0/routers/f9a4bd8e-7c49-4b0e-9632-9b4ef40b6c1f HTTP/1.1" status: 404 len: 336 time: 0.0323265
2026-07-01 02:00:24.756 10 INFO neutron.pecan_wsgi.hooks.translation [None req-8995f1ea-70a2-4d9d-908e-815a40edada1 591e2e23d34042fb93b76609f0c94251 8be1f3d3d9d04c0085b581b698e7ec6b - - default default] DELETE failed (client error): The resource could not be found.
2026-07-01 02:00:24.758 10 INFO neutron.wsgi [None req-8995f1ea-70a2-4d9d-908e-815a40edada1 591e2e23d34042fb93b76609f0c94251 8be1f3d3d9d04c0085b581b698e7ec6b - - default default] 10.0.0.240 "DELETE /v2.0/subnets/93f2cb0f-0534-49ce-9d9b-da5920c4fb6c HTTP/1.1" status: 404 len: 337 time: 0.0169067
2026-07-01 02:00:24.775 10 INFO neutron.pecan_wsgi.hooks.translation [None req-d2885153-70d5-4200-a9c9-810c8009913b 591e2e23d34042fb93b76609f0c94251 8be1f3d3d9d04c0085b581b698e7ec6b - - default default] DELETE failed (client error): The resource could not be found.
2026-07-01 02:00:24.778 10 INFO neutron.wsgi [None req-d2885153-70d5-4200-a9c9-810c8009913b 591e2e23d34042fb93b76609f0c94251 8be1f3d3d9d04c0085b581b698e7ec6b - - default default] 10.0.0.240 "DELETE /v2.0/subnets/df251190-8f69-4513-95f7-27a0c14d670e HTTP/1.1" status: 404 len: 337 time: 0.0158081
2026-07-01 02:00:25.381 9 WARNING neutron_lib.context [None req-206ba2f3-d4b0-44d7-968e-7281a0071ec2 0a209d57e25b4572bfb6c17cc128e40c a4b4ae21a97f4e5db39b728f662bee50 - - default default] Method 'is_advsvc' is deprecated since 2023.2 release (neutron-lib 3.8.0) and will be removed once support for the old RBAC API policies will be removed from Neutron. Please use method 'is_service_role' instead.
2026-07-01 02:00:25.403 9 INFO neutron.wsgi [None req-a7123730-bed6-4ced-a750-88f334f326b1 db0d62f4f0ea4e89910377668fd8c84f 6340392e7cc244169c2c302ebf3aa645 - - default default] 10.0.0.240 "GET /v2.0/security-groups?tenant_id=8be1f3d3d9d04c0085b581b698e7ec6b&name=default HTTP/1.1" status: 200 len: 2996 time: 0.1028476
2026-07-01 02:00:25.544 9 INFO neutron.db.ovn_revision_numbers_db [None req-206ba2f3-d4b0-44d7-968e-7281a0071ec2 0a209d57e25b4572bfb6c17cc128e40c a4b4ae21a97f4e5db39b728f662bee50 - - default default] Successfully bumped revision number for resource ca798269-172f-4ce1-9e69-0d969cf2e1c1 (type: security_groups) to 1
2026-07-01 02:00:25.561 9 INFO neutron.db.ovn_revision_numbers_db [None req-206ba2f3-d4b0-44d7-968e-7281a0071ec2 0a209d57e25b4572bfb6c17cc128e40c a4b4ae21a97f4e5db39b728f662bee50 - - default default] Successfully bumped revision number for resource 25e84612-d7c4-4353-a734-03276caee8e5 (type: security_group_rules) to 0
2026-07-01 02:00:25.577 9 INFO neutron.db.ovn_revision_numbers_db [None req-206ba2f3-d4b0-44d7-968e-7281a0071ec2 0a209d57e25b4572bfb6c17cc128e40c a4b4ae21a97f4e5db39b728f662bee50 - - default default] Successfully bumped revision number for resource 3567aacc-d08c-49e1-8f0d-331d6bc54f50 (type: security_group_rules) to 0
2026-07-01 02:00:25.591 9 INFO neutron.db.ovn_revision_numbers_db [None req-206ba2f3-d4b0-44d7-968e-7281a0071ec2 0a209d57e25b4572bfb6c17cc128e40c a4b4ae21a97f4e5db39b728f662bee50 - - default default] Successfully bumped revision number for resource c1f3d905-caed-400d-a751-26dd76295db4 (type: security_group_rules) to 0
2026-07-01 02:00:25.608 9 INFO neutron.db.ovn_revision_numbers_db [None req-206ba2f3-d4b0-44d7-968e-7281a0071ec2 0a209d57e25b4572bfb6c17cc128e40c a4b4ae21a97f4e5db39b728f662bee50 - - default default] Successfully bumped revision number for resource db49bea8-6748-4b29-8339-c20400ddd665 (type: security_group_rules) to 0
2026-07-01 02:00:25.633 9 INFO neutron.wsgi [None req-b4e123e7-05f9-4c36-8ad4-cd527ba59b68 db0d62f4f0ea4e89910377668fd8c84f 6340392e7cc244169c2c302ebf3aa645 - - default default] 10.0.0.240 "DELETE /v2.0/security-groups/089fb0d8-9663-4611-8654-0b63483c289a HTTP/1.1" status: 204 len: 168 time: 0.2230701
2026-07-01 02:00:25.660 9 INFO neutron.db.segments_db [None req-206ba2f3-d4b0-44d7-968e-7281a0071ec2 0a209d57e25b4572bfb6c17cc128e40c a4b4ae21a97f4e5db39b728f662bee50 - - default default] Added segment b2e7b7ca-3d60-42a9-af2d-d6b77da8ce2c of type geneve for network c0411c25-2402-49d2-b77a-0f04bd384f0f
2026-07-01 02:00:25.822 9 INFO neutron.db.ovn_revision_numbers_db [None req-206ba2f3-d4b0-44d7-968e-7281a0071ec2 0a209d57e25b4572bfb6c17cc128e40c a4b4ae21a97f4e5db39b728f662bee50 - - default default] Successfully bumped revision number for resource c0411c25-2402-49d2-b77a-0f04bd384f0f (type: networks) to 1
2026-07-01 02:00:26.007 9 WARNING neutron.scheduler.dhcp_agent_scheduler [None req-206ba2f3-d4b0-44d7-968e-7281a0071ec2 0a209d57e25b4572bfb6c17cc128e40c a4b4ae21a97f4e5db39b728f662bee50 - - default default] No more DHCP agents
2026-07-01 02:00:26.019 9 WARNING neutron.api.rpc.agentnotifiers.dhcp_rpc_agent_api [None req-206ba2f3-d4b0-44d7-968e-7281a0071ec2 0a209d57e25b4572bfb6c17cc128e40c a4b4ae21a97f4e5db39b728f662bee50 - - default default] Unable to schedule network c0411c25-2402-49d2-b77a-0f04bd384f0f: no agents available; will retry on subsequent port and subnet creation events.
2026-07-01 02:00:26.111 10 WARNING neutron_lib.context [None req-ff955531-0533-4dad-a3ca-f51c6933a082 b441d6f345254d3a98400cf5badb42da a3ecb0bf63cc42feace99269195d3c5e - - default default] Method 'is_advsvc' is deprecated since 2023.2 release (neutron-lib 3.8.0) and will be removed once support for the old RBAC API policies will be removed from Neutron. Please use method 'is_service_role' instead.
2026-07-01 02:00:26.115 9 INFO neutron.db.ovn_revision_numbers_db [None req-206ba2f3-d4b0-44d7-968e-7281a0071ec2 0a209d57e25b4572bfb6c17cc128e40c a4b4ae21a97f4e5db39b728f662bee50 - - default default] Successfully bumped revision number for resource f9bff874-e5f7-41ad-bdce-65776e500c5b (type: ports) to 1
2026-07-01 02:00:26.136 9 INFO neutron.wsgi [None req-206ba2f3-d4b0-44d7-968e-7281a0071ec2 0a209d57e25b4572bfb6c17cc128e40c a4b4ae21a97f4e5db39b728f662bee50 - - default default] 10.0.0.240 "POST /v2.0/networks HTTP/1.1" status: 201 len: 847 time: 0.9962895
2026-07-01 02:00:26.147 10 WARNING neutron_lib.context [None req-c713ff5d-4d1f-42d2-aaf8-779c3b626dad 0a209d57e25b4572bfb6c17cc128e40c a4b4ae21a97f4e5db39b728f662bee50 - - default default] Method 'is_advsvc' is deprecated since 2023.2 release (neutron-lib 3.8.0) and will be removed once support for the old RBAC API policies will be removed from Neutron. Please use method 'is_service_role' instead.
2026-07-01 02:00:26.297 10 INFO neutron.db.ovn_revision_numbers_db [None req-ff955531-0533-4dad-a3ca-f51c6933a082 b441d6f345254d3a98400cf5badb42da a3ecb0bf63cc42feace99269195d3c5e - - default default] Successfully bumped revision number for resource 5d40b75e-6895-4d88-9723-c25943d5c6a4 (type: security_groups) to 1
2026-07-01 02:00:26.332 10 INFO neutron.db.ovn_revision_numbers_db [None req-ff955531-0533-4dad-a3ca-f51c6933a082 b441d6f345254d3a98400cf5badb42da a3ecb0bf63cc42feace99269195d3c5e - - default default] Successfully bumped revision number for resource 62ca640f-489d-4d3c-b10c-e300e83f00ac (type: security_group_rules) to 0
2026-07-01 02:00:26.363 10 INFO neutron.db.ovn_revision_numbers_db [None req-ff955531-0533-4dad-a3ca-f51c6933a082 b441d6f345254d3a98400cf5badb42da a3ecb0bf63cc42feace99269195d3c5e - - default default] Successfully bumped revision number for resource 9ee66e9e-10ee-471d-9fb3-39891a18812f (type: security_group_rules) to 0
2026-07-01 02:00:26.384 10 INFO neutron.db.ovn_revision_numbers_db [None req-ff955531-0533-4dad-a3ca-f51c6933a082 b441d6f345254d3a98400cf5badb42da a3ecb0bf63cc42feace99269195d3c5e - - default default] Successfully bumped revision number for resource bd1e78b7-c87d-4c67-a1b8-cf03653c4372 (type: security_group_rules) to 0
2026-07-01 02:00:26.424 10 WARNING neutron.scheduler.dhcp_agent_scheduler [None req-c713ff5d-4d1f-42d2-aaf8-779c3b626dad 0a209d57e25b4572bfb6c17cc128e40c a4b4ae21a97f4e5db39b728f662bee50 - - default default] No more DHCP agents
2026-07-01 02:00:26.425 10 INFO neutron.db.ovn_revision_numbers_db [None req-ff955531-0533-4dad-a3ca-f51c6933a082 b441d6f345254d3a98400cf5badb42da a3ecb0bf63cc42feace99269195d3c5e - - default default] Successfully bumped revision number for resource f156fc1a-3b72-433c-8e84-511c91f4fab5 (type: security_group_rules) to 0
2026-07-01 02:00:26.432 10 WARNING neutron.api.rpc.agentnotifiers.dhcp_rpc_agent_api [None req-c713ff5d-4d1f-42d2-aaf8-779c3b626dad 0a209d57e25b4572bfb6c17cc128e40c a4b4ae21a97f4e5db39b728f662bee50 - - default default] Unable to schedule network c0411c25-2402-49d2-b77a-0f04bd384f0f: no agents available; will retry on subsequent port and subnet creation events.
2026-07-01 02:00:26.492 10 INFO neutron.db.segments_db [None req-ff955531-0533-4dad-a3ca-f51c6933a082 b441d6f345254d3a98400cf5badb42da a3ecb0bf63cc42feace99269195d3c5e - - default default] Added segment 3c0c1519-f589-426a-b50a-188bca8cfaef of type geneve for network d037c30c-4b25-4ace-835c-25a34185e969
2026-07-01 02:00:26.580 9 INFO neutron.wsgi [-] 10.0.0.133 "GET / HTTP/1.1" status: 200 len: 246 time: 0.0026970
2026-07-01 02:00:26.581 10 INFO neutron.db.ovn_revision_numbers_db [None req-c713ff5d-4d1f-42d2-aaf8-779c3b626dad 0a209d57e25b4572bfb6c17cc128e40c a4b4ae21a97f4e5db39b728f662bee50 - - default default] Successfully bumped revision number for resource 05d3e260-3efc-43c5-a85d-31d7237272fa (type: ports) to 1
2026-07-01 02:00:26.583 9 INFO neutron.wsgi [-] 10.0.0.133 "GET / HTTP/1.1" status: 200 len: 246 time: 0.0022483
2026-07-01 02:00:26.623 10 INFO neutron.wsgi [None req-c713ff5d-4d1f-42d2-aaf8-779c3b626dad 0a209d57e25b4572bfb6c17cc128e40c a4b4ae21a97f4e5db39b728f662bee50 - - default default] 10.0.0.240 "POST /v2.0/ports HTTP/1.1" status: 201 len: 977 time: 0.4813700
2026-07-01 02:00:26.644 9 WARNING neutron_lib.context [None req-e711d689-0b36-4877-98d0-bc89231b1a4a 0a209d57e25b4572bfb6c17cc128e40c a4b4ae21a97f4e5db39b728f662bee50 - - default default] Method 'is_advsvc' is deprecated since 2023.2 release (neutron-lib 3.8.0) and will be removed once support for the old RBAC API policies will be removed from Neutron. Please use method 'is_service_role' instead.
2026-07-01 02:00:26.677 10 INFO neutron.db.ovn_revision_numbers_db [None req-ff955531-0533-4dad-a3ca-f51c6933a082 b441d6f345254d3a98400cf5badb42da a3ecb0bf63cc42feace99269195d3c5e - - default default] Successfully bumped revision number for resource d037c30c-4b25-4ace-835c-25a34185e969 (type: networks) to 1
2026-07-01 02:00:26.720 9 INFO neutron.db.segments_db [None req-e711d689-0b36-4877-98d0-bc89231b1a4a 0a209d57e25b4572bfb6c17cc128e40c a4b4ae21a97f4e5db39b728f662bee50 - - default default] Added segment 648bd725-f0d6-40d9-82a6-de3adf24ffba of type geneve for network 173d8fa3-7ae8-49cf-9b67-1b92985aea98
2026-07-01 02:00:26.846 10 WARNING neutron.scheduler.dhcp_agent_scheduler [None req-ff955531-0533-4dad-a3ca-f51c6933a082 b441d6f345254d3a98400cf5badb42da a3ecb0bf63cc42feace99269195d3c5e - - default default] No more DHCP agents
2026-07-01 02:00:26.847 10 WARNING neutron.api.rpc.agentnotifiers.dhcp_rpc_agent_api [None req-ff955531-0533-4dad-a3ca-f51c6933a082 b441d6f345254d3a98400cf5badb42da a3ecb0bf63cc42feace99269195d3c5e - - default default] Unable to schedule network d037c30c-4b25-4ace-835c-25a34185e969: no agents available; will retry on subsequent port and subnet creation events.
2026-07-01 02:00:26.851 9 INFO neutron.db.ovn_revision_numbers_db [None req-e711d689-0b36-4877-98d0-bc89231b1a4a 0a209d57e25b4572bfb6c17cc128e40c a4b4ae21a97f4e5db39b728f662bee50 - - default default] Successfully bumped revision number for resource 173d8fa3-7ae8-49cf-9b67-1b92985aea98 (type: networks) to 1
2026-07-01 02:00:26.920 10 INFO neutron.db.ovn_revision_numbers_db [None req-ff955531-0533-4dad-a3ca-f51c6933a082 b441d6f345254d3a98400cf5badb42da a3ecb0bf63cc42feace99269195d3c5e - - default default] Successfully bumped revision number for resource de558359-1221-44e7-bad3-f17376ec2f3c (type: ports) to 1
2026-07-01 02:00:26.939 10 INFO neutron.wsgi [None req-ff955531-0533-4dad-a3ca-f51c6933a082 b441d6f345254d3a98400cf5badb42da a3ecb0bf63cc42feace99269195d3c5e - - default default] 10.0.0.240 "POST /v2.0/networks HTTP/1.1" status: 201 len: 830 time: 0.9570668 /var/lib/openstack/lib/python3.10/site-packages/pycadf/identifier.py:71: UserWarning: Invalid uuid: neutron. To ensure interoperability, identifiers should be a valid uuid. warnings.warn(('Invalid uuid: %s. To ensure interoperability, '
2026-07-01 02:00:26.948 10 WARNING neutron_lib.context [None req-f378cc8e-3a2a-4248-8c85-9e463f8285f9 b441d6f345254d3a98400cf5badb42da a3ecb0bf63cc42feace99269195d3c5e - - default default] Method 'is_advsvc' is deprecated since 2023.2 release (neutron-lib 3.8.0) and will be removed once support for the old RBAC API policies will be removed from Neutron. Please use method 'is_service_role' instead.
2026-07-01 02:00:27.027 9 WARNING neutron.scheduler.dhcp_agent_scheduler [None req-e711d689-0b36-4877-98d0-bc89231b1a4a 0a209d57e25b4572bfb6c17cc128e40c a4b4ae21a97f4e5db39b728f662bee50 - - default default] No more DHCP agents
2026-07-01 02:00:27.030 9 WARNING neutron.api.rpc.agentnotifiers.dhcp_rpc_agent_api [None req-e711d689-0b36-4877-98d0-bc89231b1a4a 0a209d57e25b4572bfb6c17cc128e40c a4b4ae21a97f4e5db39b728f662bee50 - - default default] Unable to schedule network 173d8fa3-7ae8-49cf-9b67-1b92985aea98: no agents available; will retry on subsequent port and subnet creation events.
2026-07-01 02:00:27.108 9 INFO neutron.db.ovn_revision_numbers_db [None req-e711d689-0b36-4877-98d0-bc89231b1a4a 0a209d57e25b4572bfb6c17cc128e40c a4b4ae21a97f4e5db39b728f662bee50 - - default default] Successfully bumped revision number for resource 71127daf-b18c-439a-9ffa-a5a70fadfca7 (type: ports) to 1
2026-07-01 02:00:27.129 9 INFO neutron.wsgi [None req-e711d689-0b36-4877-98d0-bc89231b1a4a 0a209d57e25b4572bfb6c17cc128e40c a4b4ae21a97f4e5db39b728f662bee50 - - default default] 10.0.0.240 "POST /v2.0/networks HTTP/1.1" status: 201 len: 835 time: 0.4920740
2026-07-01 02:00:27.141 9 WARNING neutron_lib.context [None req-3e8ac5c8-afe4-4457-ae5e-b481889abcaa 0a209d57e25b4572bfb6c17cc128e40c a4b4ae21a97f4e5db39b728f662bee50 - - default default] Method 'is_advsvc' is deprecated since 2023.2 release (neutron-lib 3.8.0) and will be removed once support for the old RBAC API policies will be removed from Neutron. Please use method 'is_service_role' instead.
2026-07-01 02:00:27.158 10 WARNING neutron.scheduler.dhcp_agent_scheduler [None req-f378cc8e-3a2a-4248-8c85-9e463f8285f9 b441d6f345254d3a98400cf5badb42da a3ecb0bf63cc42feace99269195d3c5e - - default default] No more DHCP agents
2026-07-01 02:00:27.160 10 WARNING neutron.api.rpc.agentnotifiers.dhcp_rpc_agent_api [None req-f378cc8e-3a2a-4248-8c85-9e463f8285f9 b441d6f345254d3a98400cf5badb42da a3ecb0bf63cc42feace99269195d3c5e - - default default] Unable to schedule network d037c30c-4b25-4ace-835c-25a34185e969: no agents available; will retry on subsequent port and subnet creation events.
2026-07-01 02:00:27.242 10 INFO neutron.db.ovn_revision_numbers_db [None req-f378cc8e-3a2a-4248-8c85-9e463f8285f9 b441d6f345254d3a98400cf5badb42da a3ecb0bf63cc42feace99269195d3c5e - - default default] Successfully bumped revision number for resource 30f31d3f-78b2-4350-855f-c747a79bfbce (type: ports) to 1
2026-07-01 02:00:27.264 10 INFO neutron.wsgi [None req-f378cc8e-3a2a-4248-8c85-9e463f8285f9 b441d6f345254d3a98400cf5badb42da a3ecb0bf63cc42feace99269195d3c5e - - default default] 10.0.0.240 "POST /v2.0/ports HTTP/1.1" status: 201 len: 942 time: 0.3197849 /var/lib/openstack/lib/python3.10/site-packages/pycadf/identifier.py:71: UserWarning: Invalid uuid: neutron. To ensure interoperability, identifiers should be a valid uuid. warnings.warn(('Invalid uuid: %s. To ensure interoperability, '
2026-07-01 02:00:27.275 10 WARNING neutron_lib.context [None req-6a0ec9a0-3e07-4fde-9fb5-138229a3393b b441d6f345254d3a98400cf5badb42da a3ecb0bf63cc42feace99269195d3c5e - - default default] Method 'is_advsvc' is deprecated since 2023.2 release (neutron-lib 3.8.0) and will be removed once support for the old RBAC API policies will be removed from Neutron. Please use method 'is_service_role' instead.
2026-07-01 02:00:27.418 9 WARNING neutron.scheduler.dhcp_agent_scheduler [None req-3e8ac5c8-afe4-4457-ae5e-b481889abcaa 0a209d57e25b4572bfb6c17cc128e40c a4b4ae21a97f4e5db39b728f662bee50 - - default default] No more DHCP agents
2026-07-01 02:00:27.421 9 WARNING neutron.api.rpc.agentnotifiers.dhcp_rpc_agent_api [None req-3e8ac5c8-afe4-4457-ae5e-b481889abcaa 0a209d57e25b4572bfb6c17cc128e40c a4b4ae21a97f4e5db39b728f662bee50 - - default default] Unable to schedule network 173d8fa3-7ae8-49cf-9b67-1b92985aea98: no agents available; will retry on subsequent port and subnet creation events.
2026-07-01 02:00:27.453 9 INFO neutron.db.ovn_revision_numbers_db [None req-3e8ac5c8-afe4-4457-ae5e-b481889abcaa 0a209d57e25b4572bfb6c17cc128e40c a4b4ae21a97f4e5db39b728f662bee50 - - default default] Successfully bumped revision number for resource 9e70df56-dcc2-44ec-bf43-eb7cd00d2167 (type: subnets) to 0
2026-07-01 02:00:27.472 9 INFO neutron.wsgi [None req-3e8ac5c8-afe4-4457-ae5e-b481889abcaa 0a209d57e25b4572bfb6c17cc128e40c a4b4ae21a97f4e5db39b728f662bee50 - - default default] 10.0.0.240 "POST /v2.0/subnets HTTP/1.1" status: 201 len: 821 time: 0.3377237
2026-07-01 02:00:27.481 9 WARNING neutron_lib.context [None req-40e6fcf6-cb77-4978-882f-39d0b1f367b0 0a209d57e25b4572bfb6c17cc128e40c a4b4ae21a97f4e5db39b728f662bee50 - - default default] Method 'is_advsvc' is deprecated since 2023.2 release (neutron-lib 3.8.0) and will be removed once support for the old RBAC API policies will be removed from Neutron. Please use method 'is_service_role' instead.
2026-07-01 02:00:27.523 10 INFO neutron.wsgi [None req-6a0ec9a0-3e07-4fde-9fb5-138229a3393b b441d6f345254d3a98400cf5badb42da a3ecb0bf63cc42feace99269195d3c5e - - default default] 10.0.0.240 "POST /v2.0/trunks HTTP/1.1" status: 201 len: 608 time: 0.2522511
2026-07-01 02:00:27.532 9 WARNING neutron_lib.context [None req-2ebd40ae-b91a-43e3-a968-3fbfbc581975 b441d6f345254d3a98400cf5badb42da a3ecb0bf63cc42feace99269195d3c5e - - default default] Method 'is_advsvc' is deprecated since 2023.2 release (neutron-lib 3.8.0) and will be removed once support for the old RBAC API policies will be removed from Neutron. Please use method 'is_service_role' instead.
2026-07-01 02:00:27.614 9 INFO neutron.db.segments_db [None req-2ebd40ae-b91a-43e3-a968-3fbfbc581975 b441d6f345254d3a98400cf5badb42da a3ecb0bf63cc42feace99269195d3c5e - - default default] Added segment 17a55ef2-6722-473f-ad2f-5eb785d0f929 of type geneve for network 1b2bf746-45d7-47c5-93e2-015d6a1a7599
2026-07-01 02:00:27.780 9 INFO neutron.db.ovn_revision_numbers_db [None req-2ebd40ae-b91a-43e3-a968-3fbfbc581975 b441d6f345254d3a98400cf5badb42da a3ecb0bf63cc42feace99269195d3c5e - - default default] Successfully bumped revision number for resource 1b2bf746-45d7-47c5-93e2-015d6a1a7599 (type: networks) to 1
2026-07-01 02:00:27.866 9 WARNING neutron.scheduler.dhcp_agent_scheduler [None req-40e6fcf6-cb77-4978-882f-39d0b1f367b0 0a209d57e25b4572bfb6c17cc128e40c a4b4ae21a97f4e5db39b728f662bee50 - - default default] No more DHCP agents
2026-07-01 02:00:27.874 9 WARNING neutron.api.rpc.agentnotifiers.dhcp_rpc_agent_api [None req-40e6fcf6-cb77-4978-882f-39d0b1f367b0 0a209d57e25b4572bfb6c17cc128e40c a4b4ae21a97f4e5db39b728f662bee50 - - default default] Unable to schedule network 173d8fa3-7ae8-49cf-9b67-1b92985aea98: no agents available; will retry on subsequent port and subnet creation events.
2026-07-01 02:00:28.191 9 WARNING neutron.scheduler.dhcp_agent_scheduler [None req-2ebd40ae-b91a-43e3-a968-3fbfbc581975 b441d6f345254d3a98400cf5badb42da a3ecb0bf63cc42feace99269195d3c5e - - default default] No more DHCP agents
2026-07-01 02:00:28.200 9 WARNING neutron.api.rpc.agentnotifiers.dhcp_rpc_agent_api [None req-2ebd40ae-b91a-43e3-a968-3fbfbc581975 b441d6f345254d3a98400cf5badb42da a3ecb0bf63cc42feace99269195d3c5e - - default default] Unable to schedule network 1b2bf746-45d7-47c5-93e2-015d6a1a7599: no agents available; will retry on subsequent port and subnet creation events.
2026-07-01 02:00:28.232 9 INFO neutron.db.ovn_revision_numbers_db [None req-40e6fcf6-cb77-4978-882f-39d0b1f367b0 0a209d57e25b4572bfb6c17cc128e40c a4b4ae21a97f4e5db39b728f662bee50 - - default default] Successfully bumped revision number for resource eced9370-0aa4-472c-9b4e-f2fcbf457e3f (type: ports) to 1
2026-07-01 02:00:28.269 9 INFO neutron.wsgi [None req-40e6fcf6-cb77-4978-882f-39d0b1f367b0 0a209d57e25b4572bfb6c17cc128e40c a4b4ae21a97f4e5db39b728f662bee50 - - default default] 10.0.0.240 "POST /v2.0/ports HTTP/1.1" status: 201 len: 1164 time: 0.7914488
2026-07-01 02:00:28.285 9 INFO neutron.db.ovn_revision_numbers_db [None req-2ebd40ae-b91a-43e3-a968-3fbfbc581975 b441d6f345254d3a98400cf5badb42da a3ecb0bf63cc42feace99269195d3c5e - - default default] Successfully bumped revision number for resource c18ad670-b6be-4518-9f08-2de02f06f4e9 (type: ports) to 1
2026-07-01 02:00:28.309 9 INFO neutron.wsgi [None req-2ebd40ae-b91a-43e3-a968-3fbfbc581975 b441d6f345254d3a98400cf5badb42da a3ecb0bf63cc42feace99269195d3c5e - - default default] 10.0.0.240 "POST /v2.0/networks HTTP/1.1" status: 201 len: 829 time: 0.7823408
2026-07-01 02:00:28.323 10 WARNING neutron_lib.context [None req-81e38b04-11b8-4ea3-9188-16711c04a477 b441d6f345254d3a98400cf5badb42da a3ecb0bf63cc42feace99269195d3c5e - - default default] Method 'is_advsvc' is deprecated since 2023.2 release (neutron-lib 3.8.0) and will be removed once support for the old RBAC API policies will be removed from Neutron. Please use method 'is_service_role' instead.
2026-07-01 02:00:28.797 10 WARNING neutron.scheduler.dhcp_agent_scheduler [None req-81e38b04-11b8-4ea3-9188-16711c04a477 b441d6f345254d3a98400cf5badb42da a3ecb0bf63cc42feace99269195d3c5e - - default default] No more DHCP agents
2026-07-01 02:00:28.800 10 WARNING neutron.api.rpc.agentnotifiers.dhcp_rpc_agent_api [None req-81e38b04-11b8-4ea3-9188-16711c04a477 b441d6f345254d3a98400cf5badb42da a3ecb0bf63cc42feace99269195d3c5e - - default default] Unable to schedule network 1b2bf746-45d7-47c5-93e2-015d6a1a7599: no agents available; will retry on subsequent port and subnet creation events.
2026-07-01 02:00:28.865 10 INFO neutron.wsgi [None req-43178017-1f1e-4777-bc9d-752ac82e3127 0a209d57e25b4572bfb6c17cc128e40c a4b4ae21a97f4e5db39b728f662bee50 - - default default] 10.0.0.240 "DELETE /v2.0/ports/eced9370-0aa4-472c-9b4e-f2fcbf457e3f HTTP/1.1" status: 204 len: 168 time: 0.5910294 /var/lib/openstack/lib/python3.10/site-packages/pycadf/identifier.py:71: UserWarning: Invalid uuid: neutron. To ensure interoperability, identifiers should be a valid uuid. warnings.warn(('Invalid uuid: %s. To ensure interoperability, '
2026-07-01 02:00:28.893 9 INFO neutron.pecan_wsgi.hooks.translation [None req-202812fa-e572-4d81-b7e5-b41ff611ebfc 0a209d57e25b4572bfb6c17cc128e40c a4b4ae21a97f4e5db39b728f662bee50 - - default default] DELETE failed (client error): The resource could not be found.
2026-07-01 02:00:28.895 9 INFO neutron.wsgi [None req-202812fa-e572-4d81-b7e5-b41ff611ebfc 0a209d57e25b4572bfb6c17cc128e40c a4b4ae21a97f4e5db39b728f662bee50 - - default default] 10.0.0.240 "DELETE /v2.0/ports/eced9370-0aa4-472c-9b4e-f2fcbf457e3f HTTP/1.1" status: 404 len: 333 time: 0.0261779
2026-07-01 02:00:28.907 10 INFO neutron.db.ovn_revision_numbers_db [None req-81e38b04-11b8-4ea3-9188-16711c04a477 b441d6f345254d3a98400cf5badb42da a3ecb0bf63cc42feace99269195d3c5e - - default default] Successfully bumped revision number for resource c8defa08-56a5-43fa-8bd4-7153e2baf17c (type: ports) to 1
2026-07-01 02:00:28.916 9 INFO neutron.pecan_wsgi.hooks.translation [None req-da2dc542-ecd5-47ed-ac8d-e474abddc156 0a209d57e25b4572bfb6c17cc128e40c a4b4ae21a97f4e5db39b728f662bee50 - - default default] GET failed (client error): The resource could not be found.
2026-07-01 02:00:28.917 9 INFO neutron.wsgi [None req-da2dc542-ecd5-47ed-ac8d-e474abddc156 0a209d57e25b4572bfb6c17cc128e40c a4b4ae21a97f4e5db39b728f662bee50 - - default default] 10.0.0.240 "GET /v2.0/ports/eced9370-0aa4-472c-9b4e-f2fcbf457e3f HTTP/1.1" status: 404 len: 333 time: 0.0185182
2026-07-01 02:00:28.935 10 INFO neutron.wsgi [None req-81e38b04-11b8-4ea3-9188-16711c04a477 b441d6f345254d3a98400cf5badb42da a3ecb0bf63cc42feace99269195d3c5e - - default default] 10.0.0.240 "POST /v2.0/ports HTTP/1.1" status: 201 len: 942 time: 0.6193686
2026-07-01 02:00:28.945 9 WARNING neutron_lib.context [None req-0be1508d-59b2-4993-b6a0-dec8c5b187fd b441d6f345254d3a98400cf5badb42da a3ecb0bf63cc42feace99269195d3c5e - - default default] Method 'is_advsvc' is deprecated since 2023.2 release (neutron-lib 3.8.0) and will be removed once support for the old RBAC API policies will be removed from Neutron. Please use method 'is_service_role' instead.
2026-07-01 02:00:29.160 9 INFO neutron.wsgi [None req-a050dfb6-deab-4736-9065-b2df1767d8f6 0a209d57e25b4572bfb6c17cc128e40c a4b4ae21a97f4e5db39b728f662bee50 - - default default] 10.0.0.240 "DELETE /v2.0/subnets/9e70df56-dcc2-44ec-bf43-eb7cd00d2167 HTTP/1.1" status: 204 len: 168 time: 0.2390511
2026-07-01 02:00:29.246 9 INFO neutron.wsgi [None req-0be1508d-59b2-4993-b6a0-dec8c5b187fd b441d6f345254d3a98400cf5badb42da a3ecb0bf63cc42feace99269195d3c5e - - default default] 10.0.0.240 "POST /v2.0/trunks HTTP/1.1" status: 201 len: 608 time: 0.3062098 /var/lib/openstack/lib/python3.10/site-packages/pycadf/identifier.py:71: UserWarning: Invalid uuid: neutron. To ensure interoperability, identifiers should be a valid uuid. warnings.warn(('Invalid uuid: %s. To ensure interoperability, '
2026-07-01 02:00:29.260 10 WARNING neutron_lib.context [None req-63f135eb-d0bd-43fb-a657-5d8f692739bf b441d6f345254d3a98400cf5badb42da a3ecb0bf63cc42feace99269195d3c5e - - default default] Method 'is_advsvc' is deprecated since 2023.2 release (neutron-lib 3.8.0) and will be removed once support for the old RBAC API policies will be removed from Neutron. Please use method 'is_service_role' instead.
2026-07-01 02:00:29.359 10 INFO neutron.db.segments_db [None req-63f135eb-d0bd-43fb-a657-5d8f692739bf b441d6f345254d3a98400cf5badb42da a3ecb0bf63cc42feace99269195d3c5e - - default default] Added segment fef75004-27a7-4635-a94d-50ec57846864 of type geneve for network 60058247-c48a-4e45-95c4-0e46d8908168
2026-07-01 02:00:29.535 9 INFO neutron.services.segments.plugin [-] Segment 648bd725-f0d6-40d9-82a6-de3adf24ffba resource provider aggregate not found
2026-07-01 02:00:29.540 10 INFO neutron.db.ovn_revision_numbers_db [None req-63f135eb-d0bd-43fb-a657-5d8f692739bf b441d6f345254d3a98400cf5badb42da a3ecb0bf63cc42feace99269195d3c5e - - default default] Successfully bumped revision number for resource 60058247-c48a-4e45-95c4-0e46d8908168 (type: networks) to 1
2026-07-01 02:00:29.542 9 INFO neutron.services.segments.plugin [-] Segment 648bd725-f0d6-40d9-82a6-de3adf24ffba resource provider aggregate not found
2026-07-01 02:00:29.553 9 INFO neutron.services.segments.plugin [-] Segment 648bd725-f0d6-40d9-82a6-de3adf24ffba resource provider not found; error: Placement Client Error (4xx): {"errors": [{"status": 404, "title": "Not Found", "detail": "The resource could not be found.\n\n No resource provider with uuid 648bd725-f0d6-40d9-82a6-de3adf24ffba found for delete ", "request_id": "req-d140193c-9350-4815-8075-b353bfdc1b2a"}]}
2026-07-01 02:00:29.565 9 INFO neutron.services.segments.plugin [-] Segment 648bd725-f0d6-40d9-82a6-de3adf24ffba resource provider not found; error: Placement Client Error (4xx): {"errors": [{"status": 404, "title": "Not Found", "detail": "The resource could not be found.\n\n No resource provider with uuid 648bd725-f0d6-40d9-82a6-de3adf24ffba found for delete ", "request_id": "req-531cf08b-c997-4ca9-b24a-0d00c3a1af92"}]}
2026-07-01 02:00:29.582 9 INFO neutron.wsgi [None req-46e6d67d-50bd-4765-a153-b0ce7e5ec895 0a209d57e25b4572bfb6c17cc128e40c a4b4ae21a97f4e5db39b728f662bee50 - - default default] 10.0.0.240 "DELETE /v2.0/networks/173d8fa3-7ae8-49cf-9b67-1b92985aea98 HTTP/1.1" status: 204 len: 168 time: 0.4157963
2026-07-01 02:00:29.592 10 WARNING neutron_lib.context [None req-a7f9f97f-d3be-4810-b92d-d1f2d54a4d78 0a209d57e25b4572bfb6c17cc128e40c a4b4ae21a97f4e5db39b728f662bee50 - - default default] Method 'is_advsvc' is deprecated since 2023.2 release (neutron-lib 3.8.0) and will be removed once support for the old RBAC API policies will be removed from Neutron. Please use method 'is_service_role' instead.
2026-07-01 02:00:29.693 10 INFO neutron.db.segments_db [None req-a7f9f97f-d3be-4810-b92d-d1f2d54a4d78 0a209d57e25b4572bfb6c17cc128e40c a4b4ae21a97f4e5db39b728f662bee50 - - default default] Added segment 561beddb-4dd8-46d1-ba2c-07249bc949cd of type geneve for network 6569c284-9720-4f5c-b41f-c10e11ae50aa
2026-07-01 02:00:29.726 10 WARNING neutron.scheduler.dhcp_agent_scheduler [None req-63f135eb-d0bd-43fb-a657-5d8f692739bf b441d6f345254d3a98400cf5badb42da a3ecb0bf63cc42feace99269195d3c5e - - default default] No more DHCP agents
2026-07-01 02:00:29.732 10 WARNING neutron.api.rpc.agentnotifiers.dhcp_rpc_agent_api [None req-63f135eb-d0bd-43fb-a657-5d8f692739bf b441d6f345254d3a98400cf5badb42da a3ecb0bf63cc42feace99269195d3c5e - - default default] Unable to schedule network 60058247-c48a-4e45-95c4-0e46d8908168: no agents available; will retry on subsequent port and subnet creation events.
2026-07-01 02:00:29.859 10 INFO neutron.db.ovn_revision_numbers_db [None req-63f135eb-d0bd-43fb-a657-5d8f692739bf b441d6f345254d3a98400cf5badb42da a3ecb0bf63cc42feace99269195d3c5e - - default default] Successfully bumped revision number for resource f6110531-719a-4243-91cb-c8713325090c (type: ports) to 1
2026-07-01 02:00:29.884 10 INFO neutron.db.ovn_revision_numbers_db [None req-a7f9f97f-d3be-4810-b92d-d1f2d54a4d78 0a209d57e25b4572bfb6c17cc128e40c a4b4ae21a97f4e5db39b728f662bee50 - - default default] Successfully bumped revision number for resource 6569c284-9720-4f5c-b41f-c10e11ae50aa (type: networks) to 1
2026-07-01 02:00:29.888 10 INFO neutron.wsgi [None req-63f135eb-d0bd-43fb-a657-5d8f692739bf b441d6f345254d3a98400cf5badb42da a3ecb0bf63cc42feace99269195d3c5e - - default default] 10.0.0.240 "POST /v2.0/networks HTTP/1.1" status: 201 len: 831 time: 0.6362686
2026-07-01 02:00:29.899 9 WARNING neutron_lib.context [None req-a2fd6bef-acdf-48b6-8981-19429ad04903 b441d6f345254d3a98400cf5badb42da a3ecb0bf63cc42feace99269195d3c5e - - default default] Method 'is_advsvc' is deprecated since 2023.2 release (neutron-lib 3.8.0) and will be removed once support for the old RBAC API policies will be removed from Neutron. Please use method 'is_service_role' instead.
2026-07-01 02:00:30.043 10 WARNING neutron.scheduler.dhcp_agent_scheduler [None req-a7f9f97f-d3be-4810-b92d-d1f2d54a4d78 0a209d57e25b4572bfb6c17cc128e40c a4b4ae21a97f4e5db39b728f662bee50 - - default default] No more DHCP agents
2026-07-01 02:00:30.045 10 WARNING neutron.api.rpc.agentnotifiers.dhcp_rpc_agent_api [None req-a7f9f97f-d3be-4810-b92d-d1f2d54a4d78 0a209d57e25b4572bfb6c17cc128e40c a4b4ae21a97f4e5db39b728f662bee50 - - default default] Unable to schedule network 6569c284-9720-4f5c-b41f-c10e11ae50aa: no agents available; will retry on subsequent port and subnet creation events.
2026-07-01 02:00:30.126 10 INFO neutron.db.ovn_revision_numbers_db [None req-a7f9f97f-d3be-4810-b92d-d1f2d54a4d78 0a209d57e25b4572bfb6c17cc128e40c a4b4ae21a97f4e5db39b728f662bee50 - - default default] Successfully bumped revision number for resource 04ba3615-a62c-4cd1-90fa-0a135bdf0a3e (type: ports) to 1
2026-07-01 02:00:30.129 9 WARNING neutron.scheduler.dhcp_agent_scheduler [None req-a2fd6bef-acdf-48b6-8981-19429ad04903 b441d6f345254d3a98400cf5badb42da a3ecb0bf63cc42feace99269195d3c5e - - default default] No more DHCP agents
2026-07-01 02:00:30.130 9 WARNING neutron.api.rpc.agentnotifiers.dhcp_rpc_agent_api [None req-a2fd6bef-acdf-48b6-8981-19429ad04903 b441d6f345254d3a98400cf5badb42da a3ecb0bf63cc42feace99269195d3c5e - - default default] Unable to schedule network 60058247-c48a-4e45-95c4-0e46d8908168: no agents available; will retry on subsequent port and subnet creation events.
2026-07-01 02:00:30.147 10 INFO neutron.wsgi [None req-a7f9f97f-d3be-4810-b92d-d1f2d54a4d78 0a209d57e25b4572bfb6c17cc128e40c a4b4ae21a97f4e5db39b728f662bee50 - - default default] 10.0.0.240 "POST /v2.0/networks HTTP/1.1" status: 201 len: 834 time: 0.5594196
2026-07-01 02:00:30.157 10 WARNING neutron_lib.context [None req-035ac4e8-151e-4121-963a-7b34c496289d 0a209d57e25b4572bfb6c17cc128e40c a4b4ae21a97f4e5db39b728f662bee50 - - default default] Method 'is_advsvc' is deprecated since 2023.2 release (neutron-lib 3.8.0) and will be removed once support for the old RBAC API policies will be removed from Neutron. Please use method 'is_service_role' instead.
2026-07-01 02:00:30.213 9 INFO neutron.db.ovn_revision_numbers_db [None req-a2fd6bef-acdf-48b6-8981-19429ad04903 b441d6f345254d3a98400cf5badb42da a3ecb0bf63cc42feace99269195d3c5e - - default default] Successfully bumped revision number for resource 38f68bb7-61a4-49d8-ab7e-fd27054a0515 (type: ports) to 1
2026-07-01 02:00:30.234 9 INFO neutron.wsgi [None req-a2fd6bef-acdf-48b6-8981-19429ad04903 b441d6f345254d3a98400cf5badb42da a3ecb0bf63cc42feace99269195d3c5e - - default default] 10.0.0.240 "POST /v2.0/ports HTTP/1.1" status: 201 len: 942 time: 0.3398609 /var/lib/openstack/lib/python3.10/site-packages/pycadf/identifier.py:71: UserWarning: Invalid uuid: neutron. To ensure interoperability, identifiers should be a valid uuid. warnings.warn(('Invalid uuid: %s. To ensure interoperability, '
2026-07-01 02:00:30.244 9 WARNING neutron_lib.context [None req-b08c346d-f1e3-4369-a9aa-ffb1ed6c86f6 b441d6f345254d3a98400cf5badb42da a3ecb0bf63cc42feace99269195d3c5e - - default default] Method 'is_advsvc' is deprecated since 2023.2 release (neutron-lib 3.8.0) and will be removed once support for the old RBAC API policies will be removed from Neutron. Please use method 'is_service_role' instead.
2026-07-01 02:00:30.436 10 WARNING neutron.scheduler.dhcp_agent_scheduler [None req-035ac4e8-151e-4121-963a-7b34c496289d 0a209d57e25b4572bfb6c17cc128e40c a4b4ae21a97f4e5db39b728f662bee50 - - default default] No more DHCP agents
2026-07-01 02:00:30.440 10 WARNING neutron.api.rpc.agentnotifiers.dhcp_rpc_agent_api [None req-035ac4e8-151e-4121-963a-7b34c496289d 0a209d57e25b4572bfb6c17cc128e40c a4b4ae21a97f4e5db39b728f662bee50 - - default default] Unable to schedule network 6569c284-9720-4f5c-b41f-c10e11ae50aa: no agents available; will retry on subsequent port and subnet creation events.
2026-07-01 02:00:30.472 10 INFO neutron.db.ovn_revision_numbers_db [None req-035ac4e8-151e-4121-963a-7b34c496289d 0a209d57e25b4572bfb6c17cc128e40c a4b4ae21a97f4e5db39b728f662bee50 - - default default] Successfully bumped revision number for resource 6102ae3b-3945-4ef8-b274-e095121e0f2d (type: subnets) to 0
2026-07-01 02:00:30.483 9 INFO neutron.wsgi [None req-b08c346d-f1e3-4369-a9aa-ffb1ed6c86f6 b441d6f345254d3a98400cf5badb42da a3ecb0bf63cc42feace99269195d3c5e - - default default] 10.0.0.240 "POST /v2.0/trunks HTTP/1.1" status: 201 len: 608 time: 0.2434967
2026-07-01 02:00:30.489 10 INFO neutron.wsgi [None req-035ac4e8-151e-4121-963a-7b34c496289d 0a209d57e25b4572bfb6c17cc128e40c a4b4ae21a97f4e5db39b728f662bee50 - - default default] 10.0.0.240 "POST /v2.0/subnets HTTP/1.1" status: 201 len: 821 time: 0.3364394
2026-07-01 02:00:30.494 9 WARNING neutron_lib.context [None req-8155f50b-b6e6-488a-8b3b-b5f025fced58 b441d6f345254d3a98400cf5badb42da a3ecb0bf63cc42feace99269195d3c5e - - default default] Method 'is_advsvc' is deprecated since 2023.2 release (neutron-lib 3.8.0) and will be removed once support for the old RBAC API policies will be removed from Neutron. Please use method 'is_service_role' instead.
2026-07-01 02:00:30.500 10 WARNING neutron_lib.context [None req-62ea77a6-28c9-47b1-8aa0-ba9f122d9bd5 0a209d57e25b4572bfb6c17cc128e40c a4b4ae21a97f4e5db39b728f662bee50 - - default default] Method 'is_advsvc' is deprecated since 2023.2 release (neutron-lib 3.8.0) and will be removed once support for the old RBAC API policies will be removed from Neutron. Please use method 'is_service_role' instead.
2026-07-01 02:00:30.576 9 INFO neutron.db.segments_db [None req-8155f50b-b6e6-488a-8b3b-b5f025fced58 b441d6f345254d3a98400cf5badb42da a3ecb0bf63cc42feace99269195d3c5e - - default default] Added segment 950e4327-da7e-457e-b4dd-f58d813d546f of type geneve for network 4f09c5aa-9850-49cd-9586-dca405846ee8
2026-07-01 02:00:30.739 9 INFO neutron.db.ovn_revision_numbers_db [None req-8155f50b-b6e6-488a-8b3b-b5f025fced58 b441d6f345254d3a98400cf5badb42da a3ecb0bf63cc42feace99269195d3c5e - - default default] Successfully bumped revision number for resource 4f09c5aa-9850-49cd-9586-dca405846ee8 (type: networks) to 1
2026-07-01 02:00:30.834 10 WARNING neutron.scheduler.dhcp_agent_scheduler [None req-62ea77a6-28c9-47b1-8aa0-ba9f122d9bd5 0a209d57e25b4572bfb6c17cc128e40c a4b4ae21a97f4e5db39b728f662bee50 - - default default] No more DHCP agents
2026-07-01 02:00:30.838 10 WARNING neutron.api.rpc.agentnotifiers.dhcp_rpc_agent_api [None req-62ea77a6-28c9-47b1-8aa0-ba9f122d9bd5 0a209d57e25b4572bfb6c17cc128e40c a4b4ae21a97f4e5db39b728f662bee50 - - default default] Unable to schedule network 6569c284-9720-4f5c-b41f-c10e11ae50aa: no agents available; will retry on subsequent port and subnet creation events.
2026-07-01 02:00:30.935 9 WARNING neutron.scheduler.dhcp_agent_scheduler [None req-8155f50b-b6e6-488a-8b3b-b5f025fced58 b441d6f345254d3a98400cf5badb42da a3ecb0bf63cc42feace99269195d3c5e - - default default] No more DHCP agents
2026-07-01 02:00:30.938 9 WARNING neutron.api.rpc.agentnotifiers.dhcp_rpc_agent_api [None req-8155f50b-b6e6-488a-8b3b-b5f025fced58 b441d6f345254d3a98400cf5badb42da a3ecb0bf63cc42feace99269195d3c5e - - default default] Unable to schedule network 4f09c5aa-9850-49cd-9586-dca405846ee8: no agents available; will retry on subsequent port and subnet creation events.
2026-07-01 02:00:30.939 10 INFO neutron.db.ovn_revision_numbers_db [None req-62ea77a6-28c9-47b1-8aa0-ba9f122d9bd5 0a209d57e25b4572bfb6c17cc128e40c a4b4ae21a97f4e5db39b728f662bee50 - - default default] Successfully bumped revision number for resource 451f59d1-13a6-4e2c-9681-10997cea1d5c (type: ports) to 1
2026-07-01 02:00:30.967 10 INFO neutron.wsgi [None req-62ea77a6-28c9-47b1-8aa0-ba9f122d9bd5 0a209d57e25b4572bfb6c17cc128e40c a4b4ae21a97f4e5db39b728f662bee50 - - default default] 10.0.0.240 "POST /v2.0/ports HTTP/1.1" status: 201 len: 1127 time: 0.4722040
2026-07-01 02:00:31.037 9 INFO neutron.db.ovn_revision_numbers_db [None req-8155f50b-b6e6-488a-8b3b-b5f025fced58 b441d6f345254d3a98400cf5badb42da a3ecb0bf63cc42feace99269195d3c5e - - default default] Successfully bumped revision number for resource c1c0f183-3878-4c1f-a21d-7dfa9626ceda (type: ports) to 1
2026-07-01 02:00:31.062 9 INFO neutron.wsgi [None req-8155f50b-b6e6-488a-8b3b-b5f025fced58 b441d6f345254d3a98400cf5badb42da a3ecb0bf63cc42feace99269195d3c5e - - default default] 10.0.0.240 "POST /v2.0/networks HTTP/1.1" status: 201 len: 830 time: 0.5726609
2026-07-01 02:00:31.071 10 WARNING neutron_lib.context [None req-80dde848-af43-4840-b255-7ca613d96cdd b441d6f345254d3a98400cf5badb42da a3ecb0bf63cc42feace99269195d3c5e - - default default] Method 'is_advsvc' is deprecated since 2023.2 release (neutron-lib 3.8.0) and will be removed once support for the old RBAC API policies will be removed from Neutron. Please use method 'is_service_role' instead.
2026-07-01 02:00:31.348 10 INFO neutron.wsgi [None req-e8a43477-8c97-4ec1-a18c-0342f5973b7d 0a209d57e25b4572bfb6c17cc128e40c a4b4ae21a97f4e5db39b728f662bee50 - - default default] 10.0.0.240 "DELETE /v2.0/ports/451f59d1-13a6-4e2c-9681-10997cea1d5c HTTP/1.1" status: 204 len: 168 time: 0.3734188
2026-07-01 02:00:31.370 9 INFO neutron.pecan_wsgi.hooks.translation [None req-e54227ad-2152-4f77-b2b1-8893c8f4317b 0a209d57e25b4572bfb6c17cc128e40c a4b4ae21a97f4e5db39b728f662bee50 - - default default] GET failed (client error): The resource could not be found.
2026-07-01 02:00:31.372 9 INFO neutron.wsgi [None req-e54227ad-2152-4f77-b2b1-8893c8f4317b 0a209d57e25b4572bfb6c17cc128e40c a4b4ae21a97f4e5db39b728f662bee50 - - default default] 10.0.0.240 "GET /v2.0/ports/451f59d1-13a6-4e2c-9681-10997cea1d5c HTTP/1.1" status: 404 len: 333 time: 0.0190895
2026-07-01 02:00:31.375 10 WARNING neutron.scheduler.dhcp_agent_scheduler [None req-80dde848-af43-4840-b255-7ca613d96cdd b441d6f345254d3a98400cf5badb42da a3ecb0bf63cc42feace99269195d3c5e - - default default] No more DHCP agents
2026-07-01 02:00:31.378 10 WARNING neutron.api.rpc.agentnotifiers.dhcp_rpc_agent_api [None req-80dde848-af43-4840-b255-7ca613d96cdd b441d6f345254d3a98400cf5badb42da a3ecb0bf63cc42feace99269195d3c5e - - default default] Unable to schedule network 4f09c5aa-9850-49cd-9586-dca405846ee8: no agents available; will retry on subsequent port and subnet creation events.
2026-07-01 02:00:31.453 10 INFO neutron.db.ovn_revision_numbers_db [None req-80dde848-af43-4840-b255-7ca613d96cdd b441d6f345254d3a98400cf5badb42da a3ecb0bf63cc42feace99269195d3c5e - - default default] Successfully bumped revision number for resource 9f3588c3-738c-45e6-9b91-13990b73f704 (type: ports) to 1
2026-07-01 02:00:31.476 10 INFO neutron.wsgi [None req-80dde848-af43-4840-b255-7ca613d96cdd b441d6f345254d3a98400cf5badb42da a3ecb0bf63cc42feace99269195d3c5e - - default default] 10.0.0.240 "POST /v2.0/ports HTTP/1.1" status: 201 len: 942 time: 0.4088495 /var/lib/openstack/lib/python3.10/site-packages/pycadf/identifier.py:71: UserWarning: Invalid uuid: neutron. To ensure interoperability, identifiers should be a valid uuid. warnings.warn(('Invalid uuid: %s. To ensure interoperability, '
2026-07-01 02:00:31.485 10 WARNING neutron_lib.context [None req-6648f893-3733-47fe-9ac2-d2f4354f1164 b441d6f345254d3a98400cf5badb42da a3ecb0bf63cc42feace99269195d3c5e - - default default] Method 'is_advsvc' is deprecated since 2023.2 release (neutron-lib 3.8.0) and will be removed once support for the old RBAC API policies will be removed from Neutron. Please use method 'is_service_role' instead.
2026-07-01 02:00:31.556 9 INFO neutron.wsgi [None req-323f186b-1a59-4786-ba5c-9a7436cedd69 0a209d57e25b4572bfb6c17cc128e40c a4b4ae21a97f4e5db39b728f662bee50 - - default default] 10.0.0.240 "DELETE /v2.0/subnets/6102ae3b-3945-4ef8-b274-e095121e0f2d HTTP/1.1" status: 204 len: 168 time: 0.1781616
2026-07-01 02:00:31.663 10 INFO neutron.wsgi [None req-6648f893-3733-47fe-9ac2-d2f4354f1164 b441d6f345254d3a98400cf5badb42da a3ecb0bf63cc42feace99269195d3c5e - - default default] 10.0.0.240 "POST /v2.0/trunks HTTP/1.1" status: 201 len: 608 time: 0.1830389
2026-07-01 02:00:31.673 10 WARNING neutron_lib.context [None req-1a33bf0b-2595-41ae-963a-688d4c020bc9 b441d6f345254d3a98400cf5badb42da a3ecb0bf63cc42feace99269195d3c5e - - default default] Method 'is_advsvc' is deprecated since 2023.2 release (neutron-lib 3.8.0) and will be removed once support for the old RBAC API policies will be removed from Neutron. Please use method 'is_service_role' instead.
2026-07-01 02:00:31.748 10 INFO neutron.db.segments_db [None req-1a33bf0b-2595-41ae-963a-688d4c020bc9 b441d6f345254d3a98400cf5badb42da a3ecb0bf63cc42feace99269195d3c5e - - default default] Added segment 6fb9b0b2-07a5-4365-b7e4-5610e42ea775 of type geneve for network b98e22e7-9227-45dd-93d6-afaaf227d046
2026-07-01 02:00:31.883 10 INFO neutron.db.ovn_revision_numbers_db [None req-1a33bf0b-2595-41ae-963a-688d4c020bc9 b441d6f345254d3a98400cf5badb42da a3ecb0bf63cc42feace99269195d3c5e - - default default] Successfully bumped revision number for resource b98e22e7-9227-45dd-93d6-afaaf227d046 (type: networks) to 1
2026-07-01 02:00:31.891 9 INFO neutron.services.segments.plugin [-] Segment 561beddb-4dd8-46d1-ba2c-07249bc949cd resource provider aggregate not found
2026-07-01 02:00:31.897 9 INFO neutron.services.segments.plugin [-] Segment 561beddb-4dd8-46d1-ba2c-07249bc949cd resource provider aggregate not found
2026-07-01 02:00:31.914 9 INFO neutron.services.segments.plugin [-] Segment 561beddb-4dd8-46d1-ba2c-07249bc949cd resource provider not found; error: Placement Client Error (4xx): {"errors": [{"status": 404, "title": "Not Found", "detail": "The resource could not be found.\n\n No resource provider with uuid 561beddb-4dd8-46d1-ba2c-07249bc949cd found for delete ", "request_id": "req-63a7eba9-ccb5-4ce1-976e-d4666505cb73"}]}
2026-07-01 02:00:31.926 9 INFO neutron.services.segments.plugin [-] Segment 561beddb-4dd8-46d1-ba2c-07249bc949cd resource provider not found; error: Placement Client Error (4xx): {"errors": [{"status": 404, "title": "Not Found", "detail": "The resource could not be found.\n\n No resource provider with uuid 561beddb-4dd8-46d1-ba2c-07249bc949cd found for delete ", "request_id": "req-60931173-58a9-4bcd-ba3c-394d1c5c9473"}]}
2026-07-01 02:00:31.949 9 INFO neutron.wsgi [None req-55ebecf3-5406-40f5-ab63-41658e139028 0a209d57e25b4572bfb6c17cc128e40c a4b4ae21a97f4e5db39b728f662bee50 - - default default] 10.0.0.240 "DELETE /v2.0/networks/6569c284-9720-4f5c-b41f-c10e11ae50aa HTTP/1.1" status: 204 len: 168 time: 0.3889389
2026-07-01 02:00:31.965 10 WARNING neutron_lib.context [None req-2fd8cf63-7d40-4bc3-9b73-7254e9b316bc 0a209d57e25b4572bfb6c17cc128e40c a4b4ae21a97f4e5db39b728f662bee50 - - default default] Method 'is_advsvc' is deprecated since 2023.2 release (neutron-lib 3.8.0) and will be removed once support for the old RBAC API policies will be removed from Neutron. Please use method 'is_service_role' instead.
2026-07-01 02:00:32.064 10 WARNING neutron.scheduler.dhcp_agent_scheduler [None req-1a33bf0b-2595-41ae-963a-688d4c020bc9 b441d6f345254d3a98400cf5badb42da a3ecb0bf63cc42feace99269195d3c5e - - default default] No more DHCP agents
2026-07-01 02:00:32.084 10 WARNING neutron.api.rpc.agentnotifiers.dhcp_rpc_agent_api [None req-1a33bf0b-2595-41ae-963a-688d4c020bc9 b441d6f345254d3a98400cf5badb42da a3ecb0bf63cc42feace99269195d3c5e - - default default] Unable to schedule network b98e22e7-9227-45dd-93d6-afaaf227d046: no agents available; will retry on subsequent port and subnet creation events.
2026-07-01 02:00:32.184 10 INFO neutron.db.ovn_revision_numbers_db [None req-1a33bf0b-2595-41ae-963a-688d4c020bc9 b441d6f345254d3a98400cf5badb42da a3ecb0bf63cc42feace99269195d3c5e - - default default] Successfully bumped revision number for resource 60d4ae66-7242-4584-b8ce-57683fe66c36 (type: ports) to 1
2026-07-01 02:00:32.216 10 INFO neutron.wsgi [None req-1a33bf0b-2595-41ae-963a-688d4c020bc9 b441d6f345254d3a98400cf5badb42da a3ecb0bf63cc42feace99269195d3c5e - - default default] 10.0.0.240 "POST /v2.0/networks HTTP/1.1" status: 201 len: 830 time: 0.5481272 /var/lib/openstack/lib/python3.10/site-packages/pycadf/identifier.py:71: UserWarning: Invalid uuid: neutron. To ensure interoperability, identifiers should be a valid uuid. warnings.warn(('Invalid uuid: %s. To ensure interoperability, '
2026-07-01 02:00:32.227 10 WARNING neutron_lib.context [None req-6d9d79f7-10fa-4c23-936a-fdad842c20f6 b441d6f345254d3a98400cf5badb42da a3ecb0bf63cc42feace99269195d3c5e - - default default] Method 'is_advsvc' is deprecated since 2023.2 release (neutron-lib 3.8.0) and will be removed once support for the old RBAC API policies will be removed from Neutron. Please use method 'is_service_role' instead.
