2026-07-01 02:02:22.320 9 INFO neutron.wsgi [None req-3b54dccf-f2fc-4aa9-b5fc-ab5d17c5c65c db0d62f4f0ea4e89910377668fd8c84f 6340392e7cc244169c2c302ebf3aa645 - - default default] 10.0.0.240 "GET /v2.0/security-groups?tenant_id=012128e940b8418496445dc44f84f83e&name=default HTTP/1.1" status: 200 len: 3000 time: 0.2729549
2026-07-01 02:02:22.442 10 INFO neutron.wsgi [req-1d69ff13-55db-4e92-b307-df7f81fe76d9 req-2e678b81-3249-40e3-9084-c8937b2a42de da75f5ee220e408fa32f83ef5b1bbfab 329dfaf3a96b46f7b8a09571de8d9f51 - - b0811726392a4530b89972dbf1b46816 b0811726392a4530b89972dbf1b46816] 10.0.0.205 "GET /v2.0/ports?device_id=f0596baa-0bb7-49ff-a7c2-837e76458e0b HTTP/1.1" status: 200 len: 1642 time: 0.0544221
2026-07-01 02:02:22.486 10 INFO neutron.wsgi [req-1d69ff13-55db-4e92-b307-df7f81fe76d9 req-d28edddd-8a67-40e8-a9ba-13d60f0c3a5d da75f5ee220e408fa32f83ef5b1bbfab 329dfaf3a96b46f7b8a09571de8d9f51 - - b0811726392a4530b89972dbf1b46816 b0811726392a4530b89972dbf1b46816] 10.0.0.205 "GET /v2.0/security-groups?id=f0ac2674-975c-4493-a2e4-6a43d7c00ccb&fields=id&fields=name HTTP/1.1" status: 200 len: 310 time: 0.0398903
2026-07-01 02:02:22.553 9 INFO neutron.wsgi [None req-36b19c77-e2ec-47b4-b5e6-d88d4024032c db0d62f4f0ea4e89910377668fd8c84f 6340392e7cc244169c2c302ebf3aa645 - - default default] 10.0.0.240 "DELETE /v2.0/security-groups/20e5abba-0914-4b55-89ae-0476bd521891 HTTP/1.1" status: 204 len: 168 time: 0.2279985
2026-07-01 02:02:22.748 9 INFO neutron.db.ovn_revision_numbers_db [None req-6ee6a2bd-f3a6-46e8-abfd-3e355d4915f4 db0d62f4f0ea4e89910377668fd8c84f 6340392e7cc244169c2c302ebf3aa645 - - default default] Successfully bumped revision number for resource ba5c8ca5-3a84-422e-b65b-84622b9243f0 (type: security_groups) to 1
2026-07-01 02:02:22.762 9 INFO neutron.db.ovn_revision_numbers_db [None req-6ee6a2bd-f3a6-46e8-abfd-3e355d4915f4 db0d62f4f0ea4e89910377668fd8c84f 6340392e7cc244169c2c302ebf3aa645 - - default default] Successfully bumped revision number for resource 70eaf156-0ffd-4969-af12-83716193abfc (type: security_group_rules) to 0
2026-07-01 02:02:22.776 9 INFO neutron.db.ovn_revision_numbers_db [None req-6ee6a2bd-f3a6-46e8-abfd-3e355d4915f4 db0d62f4f0ea4e89910377668fd8c84f 6340392e7cc244169c2c302ebf3aa645 - - default default] Successfully bumped revision number for resource 7934b1da-7758-42b5-8f24-026b6a6bff55 (type: security_group_rules) to 0
2026-07-01 02:02:22.791 9 INFO neutron.db.ovn_revision_numbers_db [None req-6ee6a2bd-f3a6-46e8-abfd-3e355d4915f4 db0d62f4f0ea4e89910377668fd8c84f 6340392e7cc244169c2c302ebf3aa645 - - default default] Successfully bumped revision number for resource 86b0f04e-1e28-4b2e-83c9-b22e801010fc (type: security_group_rules) to 0
2026-07-01 02:02:22.805 9 INFO neutron.db.ovn_revision_numbers_db [None req-6ee6a2bd-f3a6-46e8-abfd-3e355d4915f4 db0d62f4f0ea4e89910377668fd8c84f 6340392e7cc244169c2c302ebf3aa645 - - default default] Successfully bumped revision number for resource c26c732b-efa4-4fa5-a21c-043d68675218 (type: security_group_rules) to 0
2026-07-01 02:02:22.827 9 INFO neutron.wsgi [None req-6ee6a2bd-f3a6-46e8-abfd-3e355d4915f4 db0d62f4f0ea4e89910377668fd8c84f 6340392e7cc244169c2c302ebf3aa645 - - default default] 10.0.0.240 "GET /v2.0/security-groups?tenant_id=60e13c7f100640b1a9eb48288747c8df&name=default HTTP/1.1" status: 200 len: 3000 time: 0.1869118
2026-07-01 02:02:23.017 9 INFO neutron.wsgi [None req-9fdfe625-cc5e-497d-a6d4-696e7bf87459 db0d62f4f0ea4e89910377668fd8c84f 6340392e7cc244169c2c302ebf3aa645 - - default default] 10.0.0.240 "DELETE /v2.0/security-groups/ba5c8ca5-3a84-422e-b65b-84622b9243f0 HTTP/1.1" status: 204 len: 168 time: 0.1849244
2026-07-01 02:02:26.006 9 INFO neutron.wsgi [None req-79e56cae-ddd6-4951-adaf-96212ba6f1b7 b21bfe48b325457186031f1db0031711 d0fbdcb744f140acb551e10b63767c1d - - default default] 10.0.0.240 "GET /v2.0/subnets/a4bf6ff1-c62f-419a-a5d4-7fcfd4c6c283 HTTP/1.1" status: 200 len: 846 time: 0.0269444
2026-07-01 02:02:26.468 10 WARNING neutron_lib.context [None req-ad066a24-bf7c-42b8-bb71-994bcc11ebd3 1003728cf5bc4294a1b4dc0669de9083 8fb8faec9ac644caa41117de77abff4c - - default default] Method 'is_advsvc' is deprecated since 2023.2 release (neutron-lib 3.8.0) and will be removed once support for the old RBAC API policies will be removed from Neutron. Please use method 'is_service_role' instead.
2026-07-01 02:02:26.580 9 INFO neutron.wsgi [-] 10.0.0.133 "GET / HTTP/1.1" status: 200 len: 246 time: 0.0035946
2026-07-01 02:02:26.582 9 INFO neutron.wsgi [-] 10.0.0.133 "GET / HTTP/1.1" status: 200 len: 246 time: 0.0015075
2026-07-01 02:02:26.649 10 INFO neutron.db.ovn_revision_numbers_db [None req-ad066a24-bf7c-42b8-bb71-994bcc11ebd3 1003728cf5bc4294a1b4dc0669de9083 8fb8faec9ac644caa41117de77abff4c - - default default] Successfully bumped revision number for resource c5396cc9-fdc4-4385-a022-551f08444276 (type: security_groups) to 1
2026-07-01 02:02:26.678 10 INFO neutron.db.ovn_revision_numbers_db [None req-ad066a24-bf7c-42b8-bb71-994bcc11ebd3 1003728cf5bc4294a1b4dc0669de9083 8fb8faec9ac644caa41117de77abff4c - - default default] Successfully bumped revision number for resource 080c0850-38e6-4e46-81f8-61bbb7dd7a0d (type: security_group_rules) to 0
2026-07-01 02:02:26.698 10 INFO neutron.db.ovn_revision_numbers_db [None req-ad066a24-bf7c-42b8-bb71-994bcc11ebd3 1003728cf5bc4294a1b4dc0669de9083 8fb8faec9ac644caa41117de77abff4c - - default default] Successfully bumped revision number for resource 241e2aba-1c18-4773-8b82-74b08351d04a (type: security_group_rules) to 0
2026-07-01 02:02:26.715 10 INFO neutron.db.ovn_revision_numbers_db [None req-ad066a24-bf7c-42b8-bb71-994bcc11ebd3 1003728cf5bc4294a1b4dc0669de9083 8fb8faec9ac644caa41117de77abff4c - - default default] Successfully bumped revision number for resource 4848405d-6226-4614-9041-f0882d239403 (type: security_group_rules) to 0
2026-07-01 02:02:26.733 10 INFO neutron.db.ovn_revision_numbers_db [None req-ad066a24-bf7c-42b8-bb71-994bcc11ebd3 1003728cf5bc4294a1b4dc0669de9083 8fb8faec9ac644caa41117de77abff4c - - default default] Successfully bumped revision number for resource e98d5cad-0dc3-475e-935b-5270e139f5c6 (type: security_group_rules) to 0
2026-07-01 02:02:26.805 10 INFO neutron.db.segments_db [None req-ad066a24-bf7c-42b8-bb71-994bcc11ebd3 1003728cf5bc4294a1b4dc0669de9083 8fb8faec9ac644caa41117de77abff4c - - default default] Added segment c331af1c-450f-4fd5-b533-d7ceca68ca06 of type geneve for network 1ad7baae-a3dd-4ab3-aa56-09b338253782
2026-07-01 02:02:26.959 10 INFO neutron.db.ovn_revision_numbers_db [None req-ad066a24-bf7c-42b8-bb71-994bcc11ebd3 1003728cf5bc4294a1b4dc0669de9083 8fb8faec9ac644caa41117de77abff4c - - default default] Successfully bumped revision number for resource 1ad7baae-a3dd-4ab3-aa56-09b338253782 (type: networks) to 1
2026-07-01 02:02:27.012 9 INFO neutron.wsgi [None req-0e2bfef1-bb14-4e9f-9ac8-152f3f978648 db0d62f4f0ea4e89910377668fd8c84f 6340392e7cc244169c2c302ebf3aa645 - - default default] 10.0.0.198 "GET /v2.0/extensions/security-group HTTP/1.1" status: 200 len: 369 time: 0.0561037
2026-07-01 02:02:27.025 9 INFO neutron.wsgi [None req-ac7e7a34-908f-4450-8197-ca79a4a648a5 db0d62f4f0ea4e89910377668fd8c84f 6340392e7cc244169c2c302ebf3aa645 - - default default] 10.0.0.198 "GET /v2.0/extensions/dns-integration HTTP/1.1" status: 200 len: 371 time: 0.0039845
2026-07-01 02:02:27.032 9 INFO neutron.wsgi [None req-944d653a-ebd8-4f47-818e-7bfe43ab4aa7 db0d62f4f0ea4e89910377668fd8c84f 6340392e7cc244169c2c302ebf3aa645 - - default default] 10.0.0.198 "GET /v2.0/extensions/qos HTTP/1.1" status: 200 len: 365 time: 0.0039372
2026-07-01 02:02:27.040 9 INFO neutron.wsgi [None req-84cfd300-c75e-41d7-a095-69a434978901 db0d62f4f0ea4e89910377668fd8c84f 6340392e7cc244169c2c302ebf3aa645 - - default default] 10.0.0.198 "GET /v2.0/extensions/allowed-address-pairs HTTP/1.1" status: 200 len: 383 time: 0.0040894
2026-07-01 02:02:27.140 10 WARNING neutron.scheduler.dhcp_agent_scheduler [None req-ad066a24-bf7c-42b8-bb71-994bcc11ebd3 1003728cf5bc4294a1b4dc0669de9083 8fb8faec9ac644caa41117de77abff4c - - default default] No more DHCP agents
2026-07-01 02:02:27.142 10 WARNING neutron.api.rpc.agentnotifiers.dhcp_rpc_agent_api [None req-ad066a24-bf7c-42b8-bb71-994bcc11ebd3 1003728cf5bc4294a1b4dc0669de9083 8fb8faec9ac644caa41117de77abff4c - - default default] Unable to schedule network 1ad7baae-a3dd-4ab3-aa56-09b338253782: no agents available; will retry on subsequent port and subnet creation events.
2026-07-01 02:02:27.250 10 INFO neutron.db.ovn_revision_numbers_db [None req-ad066a24-bf7c-42b8-bb71-994bcc11ebd3 1003728cf5bc4294a1b4dc0669de9083 8fb8faec9ac644caa41117de77abff4c - - default default] Successfully bumped revision number for resource 2a42b4c9-5c63-49d1-9ae2-018910c05402 (type: ports) to 1
2026-07-01 02:02:27.274 10 INFO neutron.wsgi [None req-ad066a24-bf7c-42b8-bb71-994bcc11ebd3 1003728cf5bc4294a1b4dc0669de9083 8fb8faec9ac644caa41117de77abff4c - - default default] 10.0.0.240 "POST /v2.0/networks HTTP/1.1" status: 201 len: 831 time: 1.0132127
2026-07-01 02:02:27.286 10 WARNING neutron_lib.context [None req-d8dde958-9353-4549-a250-9bce15851032 1003728cf5bc4294a1b4dc0669de9083 8fb8faec9ac644caa41117de77abff4c - - default default] Method 'is_advsvc' is deprecated since 2023.2 release (neutron-lib 3.8.0) and will be removed once support for the old RBAC API policies will be removed from Neutron. Please use method 'is_service_role' instead.
2026-07-01 02:02:27.378 10 INFO neutron.db.segments_db [None req-d8dde958-9353-4549-a250-9bce15851032 1003728cf5bc4294a1b4dc0669de9083 8fb8faec9ac644caa41117de77abff4c - - default default] Added segment 45b41a77-2057-43fc-8dc0-59fc9a5f8a48 of type geneve for network 8246b192-6fd0-423b-b9e6-d3ff3fcdb6b9
2026-07-01 02:02:27.527 10 INFO neutron.db.ovn_revision_numbers_db [None req-d8dde958-9353-4549-a250-9bce15851032 1003728cf5bc4294a1b4dc0669de9083 8fb8faec9ac644caa41117de77abff4c - - default default] Successfully bumped revision number for resource 8246b192-6fd0-423b-b9e6-d3ff3fcdb6b9 (type: networks) to 1
2026-07-01 02:02:27.551 10 INFO neutron.wsgi [-] 10.0.0.198 "GET / HTTP/1.1" status: 200 len: 284 time: 0.0012884
2026-07-01 02:02:27.604 9 INFO neutron.wsgi [None req-9e1f8629-45c7-4e94-9ac7-a69fa18c1daa e8bd1edc7aa447d48c3a5691e2ff5054 77b255e3d5254ce2b88afe37ad6448b3 - - default default] 10.0.0.198 "GET /v2.0/subnets/a4bf6ff1-c62f-419a-a5d4-7fcfd4c6c283 HTTP/1.1" status: 200 len: 833 time: 0.0362208
2026-07-01 02:02:27.617 9 INFO neutron.wsgi [None req-44c9edc2-1680-4d84-9f4c-ff9668a6e366 db0d62f4f0ea4e89910377668fd8c84f 6340392e7cc244169c2c302ebf3aa645 - - default default] 10.0.0.198 "GET /v2.0/extensions/security-group HTTP/1.1" status: 200 len: 369 time: 0.0033910
2026-07-01 02:02:27.625 9 INFO neutron.wsgi [None req-30b5885e-1b73-4527-9d78-ab36bcb3b980 db0d62f4f0ea4e89910377668fd8c84f 6340392e7cc244169c2c302ebf3aa645 - - default default] 10.0.0.198 "GET /v2.0/extensions/dns-integration HTTP/1.1" status: 200 len: 371 time: 0.0027945
2026-07-01 02:02:27.633 9 INFO neutron.wsgi [None req-9de053f4-a686-4ea0-8c58-6c05cce7c5a6 db0d62f4f0ea4e89910377668fd8c84f 6340392e7cc244169c2c302ebf3aa645 - - default default] 10.0.0.198 "GET /v2.0/extensions/qos HTTP/1.1" status: 200 len: 365 time: 0.0027616
2026-07-01 02:02:27.643 9 INFO neutron.wsgi [None req-aaf3d784-b750-4e6b-8a4e-e5c0c9942f68 db0d62f4f0ea4e89910377668fd8c84f 6340392e7cc244169c2c302ebf3aa645 - - default default] 10.0.0.198 "GET /v2.0/extensions/allowed-address-pairs HTTP/1.1" status: 200 len: 383 time: 0.0034015
2026-07-01 02:02:27.679 10 WARNING neutron.scheduler.dhcp_agent_scheduler [None req-d8dde958-9353-4549-a250-9bce15851032 1003728cf5bc4294a1b4dc0669de9083 8fb8faec9ac644caa41117de77abff4c - - default default] No more DHCP agents
2026-07-01 02:02:27.681 10 WARNING neutron.api.rpc.agentnotifiers.dhcp_rpc_agent_api [None req-d8dde958-9353-4549-a250-9bce15851032 1003728cf5bc4294a1b4dc0669de9083 8fb8faec9ac644caa41117de77abff4c - - default default] Unable to schedule network 8246b192-6fd0-423b-b9e6-d3ff3fcdb6b9: no agents available; will retry on subsequent port and subnet creation events.
2026-07-01 02:02:27.682 9 INFO neutron.wsgi [None req-6a81f94c-8138-422f-810d-9307754780f9 db0d62f4f0ea4e89910377668fd8c84f 6340392e7cc244169c2c302ebf3aa645 - - default default] 10.0.0.198 "GET /v2.0/subnets/a4bf6ff1-c62f-419a-a5d4-7fcfd4c6c283 HTTP/1.1" status: 200 len: 851 time: 0.0305827
2026-07-01 02:02:27.752 10 INFO neutron.db.ovn_revision_numbers_db [None req-d8dde958-9353-4549-a250-9bce15851032 1003728cf5bc4294a1b4dc0669de9083 8fb8faec9ac644caa41117de77abff4c - - default default] Successfully bumped revision number for resource 461de464-bb8b-410c-b522-848e87d1ffee (type: ports) to 1
2026-07-01 02:02:27.769 10 INFO neutron.wsgi [None req-d8dde958-9353-4549-a250-9bce15851032 1003728cf5bc4294a1b4dc0669de9083 8fb8faec9ac644caa41117de77abff4c - - default default] 10.0.0.240 "POST /v2.0/networks HTTP/1.1" status: 201 len: 831 time: 0.4890757
2026-07-01 02:02:27.817 10 INFO neutron.wsgi [None req-3b120c34-2e39-4782-b11d-5597b7cfd75a 1003728cf5bc4294a1b4dc0669de9083 8fb8faec9ac644caa41117de77abff4c - - default default] 10.0.0.240 "PUT /v2.0/networks/1ad7baae-a3dd-4ab3-aa56-09b338253782/tags HTTP/1.1" status: 200 len: 218 time: 0.0433443
2026-07-01 02:02:27.856 10 INFO neutron.wsgi [None req-79f18b56-3178-449a-8438-1629b9b1695d 1003728cf5bc4294a1b4dc0669de9083 8fb8faec9ac644caa41117de77abff4c - - default default] 10.0.0.240 "GET /v2.0/networks/1ad7baae-a3dd-4ab3-aa56-09b338253782/tags HTTP/1.1" status: 200 len: 218 time: 0.0332255
2026-07-01 02:02:27.874 9 INFO neutron.wsgi [None req-abd9ba93-d467-47d3-8a09-ca13279ceedc db0d62f4f0ea4e89910377668fd8c84f 6340392e7cc244169c2c302ebf3aa645 - - default default] 10.0.0.198 "GET /v2.0/extensions/security-group HTTP/1.1" status: 200 len: 369 time: 0.0072439
2026-07-01 02:02:27.880 9 INFO neutron.wsgi [None req-6185ad43-dd0c-4e89-9527-33f2664e037d db0d62f4f0ea4e89910377668fd8c84f 6340392e7cc244169c2c302ebf3aa645 - - default default] 10.0.0.198 "GET /v2.0/extensions/dns-integration HTTP/1.1" status: 200 len: 371 time: 0.0031552
2026-07-01 02:02:27.887 9 INFO neutron.wsgi [None req-8942bc1d-d897-4aa6-ae57-757287b686d7 db0d62f4f0ea4e89910377668fd8c84f 6340392e7cc244169c2c302ebf3aa645 - - default default] 10.0.0.198 "GET /v2.0/extensions/qos HTTP/1.1" status: 200 len: 365 time: 0.0039301
2026-07-01 02:02:27.895 9 INFO neutron.wsgi [None req-73fee814-8183-4bbc-ac40-4e86351aa2df db0d62f4f0ea4e89910377668fd8c84f 6340392e7cc244169c2c302ebf3aa645 - - default default] 10.0.0.198 "GET /v2.0/extensions/allowed-address-pairs HTTP/1.1" status: 200 len: 383 time: 0.0044014
2026-07-01 02:02:27.902 10 INFO neutron.wsgi [None req-70830783-4785-4bbb-b543-a30438ee1909 1003728cf5bc4294a1b4dc0669de9083 8fb8faec9ac644caa41117de77abff4c - - default default] 10.0.0.240 "PUT /v2.0/networks/8246b192-6fd0-423b-b9e6-d3ff3fcdb6b9/tags HTTP/1.1" status: 200 len: 210 time: 0.0413842
2026-07-01 02:02:27.941 10 INFO neutron.wsgi [None req-b8a2c63a-0cb0-4baf-ba67-a8e891693d81 1003728cf5bc4294a1b4dc0669de9083 8fb8faec9ac644caa41117de77abff4c - - default default] 10.0.0.240 "GET /v2.0/networks/8246b192-6fd0-423b-b9e6-d3ff3fcdb6b9/tags HTTP/1.1" status: 200 len: 210 time: 0.0341005
2026-07-01 02:02:27.955 9 INFO neutron.wsgi [None req-a9bf2f09-3225-455a-833d-877ea9b67c6a db0d62f4f0ea4e89910377668fd8c84f 6340392e7cc244169c2c302ebf3aa645 - - default default] 10.0.0.198 "GET /v2.0/networks/edd4a6d1-d025-487f-b51f-867bbb0bdfd1 HTTP/1.1" status: 200 len: 1002 time: 0.0564945
2026-07-01 02:02:27.964 9 INFO neutron.wsgi [None req-ba6c8955-0511-4a26-97e6-a3cf013c2fbc db0d62f4f0ea4e89910377668fd8c84f 6340392e7cc244169c2c302ebf3aa645 - - default default] 10.0.0.198 "GET /v2.0/extensions/project-id HTTP/1.1" status: 200 len: 403 time: 0.0044816
2026-07-01 02:02:27.988 10 INFO neutron.wsgi [None req-f8915c68-7f0b-4202-94b5-0d8fc03d63f8 1003728cf5bc4294a1b4dc0669de9083 8fb8faec9ac644caa41117de77abff4c - - default default] 10.0.0.240 "PUT /v2.0/networks/8246b192-6fd0-423b-b9e6-d3ff3fcdb6b9/tags HTTP/1.1" status: 200 len: 205 time: 0.0413380
2026-07-01 02:02:28.036 10 INFO neutron.wsgi [None req-a6ac0f44-f7ba-4a48-9f5d-b41f7fac600d 1003728cf5bc4294a1b4dc0669de9083 8fb8faec9ac644caa41117de77abff4c - - default default] 10.0.0.240 "GET /v2.0/networks/8246b192-6fd0-423b-b9e6-d3ff3fcdb6b9/tags HTTP/1.1" status: 200 len: 205 time: 0.0437415
2026-07-01 02:02:28.082 10 INFO neutron.wsgi [None req-81bc0787-f2a3-4bb6-9043-5966190d7b11 1003728cf5bc4294a1b4dc0669de9083 8fb8faec9ac644caa41117de77abff4c - - default default] 10.0.0.240 "GET /v2.0/networks/1ad7baae-a3dd-4ab3-aa56-09b338253782/tags HTTP/1.1" status: 200 len: 218 time: 0.0418239
2026-07-01 02:02:28.516 10 INFO neutron.services.segments.plugin [-] Segment c331af1c-450f-4fd5-b533-d7ceca68ca06 resource provider aggregate not found
2026-07-01 02:02:28.521 10 INFO neutron.services.segments.plugin [-] Segment c331af1c-450f-4fd5-b533-d7ceca68ca06 resource provider aggregate not found
2026-07-01 02:02:28.538 10 INFO neutron.services.segments.plugin [-] Segment c331af1c-450f-4fd5-b533-d7ceca68ca06 resource provider not found; error: Placement Client Error (4xx): {"errors": [{"status": 404, "title": "Not Found", "detail": "The resource could not be found.\n\n No resource provider with uuid c331af1c-450f-4fd5-b533-d7ceca68ca06 found for delete ", "request_id": "req-fd02297d-6734-4b13-b8c5-ac4e33802adf"}]}
2026-07-01 02:02:28.547 10 INFO neutron.services.segments.plugin [-] Segment c331af1c-450f-4fd5-b533-d7ceca68ca06 resource provider not found; error: Placement Client Error (4xx): {"errors": [{"status": 404, "title": "Not Found", "detail": "The resource could not be found.\n\n No resource provider with uuid c331af1c-450f-4fd5-b533-d7ceca68ca06 found for delete ", "request_id": "req-1bd8b6e1-a9c8-405e-ac0f-8aff55617226"}]}
2026-07-01 02:02:28.559 10 INFO neutron.wsgi [None req-9f4303ce-61a7-4311-baf3-3370471b5689 1003728cf5bc4294a1b4dc0669de9083 8fb8faec9ac644caa41117de77abff4c - - default default] 10.0.0.240 "DELETE /v2.0/networks/1ad7baae-a3dd-4ab3-aa56-09b338253782 HTTP/1.1" status: 204 len: 168 time: 0.4666319 /var/lib/openstack/lib/python3.10/site-packages/pycadf/identifier.py:71: UserWarning: Invalid uuid: neutron. To ensure interoperability, identifiers should be a valid uuid. warnings.warn(('Invalid uuid: %s. To ensure interoperability, '
2026-07-01 02:02:28.617 9 WARNING neutron.scheduler.dhcp_agent_scheduler [None req-ebc82f2a-7990-483e-8f46-89e1fb76e099 db0d62f4f0ea4e89910377668fd8c84f 6340392e7cc244169c2c302ebf3aa645 - - default default] No more DHCP agents
2026-07-01 02:02:28.621 9 WARNING neutron.api.rpc.agentnotifiers.dhcp_rpc_agent_api [None req-ebc82f2a-7990-483e-8f46-89e1fb76e099 db0d62f4f0ea4e89910377668fd8c84f 6340392e7cc244169c2c302ebf3aa645 - - default default] Unable to schedule network edd4a6d1-d025-487f-b51f-867bbb0bdfd1: no agents available; will retry on subsequent port and subnet creation events.
2026-07-01 02:02:28.826 9 INFO neutron.db.ovn_revision_numbers_db [None req-ebc82f2a-7990-483e-8f46-89e1fb76e099 db0d62f4f0ea4e89910377668fd8c84f 6340392e7cc244169c2c302ebf3aa645 - - default default] Successfully bumped revision number for resource 9b34e573-0dcd-46c1-a3f4-c5130fc6d21a (type: ports) to 1
2026-07-01 02:02:28.860 9 INFO neutron.wsgi [None req-ebc82f2a-7990-483e-8f46-89e1fb76e099 db0d62f4f0ea4e89910377668fd8c84f 6340392e7cc244169c2c302ebf3aa645 - - default default] 10.0.0.198 "POST /v2.0/ports HTTP/1.1" status: 201 len: 1337 time: 0.8925591
2026-07-01 02:02:28.989 9 INFO neutron.services.segments.plugin [-] Segment 45b41a77-2057-43fc-8dc0-59fc9a5f8a48 resource provider aggregate not found
2026-07-01 02:02:28.995 9 INFO neutron.services.segments.plugin [-] Segment 45b41a77-2057-43fc-8dc0-59fc9a5f8a48 resource provider aggregate not found
2026-07-01 02:02:29.020 9 INFO neutron.services.segments.plugin [-] Segment 45b41a77-2057-43fc-8dc0-59fc9a5f8a48 resource provider not found; error: Placement Client Error (4xx): {"errors": [{"status": 404, "title": "Not Found", "detail": "The resource could not be found.\n\n No resource provider with uuid 45b41a77-2057-43fc-8dc0-59fc9a5f8a48 found for delete ", "request_id": "req-8cf20762-a24a-4cd3-9de9-a169c4da020d"}]}
2026-07-01 02:02:29.051 9 INFO neutron.wsgi [None req-330d80f0-68ff-42d9-866b-61b38e1e35b4 1003728cf5bc4294a1b4dc0669de9083 8fb8faec9ac644caa41117de77abff4c - - default default] 10.0.0.240 "DELETE /v2.0/networks/8246b192-6fd0-423b-b9e6-d3ff3fcdb6b9 HTTP/1.1" status: 204 len: 168 time: 0.4862804
2026-07-01 02:02:29.063 9 INFO neutron.services.segments.plugin [-] Segment 45b41a77-2057-43fc-8dc0-59fc9a5f8a48 resource provider not found; error: Placement Client Error (4xx): {"errors": [{"status": 404, "title": "Not Found", "detail": "The resource could not be found.\n\n No resource provider with uuid 45b41a77-2057-43fc-8dc0-59fc9a5f8a48 found for delete ", "request_id": "req-dcd5cad7-07cb-45e8-bf85-a687251b6cd5"}]} /var/lib/openstack/lib/python3.10/site-packages/pycadf/identifier.py:71: UserWarning: Invalid uuid: neutron. To ensure interoperability, identifiers should be a valid uuid. warnings.warn(('Invalid uuid: %s. To ensure interoperability, '
2026-07-01 02:02:29.851 9 INFO neutron.db.ovn_revision_numbers_db [None req-eda4c92c-2a70-45e4-bcd2-0d3ec5a1e1d1 db0d62f4f0ea4e89910377668fd8c84f 6340392e7cc244169c2c302ebf3aa645 - - default default] Successfully bumped revision number for resource 476d55e8-57f8-434d-9c13-d2b0833c32c9 (type: security_groups) to 1
2026-07-01 02:02:29.866 9 INFO neutron.db.ovn_revision_numbers_db [None req-eda4c92c-2a70-45e4-bcd2-0d3ec5a1e1d1 db0d62f4f0ea4e89910377668fd8c84f 6340392e7cc244169c2c302ebf3aa645 - - default default] Successfully bumped revision number for resource 06c96895-d320-40ad-8380-4e2096c69308 (type: security_group_rules) to 0
2026-07-01 02:02:29.880 9 INFO neutron.db.ovn_revision_numbers_db [None req-eda4c92c-2a70-45e4-bcd2-0d3ec5a1e1d1 db0d62f4f0ea4e89910377668fd8c84f 6340392e7cc244169c2c302ebf3aa645 - - default default] Successfully bumped revision number for resource 6f6ebac4-52da-4fca-b4e4-311da4a65afd (type: security_group_rules) to 0
2026-07-01 02:02:29.895 9 INFO neutron.db.ovn_revision_numbers_db [None req-eda4c92c-2a70-45e4-bcd2-0d3ec5a1e1d1 db0d62f4f0ea4e89910377668fd8c84f 6340392e7cc244169c2c302ebf3aa645 - - default default] Successfully bumped revision number for resource 88f2970d-4212-451c-b979-de8400a4071e (type: security_group_rules) to 0
2026-07-01 02:02:29.911 9 INFO neutron.db.ovn_revision_numbers_db [None req-eda4c92c-2a70-45e4-bcd2-0d3ec5a1e1d1 db0d62f4f0ea4e89910377668fd8c84f 6340392e7cc244169c2c302ebf3aa645 - - default default] Successfully bumped revision number for resource fe31e6cb-e34d-454a-bd8a-c62648ff1a4b (type: security_group_rules) to 0
2026-07-01 02:02:29.932 9 INFO neutron.wsgi [None req-eda4c92c-2a70-45e4-bcd2-0d3ec5a1e1d1 db0d62f4f0ea4e89910377668fd8c84f 6340392e7cc244169c2c302ebf3aa645 - - default default] 10.0.0.240 "GET /v2.0/security-groups?tenant_id=8894fd3eeeca4d7a9a27c68155baac89&name=default HTTP/1.1" status: 200 len: 3000 time: 0.2844505
2026-07-01 02:02:30.126 9 INFO neutron.wsgi [None req-b02b579a-8b3f-402f-bd84-591dc3013617 db0d62f4f0ea4e89910377668fd8c84f 6340392e7cc244169c2c302ebf3aa645 - - default default] 10.0.0.240 "DELETE /v2.0/security-groups/476d55e8-57f8-434d-9c13-d2b0833c32c9 HTTP/1.1" status: 204 len: 168 time: 0.1892252
2026-07-01 02:02:30.246 9 INFO neutron.wsgi [None req-fcab6087-e808-48f9-85c5-7bbf5b4ad5f5 db0d62f4f0ea4e89910377668fd8c84f 6340392e7cc244169c2c302ebf3aa645 - - default default] 10.0.0.240 "GET /v2.0/security-groups?tenant_id=8fb8faec9ac644caa41117de77abff4c&name=default HTTP/1.1" status: 200 len: 3000 time: 0.0369787
2026-07-01 02:02:30.453 9 INFO neutron.wsgi [None req-75573c71-aef5-4ab7-9d35-1c1b1806c091 db0d62f4f0ea4e89910377668fd8c84f 6340392e7cc244169c2c302ebf3aa645 - - default default] 10.0.0.240 "DELETE /v2.0/security-groups/c5396cc9-fdc4-4385-a022-551f08444276 HTTP/1.1" status: 204 len: 168 time: 0.2039413
2026-07-01 02:02:31.381 10 INFO neutron.wsgi [None req-2f5b3046-05f1-4bbb-8407-1f79ef122069 db0d62f4f0ea4e89910377668fd8c84f 6340392e7cc244169c2c302ebf3aa645 - - default default] 199.204.45.109 "GET /v2.0/extensions/security-group HTTP/1.1" status: 200 len: 369 time: 0.1882880
2026-07-01 02:02:31.393 10 INFO neutron.wsgi [None req-7d194554-7790-4698-9a22-d0d5978416d2 db0d62f4f0ea4e89910377668fd8c84f 6340392e7cc244169c2c302ebf3aa645 - - default default] 199.204.45.109 "GET /v2.0/extensions/dns-integration HTTP/1.1" status: 200 len: 371 time: 0.0061274
2026-07-01 02:02:31.406 10 INFO neutron.wsgi [None req-63ca9fcc-abfa-49dd-a931-9de7ccbdb04b db0d62f4f0ea4e89910377668fd8c84f 6340392e7cc244169c2c302ebf3aa645 - - default default] 199.204.45.109 "GET /v2.0/extensions/qos HTTP/1.1" status: 200 len: 365 time: 0.0082364
2026-07-01 02:02:31.415 10 INFO neutron.wsgi [None req-1fd4635e-c461-467a-b3f4-e20348b1c7a0 db0d62f4f0ea4e89910377668fd8c84f 6340392e7cc244169c2c302ebf3aa645 - - default default] 199.204.45.109 "GET /v2.0/extensions/allowed-address-pairs HTTP/1.1" status: 200 len: 383 time: 0.0050607
2026-07-01 02:02:31.451 10 INFO neutron.wsgi [None req-6954ed9e-be1c-4126-b1bd-4fc523b7c895 db0d62f4f0ea4e89910377668fd8c84f 6340392e7cc244169c2c302ebf3aa645 - - default default] 199.204.45.109 "GET /v2.0/ports/9b34e573-0dcd-46c1-a3f4-c5130fc6d21a HTTP/1.1" status: 200 len: 1332 time: 0.0299170
2026-07-01 02:02:31.798 10 INFO neutron.wsgi [None req-5392a894-e98a-4282-bfd8-e8858b08af60 db0d62f4f0ea4e89910377668fd8c84f 6340392e7cc244169c2c302ebf3aa645 - - default default] 199.204.45.109 "GET /v2.0/extensions/security-group HTTP/1.1" status: 200 len: 369 time: 0.0075347
2026-07-01 02:02:31.807 10 INFO neutron.wsgi [None req-827b30e3-bfed-4a0d-8ce1-84b7b0aa9144 db0d62f4f0ea4e89910377668fd8c84f 6340392e7cc244169c2c302ebf3aa645 - - default default] 199.204.45.109 "GET /v2.0/extensions/dns-integration HTTP/1.1" status: 200 len: 371 time: 0.0044529
2026-07-01 02:02:31.815 10 INFO neutron.wsgi [None req-835cde05-6b5e-4a52-b835-9ef76a6d0ec3 db0d62f4f0ea4e89910377668fd8c84f 6340392e7cc244169c2c302ebf3aa645 - - default default] 199.204.45.109 "GET /v2.0/extensions/qos HTTP/1.1" status: 200 len: 365 time: 0.0038722
2026-07-01 02:02:31.823 10 INFO neutron.wsgi [None req-7c955e73-43e0-4ad3-9d62-4148f19070b0 db0d62f4f0ea4e89910377668fd8c84f 6340392e7cc244169c2c302ebf3aa645 - - default default] 199.204.45.109 "GET /v2.0/extensions/allowed-address-pairs HTTP/1.1" status: 200 len: 383 time: 0.0039318
2026-07-01 02:02:31.838 10 INFO neutron.api.v2.resource [None req-f593a4b3-80b2-4def-917d-6a09d23ff89f db0d62f4f0ea4e89910377668fd8c84f 6340392e7cc244169c2c302ebf3aa645 - - default default] show failed (client error): The resource could not be found.
2026-07-01 02:02:31.839 10 INFO neutron.wsgi [None req-f593a4b3-80b2-4def-917d-6a09d23ff89f db0d62f4f0ea4e89910377668fd8c84f 6340392e7cc244169c2c302ebf3aa645 - - default default] 199.204.45.109 "GET /v2.0/security-groups/lb-3a8d7474-6661-4b0b-91ef-fab530ff53b6 HTTP/1.1" status: 404 len: 355 time: 0.0102422
2026-07-01 02:02:31.867 10 INFO neutron.wsgi [None req-00943c2d-cccd-4be1-9f23-90325f63953d db0d62f4f0ea4e89910377668fd8c84f 6340392e7cc244169c2c302ebf3aa645 - - default default] 199.204.45.109 "GET /v2.0/security-groups?name=lb-3a8d7474-6661-4b0b-91ef-fab530ff53b6 HTTP/1.1" status: 200 len: 221 time: 0.0262907
2026-07-01 02:02:31.997 10 INFO neutron.db.ovn_revision_numbers_db [None req-8b7ba467-5097-4048-a327-325e29c8d8b9 db0d62f4f0ea4e89910377668fd8c84f 6340392e7cc244169c2c302ebf3aa645 - - default default] Successfully bumped revision number for resource 5d9f45af-13a2-4731-8e4f-299a1107e606 (type: security_groups) to 1
2026-07-01 02:02:32.010 10 INFO neutron.db.ovn_revision_numbers_db [None req-8b7ba467-5097-4048-a327-325e29c8d8b9 db0d62f4f0ea4e89910377668fd8c84f 6340392e7cc244169c2c302ebf3aa645 - - default default] Successfully bumped revision number for resource 3acdefc7-ad01-481d-be77-955f24fece3a (type: security_group_rules) to 0
2026-07-01 02:02:32.023 10 INFO neutron.db.ovn_revision_numbers_db [None req-8b7ba467-5097-4048-a327-325e29c8d8b9 db0d62f4f0ea4e89910377668fd8c84f 6340392e7cc244169c2c302ebf3aa645 - - default default] Successfully bumped revision number for resource a080b69f-0302-4f49-be94-a8151053059b (type: security_group_rules) to 0
2026-07-01 02:02:32.043 10 INFO neutron.wsgi [None req-8b7ba467-5097-4048-a327-325e29c8d8b9 db0d62f4f0ea4e89910377668fd8c84f 6340392e7cc244169c2c302ebf3aa645 - - default default] 199.204.45.109 "POST /v2.0/security-groups HTTP/1.1" status: 201 len: 1779 time: 0.1706760
2026-07-01 02:02:32.079 10 INFO neutron.wsgi [None req-a3c1f4ee-7ab3-43a8-91f2-1ddd79988624 db0d62f4f0ea4e89910377668fd8c84f 6340392e7cc244169c2c302ebf3aa645 - - default default] 199.204.45.109 "GET /v2.0/security-group-rules?security_group_id=5d9f45af-13a2-4731-8e4f-299a1107e606 HTTP/1.1" status: 200 len: 1318 time: 0.0298367
2026-07-01 02:02:32.458 10 INFO neutron.db.ovn_revision_numbers_db [None req-25628c9f-0fdf-4cf2-bf2c-fe3501201610 db0d62f4f0ea4e89910377668fd8c84f 6340392e7cc244169c2c302ebf3aa645 - - default default] Successfully bumped revision number for resource 9b34e573-0dcd-46c1-a3f4-c5130fc6d21a (type: ports) to 2
2026-07-01 02:02:32.469 10 INFO neutron.wsgi [None req-25628c9f-0fdf-4cf2-bf2c-fe3501201610 db0d62f4f0ea4e89910377668fd8c84f 6340392e7cc244169c2c302ebf3aa645 - - default default] 199.204.45.109 "PUT /v2.0/ports/9b34e573-0dcd-46c1-a3f4-c5130fc6d21a HTTP/1.1" status: 200 len: 1332 time: 0.3792753 /var/lib/openstack/lib/python3.10/site-packages/pycadf/identifier.py:71: UserWarning: Invalid uuid: neutron. To ensure interoperability, identifiers should be a valid uuid. warnings.warn(('Invalid uuid: %s. To ensure interoperability, '
2026-07-01 02:02:32.539 10 INFO neutron.wsgi [None req-54705eb6-82fe-4a18-a9f3-575c5d217db3 db0d62f4f0ea4e89910377668fd8c84f 6340392e7cc244169c2c302ebf3aa645 - - default default] 199.204.45.109 "GET /v2.0/extensions/security-group HTTP/1.1" status: 200 len: 369 time: 0.0089145
2026-07-01 02:02:32.551 10 INFO neutron.wsgi [None req-8a2daa1a-12db-47f6-812a-3a28e083d96d db0d62f4f0ea4e89910377668fd8c84f 6340392e7cc244169c2c302ebf3aa645 - - default default] 199.204.45.109 "GET /v2.0/extensions/dns-integration HTTP/1.1" status: 200 len: 371 time: 0.0063062
2026-07-01 02:02:32.558 10 INFO neutron.wsgi [None req-7c950442-4d70-4f05-afa0-dc65170818fb db0d62f4f0ea4e89910377668fd8c84f 6340392e7cc244169c2c302ebf3aa645 - - default default] 199.204.45.109 "GET /v2.0/extensions/qos HTTP/1.1" status: 200 len: 365 time: 0.0042615
2026-07-01 02:02:32.566 10 INFO neutron.wsgi [None req-404d142a-e067-44c2-925c-a37b7b923018 db0d62f4f0ea4e89910377668fd8c84f 6340392e7cc244169c2c302ebf3aa645 - - default default] 199.204.45.109 "GET /v2.0/extensions/allowed-address-pairs HTTP/1.1" status: 200 len: 383 time: 0.0041301
2026-07-01 02:02:32.605 10 INFO neutron.wsgi [None req-ffad9c42-ec3c-4a86-9602-68abd4cad0f5 db0d62f4f0ea4e89910377668fd8c84f 6340392e7cc244169c2c302ebf3aa645 - - default default] 199.204.45.109 "GET /v2.0/subnets/a4bf6ff1-c62f-419a-a5d4-7fcfd4c6c283 HTTP/1.1" status: 200 len: 851 time: 0.0344436
2026-07-01 02:02:39.978 10 INFO neutron.wsgi [req-64638ca9-9ca9-4c07-9b65-66f8820881c2 req-0edfd992-6202-4112-aec7-7c35c3645b8c db0d62f4f0ea4e89910377668fd8c84f 6340392e7cc244169c2c302ebf3aa645 - - default default] 10.0.0.34 "GET /v2.0/security-groups?id=f1c3bf29-bda9-4975-b269-8834f6934f20&fields=id HTTP/1.1" status: 200 len: 267 time: 0.0393653
2026-07-01 02:02:40.039 10 INFO neutron.wsgi [req-64638ca9-9ca9-4c07-9b65-66f8820881c2 req-7e3e5038-b687-497e-98f0-11504cf9443c db0d62f4f0ea4e89910377668fd8c84f 6340392e7cc244169c2c302ebf3aa645 - - default default] 10.0.0.34 "GET /v2.0/networks?id=e1e6c6da-e597-44ec-bbfd-325626b21d19 HTTP/1.1" status: 200 len: 937 time: 0.0538635
2026-07-01 02:02:40.055 10 INFO neutron.wsgi [req-64638ca9-9ca9-4c07-9b65-66f8820881c2 req-58e8887e-3d3f-40d4-9fa1-67f296444dbd db0d62f4f0ea4e89910377668fd8c84f 6340392e7cc244169c2c302ebf3aa645 - - default default] 10.0.0.34 "GET /v2.0/quotas/6340392e7cc244169c2c302ebf3aa645 HTTP/1.1" status: 200 len: 385 time: 0.0084949
2026-07-01 02:02:40.115 10 INFO neutron.wsgi [req-64638ca9-9ca9-4c07-9b65-66f8820881c2 req-a4f1a2c5-8a0d-4278-b9a7-ef962a320dfd db0d62f4f0ea4e89910377668fd8c84f 6340392e7cc244169c2c302ebf3aa645 - - default default] 10.0.0.34 "GET /v2.0/ports?tenant_id=6340392e7cc244169c2c302ebf3aa645&fields=id HTTP/1.1" status: 200 len: 348 time: 0.0509555
2026-07-01 02:02:40.187 10 INFO neutron.wsgi [req-64638ca9-9ca9-4c07-9b65-66f8820881c2 req-32941e4d-f193-45c4-97c3-1ee5412649b1 da75f5ee220e408fa32f83ef5b1bbfab 329dfaf3a96b46f7b8a09571de8d9f51 - - b0811726392a4530b89972dbf1b46816 b0811726392a4530b89972dbf1b46816] 10.0.0.34 "GET /v2.0/networks/e1e6c6da-e597-44ec-bbfd-325626b21d19?fields=segments HTTP/1.1" status: 200 len: 212 time: 0.0597339
2026-07-01 02:02:40.259 10 INFO neutron.wsgi [req-64638ca9-9ca9-4c07-9b65-66f8820881c2 req-8f6d05c1-2e08-47d0-90a8-53ebebbe8df4 da75f5ee220e408fa32f83ef5b1bbfab 329dfaf3a96b46f7b8a09571de8d9f51 - - b0811726392a4530b89972dbf1b46816 b0811726392a4530b89972dbf1b46816] 10.0.0.34 "GET /v2.0/networks/e1e6c6da-e597-44ec-bbfd-325626b21d19?fields=provider%3Aphysical_network&fields=provider%3Anetwork_type HTTP/1.1" status: 200 len: 277 time: 0.0642319
2026-07-01 02:02:40.782 9 INFO neutron.wsgi [req-1896502b-8bcf-4ea4-948a-db8198ad941d req-e3aaff80-e0aa-4f3b-92cb-e5dc33d56800 db0d62f4f0ea4e89910377668fd8c84f 6340392e7cc244169c2c302ebf3aa645 - - default default] 10.0.0.34 "GET /v2.0/ports?device_id=3c48f870-1432-4169-a3cf-151673f95b1c HTTP/1.1" status: 200 len: 210 time: 0.0258992
2026-07-01 02:02:40.850 10 INFO neutron.wsgi [req-5249f08d-7d06-4137-88ce-a7cdb97895a3 req-bb5a9c8c-5a0d-484d-b304-e5516e93cc09 db0d62f4f0ea4e89910377668fd8c84f 6340392e7cc244169c2c302ebf3aa645 - - default default] 10.0.0.34 "GET /v2.0/ports?device_id=3c48f870-1432-4169-a3cf-151673f95b1c HTTP/1.1" status: 200 len: 210 time: 0.0219469
2026-07-01 02:02:41.577 9 INFO neutron.wsgi [-] 10.0.0.133 "GET / HTTP/1.1" status: 200 len: 246 time: 0.0011714
2026-07-01 02:02:41.578 10 INFO neutron.wsgi [-] 10.0.0.133 "GET / HTTP/1.1" status: 200 len: 246 time: 0.0019765
2026-07-01 02:02:41.602 9 INFO neutron.wsgi [req-64638ca9-9ca9-4c07-9b65-66f8820881c2 req-d534257d-515b-4a39-9a77-5cbb3812953f db0d62f4f0ea4e89910377668fd8c84f 6340392e7cc244169c2c302ebf3aa645 - - default default] 199.204.45.109 "GET /v2.0/networks?id=e1e6c6da-e597-44ec-bbfd-325626b21d19 HTTP/1.1" status: 200 len: 937 time: 0.0726120
2026-07-01 02:02:41.673 9 INFO neutron.wsgi [req-64638ca9-9ca9-4c07-9b65-66f8820881c2 req-cc847dcb-e1c3-4ff2-8a89-96dd2c9e10bd db0d62f4f0ea4e89910377668fd8c84f 6340392e7cc244169c2c302ebf3aa645 - - default default] 199.204.45.109 "GET /v2.0/security-groups?fields=id&fields=name&tenant_id=6340392e7cc244169c2c302ebf3aa645 HTTP/1.1" status: 200 len: 542 time: 0.0537417
2026-07-01 02:02:41.941 9 WARNING neutron.scheduler.dhcp_agent_scheduler [req-64638ca9-9ca9-4c07-9b65-66f8820881c2 req-2cfa8fef-0124-4f75-82b8-d74f323b42e4 db0d62f4f0ea4e89910377668fd8c84f 6340392e7cc244169c2c302ebf3aa645 - - default default] No more DHCP agents
2026-07-01 02:02:41.945 9 WARNING neutron.api.rpc.agentnotifiers.dhcp_rpc_agent_api [req-64638ca9-9ca9-4c07-9b65-66f8820881c2 req-2cfa8fef-0124-4f75-82b8-d74f323b42e4 db0d62f4f0ea4e89910377668fd8c84f 6340392e7cc244169c2c302ebf3aa645 - - default default] Unable to schedule network e1e6c6da-e597-44ec-bbfd-325626b21d19: no agents available; will retry on subsequent port and subnet creation events.
2026-07-01 02:02:42.121 9 INFO neutron.db.ovn_revision_numbers_db [req-64638ca9-9ca9-4c07-9b65-66f8820881c2 req-2cfa8fef-0124-4f75-82b8-d74f323b42e4 db0d62f4f0ea4e89910377668fd8c84f 6340392e7cc244169c2c302ebf3aa645 - - default default] Successfully bumped revision number for resource 0d047e4c-786a-4aa8-a8a7-f5397c280a9f (type: ports) to 1
2026-07-01 02:02:42.142 9 INFO neutron.wsgi [req-64638ca9-9ca9-4c07-9b65-66f8820881c2 req-2cfa8fef-0124-4f75-82b8-d74f323b42e4 db0d62f4f0ea4e89910377668fd8c84f 6340392e7cc244169c2c302ebf3aa645 - - default default] 199.204.45.109 "POST /v2.0/ports HTTP/1.1" status: 201 len: 1287 time: 0.4618077 /var/lib/openstack/lib/python3.10/site-packages/pycadf/identifier.py:71: UserWarning: Invalid uuid: neutron. To ensure interoperability, identifiers should be a valid uuid. warnings.warn(('Invalid uuid: %s. To ensure interoperability, '
2026-07-01 02:02:42.577 9 INFO neutron.db.ovn_revision_numbers_db [req-64638ca9-9ca9-4c07-9b65-66f8820881c2 req-2264fdb8-fefb-45f4-a88c-cdf8a8d44ac4 da75f5ee220e408fa32f83ef5b1bbfab 329dfaf3a96b46f7b8a09571de8d9f51 - - b0811726392a4530b89972dbf1b46816 b0811726392a4530b89972dbf1b46816] Successfully bumped revision number for resource 0d047e4c-786a-4aa8-a8a7-f5397c280a9f (type: ports) to 2
2026-07-01 02:02:42.773 9 INFO neutron.db.ovn_revision_numbers_db [req-64638ca9-9ca9-4c07-9b65-66f8820881c2 req-2264fdb8-fefb-45f4-a88c-cdf8a8d44ac4 da75f5ee220e408fa32f83ef5b1bbfab 329dfaf3a96b46f7b8a09571de8d9f51 - - b0811726392a4530b89972dbf1b46816 b0811726392a4530b89972dbf1b46816] Successfully bumped revision number for resource 0d047e4c-786a-4aa8-a8a7-f5397c280a9f (type: ports) to 2
2026-07-01 02:02:42.791 9 INFO neutron.wsgi [req-64638ca9-9ca9-4c07-9b65-66f8820881c2 req-2264fdb8-fefb-45f4-a88c-cdf8a8d44ac4 da75f5ee220e408fa32f83ef5b1bbfab 329dfaf3a96b46f7b8a09571de8d9f51 - - b0811726392a4530b89972dbf1b46816 b0811726392a4530b89972dbf1b46816] 199.204.45.109 "PUT /v2.0/ports/0d047e4c-786a-4aa8-a8a7-f5397c280a9f HTTP/1.1" status: 200 len: 1384 time: 0.6445327 /var/lib/openstack/lib/python3.10/site-packages/pycadf/identifier.py:71: UserWarning: Invalid uuid: neutron. To ensure interoperability, identifiers should be a valid uuid. warnings.warn(('Invalid uuid: %s. To ensure interoperability, '
2026-07-01 02:02:42.835 9 INFO neutron.notifiers.nova [-] Nova event matching ['req-1eee73c1-503d-4f11-8ff3-2a762efb4209'] response: {'name': 'network-changed', 'server_uuid': '3c48f870-1432-4169-a3cf-151673f95b1c', 'tag': '0d047e4c-786a-4aa8-a8a7-f5397c280a9f', 'status': 'completed', 'code': 200}
2026-07-01 02:02:42.875 9 INFO neutron.wsgi [req-64638ca9-9ca9-4c07-9b65-66f8820881c2 req-75b75ada-3069-4947-8e28-e3711e22f370 da75f5ee220e408fa32f83ef5b1bbfab 329dfaf3a96b46f7b8a09571de8d9f51 - - b0811726392a4530b89972dbf1b46816 b0811726392a4530b89972dbf1b46816] 199.204.45.109 "GET /v2.0/ports?tenant_id=6340392e7cc244169c2c302ebf3aa645&device_id=3c48f870-1432-4169-a3cf-151673f95b1c HTTP/1.1" status: 200 len: 1415 time: 0.0503798
2026-07-01 02:02:42.904 9 INFO neutron.wsgi [req-64638ca9-9ca9-4c07-9b65-66f8820881c2 req-78e0a991-3366-4550-b873-f80d0479a586 da75f5ee220e408fa32f83ef5b1bbfab 329dfaf3a96b46f7b8a09571de8d9f51 - - b0811726392a4530b89972dbf1b46816 b0811726392a4530b89972dbf1b46816] 199.204.45.109 "GET /v2.0/floatingips?fixed_ip_address=172.24.2.141&port_id=0d047e4c-786a-4aa8-a8a7-f5397c280a9f HTTP/1.1" status: 200 len: 217 time: 0.0220220
2026-07-01 02:02:42.947 9 INFO neutron.wsgi [req-64638ca9-9ca9-4c07-9b65-66f8820881c2 req-cbb46829-8c85-40de-9725-5d5f7c3e0bc8 da75f5ee220e408fa32f83ef5b1bbfab 329dfaf3a96b46f7b8a09571de8d9f51 - - b0811726392a4530b89972dbf1b46816 b0811726392a4530b89972dbf1b46816] 199.204.45.109 "GET /v2.0/subnets?id=0011a067-2fac-4ab3-b5bc-08ed977b9935 HTTP/1.1" status: 200 len: 829 time: 0.0369451
2026-07-01 02:02:42.976 9 INFO neutron.wsgi [req-64638ca9-9ca9-4c07-9b65-66f8820881c2 req-9b583dde-d2f9-4668-87ea-604f58e77862 da75f5ee220e408fa32f83ef5b1bbfab 329dfaf3a96b46f7b8a09571de8d9f51 - - b0811726392a4530b89972dbf1b46816 b0811726392a4530b89972dbf1b46816] 199.204.45.109 "GET /v2.0/ports?network_id=e1e6c6da-e597-44ec-bbfd-325626b21d19&device_owner=network%3Adhcp HTTP/1.1" status: 200 len: 210 time: 0.0218625
2026-07-01 02:02:43.068 9 INFO neutron.wsgi [req-64638ca9-9ca9-4c07-9b65-66f8820881c2 req-a24d54f0-3324-47eb-9379-0a44a4e6ed18 da75f5ee220e408fa32f83ef5b1bbfab 329dfaf3a96b46f7b8a09571de8d9f51 - - b0811726392a4530b89972dbf1b46816 b0811726392a4530b89972dbf1b46816] 199.204.45.109 "GET /v2.0/networks/e1e6c6da-e597-44ec-bbfd-325626b21d19?fields=segments HTTP/1.1" status: 200 len: 212 time: 0.0857751
2026-07-01 02:02:43.142 9 INFO neutron.wsgi [req-64638ca9-9ca9-4c07-9b65-66f8820881c2 req-89dbbb7c-41ce-4120-98e7-13eb30cbb037 da75f5ee220e408fa32f83ef5b1bbfab 329dfaf3a96b46f7b8a09571de8d9f51 - - b0811726392a4530b89972dbf1b46816 b0811726392a4530b89972dbf1b46816] 199.204.45.109 "GET /v2.0/networks/e1e6c6da-e597-44ec-bbfd-325626b21d19?fields=provider%3Aphysical_network&fields=provider%3Anetwork_type HTTP/1.1" status: 200 len: 277 time: 0.0670300
2026-07-01 02:02:43.226 9 INFO neutron.wsgi [req-8588308f-4c35-4bcc-99ee-46777501e0cd req-68343840-8b65-4321-9f81-27db06f6d2bd da75f5ee220e408fa32f83ef5b1bbfab 329dfaf3a96b46f7b8a09571de8d9f51 - - b0811726392a4530b89972dbf1b46816 b0811726392a4530b89972dbf1b46816] 199.204.45.109 "GET /v2.0/ports?tenant_id=6340392e7cc244169c2c302ebf3aa645&device_id=3c48f870-1432-4169-a3cf-151673f95b1c HTTP/1.1" status: 200 len: 1415 time: 0.0362217
2026-07-01 02:02:43.319 9 INFO neutron.wsgi [req-8588308f-4c35-4bcc-99ee-46777501e0cd req-db5b5479-3c53-4bc9-af63-c86fca51b18b da75f5ee220e408fa32f83ef5b1bbfab 329dfaf3a96b46f7b8a09571de8d9f51 - - b0811726392a4530b89972dbf1b46816 b0811726392a4530b89972dbf1b46816] 199.204.45.109 "GET /v2.0/networks?id=e1e6c6da-e597-44ec-bbfd-325626b21d19 HTTP/1.1" status: 200 len: 937 time: 0.0849528
2026-07-01 02:02:43.367 9 INFO neutron.wsgi [req-8588308f-4c35-4bcc-99ee-46777501e0cd req-db501876-225a-4e1b-b798-dcaf4cb0f51c da75f5ee220e408fa32f83ef5b1bbfab 329dfaf3a96b46f7b8a09571de8d9f51 - - b0811726392a4530b89972dbf1b46816 b0811726392a4530b89972dbf1b46816] 199.204.45.109 "GET /v2.0/floatingips?fixed_ip_address=172.24.2.141&port_id=0d047e4c-786a-4aa8-a8a7-f5397c280a9f HTTP/1.1" status: 200 len: 217 time: 0.0313897
2026-07-01 02:02:43.379 10 INFO neutron.wsgi [req-ee9d79c6-246d-4804-847f-191748b5eff4 req-e06aaebe-1652-400f-a2f0-a3d6378b7bcd da75f5ee220e408fa32f83ef5b1bbfab 329dfaf3a96b46f7b8a09571de8d9f51 - - b0811726392a4530b89972dbf1b46816 b0811726392a4530b89972dbf1b46816] 199.204.45.109 "GET /v2.0/ports?device_id=3c48f870-1432-4169-a3cf-151673f95b1c HTTP/1.1" status: 200 len: 1415 time: 0.0431015
2026-07-01 02:02:43.419 10 INFO neutron.wsgi [req-ee9d79c6-246d-4804-847f-191748b5eff4 req-64560460-10fd-4246-adae-2dcbdded24ee da75f5ee220e408fa32f83ef5b1bbfab 329dfaf3a96b46f7b8a09571de8d9f51 - - b0811726392a4530b89972dbf1b46816 b0811726392a4530b89972dbf1b46816] 199.204.45.109 "GET /v2.0/security-groups?id=f1c3bf29-bda9-4975-b269-8834f6934f20&fields=id&fields=name HTTP/1.1" status: 200 len: 294 time: 0.0357866
2026-07-01 02:02:43.419 9 INFO neutron.wsgi [req-8588308f-4c35-4bcc-99ee-46777501e0cd req-d23dd93c-5f24-499a-a3cc-df0175cb64ff da75f5ee220e408fa32f83ef5b1bbfab 329dfaf3a96b46f7b8a09571de8d9f51 - - b0811726392a4530b89972dbf1b46816 b0811726392a4530b89972dbf1b46816] 199.204.45.109 "GET /v2.0/subnets?id=0011a067-2fac-4ab3-b5bc-08ed977b9935 HTTP/1.1" status: 200 len: 829 time: 0.0462046
2026-07-01 02:02:43.486 9 INFO neutron.wsgi [req-8588308f-4c35-4bcc-99ee-46777501e0cd req-8f66b170-c5cb-416b-a376-82a4f7ef4a88 da75f5ee220e408fa32f83ef5b1bbfab 329dfaf3a96b46f7b8a09571de8d9f51 - - b0811726392a4530b89972dbf1b46816 b0811726392a4530b89972dbf1b46816] 199.204.45.109 "GET /v2.0/ports?network_id=e1e6c6da-e597-44ec-bbfd-325626b21d19&device_owner=network%3Adhcp HTTP/1.1" status: 200 len: 210 time: 0.0324264
2026-07-01 02:02:43.547 10 INFO neutron.plugins.ml2.drivers.ovn.mech_driver.mech_driver [None req-12efca80-85e1-4cd3-9fde-19274a80a8e8 - - - - - -] OVN reports status up for port: 0d047e4c-786a-4aa8-a8a7-f5397c280a9f
2026-07-01 02:02:43.563 10 INFO neutron.plugins.ml2.plugin [None req-12efca80-85e1-4cd3-9fde-19274a80a8e8 - - - - - -] Attempt 1 to provision port 0d047e4c-786a-4aa8-a8a7-f5397c280a9f
2026-07-01 02:02:43.567 9 INFO neutron.wsgi [req-8588308f-4c35-4bcc-99ee-46777501e0cd req-7dd06748-cf5d-4b9e-b939-3324f2a7f715 da75f5ee220e408fa32f83ef5b1bbfab 329dfaf3a96b46f7b8a09571de8d9f51 - - b0811726392a4530b89972dbf1b46816 b0811726392a4530b89972dbf1b46816] 199.204.45.109 "GET /v2.0/networks/e1e6c6da-e597-44ec-bbfd-325626b21d19?fields=segments HTTP/1.1" status: 200 len: 212 time: 0.0739708
2026-07-01 02:02:43.633 9 INFO neutron.wsgi [req-8588308f-4c35-4bcc-99ee-46777501e0cd req-3aa54a85-271a-4319-810d-6cc34ed3ea88 da75f5ee220e408fa32f83ef5b1bbfab 329dfaf3a96b46f7b8a09571de8d9f51 - - b0811726392a4530b89972dbf1b46816 b0811726392a4530b89972dbf1b46816] 199.204.45.109 "GET /v2.0/networks/e1e6c6da-e597-44ec-bbfd-325626b21d19?fields=provider%3Aphysical_network&fields=provider%3Anetwork_type HTTP/1.1" status: 200 len: 277 time: 0.0581973
2026-07-01 02:02:43.678 10 INFO neutron.notifiers.nova [-] Nova event matching ['req-d20a4b4e-87b8-4238-9937-c41b3056aacd'] response: {'server_uuid': '3c48f870-1432-4169-a3cf-151673f95b1c', 'name': 'network-vif-plugged', 'status': 'completed', 'tag': '0d047e4c-786a-4aa8-a8a7-f5397c280a9f', 'code': 200}
2026-07-01 02:02:43.845 10 INFO neutron.wsgi [req-0ea99104-896a-4537-9cc6-ed47cd4adc92 req-8caefb3d-826a-47ca-bc48-d8000ae58050 db0d62f4f0ea4e89910377668fd8c84f 6340392e7cc244169c2c302ebf3aa645 - - default default] 10.0.0.34 "GET /v2.0/ports?device_id=3c48f870-1432-4169-a3cf-151673f95b1c HTTP/1.1" status: 200 len: 1417 time: 0.0985420
2026-07-01 02:02:43.894 10 INFO neutron.db.ovn_revision_numbers_db [None req-12efca80-85e1-4cd3-9fde-19274a80a8e8 - - - - - -] Successfully bumped revision number for resource 0d047e4c-786a-4aa8-a8a7-f5397c280a9f (type: ports) to 4
2026-07-01 02:02:43.898 10 INFO neutron.wsgi [req-0ea99104-896a-4537-9cc6-ed47cd4adc92 req-4dc354d5-aa35-4a55-af2a-e15dee6ebefe db0d62f4f0ea4e89910377668fd8c84f 6340392e7cc244169c2c302ebf3aa645 - - default default] 10.0.0.34 "GET /v2.0/security-groups?id=f1c3bf29-bda9-4975-b269-8834f6934f20&fields=id&fields=name HTTP/1.1" status: 200 len: 294 time: 0.0439889
2026-07-01 02:02:44.032 9 INFO neutron.wsgi [req-195a849c-ec0e-4339-9413-fd165b99924e req-14e9fc1d-bfac-433b-b6af-930006b9170b db0d62f4f0ea4e89910377668fd8c84f 6340392e7cc244169c2c302ebf3aa645 - - default default] 10.0.0.34 "GET /v2.0/ports?device_id=3c48f870-1432-4169-a3cf-151673f95b1c HTTP/1.1" status: 200 len: 1417 time: 0.0781574
2026-07-01 02:02:45.720 10 INFO neutron.notifiers.nova [-] Nova event matching ['req-e47b8157-dc61-43d6-ae4d-46b96bd9f0ab'] response: {'server_uuid': '3c48f870-1432-4169-a3cf-151673f95b1c', 'name': 'network-vif-plugged', 'status': 'completed', 'tag': '0d047e4c-786a-4aa8-a8a7-f5397c280a9f', 'code': 200} /var/lib/openstack/lib/python3.10/site-packages/pycadf/identifier.py:71: UserWarning: Invalid uuid: neutron. To ensure interoperability, identifiers should be a valid uuid. warnings.warn(('Invalid uuid: %s. To ensure interoperability, '
2026-07-01 02:02:46.809 10 INFO neutron.wsgi [req-068cb0f2-557a-4c25-a3d9-d1d10e3633f5 req-5131698d-c491-4973-9e31-f85cb512aee6 db0d62f4f0ea4e89910377668fd8c84f 6340392e7cc244169c2c302ebf3aa645 - - default default] 10.0.0.34 "GET /v2.0/ports?device_id=3c48f870-1432-4169-a3cf-151673f95b1c HTTP/1.1" status: 200 len: 1417 time: 0.0429153
2026-07-01 02:02:46.852 10 INFO neutron.wsgi [req-068cb0f2-557a-4c25-a3d9-d1d10e3633f5 req-c66164ff-2801-44d3-a53f-967f74478bca db0d62f4f0ea4e89910377668fd8c84f 6340392e7cc244169c2c302ebf3aa645 - - default default] 10.0.0.34 "GET /v2.0/security-groups?id=f1c3bf29-bda9-4975-b269-8834f6934f20&fields=id&fields=name HTTP/1.1" status: 200 len: 294 time: 0.0353029
2026-07-01 02:02:46.937 9 INFO neutron.wsgi [req-51232f1e-6cca-4c8f-a0a3-6e96a4027e8d req-323d3afd-7c6e-407f-949f-1102f1bf2bdb db0d62f4f0ea4e89910377668fd8c84f 6340392e7cc244169c2c302ebf3aa645 - - default default] 10.0.0.34 "GET /v2.0/ports?device_id=3c48f870-1432-4169-a3cf-151673f95b1c HTTP/1.1" status: 200 len: 1417 time: 0.0341470
2026-07-01 02:02:51.824 10 INFO neutron.wsgi [None req-381e5cf2-a533-4155-8e51-7fbe7405c629 db0d62f4f0ea4e89910377668fd8c84f 6340392e7cc244169c2c302ebf3aa645 - - default default] 10.0.0.3 "GET /v2.0/network-ip-availabilities HTTP/1.1" status: 200 len: 3362 time: 0.0766909
2026-07-01 02:02:51.895 10 INFO neutron.wsgi [None req-5fbc0c29-4d96-40c7-8bf0-aa13cd3043e0 db0d62f4f0ea4e89910377668fd8c84f 6340392e7cc244169c2c302ebf3aa645 - - default default] 10.0.0.3 "GET /v2.0/floatingips HTTP/1.1" status: 200 len: 1879 time: 0.0697644
2026-07-01 02:02:51.954 10 INFO neutron.wsgi [None req-239b333c-01b3-4b38-a959-dea14c335312 db0d62f4f0ea4e89910377668fd8c84f 6340392e7cc244169c2c302ebf3aa645 - - default default] 10.0.0.3 "GET /v2.0/subnets HTTP/1.1" status: 200 len: 5496 time: 0.0574811
2026-07-01 02:02:51.965 10 INFO neutron.wsgi [None req-fddb7782-1584-4929-b9af-9b369d4a7c6f db0d62f4f0ea4e89910377668fd8c84f 6340392e7cc244169c2c302ebf3aa645 - - default default] 10.0.0.3 "GET /v2.0/subnetpools HTTP/1.1" status: 200 len: 193 time: 0.0092368
2026-07-01 02:02:52.354 10 INFO neutron.wsgi [None req-90fa04e7-de70-4468-8528-b79f1564e2ee db0d62f4f0ea4e89910377668fd8c84f 6340392e7cc244169c2c302ebf3aa645 - - default default] 10.0.0.3 "GET /v2.0/routers HTTP/1.1" status: 200 len: 850 time: 0.3884761
2026-07-01 02:02:52.368 10 INFO neutron.wsgi [None req-dec7820a-50e5-45b5-b597-4988ccc4345c db0d62f4f0ea4e89910377668fd8c84f 6340392e7cc244169c2c302ebf3aa645 - - default default] 10.0.0.3 "GET /v2.0/agents?binary=ovn-controller HTTP/1.1" status: 200 len: 591 time: 0.0132394
2026-07-01 02:02:52.434 10 INFO neutron.wsgi [None req-27d9f892-527a-4a84-8e1a-f8f17a1ad333 db0d62f4f0ea4e89910377668fd8c84f 6340392e7cc244169c2c302ebf3aa645 - - default default] 10.0.0.3 "GET /v2.0/security-groups HTTP/1.1" status: 200 len: 29079 time: 0.0648894
