2026-07-01 02:00:54.330 9 INFO neutron.services.segments.plugin [-] Segment 881a5b4e-feff-42b1-ace9-b90a9f3a4c37 resource provider not found; error: Placement Client Error (4xx): {"errors": [{"status": 404, "title": "Not Found", "detail": "The resource could not be found.\n\n No resource provider with uuid 881a5b4e-feff-42b1-ace9-b90a9f3a4c37 found for delete ", "request_id": "req-b954dd6f-83c8-42ad-bd4d-29495c2faaac"}]}
2026-07-01 02:00:54.357 9 INFO neutron.wsgi [None req-a9192697-d1d8-4129-b26f-ebb1b909fd3a 60a9ca001a824849a2738dbdd5093449 2e30991b571949deb434d60381ce5702 - - default default] 10.0.0.240 "DELETE /v2.0/networks/d0bc8c88-6809-45d3-b78a-a58fa2751c9e HTTP/1.1" status: 204 len: 168 time: 0.3895464
2026-07-01 02:00:54.790 9 WARNING neutron_lib.context [None req-f7b9e487-bddb-4f41-8844-b28e6edc9541 da051862eca44de0a1b0eb13383dc3dc f1b2bc5648f3441ab09edbac4b74a978 - - default default] Method 'is_advsvc' is deprecated since 2023.2 release (neutron-lib 3.8.0) and will be removed once support for the old RBAC API policies will be removed from Neutron. Please use method 'is_service_role' instead.
2026-07-01 02:00:54.904 9 INFO neutron.db.ovn_revision_numbers_db [None req-f7b9e487-bddb-4f41-8844-b28e6edc9541 da051862eca44de0a1b0eb13383dc3dc f1b2bc5648f3441ab09edbac4b74a978 - - default default] Successfully bumped revision number for resource 07fe1e1e-c164-4c6e-bcfc-1ec59a350aa5 (type: security_groups) to 1
2026-07-01 02:00:54.920 9 INFO neutron.db.ovn_revision_numbers_db [None req-f7b9e487-bddb-4f41-8844-b28e6edc9541 da051862eca44de0a1b0eb13383dc3dc f1b2bc5648f3441ab09edbac4b74a978 - - default default] Successfully bumped revision number for resource 151be66e-8f5e-437d-b590-ae2adbe1c1c9 (type: security_group_rules) to 0
2026-07-01 02:00:54.933 9 INFO neutron.db.ovn_revision_numbers_db [None req-f7b9e487-bddb-4f41-8844-b28e6edc9541 da051862eca44de0a1b0eb13383dc3dc f1b2bc5648f3441ab09edbac4b74a978 - - default default] Successfully bumped revision number for resource b70d986e-d076-4250-830b-6586000bf5fb (type: security_group_rules) to 0
2026-07-01 02:00:54.953 9 INFO neutron.wsgi [None req-f7b9e487-bddb-4f41-8844-b28e6edc9541 da051862eca44de0a1b0eb13383dc3dc f1b2bc5648f3441ab09edbac4b74a978 - - default default] 10.0.0.240 "POST /v2.0/security-groups HTTP/1.1" status: 201 len: 1797 time: 0.1687667
2026-07-01 02:00:54.960 9 WARNING neutron_lib.context [None req-6cf1e219-c3b6-46d7-ad1a-4931a3ce9eb7 da051862eca44de0a1b0eb13383dc3dc f1b2bc5648f3441ab09edbac4b74a978 - - default default] Method 'is_advsvc' is deprecated since 2023.2 release (neutron-lib 3.8.0) and will be removed once support for the old RBAC API policies will be removed from Neutron. Please use method 'is_service_role' instead.
2026-07-01 02:00:55.082 9 INFO neutron.db.ovn_revision_numbers_db [None req-6cf1e219-c3b6-46d7-ad1a-4931a3ce9eb7 da051862eca44de0a1b0eb13383dc3dc f1b2bc5648f3441ab09edbac4b74a978 - - default default] Successfully bumped revision number for resource b80a77f8-5420-4a25-91d1-bcde17515169 (type: security_group_rules) to 0
2026-07-01 02:00:55.107 9 INFO neutron.wsgi [None req-6cf1e219-c3b6-46d7-ad1a-4931a3ce9eb7 da051862eca44de0a1b0eb13383dc3dc f1b2bc5648f3441ab09edbac4b74a978 - - default default] 10.0.0.240 "POST /v2.0/security-group-rules HTTP/1.1" status: 201 len: 764 time: 0.1499641
2026-07-01 02:00:55.117 9 WARNING neutron_lib.context [None req-1540512f-3f5e-4d2c-a671-e45652033e4d da051862eca44de0a1b0eb13383dc3dc f1b2bc5648f3441ab09edbac4b74a978 - - default default] Method 'is_advsvc' is deprecated since 2023.2 release (neutron-lib 3.8.0) and will be removed once support for the old RBAC API policies will be removed from Neutron. Please use method 'is_service_role' instead.
2026-07-01 02:00:55.218 9 INFO neutron.db.ovn_revision_numbers_db [None req-1540512f-3f5e-4d2c-a671-e45652033e4d da051862eca44de0a1b0eb13383dc3dc f1b2bc5648f3441ab09edbac4b74a978 - - default default] Successfully bumped revision number for resource 95379032-ae38-4540-a9dc-62305d4324d8 (type: security_group_rules) to 0
2026-07-01 02:00:55.242 9 INFO neutron.wsgi [None req-1540512f-3f5e-4d2c-a671-e45652033e4d da051862eca44de0a1b0eb13383dc3dc f1b2bc5648f3441ab09edbac4b74a978 - - default default] 10.0.0.240 "POST /v2.0/security-group-rules HTTP/1.1" status: 201 len: 769 time: 0.1299644
2026-07-01 02:00:55.255 9 WARNING neutron_lib.context [None req-1499de56-ab60-4dca-81e3-219e21e521b3 da051862eca44de0a1b0eb13383dc3dc f1b2bc5648f3441ab09edbac4b74a978 - - default default] Method 'is_advsvc' is deprecated since 2023.2 release (neutron-lib 3.8.0) and will be removed once support for the old RBAC API policies will be removed from Neutron. Please use method 'is_service_role' instead.
2026-07-01 02:00:55.312 10 INFO neutron.db.ovn_revision_numbers_db [None req-4b61260c-34fc-45e3-8093-280fe3126ec0 db0d62f4f0ea4e89910377668fd8c84f 6340392e7cc244169c2c302ebf3aa645 - - default default] Successfully bumped revision number for resource 81b99dff-77fb-4be5-a9d7-f59be2e5f90c (type: security_groups) to 1
2026-07-01 02:00:55.325 10 INFO neutron.db.ovn_revision_numbers_db [None req-4b61260c-34fc-45e3-8093-280fe3126ec0 db0d62f4f0ea4e89910377668fd8c84f 6340392e7cc244169c2c302ebf3aa645 - - default default] Successfully bumped revision number for resource 07caf992-8dac-44c0-87fb-a174c8bb07e0 (type: security_group_rules) to 0
2026-07-01 02:00:55.347 10 INFO neutron.db.ovn_revision_numbers_db [None req-4b61260c-34fc-45e3-8093-280fe3126ec0 db0d62f4f0ea4e89910377668fd8c84f 6340392e7cc244169c2c302ebf3aa645 - - default default] Successfully bumped revision number for resource 12386524-76cf-4a58-80e7-e1a726091892 (type: security_group_rules) to 0
2026-07-01 02:00:55.367 10 INFO neutron.db.ovn_revision_numbers_db [None req-4b61260c-34fc-45e3-8093-280fe3126ec0 db0d62f4f0ea4e89910377668fd8c84f 6340392e7cc244169c2c302ebf3aa645 - - default default] Successfully bumped revision number for resource 7026e45b-3298-4f0c-9cd7-2bf6241b3c9f (type: security_group_rules) to 0
2026-07-01 02:00:55.383 10 INFO neutron.db.ovn_revision_numbers_db [None req-4b61260c-34fc-45e3-8093-280fe3126ec0 db0d62f4f0ea4e89910377668fd8c84f 6340392e7cc244169c2c302ebf3aa645 - - default default] Successfully bumped revision number for resource d939c96d-e53a-493b-97d9-2d01e5da1ad3 (type: security_group_rules) to 0
2026-07-01 02:00:55.424 10 INFO neutron.wsgi [None req-4b61260c-34fc-45e3-8093-280fe3126ec0 db0d62f4f0ea4e89910377668fd8c84f 6340392e7cc244169c2c302ebf3aa645 - - default default] 10.0.0.240 "GET /v2.0/security-groups?tenant_id=78ca6b427a944fbaa93a8fdab0acb9dc&name=default HTTP/1.1" status: 200 len: 2996 time: 0.3622973
2026-07-01 02:00:55.496 10 WARNING neutron_lib.context [None req-a40ed479-75b7-423a-9622-7ed93e6b3902 5575cd7f06944e228429e2cfbe742050 815086434dc0430e829139b6cf50cd1f - - default default] Method 'is_advsvc' is deprecated since 2023.2 release (neutron-lib 3.8.0) and will be removed once support for the old RBAC API policies will be removed from Neutron. Please use method 'is_service_role' instead.
2026-07-01 02:00:55.538 9 WARNING neutron.scheduler.dhcp_agent_scheduler [None req-1499de56-ab60-4dca-81e3-219e21e521b3 da051862eca44de0a1b0eb13383dc3dc f1b2bc5648f3441ab09edbac4b74a978 - - default default] No more DHCP agents
2026-07-01 02:00:55.541 9 WARNING neutron.api.rpc.agentnotifiers.dhcp_rpc_agent_api [None req-1499de56-ab60-4dca-81e3-219e21e521b3 da051862eca44de0a1b0eb13383dc3dc f1b2bc5648f3441ab09edbac4b74a978 - - default default] Unable to schedule network 86b4aabe-90ef-4b51-a0f6-c64cafb0c650: no agents available; will retry on subsequent port and subnet creation events.
2026-07-01 02:00:55.632 10 INFO neutron.db.ovn_revision_numbers_db [None req-a40ed479-75b7-423a-9622-7ed93e6b3902 5575cd7f06944e228429e2cfbe742050 815086434dc0430e829139b6cf50cd1f - - default default] Successfully bumped revision number for resource 0d84d058-56da-4269-a3c4-26b2d7dacb5d (type: security_groups) to 1
2026-07-01 02:00:55.649 10 INFO neutron.wsgi [None req-5a2b61d5-b09e-4cd3-b35e-6108d8336e38 db0d62f4f0ea4e89910377668fd8c84f 6340392e7cc244169c2c302ebf3aa645 - - default default] 10.0.0.240 "DELETE /v2.0/security-groups/81b99dff-77fb-4be5-a9d7-f59be2e5f90c HTTP/1.1" status: 204 len: 168 time: 0.2203188
2026-07-01 02:00:55.655 10 INFO neutron.db.ovn_revision_numbers_db [None req-a40ed479-75b7-423a-9622-7ed93e6b3902 5575cd7f06944e228429e2cfbe742050 815086434dc0430e829139b6cf50cd1f - - default default] Successfully bumped revision number for resource 97f7183d-471a-4f87-9e60-1f9753c06c9d (type: security_group_rules) to 0
2026-07-01 02:00:55.668 10 INFO neutron.db.ovn_revision_numbers_db [None req-a40ed479-75b7-423a-9622-7ed93e6b3902 5575cd7f06944e228429e2cfbe742050 815086434dc0430e829139b6cf50cd1f - - default default] Successfully bumped revision number for resource 9f5637ee-fe9d-4d73-b28d-9f382cea2f5d (type: security_group_rules) to 0
2026-07-01 02:00:55.682 10 INFO neutron.db.ovn_revision_numbers_db [None req-a40ed479-75b7-423a-9622-7ed93e6b3902 5575cd7f06944e228429e2cfbe742050 815086434dc0430e829139b6cf50cd1f - - default default] Successfully bumped revision number for resource cb7260ab-7938-4743-8ea9-0e4b61072f39 (type: security_group_rules) to 0
2026-07-01 02:00:55.698 10 INFO neutron.db.ovn_revision_numbers_db [None req-a40ed479-75b7-423a-9622-7ed93e6b3902 5575cd7f06944e228429e2cfbe742050 815086434dc0430e829139b6cf50cd1f - - default default] Successfully bumped revision number for resource d591e927-aba9-4089-9f1e-181f1809cfaa (type: security_group_rules) to 0
2026-07-01 02:00:55.741 10 INFO neutron.db.segments_db [None req-a40ed479-75b7-423a-9622-7ed93e6b3902 5575cd7f06944e228429e2cfbe742050 815086434dc0430e829139b6cf50cd1f - - default default] Added segment 5682de43-a159-46b8-8ccf-6c493e8fde38 of type geneve for network 963cddaf-d784-417e-a0e6-0156acb6532b
2026-07-01 02:00:55.788 9 INFO neutron.wsgi [None req-5a89c0c2-12bf-47b7-9aad-dcd3d8436563 db0d62f4f0ea4e89910377668fd8c84f 6340392e7cc244169c2c302ebf3aa645 - - default default] 10.0.0.240 "GET /v2.0/security-groups?tenant_id=2e30991b571949deb434d60381ce5702&name=default HTTP/1.1" status: 200 len: 2996 time: 0.0505066
2026-07-01 02:00:55.846 9 INFO neutron.db.ovn_revision_numbers_db [None req-1499de56-ab60-4dca-81e3-219e21e521b3 da051862eca44de0a1b0eb13383dc3dc f1b2bc5648f3441ab09edbac4b74a978 - - default default] Successfully bumped revision number for resource 2b05ff40-dbfd-4be8-b44c-38c6263e8644 (type: floatingips) to 0
2026-07-01 02:00:55.859 9 INFO neutron.wsgi [None req-1499de56-ab60-4dca-81e3-219e21e521b3 da051862eca44de0a1b0eb13383dc3dc f1b2bc5648f3441ab09edbac4b74a978 - - default default] 10.0.0.240 "POST /v2.0/floatingips HTTP/1.1" status: 201 len: 751 time: 0.6094677
2026-07-01 02:00:55.881 10 INFO neutron.db.ovn_revision_numbers_db [None req-a40ed479-75b7-423a-9622-7ed93e6b3902 5575cd7f06944e228429e2cfbe742050 815086434dc0430e829139b6cf50cd1f - - default default] Successfully bumped revision number for resource 963cddaf-d784-417e-a0e6-0156acb6532b (type: networks) to 1
2026-07-01 02:00:55.971 9 INFO neutron.wsgi [req-d946e09c-5f80-41a7-8597-52e332a5a5e0 req-9f345a89-1b27-40bd-8f64-9c823bbcb9bd da051862eca44de0a1b0eb13383dc3dc f1b2bc5648f3441ab09edbac4b74a978 - - default default] 10.0.0.34 "GET /v2.0/security-groups?name=tempest-secgroup-smoke-1564411224&fields=id&tenant_id=f1b2bc5648f3441ab09edbac4b74a978 HTTP/1.1" status: 200 len: 267 time: 0.0416346
2026-07-01 02:00:56.015 9 INFO neutron.wsgi [req-d946e09c-5f80-41a7-8597-52e332a5a5e0 req-1683f6a6-bebc-4096-86f5-04219e68afcb da051862eca44de0a1b0eb13383dc3dc f1b2bc5648f3441ab09edbac4b74a978 - - default default] 10.0.0.34 "GET /v2.0/security-groups?name=tempest-securitygroup--2107259921&fields=id&tenant_id=f1b2bc5648f3441ab09edbac4b74a978 HTTP/1.1" status: 200 len: 267 time: 0.0376015
2026-07-01 02:00:56.059 10 WARNING neutron.scheduler.dhcp_agent_scheduler [None req-a40ed479-75b7-423a-9622-7ed93e6b3902 5575cd7f06944e228429e2cfbe742050 815086434dc0430e829139b6cf50cd1f - - default default] No more DHCP agents
2026-07-01 02:00:56.062 10 WARNING neutron.api.rpc.agentnotifiers.dhcp_rpc_agent_api [None req-a40ed479-75b7-423a-9622-7ed93e6b3902 5575cd7f06944e228429e2cfbe742050 815086434dc0430e829139b6cf50cd1f - - default default] Unable to schedule network 963cddaf-d784-417e-a0e6-0156acb6532b: no agents available; will retry on subsequent port and subnet creation events.
2026-07-01 02:00:56.088 10 INFO neutron.wsgi [None req-b37dc874-b4a0-4444-92f6-fb71dcc7c1aa db0d62f4f0ea4e89910377668fd8c84f 6340392e7cc244169c2c302ebf3aa645 - - default default] 10.0.0.240 "DELETE /v2.0/security-groups/4414b45b-74ea-468b-b8b3-d25de776b7c9 HTTP/1.1" status: 204 len: 168 time: 0.2934623
2026-07-01 02:00:56.105 9 INFO neutron.wsgi [req-d946e09c-5f80-41a7-8597-52e332a5a5e0 req-0d1b2c79-f5da-428d-bd17-c866ed11a9c9 da051862eca44de0a1b0eb13383dc3dc f1b2bc5648f3441ab09edbac4b74a978 - - default default] 10.0.0.34 "GET /v2.0/networks?id=ebe888c5-7ed9-4448-abb1-0aaae9029608 HTTP/1.1" status: 200 len: 872 time: 0.0831480
2026-07-01 02:00:56.127 9 INFO neutron.wsgi [req-d946e09c-5f80-41a7-8597-52e332a5a5e0 req-cff7b4cc-afff-484b-bd79-135223f00edb da051862eca44de0a1b0eb13383dc3dc f1b2bc5648f3441ab09edbac4b74a978 - - default default] 10.0.0.34 "GET /v2.0/quotas/f1b2bc5648f3441ab09edbac4b74a978 HTTP/1.1" status: 200 len: 386 time: 0.0125039
2026-07-01 02:00:56.144 10 INFO neutron.db.ovn_revision_numbers_db [None req-a40ed479-75b7-423a-9622-7ed93e6b3902 5575cd7f06944e228429e2cfbe742050 815086434dc0430e829139b6cf50cd1f - - default default] Successfully bumped revision number for resource 0baabd71-bddc-497d-ba2a-f12f07ae5af5 (type: ports) to 1
2026-07-01 02:00:56.164 10 INFO neutron.wsgi [None req-a40ed479-75b7-423a-9622-7ed93e6b3902 5575cd7f06944e228429e2cfbe742050 815086434dc0430e829139b6cf50cd1f - - default default] 10.0.0.240 "POST /v2.0/networks HTTP/1.1" status: 201 len: 831 time: 0.7577808
2026-07-01 02:00:56.175 10 WARNING neutron_lib.context [None req-6d66d7bc-8108-4cfd-b86e-9cce632cf741 5575cd7f06944e228429e2cfbe742050 815086434dc0430e829139b6cf50cd1f - - default default] Method 'is_advsvc' is deprecated since 2023.2 release (neutron-lib 3.8.0) and will be removed once support for the old RBAC API policies will be removed from Neutron. Please use method 'is_service_role' instead.
2026-07-01 02:00:56.228 9 INFO neutron.wsgi [req-d946e09c-5f80-41a7-8597-52e332a5a5e0 req-c66a3aa0-5bd6-44c9-9623-3ec575b9991c da051862eca44de0a1b0eb13383dc3dc f1b2bc5648f3441ab09edbac4b74a978 - - default default] 10.0.0.34 "GET /v2.0/ports?tenant_id=f1b2bc5648f3441ab09edbac4b74a978&fields=id HTTP/1.1" status: 200 len: 302 time: 0.0918958
2026-07-01 02:00:56.305 9 INFO neutron.wsgi [req-d946e09c-5f80-41a7-8597-52e332a5a5e0 req-ae62b5f5-81d0-4bdf-8919-276ab68d958c da75f5ee220e408fa32f83ef5b1bbfab 329dfaf3a96b46f7b8a09571de8d9f51 - - b0811726392a4530b89972dbf1b46816 b0811726392a4530b89972dbf1b46816] 10.0.0.34 "GET /v2.0/networks/ebe888c5-7ed9-4448-abb1-0aaae9029608?fields=segments HTTP/1.1" status: 200 len: 212 time: 0.0638268
2026-07-01 02:00:56.387 9 INFO neutron.wsgi [req-d946e09c-5f80-41a7-8597-52e332a5a5e0 req-d7242cf6-6ca3-402a-b207-5135cf45dcf2 da75f5ee220e408fa32f83ef5b1bbfab 329dfaf3a96b46f7b8a09571de8d9f51 - - b0811726392a4530b89972dbf1b46816 b0811726392a4530b89972dbf1b46816] 10.0.0.34 "GET /v2.0/networks/ebe888c5-7ed9-4448-abb1-0aaae9029608?fields=provider%3Aphysical_network&fields=provider%3Anetwork_type HTTP/1.1" status: 200 len: 277 time: 0.0675545
2026-07-01 02:00:56.568 10 INFO neutron.wsgi [req-3b075551-e33d-489c-92fd-b63add9f1be4 req-ef91538c-8c6b-4043-af55-cd62c74f3b99 da051862eca44de0a1b0eb13383dc3dc f1b2bc5648f3441ab09edbac4b74a978 - - default default] 10.0.0.34 "GET /v2.0/ports?device_id=a0194c95-069d-44d0-a27b-91e80b3625a1 HTTP/1.1" status: 200 len: 210 time: 0.0222795
2026-07-01 02:00:56.577 10 INFO neutron.wsgi [-] 10.0.0.133 "GET / HTTP/1.1" status: 200 len: 246 time: 0.0010149
2026-07-01 02:00:56.579 9 INFO neutron.wsgi [-] 10.0.0.133 "GET / HTTP/1.1" status: 200 len: 246 time: 0.0023193
2026-07-01 02:00:56.674 10 WARNING neutron.scheduler.dhcp_agent_scheduler [None req-6d66d7bc-8108-4cfd-b86e-9cce632cf741 5575cd7f06944e228429e2cfbe742050 815086434dc0430e829139b6cf50cd1f - - default default] No more DHCP agents
2026-07-01 02:00:56.676 10 WARNING neutron.api.rpc.agentnotifiers.dhcp_rpc_agent_api [None req-6d66d7bc-8108-4cfd-b86e-9cce632cf741 5575cd7f06944e228429e2cfbe742050 815086434dc0430e829139b6cf50cd1f - - default default] Unable to schedule network 86b4aabe-90ef-4b51-a0f6-c64cafb0c650: no agents available; will retry on subsequent port and subnet creation events.
2026-07-01 02:00:56.852 10 INFO neutron.db.ovn_revision_numbers_db [None req-6d66d7bc-8108-4cfd-b86e-9cce632cf741 5575cd7f06944e228429e2cfbe742050 815086434dc0430e829139b6cf50cd1f - - default default] Successfully bumped revision number for resource d7904ec4-3f9a-471c-943e-25dcd626addb (type: ports) to 1
2026-07-01 02:00:57.284 9 INFO neutron.wsgi [req-d946e09c-5f80-41a7-8597-52e332a5a5e0 req-334f51d3-1c36-4f48-8f4d-6079982e8455 da051862eca44de0a1b0eb13383dc3dc f1b2bc5648f3441ab09edbac4b74a978 - - default default] 199.204.45.109 "GET /v2.0/networks?id=ebe888c5-7ed9-4448-abb1-0aaae9029608 HTTP/1.1" status: 200 len: 872 time: 0.0603023
2026-07-01 02:00:57.350 9 INFO neutron.wsgi [req-d946e09c-5f80-41a7-8597-52e332a5a5e0 req-dd1c343c-bde9-48bb-8eef-8830aa244e48 da051862eca44de0a1b0eb13383dc3dc f1b2bc5648f3441ab09edbac4b74a978 - - default default] 199.204.45.109 "GET /v2.0/security-groups?fields=id&fields=name&tenant_id=f1b2bc5648f3441ab09edbac4b74a978 HTTP/1.1" status: 200 len: 473 time: 0.0598948
2026-07-01 02:00:57.358 9 WARNING neutron_lib.context [req-d946e09c-5f80-41a7-8597-52e332a5a5e0 req-534a39da-e485-46c5-bc5f-b600c2568a1b da051862eca44de0a1b0eb13383dc3dc f1b2bc5648f3441ab09edbac4b74a978 - - default default] Method 'is_advsvc' is deprecated since 2023.2 release (neutron-lib 3.8.0) and will be removed once support for the old RBAC API policies will be removed from Neutron. Please use method 'is_service_role' instead.
2026-07-01 02:00:57.667 9 INFO neutron.wsgi [req-2524a645-2393-4063-80b4-d4264d18bea5 req-f10afb58-b3fc-418b-8b0a-a734b8982358 da051862eca44de0a1b0eb13383dc3dc f1b2bc5648f3441ab09edbac4b74a978 - - default default] 10.0.0.34 "GET /v2.0/ports?device_id=a0194c95-069d-44d0-a27b-91e80b3625a1 HTTP/1.1" status: 200 len: 210 time: 0.0256836
2026-07-01 02:00:57.737 9 WARNING neutron.scheduler.dhcp_agent_scheduler [req-d946e09c-5f80-41a7-8597-52e332a5a5e0 req-534a39da-e485-46c5-bc5f-b600c2568a1b da051862eca44de0a1b0eb13383dc3dc f1b2bc5648f3441ab09edbac4b74a978 - - default default] No more DHCP agents
2026-07-01 02:00:57.753 9 WARNING neutron.api.rpc.agentnotifiers.dhcp_rpc_agent_api [req-d946e09c-5f80-41a7-8597-52e332a5a5e0 req-534a39da-e485-46c5-bc5f-b600c2568a1b da051862eca44de0a1b0eb13383dc3dc f1b2bc5648f3441ab09edbac4b74a978 - - default default] Unable to schedule network ebe888c5-7ed9-4448-abb1-0aaae9029608: no agents available; will retry on subsequent port and subnet creation events.
2026-07-01 02:00:57.780 9 INFO neutron.plugins.ml2.drivers.ovn.mech_driver.ovsdb.ovsdb_monitor [None req-559da54b-b356-4d0c-9904-a77be8e68fef - - - - - -] Router d5f21644-ebd1-46e8-aa19-edecdcc298c3 is bound to host instance
2026-07-01 02:00:57.804 10 INFO neutron.db.ovn_revision_numbers_db [None req-6d66d7bc-8108-4cfd-b86e-9cce632cf741 5575cd7f06944e228429e2cfbe742050 815086434dc0430e829139b6cf50cd1f - - default default] Successfully bumped revision number for resource d7904ec4-3f9a-471c-943e-25dcd626addb (type: router_ports) to 1
2026-07-01 02:00:57.808 9 WARNING neutron.plugins.ml2.drivers.ovn.mech_driver.ovsdb.ovn_client [None req-893e819e-c923-4dec-b005-82e98c725972 - - - - - -] No hosting information found for port 29713828-9223-4e9e-b75a-56c76d641245: RuntimeError: No hosting information found for port 29713828-9223-4e9e-b75a-56c76d641245
2026-07-01 02:00:57.809 9 INFO neutron.plugins.ml2.drivers.ovn.mech_driver.mech_driver [None req-893e819e-c923-4dec-b005-82e98c725972 - - - - - -] OVN reports status up for port: d7904ec4-3f9a-471c-943e-25dcd626addb
2026-07-01 02:00:57.832 9 INFO neutron.plugins.ml2.plugin [None req-893e819e-c923-4dec-b005-82e98c725972 - - - - - -] Attempt 1 to provision port d7904ec4-3f9a-471c-943e-25dcd626addb
2026-07-01 02:00:57.878 10 INFO neutron.db.ovn_revision_numbers_db [None req-6d66d7bc-8108-4cfd-b86e-9cce632cf741 5575cd7f06944e228429e2cfbe742050 815086434dc0430e829139b6cf50cd1f - - default default] Successfully bumped revision number for resource d5f21644-ebd1-46e8-aa19-edecdcc298c3 (type: routers) to 2
2026-07-01 02:00:57.897 10 INFO neutron.wsgi [None req-6d66d7bc-8108-4cfd-b86e-9cce632cf741 5575cd7f06944e228429e2cfbe742050 815086434dc0430e829139b6cf50cd1f - - default default] 10.0.0.240 "POST /v2.0/routers HTTP/1.1" status: 201 len: 875 time: 1.7265787
2026-07-01 02:00:58.157 10 INFO neutron.wsgi [None req-986be02c-0da1-4a01-9d0d-5039c609a073 ff6d1309ee4545c28e5ec3450a777ac0 8a51556cbb124dbaaf8f1df21da0fbb5 - - default default] 10.0.0.240 "GET /v2.0/subnets?project_id=815086434dc0430e829139b6cf50cd1f&cidr=10.100.0.0%2F28 HTTP/1.1" status: 200 len: 207 time: 0.2468061
2026-07-01 02:00:58.291 10 INFO neutron.wsgi [None req-792f7b82-dd12-4484-bf52-1400e12a6a9a ff6d1309ee4545c28e5ec3450a777ac0 8a51556cbb124dbaaf8f1df21da0fbb5 - - default default] 10.0.0.240 "GET /v2.0/networks?router%3Aexternal=True HTTP/1.1" status: 200 len: 947 time: 0.1259201
2026-07-01 02:00:58.317 9 INFO neutron.db.ovn_revision_numbers_db [req-d946e09c-5f80-41a7-8597-52e332a5a5e0 req-534a39da-e485-46c5-bc5f-b600c2568a1b da051862eca44de0a1b0eb13383dc3dc f1b2bc5648f3441ab09edbac4b74a978 - - default default] Successfully bumped revision number for resource 226461ed-f770-458a-8901-be5064194955 (type: ports) to 1
2026-07-01 02:00:58.322 10 INFO neutron.wsgi [None req-b0c6087f-79ab-4364-96e3-8407fd9c760a ff6d1309ee4545c28e5ec3450a777ac0 8a51556cbb124dbaaf8f1df21da0fbb5 - - default default] 10.0.0.240 "GET /v2.0/subnets?network_id=86b4aabe-90ef-4b51-a0f6-c64cafb0c650&cidr=10.100.0.0%2F28 HTTP/1.1" status: 200 len: 207 time: 0.0237055
2026-07-01 02:00:58.335 10 WARNING neutron_lib.context [None req-c6005e1b-0d02-48bf-9dce-ccfde66cf9b4 5575cd7f06944e228429e2cfbe742050 815086434dc0430e829139b6cf50cd1f - - default default] Method 'is_advsvc' is deprecated since 2023.2 release (neutron-lib 3.8.0) and will be removed once support for the old RBAC API policies will be removed from Neutron. Please use method 'is_service_role' instead.
2026-07-01 02:00:58.366 9 INFO neutron.wsgi [req-d946e09c-5f80-41a7-8597-52e332a5a5e0 req-534a39da-e485-46c5-bc5f-b600c2568a1b da051862eca44de0a1b0eb13383dc3dc f1b2bc5648f3441ab09edbac4b74a978 - - default default] 199.204.45.109 "POST /v2.0/ports HTTP/1.1" status: 201 len: 1197 time: 1.0132489 /var/lib/openstack/lib/python3.10/site-packages/pycadf/identifier.py:71: UserWarning: Invalid uuid: neutron. To ensure interoperability, identifiers should be a valid uuid. warnings.warn(('Invalid uuid: %s. To ensure interoperability, '
2026-07-01 02:00:58.586 10 WARNING neutron.scheduler.dhcp_agent_scheduler [None req-c6005e1b-0d02-48bf-9dce-ccfde66cf9b4 5575cd7f06944e228429e2cfbe742050 815086434dc0430e829139b6cf50cd1f - - default default] No more DHCP agents
2026-07-01 02:00:58.589 10 WARNING neutron.api.rpc.agentnotifiers.dhcp_rpc_agent_api [None req-c6005e1b-0d02-48bf-9dce-ccfde66cf9b4 5575cd7f06944e228429e2cfbe742050 815086434dc0430e829139b6cf50cd1f - - default default] Unable to schedule network 963cddaf-d784-417e-a0e6-0156acb6532b: no agents available; will retry on subsequent port and subnet creation events.
2026-07-01 02:00:58.752 9 INFO neutron.db.ovn_revision_numbers_db [None req-559da54b-b356-4d0c-9904-a77be8e68fef - - - - - -] Successfully bumped revision number for resource d7904ec4-3f9a-471c-943e-25dcd626addb (type: ports) to 1
2026-07-01 02:00:58.844 10 INFO neutron.wsgi [req-b78de166-e644-4b52-83a6-3917dc9d0a94 req-23d8b5ba-c45e-4153-8db3-c5a90c3ed412 da051862eca44de0a1b0eb13383dc3dc f1b2bc5648f3441ab09edbac4b74a978 - - default default] 10.0.0.34 "GET /v2.0/ports?device_id=a0194c95-069d-44d0-a27b-91e80b3625a1 HTTP/1.1" status: 200 len: 1208 time: 0.1062598
2026-07-01 02:00:58.908 10 INFO neutron.wsgi [req-b78de166-e644-4b52-83a6-3917dc9d0a94 req-25008bfb-5362-47cd-8e6e-e7c6cf3eeaad da051862eca44de0a1b0eb13383dc3dc f1b2bc5648f3441ab09edbac4b74a978 - - default default] 10.0.0.34 "GET /v2.0/security-groups?id=07fe1e1e-c164-4c6e-bcfc-1ec59a350aa5&id=53591291-c12c-4bd4-b3c1-e107b7d86b95&fields=id&fields=name HTTP/1.1" status: 200 len: 406 time: 0.0573568
2026-07-01 02:00:58.927 9 INFO neutron.db.ovn_revision_numbers_db [req-d946e09c-5f80-41a7-8597-52e332a5a5e0 req-fee895d3-b6dc-4187-a185-563799587f48 da75f5ee220e408fa32f83ef5b1bbfab 329dfaf3a96b46f7b8a09571de8d9f51 - - b0811726392a4530b89972dbf1b46816 b0811726392a4530b89972dbf1b46816] Successfully bumped revision number for resource 226461ed-f770-458a-8901-be5064194955 (type: ports) to 2
2026-07-01 02:00:59.022 9 INFO neutron.db.ovn_revision_numbers_db [None req-559da54b-b356-4d0c-9904-a77be8e68fef - - - - - -] Successfully bumped revision number for resource d7904ec4-3f9a-471c-943e-25dcd626addb (type: router_ports) to 3
2026-07-01 02:00:59.183 10 INFO neutron.db.ovn_revision_numbers_db [None req-c6005e1b-0d02-48bf-9dce-ccfde66cf9b4 5575cd7f06944e228429e2cfbe742050 815086434dc0430e829139b6cf50cd1f - - default default] Successfully bumped revision number for resource 0baabd71-bddc-497d-ba2a-f12f07ae5af5 (type: ports) to 2
2026-07-01 02:00:59.185 9 INFO neutron.db.ovn_revision_numbers_db [req-d946e09c-5f80-41a7-8597-52e332a5a5e0 req-fee895d3-b6dc-4187-a185-563799587f48 da75f5ee220e408fa32f83ef5b1bbfab 329dfaf3a96b46f7b8a09571de8d9f51 - - b0811726392a4530b89972dbf1b46816 b0811726392a4530b89972dbf1b46816] Successfully bumped revision number for resource 226461ed-f770-458a-8901-be5064194955 (type: ports) to 2
2026-07-01 02:00:59.218 9 INFO neutron.wsgi [req-d946e09c-5f80-41a7-8597-52e332a5a5e0 req-fee895d3-b6dc-4187-a185-563799587f48 da75f5ee220e408fa32f83ef5b1bbfab 329dfaf3a96b46f7b8a09571de8d9f51 - - b0811726392a4530b89972dbf1b46816 b0811726392a4530b89972dbf1b46816] 199.204.45.109 "PUT /v2.0/ports/226461ed-f770-458a-8901-be5064194955 HTTP/1.1" status: 200 len: 1415 time: 0.8398993
2026-07-01 02:00:59.222 10 INFO neutron.db.ovn_revision_numbers_db [None req-c6005e1b-0d02-48bf-9dce-ccfde66cf9b4 5575cd7f06944e228429e2cfbe742050 815086434dc0430e829139b6cf50cd1f - - default default] Successfully bumped revision number for resource 6a1e9d20-2631-467e-bd12-2b3e51ae9ca9 (type: subnets) to 0
2026-07-01 02:00:59.243 10 INFO neutron.wsgi [None req-c6005e1b-0d02-48bf-9dce-ccfde66cf9b4 5575cd7f06944e228429e2cfbe742050 815086434dc0430e829139b6cf50cd1f - - default default] 10.0.0.240 "POST /v2.0/subnets HTTP/1.1" status: 201 len: 831 time: 0.9147015
2026-07-01 02:00:59.247 9 INFO neutron.db.ovn_revision_numbers_db [None req-559da54b-b356-4d0c-9904-a77be8e68fef - - - - - -] Successfully bumped revision number for resource d7904ec4-3f9a-471c-943e-25dcd626addb (type: ports) to 2
2026-07-01 02:00:59.258 9 INFO neutron.notifiers.nova [-] Nova event matching ['req-5daa99c7-80ce-40a2-bef6-8a2c06f2c52e'] response: {'name': 'network-changed', 'server_uuid': 'a0194c95-069d-44d0-a27b-91e80b3625a1', 'tag': '226461ed-f770-458a-8901-be5064194955', 'status': 'completed', 'code': 200} /var/lib/openstack/lib/python3.10/site-packages/pycadf/identifier.py:71: UserWarning: Invalid uuid: neutron. To ensure interoperability, identifiers should be a valid uuid. warnings.warn(('Invalid uuid: %s. To ensure interoperability, '
2026-07-01 02:00:59.337 9 INFO neutron.wsgi [req-d946e09c-5f80-41a7-8597-52e332a5a5e0 req-faa90425-77c6-4e5f-8fe5-4a956ce4a670 da75f5ee220e408fa32f83ef5b1bbfab 329dfaf3a96b46f7b8a09571de8d9f51 - - b0811726392a4530b89972dbf1b46816 b0811726392a4530b89972dbf1b46816] 199.204.45.109 "GET /v2.0/ports?tenant_id=f1b2bc5648f3441ab09edbac4b74a978&device_id=a0194c95-069d-44d0-a27b-91e80b3625a1 HTTP/1.1" status: 200 len: 1446 time: 0.0752871
2026-07-01 02:00:59.385 9 INFO neutron.wsgi [req-d946e09c-5f80-41a7-8597-52e332a5a5e0 req-1b6c8bb4-cf68-403d-b0da-3e34ed6d8458 da75f5ee220e408fa32f83ef5b1bbfab 329dfaf3a96b46f7b8a09571de8d9f51 - - b0811726392a4530b89972dbf1b46816 b0811726392a4530b89972dbf1b46816] 199.204.45.109 "GET /v2.0/floatingips?fixed_ip_address=10.100.0.7&port_id=226461ed-f770-458a-8901-be5064194955 HTTP/1.1" status: 200 len: 217 time: 0.0364130
2026-07-01 02:00:59.428 10 WARNING neutron_lib.context [None req-e5a8c010-0374-40d2-b699-59e1f218e4c8 4bbdac13ffa443f0b0ba39c331da21f7 462b90ea3975490f869d8272eecd2880 - - default default] Method 'is_advsvc' is deprecated since 2023.2 release (neutron-lib 3.8.0) and will be removed once support for the old RBAC API policies will be removed from Neutron. Please use method 'is_service_role' instead.
2026-07-01 02:00:59.445 9 INFO neutron.wsgi [req-d946e09c-5f80-41a7-8597-52e332a5a5e0 req-05df700c-c7b3-4914-863d-1b47ad9c252a da75f5ee220e408fa32f83ef5b1bbfab 329dfaf3a96b46f7b8a09571de8d9f51 - - b0811726392a4530b89972dbf1b46816 b0811726392a4530b89972dbf1b46816] 199.204.45.109 "GET /v2.0/subnets?id=ffab2028-0673-43b3-9d7e-0d407f985c7e HTTP/1.1" status: 200 len: 866 time: 0.0540156
2026-07-01 02:00:59.488 9 INFO neutron.wsgi [req-d946e09c-5f80-41a7-8597-52e332a5a5e0 req-338581bf-f96a-49c1-8e52-c9171198c109 da75f5ee220e408fa32f83ef5b1bbfab 329dfaf3a96b46f7b8a09571de8d9f51 - - b0811726392a4530b89972dbf1b46816 b0811726392a4530b89972dbf1b46816] 199.204.45.109 "GET /v2.0/ports?network_id=ebe888c5-7ed9-4448-abb1-0aaae9029608&device_owner=network%3Adhcp HTTP/1.1" status: 200 len: 210 time: 0.0345936
2026-07-01 02:00:59.575 9 INFO neutron.wsgi [req-d946e09c-5f80-41a7-8597-52e332a5a5e0 req-a3e9da04-4d64-4af0-baf7-4192d3c25330 da75f5ee220e408fa32f83ef5b1bbfab 329dfaf3a96b46f7b8a09571de8d9f51 - - b0811726392a4530b89972dbf1b46816 b0811726392a4530b89972dbf1b46816] 199.204.45.109 "GET /v2.0/networks/ebe888c5-7ed9-4448-abb1-0aaae9029608?fields=segments HTTP/1.1" status: 200 len: 212 time: 0.0773835
2026-07-01 02:00:59.612 10 INFO neutron.db.ovn_revision_numbers_db [None req-e5a8c010-0374-40d2-b699-59e1f218e4c8 4bbdac13ffa443f0b0ba39c331da21f7 462b90ea3975490f869d8272eecd2880 - - default default] Successfully bumped revision number for resource e5c716a5-7ff2-4720-bb09-d5acc943774f (type: routers) to 1
2026-07-01 02:00:59.641 10 INFO neutron.wsgi [None req-e5a8c010-0374-40d2-b699-59e1f218e4c8 4bbdac13ffa443f0b0ba39c331da21f7 462b90ea3975490f869d8272eecd2880 - - default default] 10.0.0.240 "POST /v2.0/routers HTTP/1.1" status: 201 len: 654 time: 0.4298587
2026-07-01 02:00:59.653 9 INFO neutron.wsgi [req-d946e09c-5f80-41a7-8597-52e332a5a5e0 req-c5fdd019-c12c-4e94-88d9-acdefacb4a0f da75f5ee220e408fa32f83ef5b1bbfab 329dfaf3a96b46f7b8a09571de8d9f51 - - b0811726392a4530b89972dbf1b46816 b0811726392a4530b89972dbf1b46816] 199.204.45.109 "GET /v2.0/networks/ebe888c5-7ed9-4448-abb1-0aaae9029608?fields=provider%3Aphysical_network&fields=provider%3Anetwork_type HTTP/1.1" status: 200 len: 277 time: 0.0690098
2026-07-01 02:00:59.667 9 INFO neutron.db.ovn_revision_numbers_db [None req-559da54b-b356-4d0c-9904-a77be8e68fef - - - - - -] Successfully bumped revision number for resource d7904ec4-3f9a-471c-943e-25dcd626addb (type: ports) to 4
2026-07-01 02:00:59.711 10 INFO neutron.wsgi [None req-96c2eaa3-ca7c-4014-9453-4b7ab1b4ef9a 4bbdac13ffa443f0b0ba39c331da21f7 462b90ea3975490f869d8272eecd2880 - - default default] 10.0.0.240 "PUT /v2.0/routers/e5c716a5-7ff2-4720-bb09-d5acc943774f/tags HTTP/1.1" status: 200 len: 218 time: 0.0638812
2026-07-01 02:00:59.756 9 INFO neutron.wsgi [req-ca39a7f1-ddbe-4e6d-9279-119d46b903a6 req-b51f5e91-4e8f-4d61-972e-9b7fa33f47b4 da75f5ee220e408fa32f83ef5b1bbfab 329dfaf3a96b46f7b8a09571de8d9f51 - - b0811726392a4530b89972dbf1b46816 b0811726392a4530b89972dbf1b46816] 199.204.45.109 "GET /v2.0/ports?tenant_id=f1b2bc5648f3441ab09edbac4b74a978&device_id=a0194c95-069d-44d0-a27b-91e80b3625a1 HTTP/1.1" status: 200 len: 1446 time: 0.0594010
2026-07-01 02:00:59.790 10 INFO neutron.wsgi [None req-9b2d9137-2577-41dc-a38f-6a26be99c9a8 4bbdac13ffa443f0b0ba39c331da21f7 462b90ea3975490f869d8272eecd2880 - - default default] 10.0.0.240 "GET /v2.0/routers/e5c716a5-7ff2-4720-bb09-d5acc943774f/tags HTTP/1.1" status: 200 len: 218 time: 0.0733986
2026-07-01 02:00:59.863 10 INFO neutron.wsgi [req-8b841baf-91bf-4ee9-9030-f6c547fe3d00 req-426f8a7f-4b6d-4a03-9c40-d03230c98339 da75f5ee220e408fa32f83ef5b1bbfab 329dfaf3a96b46f7b8a09571de8d9f51 - - b0811726392a4530b89972dbf1b46816 b0811726392a4530b89972dbf1b46816] 199.204.45.109 "GET /v2.0/ports?device_id=a0194c95-069d-44d0-a27b-91e80b3625a1 HTTP/1.1" status: 200 len: 1446 time: 0.0535693
2026-07-01 02:00:59.905 9 INFO neutron.wsgi [req-ca39a7f1-ddbe-4e6d-9279-119d46b903a6 req-3ef6afc6-e88f-4efb-a487-c86ac963491e da75f5ee220e408fa32f83ef5b1bbfab 329dfaf3a96b46f7b8a09571de8d9f51 - - b0811726392a4530b89972dbf1b46816 b0811726392a4530b89972dbf1b46816] 199.204.45.109 "GET /v2.0/networks?id=ebe888c5-7ed9-4448-abb1-0aaae9029608 HTTP/1.1" status: 200 len: 971 time: 0.1348543
2026-07-01 02:00:59.908 9 INFO neutron.wsgi [None req-5fc61c51-8d5d-48c1-ad2a-48cab2abc54a 4bbdac13ffa443f0b0ba39c331da21f7 462b90ea3975490f869d8272eecd2880 - - default default] 10.0.0.240 "PUT /v2.0/routers/e5c716a5-7ff2-4720-bb09-d5acc943774f/tags/green HTTP/1.1" status: 201 len: 201 time: 0.1061711
2026-07-01 02:00:59.928 10 INFO neutron.wsgi [req-8b841baf-91bf-4ee9-9030-f6c547fe3d00 req-81d577d5-5372-4707-9e46-1046a5d8a4b4 da75f5ee220e408fa32f83ef5b1bbfab 329dfaf3a96b46f7b8a09571de8d9f51 - - b0811726392a4530b89972dbf1b46816 b0811726392a4530b89972dbf1b46816] 199.204.45.109 "GET /v2.0/security-groups?id=07fe1e1e-c164-4c6e-bcfc-1ec59a350aa5&id=53591291-c12c-4bd4-b3c1-e107b7d86b95&fields=id&fields=name HTTP/1.1" status: 200 len: 406 time: 0.0584378
2026-07-01 02:00:59.936 10 WARNING neutron.scheduler.dhcp_agent_scheduler [None req-3e54919b-ac33-462e-84ce-63c48202aad2 5575cd7f06944e228429e2cfbe742050 815086434dc0430e829139b6cf50cd1f - - default default] No more DHCP agents
2026-07-01 02:00:59.937 9 INFO neutron.wsgi [req-ca39a7f1-ddbe-4e6d-9279-119d46b903a6 req-f7f9ec13-ab45-4ea4-925f-9900acd090cd da75f5ee220e408fa32f83ef5b1bbfab 329dfaf3a96b46f7b8a09571de8d9f51 - - b0811726392a4530b89972dbf1b46816 b0811726392a4530b89972dbf1b46816] 199.204.45.109 "GET /v2.0/floatingips?fixed_ip_address=10.100.0.7&port_id=226461ed-f770-458a-8901-be5064194955 HTTP/1.1" status: 200 len: 217 time: 0.0271111
2026-07-01 02:00:59.949 10 WARNING neutron.api.rpc.agentnotifiers.dhcp_rpc_agent_api [None req-3e54919b-ac33-462e-84ce-63c48202aad2 5575cd7f06944e228429e2cfbe742050 815086434dc0430e829139b6cf50cd1f - - default default] Unable to schedule network 963cddaf-d784-417e-a0e6-0156acb6532b: no agents available; will retry on subsequent port and subnet creation events.
2026-07-01 02:00:59.950 9 INFO neutron.db.ovn_revision_numbers_db [None req-559da54b-b356-4d0c-9904-a77be8e68fef - - - - - -] Successfully bumped revision number for resource d7904ec4-3f9a-471c-943e-25dcd626addb (type: router_ports) to 4
2026-07-01 02:01:00.215 10 INFO neutron.plugins.ml2.drivers.ovn.mech_driver.mech_driver [None req-12efca80-85e1-4cd3-9fde-19274a80a8e8 - - - - - -] OVN reports status up for port: 226461ed-f770-458a-8901-be5064194955
2026-07-01 02:01:00.248 10 INFO neutron.wsgi [None req-91570e69-5a2c-443c-852c-689e32542a0a 4bbdac13ffa443f0b0ba39c331da21f7 462b90ea3975490f869d8272eecd2880 - - default default] 10.0.0.240 "GET /v2.0/routers/e5c716a5-7ff2-4720-bb09-d5acc943774f/tags HTTP/1.1" status: 200 len: 227 time: 0.3293800
2026-07-01 02:01:00.252 10 INFO neutron.plugins.ml2.plugin [None req-12efca80-85e1-4cd3-9fde-19274a80a8e8 - - - - - -] Attempt 1 to provision port 226461ed-f770-458a-8901-be5064194955
2026-07-01 02:01:00.269 9 INFO neutron.wsgi [req-ca39a7f1-ddbe-4e6d-9279-119d46b903a6 req-5ac10d5f-67aa-4e14-a606-32d732e1df2a da75f5ee220e408fa32f83ef5b1bbfab 329dfaf3a96b46f7b8a09571de8d9f51 - - b0811726392a4530b89972dbf1b46816 b0811726392a4530b89972dbf1b46816] 199.204.45.109 "GET /v2.0/subnets?id=ffab2028-0673-43b3-9d7e-0d407f985c7e HTTP/1.1" status: 200 len: 866 time: 0.0399778
2026-07-01 02:01:00.308 9 INFO neutron.wsgi [req-ca39a7f1-ddbe-4e6d-9279-119d46b903a6 req-8e33a5ca-6e24-4290-abd0-00a35151ebb5 da75f5ee220e408fa32f83ef5b1bbfab 329dfaf3a96b46f7b8a09571de8d9f51 - - b0811726392a4530b89972dbf1b46816 b0811726392a4530b89972dbf1b46816] 199.204.45.109 "GET /v2.0/ports?network_id=ebe888c5-7ed9-4448-abb1-0aaae9029608&device_owner=network%3Adhcp HTTP/1.1" status: 200 len: 210 time: 0.0298061
2026-07-01 02:01:00.309 10 INFO neutron.wsgi [req-71285b03-d1df-4709-8432-c340048f8708 req-41f778b0-7071-4fbc-a645-a6bd627c75b4 da051862eca44de0a1b0eb13383dc3dc f1b2bc5648f3441ab09edbac4b74a978 - - default default] 10.0.0.34 "GET /v2.0/ports?device_id=a0194c95-069d-44d0-a27b-91e80b3625a1 HTTP/1.1" status: 200 len: 1208 time: 0.0989957
2026-07-01 02:01:00.352 10 INFO neutron.wsgi [None req-7d367920-76a6-457a-a6db-9f27f60ad41e 4bbdac13ffa443f0b0ba39c331da21f7 462b90ea3975490f869d8272eecd2880 - - default default] 10.0.0.240 "PUT /v2.0/routers/e5c716a5-7ff2-4720-bb09-d5acc943774f/tags/red HTTP/1.1" status: 201 len: 201 time: 0.0975826
2026-07-01 02:01:00.377 9 INFO neutron.wsgi [req-ca39a7f1-ddbe-4e6d-9279-119d46b903a6 req-717edb45-bda4-4beb-88b7-5f1b382620c5 da75f5ee220e408fa32f83ef5b1bbfab 329dfaf3a96b46f7b8a09571de8d9f51 - - b0811726392a4530b89972dbf1b46816 b0811726392a4530b89972dbf1b46816] 199.204.45.109 "GET /v2.0/networks/ebe888c5-7ed9-4448-abb1-0aaae9029608?fields=segments HTTP/1.1" status: 200 len: 212 time: 0.0592554
2026-07-01 02:01:00.399 10 INFO neutron.wsgi [req-71285b03-d1df-4709-8432-c340048f8708 req-3888794c-9b3f-4485-95ac-78916407a563 da051862eca44de0a1b0eb13383dc3dc f1b2bc5648f3441ab09edbac4b74a978 - - default default] 10.0.0.34 "GET /v2.0/security-groups?id=07fe1e1e-c164-4c6e-bcfc-1ec59a350aa5&id=53591291-c12c-4bd4-b3c1-e107b7d86b95&fields=id&fields=name HTTP/1.1" status: 200 len: 406 time: 0.0830247
2026-07-01 02:01:00.422 9 INFO neutron.wsgi [None req-5607bca3-e5b9-4c23-8f46-d18df386e4d3 4bbdac13ffa443f0b0ba39c331da21f7 462b90ea3975490f869d8272eecd2880 - - default default] 10.0.0.240 "GET /v2.0/routers/e5c716a5-7ff2-4720-bb09-d5acc943774f/tags HTTP/1.1" status: 200 len: 227 time: 0.0642204
2026-07-01 02:01:00.459 9 INFO neutron.wsgi [req-ca39a7f1-ddbe-4e6d-9279-119d46b903a6 req-53d02ec1-0634-4f52-983e-7fb4583ecadf da75f5ee220e408fa32f83ef5b1bbfab 329dfaf3a96b46f7b8a09571de8d9f51 - - b0811726392a4530b89972dbf1b46816 b0811726392a4530b89972dbf1b46816] 199.204.45.109 "GET /v2.0/networks/ebe888c5-7ed9-4448-abb1-0aaae9029608?fields=provider%3Aphysical_network&fields=provider%3Anetwork_type HTTP/1.1" status: 200 len: 277 time: 0.0666265
2026-07-01 02:01:00.499 10 INFO neutron.notifiers.nova [-] Nova event matching ['req-e9299d72-8dfe-43e1-a567-d9a29c9999be'] response: {'server_uuid': 'a0194c95-069d-44d0-a27b-91e80b3625a1', 'name': 'network-vif-plugged', 'status': 'completed', 'tag': '226461ed-f770-458a-8901-be5064194955', 'code': 200}
2026-07-01 02:01:00.530 10 INFO neutron.wsgi [None req-a5992a5d-54c3-499b-bdeb-3c7b73b0fc90 4bbdac13ffa443f0b0ba39c331da21f7 462b90ea3975490f869d8272eecd2880 - - default default] 10.0.0.240 "PUT /v2.0/routers/e5c716a5-7ff2-4720-bb09-d5acc943774f/tags/black.or.white HTTP/1.1" status: 201 len: 201 time: 0.1012285
2026-07-01 02:01:00.561 10 INFO neutron.db.ovn_revision_numbers_db [None req-3e54919b-ac33-462e-84ce-63c48202aad2 5575cd7f06944e228429e2cfbe742050 815086434dc0430e829139b6cf50cd1f - - default default] Successfully bumped revision number for resource b71c263d-5ba1-4da1-a841-2008abe9e716 (type: ports) to 1
2026-07-01 02:01:00.601 9 INFO neutron.wsgi [None req-300657db-a64f-412f-94fc-04822c00d643 4bbdac13ffa443f0b0ba39c331da21f7 462b90ea3975490f869d8272eecd2880 - - default default] 10.0.0.240 "GET /v2.0/routers/e5c716a5-7ff2-4720-bb09-d5acc943774f/tags HTTP/1.1" status: 200 len: 245 time: 0.0627537
2026-07-01 02:01:00.667 9 INFO neutron.wsgi [None req-6e7a6249-b8ec-421a-8cc9-6ef67484b3b7 4bbdac13ffa443f0b0ba39c331da21f7 462b90ea3975490f869d8272eecd2880 - - default default] 10.0.0.240 "PUT /v2.0/routers/e5c716a5-7ff2-4720-bb09-d5acc943774f/tags HTTP/1.1" status: 200 len: 230 time: 0.0592594
2026-07-01 02:01:00.712 10 INFO neutron.db.ovn_revision_numbers_db [None req-12efca80-85e1-4cd3-9fde-19274a80a8e8 - - - - - -] Successfully bumped revision number for resource 226461ed-f770-458a-8901-be5064194955 (type: ports) to 4
2026-07-01 02:01:00.720 9 INFO neutron.wsgi [None req-f97cc035-859e-49ce-ac33-f6601d72d05c 4bbdac13ffa443f0b0ba39c331da21f7 462b90ea3975490f869d8272eecd2880 - - default default] 10.0.0.240 "GET /v2.0/routers/e5c716a5-7ff2-4720-bb09-d5acc943774f/tags HTTP/1.1" status: 200 len: 230 time: 0.0467675
2026-07-01 02:01:00.783 9 INFO neutron.wsgi [None req-130aa3c1-bb0b-4b7d-a048-3063b4f5f6a6 4bbdac13ffa443f0b0ba39c331da21f7 462b90ea3975490f869d8272eecd2880 - - default default] 10.0.0.240 "GET /v2.0/routers/e5c716a5-7ff2-4720-bb09-d5acc943774f/tags/red HTTP/1.1" status: 204 len: 168 time: 0.0549271 /var/lib/openstack/lib/python3.10/site-packages/pycadf/identifier.py:71: UserWarning: Invalid uuid: neutron. To ensure interoperability, identifiers should be a valid uuid. warnings.warn(('Invalid uuid: %s. To ensure interoperability, '
2026-07-01 02:01:00.846 10 INFO neutron.api.v2.resource [None req-70209da0-80ea-45b8-bf78-f97c91867fb4 4bbdac13ffa443f0b0ba39c331da21f7 462b90ea3975490f869d8272eecd2880 - - default default] show failed (client error): The resource could not be found.
2026-07-01 02:01:00.848 10 INFO neutron.wsgi [None req-70209da0-80ea-45b8-bf78-f97c91867fb4 4bbdac13ffa443f0b0ba39c331da21f7 462b90ea3975490f869d8272eecd2880 - - default default] 10.0.0.240 "GET /v2.0/routers/e5c716a5-7ff2-4720-bb09-d5acc943774f/tags/green HTTP/1.1" status: 404 len: 299 time: 0.0610499
2026-07-01 02:01:00.914 9 INFO neutron.wsgi [None req-65440d4a-89c9-4b1c-b763-1d71d34dd9cb 4bbdac13ffa443f0b0ba39c331da21f7 462b90ea3975490f869d8272eecd2880 - - default default] 10.0.0.240 "DELETE /v2.0/routers/e5c716a5-7ff2-4720-bb09-d5acc943774f/tags/red HTTP/1.1" status: 204 len: 168 time: 0.0605633
2026-07-01 02:01:00.971 9 INFO neutron.wsgi [None req-e7fa1a46-cca1-4486-afb6-484781d399ba 4bbdac13ffa443f0b0ba39c331da21f7 462b90ea3975490f869d8272eecd2880 - - default default] 10.0.0.240 "GET /v2.0/routers/e5c716a5-7ff2-4720-bb09-d5acc943774f/tags HTTP/1.1" status: 200 len: 223 time: 0.0524781
2026-07-01 02:01:01.027 9 INFO neutron.api.v2.resource [None req-28e478cc-a258-4f91-9dbd-721614ca23ff 4bbdac13ffa443f0b0ba39c331da21f7 462b90ea3975490f869d8272eecd2880 - - default default] delete failed (client error): The resource could not be found.
2026-07-01 02:01:01.028 9 INFO neutron.wsgi [None req-28e478cc-a258-4f91-9dbd-721614ca23ff 4bbdac13ffa443f0b0ba39c331da21f7 462b90ea3975490f869d8272eecd2880 - - default default] 10.0.0.240 "DELETE /v2.0/routers/e5c716a5-7ff2-4720-bb09-d5acc943774f/tags/green HTTP/1.1" status: 404 len: 299 time: 0.0526710
2026-07-01 02:01:01.068 9 INFO neutron.plugins.ml2.drivers.ovn.mech_driver.mech_driver [None req-893e819e-c923-4dec-b005-82e98c725972 - - - - - -] OVN reports status up for port: b71c263d-5ba1-4da1-a841-2008abe9e716
2026-07-01 02:01:01.081 9 INFO neutron.plugins.ml2.plugin [None req-893e819e-c923-4dec-b005-82e98c725972 - - - - - -] Attempt 1 to provision port b71c263d-5ba1-4da1-a841-2008abe9e716
2026-07-01 02:01:01.099 10 INFO neutron.db.ovn_revision_numbers_db [None req-3e54919b-ac33-462e-84ce-63c48202aad2 5575cd7f06944e228429e2cfbe742050 815086434dc0430e829139b6cf50cd1f - - default default] Successfully bumped revision number for resource b71c263d-5ba1-4da1-a841-2008abe9e716 (type: router_ports) to 1
2026-07-01 02:01:01.133 9 INFO neutron.wsgi [None req-d1e9cbd5-6c63-4f94-9e8a-5293d461da8d 4bbdac13ffa443f0b0ba39c331da21f7 462b90ea3975490f869d8272eecd2880 - - default default] 10.0.0.240 "DELETE /v2.0/routers/e5c716a5-7ff2-4720-bb09-d5acc943774f/tags HTTP/1.1" status: 204 len: 168 time: 0.0973628
2026-07-01 02:01:01.195 9 INFO neutron.wsgi [None req-5d95d58d-da98-4fd6-a5be-a01cb81b5055 4bbdac13ffa443f0b0ba39c331da21f7 462b90ea3975490f869d8272eecd2880 - - default default] 10.0.0.240 "GET /v2.0/routers/e5c716a5-7ff2-4720-bb09-d5acc943774f/tags HTTP/1.1" status: 200 len: 205 time: 0.0573084
2026-07-01 02:01:01.249 9 INFO neutron.wsgi [None req-1d08e7a7-47dd-449e-b68e-0fec886a0376 4bbdac13ffa443f0b0ba39c331da21f7 462b90ea3975490f869d8272eecd2880 - - default default] 10.0.0.240 "GET /v2.0/routers/e5c716a5-7ff2-4720-bb09-d5acc943774f HTTP/1.1" status: 200 len: 655 time: 0.0466778
2026-07-01 02:01:01.280 10 INFO neutron.db.ovn_revision_numbers_db [None req-3e54919b-ac33-462e-84ce-63c48202aad2 5575cd7f06944e228429e2cfbe742050 815086434dc0430e829139b6cf50cd1f - - default default] Successfully bumped revision number for resource b71c263d-5ba1-4da1-a841-2008abe9e716 (type: ports) to 1
2026-07-01 02:01:01.360 10 WARNING neutron.scheduler.dhcp_agent_scheduler [None req-3e54919b-ac33-462e-84ce-63c48202aad2 5575cd7f06944e228429e2cfbe742050 815086434dc0430e829139b6cf50cd1f - - default default] No more DHCP agents
2026-07-01 02:01:01.362 10 WARNING neutron.api.rpc.agentnotifiers.dhcp_rpc_agent_api [None req-3e54919b-ac33-462e-84ce-63c48202aad2 5575cd7f06944e228429e2cfbe742050 815086434dc0430e829139b6cf50cd1f - - default default] Unable to schedule network 963cddaf-d784-417e-a0e6-0156acb6532b: no agents available; will retry on subsequent port and subnet creation events.
2026-07-01 02:01:01.496 10 INFO neutron.wsgi [req-93bb682d-7f2b-4c0e-b9bf-d7734cc7bc90 req-7171859f-23f7-47f2-9a55-0399c9db19c0 da051862eca44de0a1b0eb13383dc3dc f1b2bc5648f3441ab09edbac4b74a978 - - default default] 10.0.0.34 "GET /v2.0/ports?device_id=a0194c95-069d-44d0-a27b-91e80b3625a1 HTTP/1.1" status: 200 len: 1210 time: 0.0430725
2026-07-01 02:01:01.569 9 INFO neutron.db.ovn_revision_numbers_db [None req-893e819e-c923-4dec-b005-82e98c725972 - - - - - -] Successfully bumped revision number for resource b71c263d-5ba1-4da1-a841-2008abe9e716 (type: ports) to 2
2026-07-01 02:01:01.574 10 INFO neutron.wsgi [req-93bb682d-7f2b-4c0e-b9bf-d7734cc7bc90 req-744a10d9-6cea-4241-ad0b-1a2a2f275fcb da051862eca44de0a1b0eb13383dc3dc f1b2bc5648f3441ab09edbac4b74a978 - - default default] 10.0.0.34 "GET /v2.0/security-groups?id=07fe1e1e-c164-4c6e-bcfc-1ec59a350aa5&id=53591291-c12c-4bd4-b3c1-e107b7d86b95&fields=id&fields=name HTTP/1.1" status: 200 len: 406 time: 0.0679095
2026-07-01 02:01:01.673 10 INFO neutron.db.ovn_revision_numbers_db [None req-3e54919b-ac33-462e-84ce-63c48202aad2 5575cd7f06944e228429e2cfbe742050 815086434dc0430e829139b6cf50cd1f - - default default] Successfully bumped revision number for resource b71c263d-5ba1-4da1-a841-2008abe9e716 (type: router_ports) to 2
2026-07-01 02:01:01.676 10 INFO neutron.wsgi [None req-3e54919b-ac33-462e-84ce-63c48202aad2 5575cd7f06944e228429e2cfbe742050 815086434dc0430e829139b6cf50cd1f - - default default] 10.0.0.240 "PUT /v2.0/routers/d5f21644-ebd1-46e8-aa19-edecdcc298c3/add_router_interface HTTP/1.1" status: 200 len: 503 time: 2.4271755
2026-07-01 02:01:01.761 10 INFO neutron.wsgi [None req-ee2bc433-87d0-41a6-a1d2-37144830e5d3 ff6d1309ee4545c28e5ec3450a777ac0 8a51556cbb124dbaaf8f1df21da0fbb5 - - default default] 10.0.0.240 "GET /v2.0/networks HTTP/1.1" status: 200 len: 4629 time: 0.0783629
2026-07-01 02:01:01.802 10 INFO neutron.wsgi [None req-c7365635-bac1-439e-9ccd-e382f55e7ea0 ff6d1309ee4545c28e5ec3450a777ac0 8a51556cbb124dbaaf8f1df21da0fbb5 - - default default] 10.0.0.240 "GET /v2.0/subnets HTTP/1.1" status: 200 len: 3403 time: 0.0363441
2026-07-01 02:01:01.878 10 INFO neutron.wsgi [None req-c6bfd9e8-65f1-4204-a08d-4ff1de89d264 ff6d1309ee4545c28e5ec3450a777ac0 8a51556cbb124dbaaf8f1df21da0fbb5 - - default default] 10.0.0.240 "GET /v2.0/routers HTTP/1.1" status: 200 len: 2672 time: 0.0699687
2026-07-01 02:01:01.940 10 WARNING neutron_lib.context [None req-12288ba7-7901-4bc1-bbc1-db23ea03d431 5575cd7f06944e228429e2cfbe742050 815086434dc0430e829139b6cf50cd1f - - default default] Method 'is_advsvc' is deprecated since 2023.2 release (neutron-lib 3.8.0) and will be removed once support for the old RBAC API policies will be removed from Neutron. Please use method 'is_service_role' instead.
2026-07-01 02:01:01.959 9 INFO neutron.db.ovn_revision_numbers_db [None req-9d513baa-bbdb-4533-a6a0-ed08bc694a78 4bbdac13ffa443f0b0ba39c331da21f7 462b90ea3975490f869d8272eecd2880 - - default default] Successfully bumped revision number for resource e5c716a5-7ff2-4720-bb09-d5acc943774f (type: routers) to 7
2026-07-01 02:01:01.962 9 INFO neutron.wsgi [None req-9d513baa-bbdb-4533-a6a0-ed08bc694a78 4bbdac13ffa443f0b0ba39c331da21f7 462b90ea3975490f869d8272eecd2880 - - default default] 10.0.0.240 "PUT /v2.0/routers/e5c716a5-7ff2-4720-bb09-d5acc943774f HTTP/1.1" status: 200 len: 655 time: 0.7051539
2026-07-01 02:01:01.985 10 INFO neutron.wsgi [None req-5e2ac24c-8020-46c9-b91d-dfd29c042113 4bbdac13ffa443f0b0ba39c331da21f7 462b90ea3975490f869d8272eecd2880 - - default default] 10.0.0.240 "GET /v2.0/ports?device_id=e5c716a5-7ff2-4720-bb09-d5acc943774f HTTP/1.1" status: 200 len: 205 time: 0.0177131
2026-07-01 02:01:02.049 10 INFO neutron.db.ovn_revision_numbers_db [None req-12288ba7-7901-4bc1-bbc1-db23ea03d431 5575cd7f06944e228429e2cfbe742050 815086434dc0430e829139b6cf50cd1f - - default default] Successfully bumped revision number for resource 5f9bae0d-eef4-4cbb-a3ac-a74c9d1f2b08 (type: security_groups) to 1
