2026-07-01 01:58:53.806 9 WARNING neutron.plugins.ml2.drivers.ovn.mech_driver.ovsdb.ovn_client [None req-893e819e-c923-4dec-b005-82e98c725972 - - - - - -] No hosting information found for port 92b272c1-57f7-43e3-b8e0-0eb9b70bffd5: RuntimeError: No hosting information found for port 92b272c1-57f7-43e3-b8e0-0eb9b70bffd5
2026-07-01 01:58:53.806 9 INFO neutron.plugins.ml2.drivers.ovn.mech_driver.mech_driver [None req-893e819e-c923-4dec-b005-82e98c725972 - - - - - -] OVN reports status up for port: b11623b8-42e1-4666-9f4f-28c45bc73a77
2026-07-01 01:58:53.810 9 INFO neutron.wsgi [None req-4098cad6-94be-4ad0-a10c-ff3b8f6ea6cd 01de7826c78e4786a8b7c7b5edb3bc30 499628a311004e4da91dfead3a87be73 - - default default] 10.0.0.240 "GET /v2.0/routers HTTP/1.1" status: 200 len: 872 time: 0.4018660
2026-07-01 01:58:53.813 9 INFO neutron.plugins.ml2.plugin [None req-893e819e-c923-4dec-b005-82e98c725972 - - - - - -] Attempt 1 to provision port b11623b8-42e1-4666-9f4f-28c45bc73a77
2026-07-01 01:58:53.836 10 INFO neutron.wsgi [req-6268be4c-af61-4e88-b3ca-ea28ba46c1a9 req-e1df9e5c-a0f4-492f-8179-8cb31b9677b6 0e8e99b19e064bd4bd099833fdcc6bd8 85a86ea7197a4e39bcc64d7a46bd37eb - - default default] 10.0.0.34 "GET /v2.0/ports?device_id=f58b3ea0-1486-4691-b27c-2ef63c957397 HTTP/1.1" status: 200 len: 210 time: 0.0264878
2026-07-01 01:58:53.897 10 WARNING neutron.scheduler.dhcp_agent_scheduler [req-f9ecfe5d-8b15-449c-8a45-d9f509976416 req-85e11e55-6675-41c2-b555-b49fe231383c 0e8e99b19e064bd4bd099833fdcc6bd8 85a86ea7197a4e39bcc64d7a46bd37eb - - default default] No more DHCP agents
2026-07-01 01:58:53.900 10 WARNING neutron.api.rpc.agentnotifiers.dhcp_rpc_agent_api [req-f9ecfe5d-8b15-449c-8a45-d9f509976416 req-85e11e55-6675-41c2-b555-b49fe231383c 0e8e99b19e064bd4bd099833fdcc6bd8 85a86ea7197a4e39bcc64d7a46bd37eb - - default default] Unable to schedule network 864ae2e6-188a-41a7-96c9-ba73ad1b58b5: no agents available; will retry on subsequent port and subnet creation events.
2026-07-01 01:58:53.903 10 INFO neutron.db.ovn_revision_numbers_db [None req-858183f7-e13a-4042-a258-b84b9ced1074 db0d62f4f0ea4e89910377668fd8c84f 6340392e7cc244169c2c302ebf3aa645 - - default default] Successfully bumped revision number for resource ebddc0f9-a540-4d60-8c22-72d503197526 (type: security_groups) to 1
2026-07-01 01:58:53.923 10 INFO neutron.db.ovn_revision_numbers_db [None req-858183f7-e13a-4042-a258-b84b9ced1074 db0d62f4f0ea4e89910377668fd8c84f 6340392e7cc244169c2c302ebf3aa645 - - default default] Successfully bumped revision number for resource 686dd0c1-3ab8-4622-8e71-f433ad0ac68c (type: security_group_rules) to 0
2026-07-01 01:58:53.948 10 INFO neutron.db.ovn_revision_numbers_db [None req-858183f7-e13a-4042-a258-b84b9ced1074 db0d62f4f0ea4e89910377668fd8c84f 6340392e7cc244169c2c302ebf3aa645 - - default default] Successfully bumped revision number for resource 7d1d8cd8-48b3-45cb-8a11-ed883d0ef128 (type: security_group_rules) to 0
2026-07-01 01:58:53.970 10 INFO neutron.db.ovn_revision_numbers_db [None req-858183f7-e13a-4042-a258-b84b9ced1074 db0d62f4f0ea4e89910377668fd8c84f 6340392e7cc244169c2c302ebf3aa645 - - default default] Successfully bumped revision number for resource b34734a1-d3dc-4951-a473-a781e23553da (type: security_group_rules) to 0
2026-07-01 01:58:53.985 9 INFO neutron.wsgi [req-cb0afa23-8ee2-4063-9161-10ecb8b6292f req-ae57c913-e7fb-4438-b5ed-e5ff1fb835ad 4fb851779a154ca68209b4921987ecf0 acaba9b176b3428fa294d73ca63f2502 - - default default] 10.0.0.34 "GET /v2.0/ports?device_id=370f8a8b-a54c-4194-9bf1-685c4011ff36 HTTP/1.1" status: 200 len: 1172 time: 0.1655343
2026-07-01 01:58:53.986 10 INFO neutron.db.ovn_revision_numbers_db [None req-858183f7-e13a-4042-a258-b84b9ced1074 db0d62f4f0ea4e89910377668fd8c84f 6340392e7cc244169c2c302ebf3aa645 - - default default] Successfully bumped revision number for resource bcba36c4-83e2-4ea7-8a13-a2e6a90d01a1 (type: security_group_rules) to 0
2026-07-01 01:58:54.024 10 INFO neutron.wsgi [None req-858183f7-e13a-4042-a258-b84b9ced1074 db0d62f4f0ea4e89910377668fd8c84f 6340392e7cc244169c2c302ebf3aa645 - - default default] 10.0.0.240 "GET /v2.0/security-groups?tenant_id=86f694ea783945d3bc0259e1519c6a3a&name=default HTTP/1.1" status: 200 len: 2996 time: 0.4351954 /var/lib/openstack/lib/python3.10/site-packages/pycadf/identifier.py:71: UserWarning: Invalid uuid: neutron. To ensure interoperability, identifiers should be a valid uuid. warnings.warn(('Invalid uuid: %s. To ensure interoperability, '
2026-07-01 01:58:54.039 9 INFO neutron.wsgi [req-cb0afa23-8ee2-4063-9161-10ecb8b6292f req-c01f89a5-cce0-4373-95e6-c967f09c2800 4fb851779a154ca68209b4921987ecf0 acaba9b176b3428fa294d73ca63f2502 - - default default] 10.0.0.34 "GET /v2.0/security-groups?id=e8d37089-1f56-4aeb-b580-b2f46628c0f4&fields=id&fields=name HTTP/1.1" status: 200 len: 312 time: 0.0454643
2026-07-01 01:58:54.099 10 INFO neutron.db.ovn_revision_numbers_db [req-f9ecfe5d-8b15-449c-8a45-d9f509976416 req-85e11e55-6675-41c2-b555-b49fe231383c 0e8e99b19e064bd4bd099833fdcc6bd8 85a86ea7197a4e39bcc64d7a46bd37eb - - default default] Successfully bumped revision number for resource c995f304-117b-49b8-8365-6ac7b115acef (type: ports) to 1
2026-07-01 01:58:54.124 10 INFO neutron.wsgi [req-f9ecfe5d-8b15-449c-8a45-d9f509976416 req-85e11e55-6675-41c2-b555-b49fe231383c 0e8e99b19e064bd4bd099833fdcc6bd8 85a86ea7197a4e39bcc64d7a46bd37eb - - default default] 199.204.45.109 "POST /v2.0/ports HTTP/1.1" status: 201 len: 1162 time: 0.5945690
2026-07-01 01:58:54.329 10 INFO neutron.wsgi [None req-bb1564d8-f10a-4971-866c-bc949dade789 db0d62f4f0ea4e89910377668fd8c84f 6340392e7cc244169c2c302ebf3aa645 - - default default] 10.0.0.240 "DELETE /v2.0/security-groups/ebddc0f9-a540-4d60-8c22-72d503197526 HTTP/1.1" status: 204 len: 168 time: 0.2963321
2026-07-01 01:58:54.339 9 INFO neutron.db.ovn_revision_numbers_db [None req-68ea23f9-afd6-4b23-864d-922f4c9d67ca 01de7826c78e4786a8b7c7b5edb3bc30 499628a311004e4da91dfead3a87be73 - - default default] Successfully bumped revision number for resource 5561f8b7-5bb8-4f51-bde5-00faa68150a9 (type: routers) to 3
2026-07-01 01:58:54.342 9 INFO neutron.wsgi [None req-68ea23f9-afd6-4b23-864d-922f4c9d67ca 01de7826c78e4786a8b7c7b5edb3bc30 499628a311004e4da91dfead3a87be73 - - default default] 10.0.0.240 "PUT /v2.0/routers/5561f8b7-5bb8-4f51-bde5-00faa68150a9 HTTP/1.1" status: 200 len: 876 time: 0.5272775
2026-07-01 01:58:54.440 10 INFO neutron.wsgi [None req-c633153d-2308-4a35-afd9-183a8679034e 01de7826c78e4786a8b7c7b5edb3bc30 499628a311004e4da91dfead3a87be73 - - default default] 10.0.0.240 "GET /v2.0/routers/5561f8b7-5bb8-4f51-bde5-00faa68150a9 HTTP/1.1" status: 200 len: 876 time: 0.0930755
2026-07-01 01:58:54.468 9 INFO neutron.wsgi [None req-e91b5abc-0c80-4809-9143-edcf8e7a017f 01de7826c78e4786a8b7c7b5edb3bc30 499628a311004e4da91dfead3a87be73 - - default default] 10.0.0.240 "GET /v2.0/ports?device_id=5561f8b7-5bb8-4f51-bde5-00faa68150a9 HTTP/1.1" status: 200 len: 205 time: 0.0215275
2026-07-01 01:58:54.776 10 WARNING neutron.plugins.ml2.drivers.ovn.mech_driver.ovsdb.ovn_client [None req-12efca80-85e1-4cd3-9fde-19274a80a8e8 - - - - - -] No port found with ID 6c7a2e17-6d66-473d-beb6-68f15252a786: RuntimeError: No port found with ID 6c7a2e17-6d66-473d-beb6-68f15252a786
2026-07-01 01:58:54.776 10 INFO neutron.plugins.ml2.drivers.ovn.mech_driver.mech_driver [None req-12efca80-85e1-4cd3-9fde-19274a80a8e8 - - - - - -] OVN reports status up for port: 71231e6f-0eaf-4b46-9952-4964f541c949
2026-07-01 01:58:54.793 10 INFO neutron.plugins.ml2.plugin [None req-12efca80-85e1-4cd3-9fde-19274a80a8e8 - - - - - -] Attempt 1 to provision port 71231e6f-0eaf-4b46-9952-4964f541c949
2026-07-01 01:58:54.869 10 INFO neutron.db.ovn_revision_numbers_db [req-f9ecfe5d-8b15-449c-8a45-d9f509976416 req-3b6a9834-3a5d-4d35-a8e4-2f3b9a90a4db da75f5ee220e408fa32f83ef5b1bbfab 329dfaf3a96b46f7b8a09571de8d9f51 - - b0811726392a4530b89972dbf1b46816 b0811726392a4530b89972dbf1b46816] Successfully bumped revision number for resource c995f304-117b-49b8-8365-6ac7b115acef (type: ports) to 2 /var/lib/openstack/lib/python3.10/site-packages/pycadf/identifier.py:71: UserWarning: Invalid uuid: neutron. To ensure interoperability, identifiers should be a valid uuid. warnings.warn(('Invalid uuid: %s. To ensure interoperability, '
2026-07-01 01:58:54.925 10 INFO neutron.notifiers.nova [-] Nova event matching ['req-a04b8ad5-be36-491a-8e9c-490fa582f719'] response: {'server_uuid': '370f8a8b-a54c-4194-9bf1-685c4011ff36', 'name': 'network-vif-plugged', 'status': 'completed', 'tag': '71231e6f-0eaf-4b46-9952-4964f541c949', 'code': 200}
2026-07-01 01:58:54.961 10 INFO neutron.wsgi [req-01771ce4-812f-4bab-9035-d81b1dea4483 req-f7fb5bf6-6c54-41e7-97eb-99a60c8c216e 0e8e99b19e064bd4bd099833fdcc6bd8 85a86ea7197a4e39bcc64d7a46bd37eb - - default default] 10.0.0.34 "GET /v2.0/ports?device_id=f58b3ea0-1486-4691-b27c-2ef63c957397 HTTP/1.1" status: 200 len: 1172 time: 0.0613060
2026-07-01 01:58:55.031 10 INFO neutron.wsgi [req-01771ce4-812f-4bab-9035-d81b1dea4483 req-052f9bc7-91ee-4a79-8cca-325405e6ef42 0e8e99b19e064bd4bd099833fdcc6bd8 85a86ea7197a4e39bcc64d7a46bd37eb - - default default] 10.0.0.34 "GET /v2.0/security-groups?id=ca01fc7f-0dff-4e0c-8b29-22612ba1c72c&fields=id&fields=name HTTP/1.1" status: 200 len: 313 time: 0.0584073
2026-07-01 01:58:55.167 9 INFO neutron.wsgi [req-f0400113-fdfb-4beb-92bc-8717fbd667d8 req-2907fdf4-1d52-4938-b25b-010fad488707 4fb851779a154ca68209b4921987ecf0 acaba9b176b3428fa294d73ca63f2502 - - default default] 10.0.0.34 "GET /v2.0/ports?device_id=370f8a8b-a54c-4194-9bf1-685c4011ff36 HTTP/1.1" status: 200 len: 1174 time: 0.0389636
2026-07-01 01:58:55.194 10 INFO neutron.db.ovn_revision_numbers_db [None req-12efca80-85e1-4cd3-9fde-19274a80a8e8 - - - - - -] Successfully bumped revision number for resource 71231e6f-0eaf-4b46-9952-4964f541c949 (type: ports) to 4
2026-07-01 01:58:55.224 10 INFO neutron.db.ovn_revision_numbers_db [req-f9ecfe5d-8b15-449c-8a45-d9f509976416 req-3b6a9834-3a5d-4d35-a8e4-2f3b9a90a4db da75f5ee220e408fa32f83ef5b1bbfab 329dfaf3a96b46f7b8a09571de8d9f51 - - b0811726392a4530b89972dbf1b46816 b0811726392a4530b89972dbf1b46816] Successfully bumped revision number for resource c995f304-117b-49b8-8365-6ac7b115acef (type: ports) to 2
2026-07-01 01:58:55.241 9 INFO neutron.wsgi [req-f0400113-fdfb-4beb-92bc-8717fbd667d8 req-ef901255-a6af-433a-9b36-35a9e3142fbf 4fb851779a154ca68209b4921987ecf0 acaba9b176b3428fa294d73ca63f2502 - - default default] 10.0.0.34 "GET /v2.0/security-groups?id=e8d37089-1f56-4aeb-b580-b2f46628c0f4&fields=id&fields=name HTTP/1.1" status: 200 len: 312 time: 0.0657089
2026-07-01 01:58:55.249 10 INFO neutron.wsgi [req-f9ecfe5d-8b15-449c-8a45-d9f509976416 req-3b6a9834-3a5d-4d35-a8e4-2f3b9a90a4db da75f5ee220e408fa32f83ef5b1bbfab 329dfaf3a96b46f7b8a09571de8d9f51 - - b0811726392a4530b89972dbf1b46816 b0811726392a4530b89972dbf1b46816] 199.204.45.109 "PUT /v2.0/ports/c995f304-117b-49b8-8365-6ac7b115acef HTTP/1.1" status: 200 len: 1380 time: 1.1169655 /var/lib/openstack/lib/python3.10/site-packages/pycadf/identifier.py:71: UserWarning: Invalid uuid: neutron. To ensure interoperability, identifiers should be a valid uuid. warnings.warn(('Invalid uuid: %s. To ensure interoperability, '
2026-07-01 01:58:55.339 10 INFO neutron.wsgi [req-f9ecfe5d-8b15-449c-8a45-d9f509976416 req-64633c43-1725-445c-96b0-656893071b65 da75f5ee220e408fa32f83ef5b1bbfab 329dfaf3a96b46f7b8a09571de8d9f51 - - b0811726392a4530b89972dbf1b46816 b0811726392a4530b89972dbf1b46816] 199.204.45.109 "GET /v2.0/ports?tenant_id=85a86ea7197a4e39bcc64d7a46bd37eb&device_id=f58b3ea0-1486-4691-b27c-2ef63c957397 HTTP/1.1" status: 200 len: 1411 time: 0.0390065
2026-07-01 01:58:55.367 10 INFO neutron.wsgi [req-f9ecfe5d-8b15-449c-8a45-d9f509976416 req-468c9610-b0fe-48b8-a9f8-ee0e29e731ed da75f5ee220e408fa32f83ef5b1bbfab 329dfaf3a96b46f7b8a09571de8d9f51 - - b0811726392a4530b89972dbf1b46816 b0811726392a4530b89972dbf1b46816] 199.204.45.109 "GET /v2.0/floatingips?fixed_ip_address=10.100.0.13&port_id=c995f304-117b-49b8-8365-6ac7b115acef HTTP/1.1" status: 200 len: 217 time: 0.0249257
2026-07-01 01:58:55.410 10 INFO neutron.wsgi [req-f9ecfe5d-8b15-449c-8a45-d9f509976416 req-41fa0137-75f2-4c3c-a064-60830ee1127a da75f5ee220e408fa32f83ef5b1bbfab 329dfaf3a96b46f7b8a09571de8d9f51 - - b0811726392a4530b89972dbf1b46816 b0811726392a4530b89972dbf1b46816] 199.204.45.109 "GET /v2.0/subnets?id=3b6158d8-e807-434c-8d66-49fbbda68adb HTTP/1.1" status: 200 len: 868 time: 0.0394988
2026-07-01 01:58:55.428 9 INFO neutron.wsgi [None req-4541b063-31bd-409e-acfb-14cd3f71c918 01de7826c78e4786a8b7c7b5edb3bc30 499628a311004e4da91dfead3a87be73 - - default default] 10.0.0.240 "DELETE /v2.0/routers/5561f8b7-5bb8-4f51-bde5-00faa68150a9 HTTP/1.1" status: 204 len: 168 time: 0.9549417
2026-07-01 01:58:55.434 10 INFO neutron.wsgi [req-f9ecfe5d-8b15-449c-8a45-d9f509976416 req-85408c1e-fb2d-4247-bd40-8c8421976063 da75f5ee220e408fa32f83ef5b1bbfab 329dfaf3a96b46f7b8a09571de8d9f51 - - b0811726392a4530b89972dbf1b46816 b0811726392a4530b89972dbf1b46816] 199.204.45.109 "GET /v2.0/ports?network_id=864ae2e6-188a-41a7-96c9-ba73ad1b58b5&device_owner=network%3Adhcp HTTP/1.1" status: 200 len: 210 time: 0.0201898
2026-07-01 01:58:55.453 9 INFO neutron.wsgi [None req-23e6d231-7268-4f0e-ba22-15538dbd4cff 01de7826c78e4786a8b7c7b5edb3bc30 499628a311004e4da91dfead3a87be73 - - default default] 10.0.0.240 "GET /v2.0/ports?device_id=5561f8b7-5bb8-4f51-bde5-00faa68150a9 HTTP/1.1" status: 200 len: 205 time: 0.0216599
2026-07-01 01:58:55.486 9 INFO neutron.api.v2.resource [None req-5f82ead9-e46b-4e83-8858-e50b09e7915e 01de7826c78e4786a8b7c7b5edb3bc30 499628a311004e4da91dfead3a87be73 - - default default] delete failed (client error): The resource could not be found.
2026-07-01 01:58:55.489 9 INFO neutron.wsgi [None req-5f82ead9-e46b-4e83-8858-e50b09e7915e 01de7826c78e4786a8b7c7b5edb3bc30 499628a311004e4da91dfead3a87be73 - - default default] 10.0.0.240 "DELETE /v2.0/routers/5561f8b7-5bb8-4f51-bde5-00faa68150a9 HTTP/1.1" status: 404 len: 336 time: 0.0316863
2026-07-01 01:58:55.501 10 INFO neutron.wsgi [req-f9ecfe5d-8b15-449c-8a45-d9f509976416 req-c33ebfaf-e890-4893-a12b-c28dd03e87ec da75f5ee220e408fa32f83ef5b1bbfab 329dfaf3a96b46f7b8a09571de8d9f51 - - b0811726392a4530b89972dbf1b46816 b0811726392a4530b89972dbf1b46816] 199.204.45.109 "GET /v2.0/networks/864ae2e6-188a-41a7-96c9-ba73ad1b58b5?fields=segments HTTP/1.1" status: 200 len: 212 time: 0.0639307
2026-07-01 01:58:55.526 9 INFO neutron.wsgi [None req-15e3eab4-17d9-429f-bed4-d14615e88c0b 01de7826c78e4786a8b7c7b5edb3bc30 499628a311004e4da91dfead3a87be73 - - default default] 10.0.0.240 "GET /v2.0/ports?device_id=833ec044-3dc9-452e-8cbc-a38421d260d8 HTTP/1.1" status: 200 len: 205 time: 0.0314839
2026-07-01 01:58:55.555 9 INFO neutron.api.v2.resource [None req-a0964989-40af-45f6-b8e4-f49a100b447e 01de7826c78e4786a8b7c7b5edb3bc30 499628a311004e4da91dfead3a87be73 - - default default] delete failed (client error): The resource could not be found.
2026-07-01 01:58:55.556 9 INFO neutron.wsgi [None req-a0964989-40af-45f6-b8e4-f49a100b447e 01de7826c78e4786a8b7c7b5edb3bc30 499628a311004e4da91dfead3a87be73 - - default default] 10.0.0.240 "DELETE /v2.0/routers/833ec044-3dc9-452e-8cbc-a38421d260d8 HTTP/1.1" status: 404 len: 336 time: 0.0249910
2026-07-01 01:58:55.569 10 INFO neutron.wsgi [req-f9ecfe5d-8b15-449c-8a45-d9f509976416 req-b5b38a2b-bc8e-4be8-b2d8-64d55bc0efe7 da75f5ee220e408fa32f83ef5b1bbfab 329dfaf3a96b46f7b8a09571de8d9f51 - - b0811726392a4530b89972dbf1b46816 b0811726392a4530b89972dbf1b46816] 199.204.45.109 "GET /v2.0/networks/864ae2e6-188a-41a7-96c9-ba73ad1b58b5?fields=provider%3Aphysical_network&fields=provider%3Anetwork_type HTTP/1.1" status: 200 len: 277 time: 0.0584199
2026-07-01 01:58:55.575 9 INFO neutron.pecan_wsgi.hooks.translation [None req-e21b464c-3d6e-4a87-801f-34aa65e5bfec 01de7826c78e4786a8b7c7b5edb3bc30 499628a311004e4da91dfead3a87be73 - - default default] DELETE failed (client error): The resource could not be found.
2026-07-01 01:58:55.577 9 INFO neutron.wsgi [None req-e21b464c-3d6e-4a87-801f-34aa65e5bfec 01de7826c78e4786a8b7c7b5edb3bc30 499628a311004e4da91dfead3a87be73 - - default default] 10.0.0.240 "DELETE /v2.0/subnets/c2e16d88-1298-4c7f-8dc3-12b3d89edc56 HTTP/1.1" status: 404 len: 337 time: 0.0166173
2026-07-01 01:58:55.606 9 INFO neutron.wsgi [None req-9c6044dd-3b3d-4c3b-87ce-5f5cbd0e38e5 01de7826c78e4786a8b7c7b5edb3bc30 499628a311004e4da91dfead3a87be73 - - default default] 10.0.0.240 "GET /v2.0/ports?device_id=fd5ef70c-5813-4149-bbcb-99b0b10b5463 HTTP/1.1" status: 200 len: 205 time: 0.0241170
2026-07-01 01:58:55.636 9 INFO neutron.api.v2.resource [None req-76e523aa-4073-404e-8ac4-bcb8ff053618 01de7826c78e4786a8b7c7b5edb3bc30 499628a311004e4da91dfead3a87be73 - - default default] delete failed (client error): The resource could not be found.
2026-07-01 01:58:55.637 9 INFO neutron.wsgi [None req-76e523aa-4073-404e-8ac4-bcb8ff053618 01de7826c78e4786a8b7c7b5edb3bc30 499628a311004e4da91dfead3a87be73 - - default default] 10.0.0.240 "DELETE /v2.0/routers/fd5ef70c-5813-4149-bbcb-99b0b10b5463 HTTP/1.1" status: 404 len: 336 time: 0.0271976
2026-07-01 01:58:55.657 9 INFO neutron.pecan_wsgi.hooks.translation [None req-b7fb793e-9b7c-47be-a25c-35bd746bfa8b 01de7826c78e4786a8b7c7b5edb3bc30 499628a311004e4da91dfead3a87be73 - - default default] DELETE failed (client error): The resource could not be found.
2026-07-01 01:58:55.660 9 INFO neutron.wsgi [None req-b7fb793e-9b7c-47be-a25c-35bd746bfa8b 01de7826c78e4786a8b7c7b5edb3bc30 499628a311004e4da91dfead3a87be73 - - default default] 10.0.0.240 "DELETE /v2.0/subnets/0870f53b-5e89-4188-8497-e4575e11df92 HTTP/1.1" status: 404 len: 337 time: 0.0183747
2026-07-01 01:58:55.682 9 INFO neutron.wsgi [None req-a2ebf105-3bfc-4995-9a52-9bc25b578823 01de7826c78e4786a8b7c7b5edb3bc30 499628a311004e4da91dfead3a87be73 - - default default] 10.0.0.240 "GET /v2.0/ports?device_id=2328de04-6aa5-4b62-9182-08eba204ac89 HTTP/1.1" status: 200 len: 205 time: 0.0183980
2026-07-01 01:58:55.714 9 INFO neutron.api.v2.resource [None req-3405d528-eb6c-411c-989b-e7ebc90ea3b6 01de7826c78e4786a8b7c7b5edb3bc30 499628a311004e4da91dfead3a87be73 - - default default] delete failed (client error): The resource could not be found.
2026-07-01 01:58:55.716 9 INFO neutron.wsgi [None req-3405d528-eb6c-411c-989b-e7ebc90ea3b6 01de7826c78e4786a8b7c7b5edb3bc30 499628a311004e4da91dfead3a87be73 - - default default] 10.0.0.240 "DELETE /v2.0/routers/2328de04-6aa5-4b62-9182-08eba204ac89 HTTP/1.1" status: 404 len: 336 time: 0.0293884
2026-07-01 01:58:55.737 10 INFO neutron.pecan_wsgi.hooks.translation [None req-a16f9059-0b16-43bd-8864-07a800eb5cc6 01de7826c78e4786a8b7c7b5edb3bc30 499628a311004e4da91dfead3a87be73 - - default default] DELETE failed (client error): The resource could not be found.
2026-07-01 01:58:55.739 10 INFO neutron.wsgi [None req-a16f9059-0b16-43bd-8864-07a800eb5cc6 01de7826c78e4786a8b7c7b5edb3bc30 499628a311004e4da91dfead3a87be73 - - default default] 10.0.0.240 "DELETE /v2.0/subnets/973c18e4-9679-4b5a-a4b5-0ca97f6947ac HTTP/1.1" status: 404 len: 337 time: 0.0187669
2026-07-01 01:58:55.774 10 INFO neutron.pecan_wsgi.hooks.translation [None req-ed715b4d-59b5-4ffe-8ac0-3c151046fcea 01de7826c78e4786a8b7c7b5edb3bc30 499628a311004e4da91dfead3a87be73 - - default default] DELETE failed (client error): The resource could not be found.
2026-07-01 01:58:55.781 10 INFO neutron.wsgi [None req-ed715b4d-59b5-4ffe-8ac0-3c151046fcea 01de7826c78e4786a8b7c7b5edb3bc30 499628a311004e4da91dfead3a87be73 - - default default] 10.0.0.240 "DELETE /v2.0/subnets/5adb36ac-ed33-4bcc-b93e-8af7745f67d5 HTTP/1.1" status: 404 len: 337 time: 0.0304043
2026-07-01 01:58:56.128 10 INFO neutron.wsgi [req-403815da-0bac-43f4-91a2-e86ff70d63d1 req-b7961808-c520-4586-94f0-8d08c389ac63 0e8e99b19e064bd4bd099833fdcc6bd8 85a86ea7197a4e39bcc64d7a46bd37eb - - default default] 10.0.0.34 "GET /v2.0/ports?device_id=f58b3ea0-1486-4691-b27c-2ef63c957397 HTTP/1.1" status: 200 len: 1172 time: 0.0372925
2026-07-01 01:58:56.165 10 INFO neutron.wsgi [req-403815da-0bac-43f4-91a2-e86ff70d63d1 req-3d8f3358-d4f6-4cfa-8dde-334fe736fdfd 0e8e99b19e064bd4bd099833fdcc6bd8 85a86ea7197a4e39bcc64d7a46bd37eb - - default default] 10.0.0.34 "GET /v2.0/security-groups?id=ca01fc7f-0dff-4e0c-8b29-22612ba1c72c&fields=id&fields=name HTTP/1.1" status: 200 len: 313 time: 0.0311797
2026-07-01 01:58:56.356 9 INFO neutron.wsgi [req-f490e40b-245a-466f-b762-fa8d26694d34 req-2a086d28-aa01-4f62-80fb-b65cb0323371 4fb851779a154ca68209b4921987ecf0 acaba9b176b3428fa294d73ca63f2502 - - default default] 10.0.0.34 "GET /v2.0/ports?device_id=370f8a8b-a54c-4194-9bf1-685c4011ff36 HTTP/1.1" status: 200 len: 1174 time: 0.0360816
2026-07-01 01:58:56.401 9 INFO neutron.wsgi [req-f490e40b-245a-466f-b762-fa8d26694d34 req-668844f5-7756-48e8-b395-aa823b8571b2 4fb851779a154ca68209b4921987ecf0 acaba9b176b3428fa294d73ca63f2502 - - default default] 10.0.0.34 "GET /v2.0/security-groups?id=e8d37089-1f56-4aeb-b580-b2f46628c0f4&fields=id&fields=name HTTP/1.1" status: 200 len: 312 time: 0.0393760
2026-07-01 01:58:56.546 10 INFO neutron.wsgi [req-5537b8aa-6043-4a27-b2d7-1005fa58792f req-14386c87-571e-4604-bd1b-3f3a53edb14d 4fb851779a154ca68209b4921987ecf0 acaba9b176b3428fa294d73ca63f2502 - - default default] 10.0.0.34 "GET /v2.0/ports?device_id=370f8a8b-a54c-4194-9bf1-685c4011ff36 HTTP/1.1" status: 200 len: 1174 time: 0.0958371
2026-07-01 01:58:56.580 9 INFO neutron.wsgi [-] 10.0.0.133 "GET / HTTP/1.1" status: 200 len: 246 time: 0.0025382
2026-07-01 01:58:56.583 9 INFO neutron.wsgi [-] 10.0.0.133 "GET / HTTP/1.1" status: 200 len: 246 time: 0.0026367
2026-07-01 01:58:56.619 10 INFO neutron.wsgi [None req-eddecdf8-f3be-4eba-8003-ff7e1eb4e196 db0d62f4f0ea4e89910377668fd8c84f 6340392e7cc244169c2c302ebf3aa645 - - default default] 10.0.0.240 "GET /v2.0/security-groups?tenant_id=499628a311004e4da91dfead3a87be73&name=default HTTP/1.1" status: 200 len: 2996 time: 0.2845383
2026-07-01 01:58:56.712 9 INFO neutron.db.ovn_revision_numbers_db [None req-21679254-2e9c-4936-9b15-44fb25ae44b3 db0d62f4f0ea4e89910377668fd8c84f 6340392e7cc244169c2c302ebf3aa645 - - default default] Successfully bumped revision number for resource 35e38049-7d74-4e97-a701-048ecd454314 (type: security_groups) to 1
2026-07-01 01:58:56.724 9 INFO neutron.db.ovn_revision_numbers_db [None req-21679254-2e9c-4936-9b15-44fb25ae44b3 db0d62f4f0ea4e89910377668fd8c84f 6340392e7cc244169c2c302ebf3aa645 - - default default] Successfully bumped revision number for resource 41ffc909-35d9-43df-957c-5db885b5abae (type: security_group_rules) to 0
2026-07-01 01:58:56.739 9 INFO neutron.db.ovn_revision_numbers_db [None req-21679254-2e9c-4936-9b15-44fb25ae44b3 db0d62f4f0ea4e89910377668fd8c84f 6340392e7cc244169c2c302ebf3aa645 - - default default] Successfully bumped revision number for resource 98a243bf-f165-4dd8-973c-8eb7056b185f (type: security_group_rules) to 0
2026-07-01 01:58:56.756 9 INFO neutron.db.ovn_revision_numbers_db [None req-21679254-2e9c-4936-9b15-44fb25ae44b3 db0d62f4f0ea4e89910377668fd8c84f 6340392e7cc244169c2c302ebf3aa645 - - default default] Successfully bumped revision number for resource 99506b6e-11c3-475f-b576-3f4df622f246 (type: security_group_rules) to 0
2026-07-01 01:58:56.770 9 INFO neutron.db.ovn_revision_numbers_db [None req-21679254-2e9c-4936-9b15-44fb25ae44b3 db0d62f4f0ea4e89910377668fd8c84f 6340392e7cc244169c2c302ebf3aa645 - - default default] Successfully bumped revision number for resource ec0718b5-1e66-4938-b190-d16a2ea2945d (type: security_group_rules) to 0
2026-07-01 01:58:56.798 9 INFO neutron.wsgi [None req-21679254-2e9c-4936-9b15-44fb25ae44b3 db0d62f4f0ea4e89910377668fd8c84f 6340392e7cc244169c2c302ebf3aa645 - - default default] 10.0.0.240 "GET /v2.0/security-groups?tenant_id=07e0950efe2140a98bb9a98232c3b5f3&name=default HTTP/1.1" status: 200 len: 2996 time: 0.2426407
2026-07-01 01:58:56.899 10 INFO neutron.db.l3_db [None req-e4401fc4-3ddf-43ae-aeb4-3cdc459517af 4fb851779a154ca68209b4921987ecf0 acaba9b176b3428fa294d73ca63f2502 - - default default] Floating IP c780f00b-4efb-48e3-b966-6ded78bc3627 associated. External IP: 10.96.250.212, port: 71231e6f-0eaf-4b46-9952-4964f541c949.
2026-07-01 01:58:56.987 10 INFO neutron.notifiers.nova [-] Nova event matching ['req-b6a72c90-70a7-4fe2-a5d5-175e82ca8d63'] response: {'server_uuid': '370f8a8b-a54c-4194-9bf1-685c4011ff36', 'name': 'network-vif-plugged', 'status': 'completed', 'tag': '71231e6f-0eaf-4b46-9952-4964f541c949', 'code': 200}
2026-07-01 01:58:56.987 10 INFO neutron.notifiers.nova [-] Nova event matching ['req-b6a72c90-70a7-4fe2-a5d5-175e82ca8d63'] response: {'name': 'network-changed', 'server_uuid': 'f58b3ea0-1486-4691-b27c-2ef63c957397', 'tag': 'c995f304-117b-49b8-8365-6ac7b115acef', 'status': 'completed', 'code': 200}
2026-07-01 01:58:56.987 9 INFO neutron.wsgi [None req-49f74ce4-60af-46ef-98c7-a165c3b890d1 db0d62f4f0ea4e89910377668fd8c84f 6340392e7cc244169c2c302ebf3aa645 - - default default] 10.0.0.240 "DELETE /v2.0/security-groups/35e38049-7d74-4e97-a701-048ecd454314 HTTP/1.1" status: 204 len: 168 time: 0.1837883
2026-07-01 01:58:57.062 10 INFO neutron.wsgi [None req-d008722c-59d2-49f0-b6ac-15335d982f4b db0d62f4f0ea4e89910377668fd8c84f 6340392e7cc244169c2c302ebf3aa645 - - default default] 10.0.0.240 "DELETE /v2.0/security-groups/e66850af-81da-4313-beb0-a78504df8d3d HTTP/1.1" status: 204 len: 168 time: 0.4380114
2026-07-01 01:58:57.067 10 INFO neutron.wsgi [req-fb7ef72e-b374-470a-8aa1-b60ff0ec460f req-5e20ae87-1a17-4f12-a62e-4068ef025021 da75f5ee220e408fa32f83ef5b1bbfab 329dfaf3a96b46f7b8a09571de8d9f51 - - b0811726392a4530b89972dbf1b46816 b0811726392a4530b89972dbf1b46816] 199.204.45.109 "GET /v2.0/ports?tenant_id=85a86ea7197a4e39bcc64d7a46bd37eb&device_id=f58b3ea0-1486-4691-b27c-2ef63c957397 HTTP/1.1" status: 200 len: 1411 time: 0.0515139
2026-07-01 01:58:57.457 10 INFO neutron.wsgi [req-fb7ef72e-b374-470a-8aa1-b60ff0ec460f req-6b86756c-94fd-4762-be7e-c7f5b41ffc82 da75f5ee220e408fa32f83ef5b1bbfab 329dfaf3a96b46f7b8a09571de8d9f51 - - b0811726392a4530b89972dbf1b46816 b0811726392a4530b89972dbf1b46816] 199.204.45.109 "GET /v2.0/networks?id=864ae2e6-188a-41a7-96c9-ba73ad1b58b5 HTTP/1.1" status: 200 len: 973 time: 0.3822515 /var/lib/openstack/lib/python3.10/site-packages/pycadf/identifier.py:71: UserWarning: Invalid uuid: neutron. To ensure interoperability, identifiers should be a valid uuid. warnings.warn(('Invalid uuid: %s. To ensure interoperability, '
2026-07-01 01:58:57.501 10 INFO neutron.wsgi [req-c54e89fd-28c5-4647-90fb-1ba7491bcb5e req-225d3ec2-80bb-476d-844e-969cd00208ef 0e8e99b19e064bd4bd099833fdcc6bd8 85a86ea7197a4e39bcc64d7a46bd37eb - - default default] 10.0.0.34 "GET /v2.0/ports?device_id=f58b3ea0-1486-4691-b27c-2ef63c957397 HTTP/1.1" status: 200 len: 1172 time: 0.2181044
2026-07-01 01:58:57.503 10 INFO neutron.wsgi [req-fb7ef72e-b374-470a-8aa1-b60ff0ec460f req-ac1f1dcd-9dae-4af1-93d6-c523e91da51f da75f5ee220e408fa32f83ef5b1bbfab 329dfaf3a96b46f7b8a09571de8d9f51 - - b0811726392a4530b89972dbf1b46816 b0811726392a4530b89972dbf1b46816] 199.204.45.109 "GET /v2.0/floatingips?fixed_ip_address=10.100.0.13&port_id=c995f304-117b-49b8-8365-6ac7b115acef HTTP/1.1" status: 200 len: 217 time: 0.0364718
2026-07-01 01:58:57.505 10 INFO neutron.db.ovn_revision_numbers_db [None req-e4401fc4-3ddf-43ae-aeb4-3cdc459517af 4fb851779a154ca68209b4921987ecf0 acaba9b176b3428fa294d73ca63f2502 - - default default] Successfully bumped revision number for resource c780f00b-4efb-48e3-b966-6ded78bc3627 (type: floatingips) to 1
2026-07-01 01:58:57.568 10 INFO neutron.wsgi [req-fb7ef72e-b374-470a-8aa1-b60ff0ec460f req-ec17c99b-83a4-445e-8bb4-e4ff9a6bad95 da75f5ee220e408fa32f83ef5b1bbfab 329dfaf3a96b46f7b8a09571de8d9f51 - - b0811726392a4530b89972dbf1b46816 b0811726392a4530b89972dbf1b46816] 199.204.45.109 "GET /v2.0/subnets?id=3b6158d8-e807-434c-8d66-49fbbda68adb HTTP/1.1" status: 200 len: 868 time: 0.0595870
2026-07-01 01:58:57.613 10 INFO neutron.wsgi [req-fb7ef72e-b374-470a-8aa1-b60ff0ec460f req-06e58c92-78db-41b4-8420-d5212be097c2 da75f5ee220e408fa32f83ef5b1bbfab 329dfaf3a96b46f7b8a09571de8d9f51 - - b0811726392a4530b89972dbf1b46816 b0811726392a4530b89972dbf1b46816] 199.204.45.109 "GET /v2.0/ports?network_id=864ae2e6-188a-41a7-96c9-ba73ad1b58b5&device_owner=network%3Adhcp HTTP/1.1" status: 200 len: 210 time: 0.0386672
2026-07-01 01:58:57.616 10 INFO neutron.wsgi [req-c54e89fd-28c5-4647-90fb-1ba7491bcb5e req-754ed59d-c133-4095-aa17-98b2aeae296a 0e8e99b19e064bd4bd099833fdcc6bd8 85a86ea7197a4e39bcc64d7a46bd37eb - - default default] 10.0.0.34 "GET /v2.0/security-groups?id=ca01fc7f-0dff-4e0c-8b29-22612ba1c72c&fields=id&fields=name HTTP/1.1" status: 200 len: 313 time: 0.1095898
2026-07-01 01:58:57.701 10 INFO neutron.wsgi [req-fb7ef72e-b374-470a-8aa1-b60ff0ec460f req-6c62912f-fe23-4b3b-95e8-144c0473244e da75f5ee220e408fa32f83ef5b1bbfab 329dfaf3a96b46f7b8a09571de8d9f51 - - b0811726392a4530b89972dbf1b46816 b0811726392a4530b89972dbf1b46816] 199.204.45.109 "GET /v2.0/networks/864ae2e6-188a-41a7-96c9-ba73ad1b58b5?fields=segments HTTP/1.1" status: 200 len: 212 time: 0.0811331
2026-07-01 01:58:57.718 10 INFO neutron.db.ovn_revision_numbers_db [None req-e4401fc4-3ddf-43ae-aeb4-3cdc459517af 4fb851779a154ca68209b4921987ecf0 acaba9b176b3428fa294d73ca63f2502 - - default default] Successfully bumped revision number for resource c780f00b-4efb-48e3-b966-6ded78bc3627 (type: floatingips) to 2
2026-07-01 01:58:57.752 10 INFO neutron.wsgi [None req-e4401fc4-3ddf-43ae-aeb4-3cdc459517af 4fb851779a154ca68209b4921987ecf0 acaba9b176b3428fa294d73ca63f2502 - - default default] 10.0.0.240 "PUT /v2.0/floatingips/c780f00b-4efb-48e3-b966-6ded78bc3627 HTTP/1.1" status: 200 len: 1050 time: 1.1951380
2026-07-01 01:58:57.770 10 INFO neutron.wsgi [req-fb7ef72e-b374-470a-8aa1-b60ff0ec460f req-1c382698-9ec9-4a19-a30c-14e51878d7f5 da75f5ee220e408fa32f83ef5b1bbfab 329dfaf3a96b46f7b8a09571de8d9f51 - - b0811726392a4530b89972dbf1b46816 b0811726392a4530b89972dbf1b46816] 199.204.45.109 "GET /v2.0/networks/864ae2e6-188a-41a7-96c9-ba73ad1b58b5?fields=provider%3Aphysical_network&fields=provider%3Anetwork_type HTTP/1.1" status: 200 len: 277 time: 0.0637262
2026-07-01 01:58:58.785 9 INFO neutron.wsgi [req-1248fd98-513f-476f-aa88-25cdf773c5e6 req-7163cc3c-bbed-4a14-8307-1e87bdccd91a 0e8e99b19e064bd4bd099833fdcc6bd8 85a86ea7197a4e39bcc64d7a46bd37eb - - default default] 10.0.0.34 "GET /v2.0/ports?device_id=f58b3ea0-1486-4691-b27c-2ef63c957397 HTTP/1.1" status: 200 len: 1172 time: 0.1021748
2026-07-01 01:58:58.836 9 INFO neutron.wsgi [req-1248fd98-513f-476f-aa88-25cdf773c5e6 req-e57e2d12-f384-4456-bc6c-5fe9ab4eb990 0e8e99b19e064bd4bd099833fdcc6bd8 85a86ea7197a4e39bcc64d7a46bd37eb - - default default] 10.0.0.34 "GET /v2.0/security-groups?id=ca01fc7f-0dff-4e0c-8b29-22612ba1c72c&fields=id&fields=name HTTP/1.1" status: 200 len: 313 time: 0.0440595
2026-07-01 01:58:58.938 9 WARNING neutron_lib.context [None req-d3a5ed75-1e13-48a8-b40d-aeec9021798a 1a7f91f80fc94da18a5b132926d3489b b82034ae539b46e886553b41ad0ac0e6 - - default default] Method 'is_advsvc' is deprecated since 2023.2 release (neutron-lib 3.8.0) and will be removed once support for the old RBAC API policies will be removed from Neutron. Please use method 'is_service_role' instead.
2026-07-01 01:58:59.028 10 INFO neutron.notifiers.nova [-] Nova event matching ['req-33ac0539-a480-4cdb-83d6-b05ac0955f4d'] response: {'name': 'network-changed', 'server_uuid': '370f8a8b-a54c-4194-9bf1-685c4011ff36', 'tag': '71231e6f-0eaf-4b46-9952-4964f541c949', 'status': 'completed', 'code': 200}
2026-07-01 01:58:59.083 9 INFO neutron.db.ovn_revision_numbers_db [None req-d3a5ed75-1e13-48a8-b40d-aeec9021798a 1a7f91f80fc94da18a5b132926d3489b b82034ae539b46e886553b41ad0ac0e6 - - default default] Successfully bumped revision number for resource 6feb35ba-ca3c-4ee5-8923-a798b64eb4c4 (type: security_groups) to 1
2026-07-01 01:58:59.086 10 INFO neutron.wsgi [req-fee77e35-6828-4524-bd8c-f83cb13d236f req-5c2c2e16-4d9c-4b54-99e7-487481feda0f da75f5ee220e408fa32f83ef5b1bbfab 329dfaf3a96b46f7b8a09571de8d9f51 - - b0811726392a4530b89972dbf1b46816 b0811726392a4530b89972dbf1b46816] 199.204.45.109 "GET /v2.0/ports?tenant_id=acaba9b176b3428fa294d73ca63f2502&device_id=370f8a8b-a54c-4194-9bf1-685c4011ff36 HTTP/1.1" status: 200 len: 1413 time: 0.0416517
2026-07-01 01:58:59.102 9 INFO neutron.db.ovn_revision_numbers_db [None req-d3a5ed75-1e13-48a8-b40d-aeec9021798a 1a7f91f80fc94da18a5b132926d3489b b82034ae539b46e886553b41ad0ac0e6 - - default default] Successfully bumped revision number for resource 220c2ee7-51dc-4fbc-bf40-c340b730d61e (type: security_group_rules) to 0
2026-07-01 01:58:59.115 9 INFO neutron.db.ovn_revision_numbers_db [None req-d3a5ed75-1e13-48a8-b40d-aeec9021798a 1a7f91f80fc94da18a5b132926d3489b b82034ae539b46e886553b41ad0ac0e6 - - default default] Successfully bumped revision number for resource 8adbfdd3-9dc9-44b9-a9de-29a0eb533094 (type: security_group_rules) to 0
2026-07-01 01:58:59.126 9 INFO neutron.db.ovn_revision_numbers_db [None req-d3a5ed75-1e13-48a8-b40d-aeec9021798a 1a7f91f80fc94da18a5b132926d3489b b82034ae539b46e886553b41ad0ac0e6 - - default default] Successfully bumped revision number for resource 8bdf18e0-987d-4113-97a3-a3ec5a12614a (type: security_group_rules) to 0
2026-07-01 01:58:59.138 9 INFO neutron.db.ovn_revision_numbers_db [None req-d3a5ed75-1e13-48a8-b40d-aeec9021798a 1a7f91f80fc94da18a5b132926d3489b b82034ae539b46e886553b41ad0ac0e6 - - default default] Successfully bumped revision number for resource e3fb7936-92b5-4549-ab18-c0ea2981ef13 (type: security_group_rules) to 0
2026-07-01 01:58:59.159 10 INFO neutron.wsgi [req-fee77e35-6828-4524-bd8c-f83cb13d236f req-26326aa9-23e8-4863-b4a9-bccccf4e5b66 da75f5ee220e408fa32f83ef5b1bbfab 329dfaf3a96b46f7b8a09571de8d9f51 - - b0811726392a4530b89972dbf1b46816 b0811726392a4530b89972dbf1b46816] 199.204.45.109 "GET /v2.0/networks?id=706ee83b-910e-4608-adaf-d8889c80b520 HTTP/1.1" status: 200 len: 973 time: 0.0661812
2026-07-01 01:58:59.207 9 INFO neutron.db.ovn_revision_numbers_db [None req-d3a5ed75-1e13-48a8-b40d-aeec9021798a 1a7f91f80fc94da18a5b132926d3489b b82034ae539b46e886553b41ad0ac0e6 - - default default] Successfully bumped revision number for resource 45ca68cb-4e05-40c4-85ea-258728efc599 (type: security_groups) to 1
2026-07-01 01:58:59.218 9 INFO neutron.db.ovn_revision_numbers_db [None req-d3a5ed75-1e13-48a8-b40d-aeec9021798a 1a7f91f80fc94da18a5b132926d3489b b82034ae539b46e886553b41ad0ac0e6 - - default default] Successfully bumped revision number for resource 64b25d6e-fc2f-4b61-b083-d28cda362336 (type: security_group_rules) to 0
2026-07-01 01:58:59.218 10 INFO neutron.wsgi [req-fee77e35-6828-4524-bd8c-f83cb13d236f req-e0af88be-90b7-47ca-bb60-eb060b0fb72d da75f5ee220e408fa32f83ef5b1bbfab 329dfaf3a96b46f7b8a09571de8d9f51 - - b0811726392a4530b89972dbf1b46816 b0811726392a4530b89972dbf1b46816] 199.204.45.109 "GET /v2.0/floatingips?fixed_ip_address=10.100.0.12&port_id=71231e6f-0eaf-4b46-9952-4964f541c949 HTTP/1.1" status: 200 len: 1060 time: 0.0519905
2026-07-01 01:58:59.230 9 INFO neutron.db.ovn_revision_numbers_db [None req-d3a5ed75-1e13-48a8-b40d-aeec9021798a 1a7f91f80fc94da18a5b132926d3489b b82034ae539b46e886553b41ad0ac0e6 - - default default] Successfully bumped revision number for resource 7d5ed4c7-8dbb-4f4b-b908-54216594f46f (type: security_group_rules) to 0
2026-07-01 01:58:59.247 9 INFO neutron.wsgi [None req-d3a5ed75-1e13-48a8-b40d-aeec9021798a 1a7f91f80fc94da18a5b132926d3489b b82034ae539b46e886553b41ad0ac0e6 - - default default] 10.0.0.240 "POST /v2.0/security-groups HTTP/1.1" status: 201 len: 1761 time: 0.4362884
2026-07-01 01:58:59.271 10 INFO neutron.wsgi [req-fee77e35-6828-4524-bd8c-f83cb13d236f req-1854c184-0b19-4ba4-97f0-a805296069a3 da75f5ee220e408fa32f83ef5b1bbfab 329dfaf3a96b46f7b8a09571de8d9f51 - - b0811726392a4530b89972dbf1b46816 b0811726392a4530b89972dbf1b46816] 199.204.45.109 "GET /v2.0/subnets?id=74a5b626-b216-4ca8-a23d-81cfd0274704 HTTP/1.1" status: 200 len: 868 time: 0.0490520
2026-07-01 01:58:59.287 9 INFO neutron.wsgi [None req-a491a455-5af8-47f9-92c6-4f10899d555d 1a7f91f80fc94da18a5b132926d3489b b82034ae539b46e886553b41ad0ac0e6 - - default default] 10.0.0.240 "GET /v2.0/security-groups HTTP/1.1" status: 200 len: 4539 time: 0.0342438
2026-07-01 01:58:59.296 9 WARNING neutron.plugins.ml2.drivers.ovn.mech_driver.ovsdb.ovn_client [None req-893e819e-c923-4dec-b005-82e98c725972 - - - - - -] No port found with ID b11623b8-42e1-4666-9f4f-28c45bc73a77: RuntimeError: No port found with ID b11623b8-42e1-4666-9f4f-28c45bc73a77
2026-07-01 01:58:59.296 9 INFO neutron.plugins.ml2.drivers.ovn.mech_driver.mech_driver [None req-893e819e-c923-4dec-b005-82e98c725972 - - - - - -] OVN reports status up for port: c995f304-117b-49b8-8365-6ac7b115acef
2026-07-01 01:58:59.309 10 INFO neutron.wsgi [req-fee77e35-6828-4524-bd8c-f83cb13d236f req-8b37aab3-07fe-48b5-b08f-2a04c40f7633 da75f5ee220e408fa32f83ef5b1bbfab 329dfaf3a96b46f7b8a09571de8d9f51 - - b0811726392a4530b89972dbf1b46816 b0811726392a4530b89972dbf1b46816] 199.204.45.109 "GET /v2.0/ports?network_id=706ee83b-910e-4608-adaf-d8889c80b520&device_owner=network%3Adhcp HTTP/1.1" status: 200 len: 210 time: 0.0301502
2026-07-01 01:58:59.312 9 INFO neutron.plugins.ml2.plugin [None req-893e819e-c923-4dec-b005-82e98c725972 - - - - - -] Attempt 1 to provision port c995f304-117b-49b8-8365-6ac7b115acef
2026-07-01 01:58:59.412 10 INFO neutron.wsgi [req-fee77e35-6828-4524-bd8c-f83cb13d236f req-7d79e9dd-9504-4c51-a84a-7a7702096af2 da75f5ee220e408fa32f83ef5b1bbfab 329dfaf3a96b46f7b8a09571de8d9f51 - - b0811726392a4530b89972dbf1b46816 b0811726392a4530b89972dbf1b46816] 199.204.45.109 "GET /v2.0/networks/706ee83b-910e-4608-adaf-d8889c80b520?fields=segments HTTP/1.1" status: 200 len: 212 time: 0.0979121
2026-07-01 01:58:59.454 9 INFO neutron.notifiers.nova [-] Nova event matching ['req-84a15d28-4cbb-4e2f-9f01-a938893acdb3'] response: {'server_uuid': 'f58b3ea0-1486-4691-b27c-2ef63c957397', 'name': 'network-vif-plugged', 'status': 'completed', 'tag': 'c995f304-117b-49b8-8365-6ac7b115acef', 'code': 200}
2026-07-01 01:58:59.461 10 INFO neutron.db.ovn_revision_numbers_db [None req-14ad3560-6cce-45e4-9ac9-014185ec6591 1a7f91f80fc94da18a5b132926d3489b b82034ae539b46e886553b41ad0ac0e6 - - default default] Successfully bumped revision number for resource 45ca68cb-4e05-40c4-85ea-258728efc599 (type: security_groups) to 2
2026-07-01 01:58:59.465 10 INFO neutron.wsgi [None req-14ad3560-6cce-45e4-9ac9-014185ec6591 1a7f91f80fc94da18a5b132926d3489b b82034ae539b46e886553b41ad0ac0e6 - - default default] 10.0.0.240 "PUT /v2.0/security-groups/45ca68cb-4e05-40c4-85ea-258728efc599 HTTP/1.1" status: 200 len: 1794 time: 0.1705356
2026-07-01 01:58:59.523 10 INFO neutron.wsgi [req-fee77e35-6828-4524-bd8c-f83cb13d236f req-b5f6957f-f324-4901-ac6f-e680f0c46d7e da75f5ee220e408fa32f83ef5b1bbfab 329dfaf3a96b46f7b8a09571de8d9f51 - - b0811726392a4530b89972dbf1b46816 b0811726392a4530b89972dbf1b46816] 199.204.45.109 "GET /v2.0/networks/706ee83b-910e-4608-adaf-d8889c80b520?fields=provider%3Aphysical_network&fields=provider%3Anetwork_type HTTP/1.1" status: 200 len: 277 time: 0.1028214
2026-07-01 01:58:59.527 10 INFO neutron.wsgi [None req-70185640-42c2-4172-b9fc-a1ed62f76fb8 1a7f91f80fc94da18a5b132926d3489b b82034ae539b46e886553b41ad0ac0e6 - - default default] 10.0.0.240 "GET /v2.0/security-groups/45ca68cb-4e05-40c4-85ea-258728efc599 HTTP/1.1" status: 200 len: 1794 time: 0.0534978
2026-07-01 01:58:59.646 9 INFO neutron.db.ovn_revision_numbers_db [None req-893e819e-c923-4dec-b005-82e98c725972 - - - - - -] Successfully bumped revision number for resource c995f304-117b-49b8-8365-6ac7b115acef (type: ports) to 4
2026-07-01 01:58:59.715 9 INFO neutron.wsgi [None req-af8f7b10-0366-47e3-b6d9-2da13c70feda 1a7f91f80fc94da18a5b132926d3489b b82034ae539b46e886553b41ad0ac0e6 - - default default] 10.0.0.240 "DELETE /v2.0/security-groups/45ca68cb-4e05-40c4-85ea-258728efc599 HTTP/1.1" status: 204 len: 168 time: 0.1808896 /var/lib/openstack/lib/python3.10/site-packages/pycadf/identifier.py:71: UserWarning: Invalid uuid: neutron. To ensure interoperability, identifiers should be a valid uuid. warnings.warn(('Invalid uuid: %s. To ensure interoperability, '
2026-07-01 01:58:59.757 9 INFO neutron.wsgi [None req-ccac6366-2690-4e1e-9406-65402d99dda2 1a7f91f80fc94da18a5b132926d3489b b82034ae539b46e886553b41ad0ac0e6 - - default default] 10.0.0.240 "GET /v2.0/security-groups HTTP/1.1" status: 200 len: 2996 time: 0.0338767
2026-07-01 01:58:59.771 9 INFO neutron.api.v2.resource [None req-cc1b9152-5e32-4af9-9d6d-e01f6cce3d77 1a7f91f80fc94da18a5b132926d3489b b82034ae539b46e886553b41ad0ac0e6 - - default default] delete failed (client error): The resource could not be found.
2026-07-01 01:58:59.772 9 INFO neutron.wsgi [None req-cc1b9152-5e32-4af9-9d6d-e01f6cce3d77 1a7f91f80fc94da18a5b132926d3489b b82034ae539b46e886553b41ad0ac0e6 - - default default] 10.0.0.240 "DELETE /v2.0/security-groups/45ca68cb-4e05-40c4-85ea-258728efc599 HTTP/1.1" status: 404 len: 347 time: 0.0104086
2026-07-01 01:58:59.784 9 WARNING neutron_lib.context [None req-a89fe58a-8df2-4618-9709-204cfe96d403 1a7f91f80fc94da18a5b132926d3489b b82034ae539b46e886553b41ad0ac0e6 - - default default] Method 'is_advsvc' is deprecated since 2023.2 release (neutron-lib 3.8.0) and will be removed once support for the old RBAC API policies will be removed from Neutron. Please use method 'is_service_role' instead.
2026-07-01 01:58:59.918 9 INFO neutron.db.ovn_revision_numbers_db [None req-a89fe58a-8df2-4618-9709-204cfe96d403 1a7f91f80fc94da18a5b132926d3489b b82034ae539b46e886553b41ad0ac0e6 - - default default] Successfully bumped revision number for resource 73777b30-3542-494f-9290-e75aa39074fd (type: security_groups) to 1
2026-07-01 01:58:59.936 9 INFO neutron.db.ovn_revision_numbers_db [None req-a89fe58a-8df2-4618-9709-204cfe96d403 1a7f91f80fc94da18a5b132926d3489b b82034ae539b46e886553b41ad0ac0e6 - - default default] Successfully bumped revision number for resource 59c1f259-a23f-4bb9-aafb-b14f5d320177 (type: security_group_rules) to 0
2026-07-01 01:58:59.956 9 INFO neutron.db.ovn_revision_numbers_db [None req-a89fe58a-8df2-4618-9709-204cfe96d403 1a7f91f80fc94da18a5b132926d3489b b82034ae539b46e886553b41ad0ac0e6 - - default default] Successfully bumped revision number for resource 86d4146b-bfc8-4073-9c3b-e6d78730b68a (type: security_group_rules) to 0
2026-07-01 01:58:59.957 10 INFO neutron.wsgi [req-e3b80e7a-ca14-4581-8aab-8794f9925915 req-6ee2cbcb-90ad-4e65-bf4a-dc983e2b35cc 0e8e99b19e064bd4bd099833fdcc6bd8 85a86ea7197a4e39bcc64d7a46bd37eb - - default default] 10.0.0.34 "GET /v2.0/ports?device_id=f58b3ea0-1486-4691-b27c-2ef63c957397 HTTP/1.1" status: 200 len: 1174 time: 0.0462568
2026-07-01 01:58:59.975 9 INFO neutron.wsgi [None req-a89fe58a-8df2-4618-9709-204cfe96d403 1a7f91f80fc94da18a5b132926d3489b b82034ae539b46e886553b41ad0ac0e6 - - default default] 10.0.0.240 "POST /v2.0/security-groups HTTP/1.1" status: 201 len: 1761 time: 0.1975305
2026-07-01 01:58:59.987 10 WARNING neutron_lib.context [None req-5a80ec9f-8808-447f-8d82-53d0805eb292 1a7f91f80fc94da18a5b132926d3489b b82034ae539b46e886553b41ad0ac0e6 - - default default] Method 'is_advsvc' is deprecated since 2023.2 release (neutron-lib 3.8.0) and will be removed once support for the old RBAC API policies will be removed from Neutron. Please use method 'is_service_role' instead.
2026-07-01 01:59:00.010 10 INFO neutron.wsgi [req-e3b80e7a-ca14-4581-8aab-8794f9925915 req-9a407ea6-190e-430a-9599-648547b3e5d2 0e8e99b19e064bd4bd099833fdcc6bd8 85a86ea7197a4e39bcc64d7a46bd37eb - - default default] 10.0.0.34 "GET /v2.0/security-groups?id=ca01fc7f-0dff-4e0c-8b29-22612ba1c72c&fields=id&fields=name HTTP/1.1" status: 200 len: 313 time: 0.0482593
2026-07-01 01:59:00.113 9 INFO neutron.wsgi [req-2ca4fadc-04b7-4855-bf39-c3eab47bee0a req-fa08ca95-8c3f-4587-9226-d06080f3c072 0e8e99b19e064bd4bd099833fdcc6bd8 85a86ea7197a4e39bcc64d7a46bd37eb - - default default] 10.0.0.34 "GET /v2.0/ports?device_id=f58b3ea0-1486-4691-b27c-2ef63c957397 HTTP/1.1" status: 200 len: 1174 time: 0.0440049
2026-07-01 01:59:00.120 10 INFO neutron.db.ovn_revision_numbers_db [None req-5a80ec9f-8808-447f-8d82-53d0805eb292 1a7f91f80fc94da18a5b132926d3489b b82034ae539b46e886553b41ad0ac0e6 - - default default] Successfully bumped revision number for resource 40f070dd-fa07-4483-812a-e6be50a27890 (type: security_group_rules) to 0
2026-07-01 01:59:00.150 10 INFO neutron.wsgi [None req-5a80ec9f-8808-447f-8d82-53d0805eb292 1a7f91f80fc94da18a5b132926d3489b b82034ae539b46e886553b41ad0ac0e6 - - default default] 10.0.0.240 "POST /v2.0/security-group-rules HTTP/1.1" status: 201 len: 768 time: 0.1698923
2026-07-01 01:59:00.203 9 INFO neutron.wsgi [None req-e9a0db81-7e74-448f-934b-ecbbe4234fd1 1a7f91f80fc94da18a5b132926d3489b b82034ae539b46e886553b41ad0ac0e6 - - default default] 10.0.0.240 "GET /v2.0/security-group-rules/40f070dd-fa07-4483-812a-e6be50a27890 HTTP/1.1" status: 200 len: 763 time: 0.0461092
2026-07-01 01:59:00.294 9 INFO neutron.wsgi [None req-47b6ffce-3703-465e-a98d-5e4ace6423c7 1a7f91f80fc94da18a5b132926d3489b b82034ae539b46e886553b41ad0ac0e6 - - default default] 10.0.0.240 "GET /v2.0/security-group-rules HTTP/1.1" status: 200 len: 4113 time: 0.0861506
2026-07-01 01:59:00.449 10 INFO neutron.wsgi [None req-589a07d3-cc75-4ef0-b45f-5663bce7c7fb 1a7f91f80fc94da18a5b132926d3489b b82034ae539b46e886553b41ad0ac0e6 - - default default] 10.0.0.240 "DELETE /v2.0/security-group-rules/40f070dd-fa07-4483-812a-e6be50a27890 HTTP/1.1" status: 204 len: 168 time: 0.1479416
2026-07-01 01:59:00.515 10 INFO neutron.wsgi [None req-13d646a0-6bb6-4a69-a09f-61abe70c4a14 1a7f91f80fc94da18a5b132926d3489b b82034ae539b46e886553b41ad0ac0e6 - - default default] 10.0.0.240 "GET /v2.0/security-group-rules HTTP/1.1" status: 200 len: 3567 time: 0.0595052
2026-07-01 01:59:00.524 10 WARNING neutron_lib.context [None req-ae37707f-b7cb-499b-b554-18a374dd75c7 1a7f91f80fc94da18a5b132926d3489b b82034ae539b46e886553b41ad0ac0e6 - - default default] Method 'is_advsvc' is deprecated since 2023.2 release (neutron-lib 3.8.0) and will be removed once support for the old RBAC API policies will be removed from Neutron. Please use method 'is_service_role' instead.
2026-07-01 01:59:00.619 9 INFO neutron.db.l3_db [None req-b65df61c-4eac-4f34-8866-b7a749bbad3d 0e8e99b19e064bd4bd099833fdcc6bd8 85a86ea7197a4e39bcc64d7a46bd37eb - - default default] Floating IP c42958b7-b999-4451-9c10-64d9d624f5f1 associated. External IP: 10.96.250.219, port: c995f304-117b-49b8-8365-6ac7b115acef.
2026-07-01 01:59:00.633 10 INFO neutron.db.ovn_revision_numbers_db [None req-ae37707f-b7cb-499b-b554-18a374dd75c7 1a7f91f80fc94da18a5b132926d3489b b82034ae539b46e886553b41ad0ac0e6 - - default default] Successfully bumped revision number for resource 6713a94e-dcc0-4c06-bb49-d0e5bba1a5c5 (type: security_group_rules) to 0
2026-07-01 01:59:00.658 10 INFO neutron.wsgi [None req-ae37707f-b7cb-499b-b554-18a374dd75c7 1a7f91f80fc94da18a5b132926d3489b b82034ae539b46e886553b41ad0ac0e6 - - default default] 10.0.0.240 "POST /v2.0/security-group-rules HTTP/1.1" status: 201 len: 768 time: 0.1378543
2026-07-01 01:59:00.679 10 INFO neutron.wsgi [None req-eafc7ef8-ae30-4048-8e61-de14cb4a5ef3 1a7f91f80fc94da18a5b132926d3489b b82034ae539b46e886553b41ad0ac0e6 - - default default] 10.0.0.240 "GET /v2.0/security-group-rules/6713a94e-dcc0-4c06-bb49-d0e5bba1a5c5 HTTP/1.1" status: 200 len: 763 time: 0.0136421
2026-07-01 01:59:00.719 10 INFO neutron.wsgi [None req-ef6766a4-1d8d-4ffb-bf0a-d126f203b935 1a7f91f80fc94da18a5b132926d3489b b82034ae539b46e886553b41ad0ac0e6 - - default default] 10.0.0.240 "GET /v2.0/security-group-rules HTTP/1.1" status: 200 len: 4113 time: 0.0364287
2026-07-01 01:59:00.823 9 INFO neutron.db.ovn_revision_numbers_db [None req-b65df61c-4eac-4f34-8866-b7a749bbad3d 0e8e99b19e064bd4bd099833fdcc6bd8 85a86ea7197a4e39bcc64d7a46bd37eb - - default default] Successfully bumped revision number for resource c42958b7-b999-4451-9c10-64d9d624f5f1 (type: floatingips) to 1
2026-07-01 01:59:00.879 10 INFO neutron.wsgi [None req-719c9a82-02e9-4bcf-9941-ff8c42042d7d 1a7f91f80fc94da18a5b132926d3489b b82034ae539b46e886553b41ad0ac0e6 - - default default] 10.0.0.240 "DELETE /v2.0/security-group-rules/6713a94e-dcc0-4c06-bb49-d0e5bba1a5c5 HTTP/1.1" status: 204 len: 168 time: 0.1488001 /var/lib/openstack/lib/python3.10/site-packages/pycadf/identifier.py:71: UserWarning: Invalid uuid: neutron. To ensure interoperability, identifiers should be a valid uuid. warnings.warn(('Invalid uuid: %s. To ensure interoperability, '
2026-07-01 01:59:00.918 9 INFO neutron.db.ovn_revision_numbers_db [None req-b65df61c-4eac-4f34-8866-b7a749bbad3d 0e8e99b19e064bd4bd099833fdcc6bd8 85a86ea7197a4e39bcc64d7a46bd37eb - - default default] Successfully bumped revision number for resource c42958b7-b999-4451-9c10-64d9d624f5f1 (type: floatingips) to 2
2026-07-01 01:59:00.919 10 INFO neutron.wsgi [None req-4410f7a3-07e1-4e38-a13c-67b7236e7355 1a7f91f80fc94da18a5b132926d3489b b82034ae539b46e886553b41ad0ac0e6 - - default default] 10.0.0.240 "GET /v2.0/security-group-rules HTTP/1.1" status: 200 len: 3567 time: 0.0345531
2026-07-01 01:59:00.927 10 WARNING neutron_lib.context [None req-44ce91d8-c6d7-4fac-92ee-f3b3821d8a07 1a7f91f80fc94da18a5b132926d3489b b82034ae539b46e886553b41ad0ac0e6 - - default default] Method 'is_advsvc' is deprecated since 2023.2 release (neutron-lib 3.8.0) and will be removed once support for the old RBAC API policies will be removed from Neutron. Please use method 'is_service_role' instead.
2026-07-01 01:59:00.940 9 INFO neutron.wsgi [None req-b65df61c-4eac-4f34-8866-b7a749bbad3d 0e8e99b19e064bd4bd099833fdcc6bd8 85a86ea7197a4e39bcc64d7a46bd37eb - - default default] 10.0.0.240 "PUT /v2.0/floatingips/c42958b7-b999-4451-9c10-64d9d624f5f1 HTTP/1.1" status: 200 len: 1050 time: 0.8120010
