2026-07-01 01:57:43.434 9 INFO neutron.wsgi [req-d6f4724d-6f79-4c48-976a-d91db21a8d6a req-219d0ac3-b7db-4684-b9ec-9fe4cccd5b69 d29005fd39144a63a443775dc0b2b1e9 edb54c144fc3431a8cd6c42bb46191eb - - default default] 10.0.0.34 "POST /v2.0/security-groups HTTP/1.1" status: 201 len: 1821 time: 0.3033428
2026-07-01 01:57:43.452 9 INFO neutron.wsgi [None req-f596f2e9-8523-4c59-a929-a1bd9149d225 db0d62f4f0ea4e89910377668fd8c84f 6340392e7cc244169c2c302ebf3aa645 - - default default] 10.0.0.240 "DELETE /v2.0/security-groups/477f8037-8216-48d7-b047-d84044ebb14b HTTP/1.1" status: 204 len: 168 time: 0.3801866
2026-07-01 01:57:43.464 10 INFO neutron.wsgi [req-28dab5ac-85d3-4dc1-94c0-98b92b46b8c5 req-e2c48b10-040a-42e1-bc62-51a4af4ebbe3 10d2f0865c8149cb99b42f9e3c500240 d92b874c8dfe4eb28b1150c4f83ef13e - - default default] 10.0.0.34 "GET /v2.0/security-groups/ed622995-1e17-4721-ad87-acbcc65b15d9 HTTP/1.1" status: 200 len: 3010 time: 0.0595088
2026-07-01 01:57:43.504 9 INFO neutron.db.ovn_revision_numbers_db [None req-559da54b-b356-4d0c-9904-a77be8e68fef - - - - - -] Successfully bumped revision number for resource a63b208d-f45b-4a80-a61a-0904643e30a6 (type: router_ports) to 3
2026-07-01 01:57:43.505 10 INFO neutron.wsgi [req-473f3798-8243-4034-bbb4-790241812e7f req-8b446541-a832-49a8-b6a5-58f2b3fe0289 10d2f0865c8149cb99b42f9e3c500240 d92b874c8dfe4eb28b1150c4f83ef13e - - default default] 10.0.0.34 "GET /v2.0/security-group-rules/2bd4c06b-4b28-4c84-a967-b824caa44a6c HTTP/1.1" status: 200 len: 783 time: 0.0175209
2026-07-01 01:57:43.511 9 INFO neutron.wsgi [req-c0b56817-5312-4b8e-b8c0-f3e9ba18d985 req-7cb493c9-2941-407a-927f-c73c68b998cc d29005fd39144a63a443775dc0b2b1e9 edb54c144fc3431a8cd6c42bb46191eb - - default default] 10.0.0.34 "GET /v2.0/security-groups?tenant_id=edb54c144fc3431a8cd6c42bb46191eb HTTP/1.1" status: 200 len: 7792 time: 0.0466838
2026-07-01 01:57:43.554 9 INFO neutron.wsgi [req-c0b56817-5312-4b8e-b8c0-f3e9ba18d985 req-787412f2-57f6-43cf-af22-b6c50425202d d29005fd39144a63a443775dc0b2b1e9 edb54c144fc3431a8cd6c42bb46191eb - - default default] 10.0.0.34 "GET /v2.0/security-groups/863425d9-eff6-44f3-91ca-5649ce6a4527 HTTP/1.1" status: 200 len: 2994 time: 0.0358794
2026-07-01 01:57:43.562 10 INFO neutron.wsgi [req-473f3798-8243-4034-bbb4-790241812e7f req-0a068be4-02e6-4a26-bb7e-f03b897d66c8 10d2f0865c8149cb99b42f9e3c500240 d92b874c8dfe4eb28b1150c4f83ef13e - - default default] 10.0.0.34 "GET /v2.0/security-groups/ed622995-1e17-4721-ad87-acbcc65b15d9 HTTP/1.1" status: 200 len: 3010 time: 0.0479109
2026-07-01 01:57:43.603 9 INFO neutron.wsgi [req-c0b56817-5312-4b8e-b8c0-f3e9ba18d985 req-704f3406-0016-4aba-92bb-6104bc1d2c6d d29005fd39144a63a443775dc0b2b1e9 edb54c144fc3431a8cd6c42bb46191eb - - default default] 10.0.0.34 "GET /v2.0/security-groups/863425d9-eff6-44f3-91ca-5649ce6a4527 HTTP/1.1" status: 200 len: 2994 time: 0.0404394
2026-07-01 01:57:43.668 9 INFO neutron.wsgi [req-1c272034-bf34-4dc3-b428-b4ab76609899 req-f6bfa20f-96b0-4c61-ae0d-8f4d8a949c80 d29005fd39144a63a443775dc0b2b1e9 edb54c144fc3431a8cd6c42bb46191eb - - default default] 10.0.0.34 "GET /v2.0/security-groups/d5b8fa02-0e33-4bce-ba46-583d47ccbae3 HTTP/1.1" status: 200 len: 1815 time: 0.0311935
2026-07-01 01:57:43.669 9 INFO neutron.db.ovn_revision_numbers_db [None req-559da54b-b356-4d0c-9904-a77be8e68fef - - - - - -] Successfully bumped revision number for resource a63b208d-f45b-4a80-a61a-0904643e30a6 (type: ports) to 2
2026-07-01 01:57:43.754 10 INFO neutron.wsgi [req-473f3798-8243-4034-bbb4-790241812e7f req-c30be1ff-0f92-4c52-956a-2ce82d6a9a48 10d2f0865c8149cb99b42f9e3c500240 d92b874c8dfe4eb28b1150c4f83ef13e - - default default] 10.0.0.34 "DELETE /v2.0/security-group-rules/2bd4c06b-4b28-4c84-a967-b824caa44a6c HTTP/1.1" status: 204 len: 173 time: 0.1835766
2026-07-01 01:57:43.785 9 INFO neutron.plugins.ml2.drivers.ovn.mech_driver.mech_driver [None req-893e819e-c923-4dec-b005-82e98c725972 - - - - - -] OVN reports status up for port: 7a00af11-a313-4c50-873e-c5a1ac4391e9
2026-07-01 01:57:43.795 9 INFO neutron.plugins.ml2.plugin [None req-893e819e-c923-4dec-b005-82e98c725972 - - - - - -] Attempt 1 to provision port 7a00af11-a313-4c50-873e-c5a1ac4391e9
2026-07-01 01:57:43.803 10 INFO neutron.wsgi [req-22f202ad-36fb-47f8-a4e5-b90443d368cf req-e9bb6657-c657-4693-a63c-276c63178414 10d2f0865c8149cb99b42f9e3c500240 d92b874c8dfe4eb28b1150c4f83ef13e - - default default] 10.0.0.34 "GET /v2.0/security-groups/ed622995-1e17-4721-ad87-acbcc65b15d9 HTTP/1.1" status: 200 len: 2412 time: 0.0341480
2026-07-01 01:57:43.804 10 INFO neutron.db.ovn_revision_numbers_db [None req-a832cacc-eb59-4a85-b367-c55fa237c7c1 db0d62f4f0ea4e89910377668fd8c84f 6340392e7cc244169c2c302ebf3aa645 - - default default] Successfully bumped revision number for resource 7a00af11-a313-4c50-873e-c5a1ac4391e9 (type: router_ports) to 1
2026-07-01 01:57:43.853 9 INFO neutron.wsgi [req-1c272034-bf34-4dc3-b428-b4ab76609899 req-7de7982d-6a2e-4bec-87f2-22dc654f10c8 d29005fd39144a63a443775dc0b2b1e9 edb54c144fc3431a8cd6c42bb46191eb - - default default] 10.0.0.34 "DELETE /v2.0/security-groups/d5b8fa02-0e33-4bce-ba46-583d47ccbae3 HTTP/1.1" status: 204 len: 173 time: 0.1773698
2026-07-01 01:57:43.888 9 INFO neutron.api.v2.resource [req-1a6f5e90-48ac-4e47-9a7f-7d1978a63843 req-31a7192d-aa18-48ad-baeb-917345e7ba7c d29005fd39144a63a443775dc0b2b1e9 edb54c144fc3431a8cd6c42bb46191eb - - default default] show failed (client error): The resource could not be found.
2026-07-01 01:57:43.889 9 INFO neutron.wsgi [req-1a6f5e90-48ac-4e47-9a7f-7d1978a63843 req-31a7192d-aa18-48ad-baeb-917345e7ba7c d29005fd39144a63a443775dc0b2b1e9 edb54c144fc3431a8cd6c42bb46191eb - - default default] 10.0.0.34 "GET /v2.0/security-groups/d5b8fa02-0e33-4bce-ba46-583d47ccbae3 HTTP/1.1" status: 404 len: 352 time: 0.0154431
2026-07-01 01:57:43.970 10 INFO neutron.db.ovn_revision_numbers_db [None req-a832cacc-eb59-4a85-b367-c55fa237c7c1 db0d62f4f0ea4e89910377668fd8c84f 6340392e7cc244169c2c302ebf3aa645 - - default default] Successfully bumped revision number for resource 7a00af11-a313-4c50-873e-c5a1ac4391e9 (type: ports) to 1
2026-07-01 01:57:43.973 9 INFO neutron.wsgi [req-c6bccd5e-c553-483a-99ad-ceae11ea026b req-c4d92136-8071-4411-a00b-c8bd71b3114b d29005fd39144a63a443775dc0b2b1e9 edb54c144fc3431a8cd6c42bb46191eb - - default default] 10.0.0.34 "GET /v2.0/security-groups/eb13eb58-a0f1-4660-926c-ea5195e1c164 HTTP/1.1" status: 200 len: 1818 time: 0.0574651
2026-07-01 01:57:43.974 10 INFO neutron.wsgi [req-22f202ad-36fb-47f8-a4e5-b90443d368cf req-c0c3d20b-bbde-46b1-8a3d-5aa43e31799c 10d2f0865c8149cb99b42f9e3c500240 d92b874c8dfe4eb28b1150c4f83ef13e - - default default] 10.0.0.34 "DELETE /v2.0/security-groups/ed622995-1e17-4721-ad87-acbcc65b15d9 HTTP/1.1" status: 204 len: 173 time: 0.1607485
2026-07-01 01:57:44.056 10 INFO neutron.wsgi [req-d1e5127e-bb1c-4a90-b1ba-13a2fef2215e req-2d963f3d-5170-4210-9b1c-8f81118e66f0 10d2f0865c8149cb99b42f9e3c500240 d92b874c8dfe4eb28b1150c4f83ef13e - - default default] 10.0.0.34 "GET /v2.0/security-groups/17fa096a-45da-48eb-87a9-447f48358d2c HTTP/1.1" status: 200 len: 2412 time: 0.0584364
2026-07-01 01:57:44.062 10 WARNING neutron.scheduler.dhcp_agent_scheduler [None req-a832cacc-eb59-4a85-b367-c55fa237c7c1 db0d62f4f0ea4e89910377668fd8c84f 6340392e7cc244169c2c302ebf3aa645 - - default default] No more DHCP agents
2026-07-01 01:57:44.063 10 WARNING neutron.api.rpc.agentnotifiers.dhcp_rpc_agent_api [None req-a832cacc-eb59-4a85-b367-c55fa237c7c1 db0d62f4f0ea4e89910377668fd8c84f 6340392e7cc244169c2c302ebf3aa645 - - default default] Unable to schedule network e298ca65-7a3e-419d-acff-614066a245d3: no agents available; will retry on subsequent port and subnet creation events.
2026-07-01 01:57:44.074 9 INFO neutron.db.ovn_revision_numbers_db [None req-559da54b-b356-4d0c-9904-a77be8e68fef - - - - - -] Successfully bumped revision number for resource a63b208d-f45b-4a80-a61a-0904643e30a6 (type: ports) to 4
2026-07-01 01:57:44.220 10 INFO neutron.wsgi [req-d1e5127e-bb1c-4a90-b1ba-13a2fef2215e req-23a5ebc6-aa63-406b-8f03-99a8e86f5cef 10d2f0865c8149cb99b42f9e3c500240 d92b874c8dfe4eb28b1150c4f83ef13e - - default default] 10.0.0.34 "DELETE /v2.0/security-groups/17fa096a-45da-48eb-87a9-447f48358d2c HTTP/1.1" status: 204 len: 173 time: 0.1559656
2026-07-01 01:57:44.247 9 INFO neutron.wsgi [req-c6bccd5e-c553-483a-99ad-ceae11ea026b req-cce64566-b2a3-4710-8313-45774bf7e280 d29005fd39144a63a443775dc0b2b1e9 edb54c144fc3431a8cd6c42bb46191eb - - default default] 10.0.0.34 "DELETE /v2.0/security-groups/eb13eb58-a0f1-4660-926c-ea5195e1c164 HTTP/1.1" status: 204 len: 173 time: 0.2660186
2026-07-01 01:57:44.280 10 INFO neutron.api.v2.resource [req-58722b13-2831-468a-a24a-a1de8f2393e9 req-394d299b-7378-4fa7-aaae-a0425295f668 d29005fd39144a63a443775dc0b2b1e9 edb54c144fc3431a8cd6c42bb46191eb - - default default] show failed (client error): The resource could not be found.
2026-07-01 01:57:44.281 10 INFO neutron.wsgi [req-58722b13-2831-468a-a24a-a1de8f2393e9 req-394d299b-7378-4fa7-aaae-a0425295f668 d29005fd39144a63a443775dc0b2b1e9 edb54c144fc3431a8cd6c42bb46191eb - - default default] 10.0.0.34 "GET /v2.0/security-groups/eb13eb58-a0f1-4660-926c-ea5195e1c164 HTTP/1.1" status: 404 len: 352 time: 0.0134852
2026-07-01 01:57:44.414 9 INFO neutron.db.ovn_revision_numbers_db [None req-893e819e-c923-4dec-b005-82e98c725972 - - - - - -] Successfully bumped revision number for resource 7a00af11-a313-4c50-873e-c5a1ac4391e9 (type: ports) to 2
2026-07-01 01:57:44.465 9 INFO neutron.wsgi [req-3c92d61c-d067-4570-9714-b73d471e4bc3 req-652ddeec-878b-4dde-adaa-b5ac581a607f d29005fd39144a63a443775dc0b2b1e9 edb54c144fc3431a8cd6c42bb46191eb - - default default] 10.0.0.34 "GET /v2.0/security-groups/a77605da-556d-44f3-8052-bc97a048e4e2 HTTP/1.1" status: 200 len: 1816 time: 0.0953598
2026-07-01 01:57:44.588 9 INFO neutron.db.ovn_revision_numbers_db [None req-559da54b-b356-4d0c-9904-a77be8e68fef - - - - - -] Successfully bumped revision number for resource a63b208d-f45b-4a80-a61a-0904643e30a6 (type: router_ports) to 4
2026-07-01 01:57:44.617 9 INFO neutron.db.ovn_revision_numbers_db [None req-893e819e-c923-4dec-b005-82e98c725972 - - - - - -] Successfully bumped revision number for resource 7a00af11-a313-4c50-873e-c5a1ac4391e9 (type: router_ports) to 2
2026-07-01 01:57:44.714 10 INFO neutron.db.ovn_revision_numbers_db [None req-a832cacc-eb59-4a85-b367-c55fa237c7c1 db0d62f4f0ea4e89910377668fd8c84f 6340392e7cc244169c2c302ebf3aa645 - - default default] Successfully bumped revision number for resource 7a00af11-a313-4c50-873e-c5a1ac4391e9 (type: router_ports) to 2
2026-07-01 01:57:44.717 10 INFO neutron.wsgi [None req-a832cacc-eb59-4a85-b367-c55fa237c7c1 db0d62f4f0ea4e89910377668fd8c84f 6340392e7cc244169c2c302ebf3aa645 - - default default] 10.0.0.240 "PUT /v2.0/routers/79be16f2-ed31-494e-af9a-434b8d6b824e/add_router_interface HTTP/1.1" status: 200 len: 503 time: 2.1837726
2026-07-01 01:57:44.748 9 INFO neutron.wsgi [req-3c92d61c-d067-4570-9714-b73d471e4bc3 req-73447cc7-0fcc-48a1-99cc-18e9602977e9 d29005fd39144a63a443775dc0b2b1e9 edb54c144fc3431a8cd6c42bb46191eb - - default default] 10.0.0.34 "DELETE /v2.0/security-groups/a77605da-556d-44f3-8052-bc97a048e4e2 HTTP/1.1" status: 204 len: 173 time: 0.2724595
2026-07-01 01:57:44.780 10 INFO neutron.api.v2.resource [req-870ec437-84b5-4c33-84b4-3c46b34fd998 req-0302d597-b01d-4c9e-ad79-3c7a00462dd0 d29005fd39144a63a443775dc0b2b1e9 edb54c144fc3431a8cd6c42bb46191eb - - default default] show failed (client error): The resource could not be found.
2026-07-01 01:57:44.781 10 INFO neutron.wsgi [req-870ec437-84b5-4c33-84b4-3c46b34fd998 req-0302d597-b01d-4c9e-ad79-3c7a00462dd0 d29005fd39144a63a443775dc0b2b1e9 edb54c144fc3431a8cd6c42bb46191eb - - default default] 10.0.0.34 "GET /v2.0/security-groups/a77605da-556d-44f3-8052-bc97a048e4e2 HTTP/1.1" status: 404 len: 352 time: 0.0143640
2026-07-01 01:57:44.853 9 INFO neutron.wsgi [req-e52c8005-2dc6-4e3e-a223-e820fd552c8a req-0eaa9a21-be4c-4987-9d3c-f8e678db2795 d29005fd39144a63a443775dc0b2b1e9 edb54c144fc3431a8cd6c42bb46191eb - - default default] 10.0.0.34 "GET /v2.0/security-groups?tenant_id=edb54c144fc3431a8cd6c42bb46191eb HTTP/1.1" status: 200 len: 2997 time: 0.0506172
2026-07-01 01:57:44.920 9 INFO neutron.wsgi [req-e52c8005-2dc6-4e3e-a223-e820fd552c8a req-e894c111-f4e4-4232-89e1-36c8a48cd233 d29005fd39144a63a443775dc0b2b1e9 edb54c144fc3431a8cd6c42bb46191eb - - default default] 10.0.0.34 "GET /v2.0/security-groups/863425d9-eff6-44f3-91ca-5649ce6a4527 HTTP/1.1" status: 200 len: 2994 time: 0.0571015
2026-07-01 01:57:44.971 9 INFO neutron.wsgi [req-e52c8005-2dc6-4e3e-a223-e820fd552c8a req-521fbbb4-eba0-41e8-a7f9-9949b9a62587 d29005fd39144a63a443775dc0b2b1e9 edb54c144fc3431a8cd6c42bb46191eb - - default default] 10.0.0.34 "GET /v2.0/security-groups/863425d9-eff6-44f3-91ca-5649ce6a4527 HTTP/1.1" status: 200 len: 2994 time: 0.0426147
2026-07-01 01:57:45.015 10 INFO neutron.api.v2.resource [req-c10243bf-e48b-4fe3-813d-9aaf3e210687 req-4a12ac47-1b5a-44c3-be27-c87f90cc132f d29005fd39144a63a443775dc0b2b1e9 edb54c144fc3431a8cd6c42bb46191eb - - default default] show failed (client error): The resource could not be found.
2026-07-01 01:57:45.016 10 INFO neutron.wsgi [req-c10243bf-e48b-4fe3-813d-9aaf3e210687 req-4a12ac47-1b5a-44c3-be27-c87f90cc132f d29005fd39144a63a443775dc0b2b1e9 edb54c144fc3431a8cd6c42bb46191eb - - default default] 10.0.0.34 "GET /v2.0/security-groups/a77605da-556d-44f3-8052-bc97a048e4e2 HTTP/1.1" status: 404 len: 352 time: 0.0137894
2026-07-01 01:57:45.050 9 INFO neutron.api.v2.resource [req-d86c37b6-6f05-4794-bafc-c83731cf81ca req-db6e60f4-8814-44c9-be7c-2fee4f0f941f d29005fd39144a63a443775dc0b2b1e9 edb54c144fc3431a8cd6c42bb46191eb - - default default] show failed (client error): The resource could not be found.
2026-07-01 01:57:45.051 9 INFO neutron.wsgi [req-d86c37b6-6f05-4794-bafc-c83731cf81ca req-db6e60f4-8814-44c9-be7c-2fee4f0f941f d29005fd39144a63a443775dc0b2b1e9 edb54c144fc3431a8cd6c42bb46191eb - - default default] 10.0.0.34 "GET /v2.0/security-groups/eb13eb58-a0f1-4660-926c-ea5195e1c164 HTTP/1.1" status: 404 len: 352 time: 0.0164945
2026-07-01 01:57:45.084 10 INFO neutron.api.v2.resource [req-0ef3ca38-7f87-4001-b69d-870b49ea9a45 req-5b903d22-7699-4e10-aff3-33bc9a0a50d0 d29005fd39144a63a443775dc0b2b1e9 edb54c144fc3431a8cd6c42bb46191eb - - default default] show failed (client error): The resource could not be found.
2026-07-01 01:57:45.086 10 INFO neutron.wsgi [req-0ef3ca38-7f87-4001-b69d-870b49ea9a45 req-5b903d22-7699-4e10-aff3-33bc9a0a50d0 d29005fd39144a63a443775dc0b2b1e9 edb54c144fc3431a8cd6c42bb46191eb - - default default] 10.0.0.34 "GET /v2.0/security-groups/d5b8fa02-0e33-4bce-ba46-583d47ccbae3 HTTP/1.1" status: 404 len: 352 time: 0.0120032
2026-07-01 01:57:45.385 10 WARNING neutron_lib.context [None req-723dec26-24e6-469d-9548-0d400c495752 418b8ea2b57b4560aef1aea9fa60da42 28b890827e6f4471ad59498e19d24321 - - default default] Method 'is_advsvc' is deprecated since 2023.2 release (neutron-lib 3.8.0) and will be removed once support for the old RBAC API policies will be removed from Neutron. Please use method 'is_service_role' instead.
2026-07-01 01:57:45.577 10 INFO neutron.db.ovn_revision_numbers_db [None req-723dec26-24e6-469d-9548-0d400c495752 418b8ea2b57b4560aef1aea9fa60da42 28b890827e6f4471ad59498e19d24321 - - default default] Successfully bumped revision number for resource b26e5b69-4716-4b25-aa97-b42a565e26ee (type: security_groups) to 1
2026-07-01 01:57:45.593 10 INFO neutron.db.ovn_revision_numbers_db [None req-723dec26-24e6-469d-9548-0d400c495752 418b8ea2b57b4560aef1aea9fa60da42 28b890827e6f4471ad59498e19d24321 - - default default] Successfully bumped revision number for resource 659c4436-8234-46fa-b11c-4596d7978493 (type: security_group_rules) to 0
2026-07-01 01:57:45.625 10 INFO neutron.db.ovn_revision_numbers_db [None req-723dec26-24e6-469d-9548-0d400c495752 418b8ea2b57b4560aef1aea9fa60da42 28b890827e6f4471ad59498e19d24321 - - default default] Successfully bumped revision number for resource fcf57f9a-c934-4cbd-a699-7a4fb857057d (type: security_group_rules) to 0
2026-07-01 01:57:45.649 10 INFO neutron.wsgi [None req-723dec26-24e6-469d-9548-0d400c495752 418b8ea2b57b4560aef1aea9fa60da42 28b890827e6f4471ad59498e19d24321 - - default default] 10.0.0.240 "POST /v2.0/security-groups HTTP/1.1" status: 201 len: 1797 time: 0.2828801
2026-07-01 01:57:45.679 10 WARNING neutron_lib.context [None req-c3c756e1-56d6-48bb-9adc-ca0daa90c97b 418b8ea2b57b4560aef1aea9fa60da42 28b890827e6f4471ad59498e19d24321 - - default default] Method 'is_advsvc' is deprecated since 2023.2 release (neutron-lib 3.8.0) and will be removed once support for the old RBAC API policies will be removed from Neutron. Please use method 'is_service_role' instead.
2026-07-01 01:57:45.792 10 WARNING neutron.plugins.ml2.drivers.ovn.mech_driver.ovsdb.ovn_client [None req-12efca80-85e1-4cd3-9fde-19274a80a8e8 - - - - - -] No port found with ID 6ba4bd41-268a-4279-8b85-faf32eee20d2: RuntimeError: No port found with ID 6ba4bd41-268a-4279-8b85-faf32eee20d2
2026-07-01 01:57:45.793 10 INFO neutron.plugins.ml2.drivers.ovn.mech_driver.mech_driver [None req-12efca80-85e1-4cd3-9fde-19274a80a8e8 - - - - - -] OVN reports status up for port: 515fc5f2-8918-444c-b2b9-1f918255630b
2026-07-01 01:57:45.805 10 INFO neutron.plugins.ml2.plugin [None req-12efca80-85e1-4cd3-9fde-19274a80a8e8 - - - - - -] Attempt 1 to provision port 515fc5f2-8918-444c-b2b9-1f918255630b
2026-07-01 01:57:45.860 9 INFO neutron.wsgi [None req-7e8f55ac-1491-4bfb-8ef8-304ae0b2b065 db0d62f4f0ea4e89910377668fd8c84f 6340392e7cc244169c2c302ebf3aa645 - - default default] 10.0.0.240 "PUT /v2.0/routers/1cce15e4-d1eb-4d3a-a553-8b9b9a864d88/remove_router_interface HTTP/1.1" status: 200 len: 503 time: 1.6290798
2026-07-01 01:57:45.865 10 INFO neutron.plugins.ml2.drivers.ovn.mech_driver.mech_driver [None req-12efca80-85e1-4cd3-9fde-19274a80a8e8 - - - - - -] OVN reports status up for port: a63b208d-f45b-4a80-a61a-0904643e30a6 /var/lib/openstack/lib/python3.10/site-packages/pycadf/identifier.py:71: UserWarning: Invalid uuid: neutron. To ensure interoperability, identifiers should be a valid uuid. warnings.warn(('Invalid uuid: %s. To ensure interoperability, '
2026-07-01 01:57:45.903 10 INFO neutron.plugins.ml2.plugin [None req-12efca80-85e1-4cd3-9fde-19274a80a8e8 - - - - - -] Attempt 1 to provision port a63b208d-f45b-4a80-a61a-0904643e30a6
2026-07-01 01:57:45.925 10 INFO neutron.db.ovn_revision_numbers_db [None req-c3c756e1-56d6-48bb-9adc-ca0daa90c97b 418b8ea2b57b4560aef1aea9fa60da42 28b890827e6f4471ad59498e19d24321 - - default default] Successfully bumped revision number for resource 52e13d4d-838d-4fdc-915d-e445cf23d735 (type: security_group_rules) to 0
2026-07-01 01:57:45.960 10 INFO neutron.wsgi [None req-c3c756e1-56d6-48bb-9adc-ca0daa90c97b 418b8ea2b57b4560aef1aea9fa60da42 28b890827e6f4471ad59498e19d24321 - - default default] 10.0.0.240 "POST /v2.0/security-group-rules HTTP/1.1" status: 201 len: 764 time: 0.2949922
2026-07-01 01:57:45.971 9 WARNING neutron_lib.context [None req-d656d53a-f77d-4be5-882a-f0a3f508d4ba 418b8ea2b57b4560aef1aea9fa60da42 28b890827e6f4471ad59498e19d24321 - - default default] Method 'is_advsvc' is deprecated since 2023.2 release (neutron-lib 3.8.0) and will be removed once support for the old RBAC API policies will be removed from Neutron. Please use method 'is_service_role' instead.
2026-07-01 01:57:46.190 9 INFO neutron.db.ovn_revision_numbers_db [None req-d656d53a-f77d-4be5-882a-f0a3f508d4ba 418b8ea2b57b4560aef1aea9fa60da42 28b890827e6f4471ad59498e19d24321 - - default default] Successfully bumped revision number for resource e9155c8c-90f4-4076-96bd-c2a6ced9ab43 (type: security_group_rules) to 0
2026-07-01 01:57:46.230 9 INFO neutron.wsgi [None req-d656d53a-f77d-4be5-882a-f0a3f508d4ba 418b8ea2b57b4560aef1aea9fa60da42 28b890827e6f4471ad59498e19d24321 - - default default] 10.0.0.240 "POST /v2.0/security-group-rules HTTP/1.1" status: 201 len: 769 time: 0.2633107
2026-07-01 01:57:46.242 9 WARNING neutron_lib.context [None req-bdd480f0-4a55-4e5a-8ed4-c8e3230de535 418b8ea2b57b4560aef1aea9fa60da42 28b890827e6f4471ad59498e19d24321 - - default default] Method 'is_advsvc' is deprecated since 2023.2 release (neutron-lib 3.8.0) and will be removed once support for the old RBAC API policies will be removed from Neutron. Please use method 'is_service_role' instead.
2026-07-01 01:57:46.582 9 WARNING neutron.scheduler.dhcp_agent_scheduler [None req-bdd480f0-4a55-4e5a-8ed4-c8e3230de535 418b8ea2b57b4560aef1aea9fa60da42 28b890827e6f4471ad59498e19d24321 - - default default] No more DHCP agents
2026-07-01 01:57:46.587 9 WARNING neutron.api.rpc.agentnotifiers.dhcp_rpc_agent_api [None req-bdd480f0-4a55-4e5a-8ed4-c8e3230de535 418b8ea2b57b4560aef1aea9fa60da42 28b890827e6f4471ad59498e19d24321 - - default default] Unable to schedule network 86b4aabe-90ef-4b51-a0f6-c64cafb0c650: no agents available; will retry on subsequent port and subnet creation events.
2026-07-01 01:57:46.698 10 INFO neutron.wsgi [None req-282ead8c-0685-4efb-867c-951b5e7e1aaf db0d62f4f0ea4e89910377668fd8c84f 6340392e7cc244169c2c302ebf3aa645 - - default default] 10.0.0.240 "PUT /v2.0/routers/5de5c543-4a0f-446c-abf1-7a1ee5b377d8/remove_router_interface HTTP/1.1" status: 200 len: 503 time: 1.6041107 /var/lib/openstack/lib/python3.10/site-packages/pycadf/identifier.py:71: UserWarning: Invalid uuid: neutron. To ensure interoperability, identifiers should be a valid uuid. warnings.warn(('Invalid uuid: %s. To ensure interoperability, '
2026-07-01 01:57:46.998 9 INFO neutron.wsgi [None req-019deb1e-e96d-4f34-a551-babdc400cd29 db0d62f4f0ea4e89910377668fd8c84f 6340392e7cc244169c2c302ebf3aa645 - - default default] 10.0.0.240 "DELETE /v2.0/routers/1cce15e4-d1eb-4d3a-a553-8b9b9a864d88 HTTP/1.1" status: 204 len: 168 time: 1.1338911
2026-07-01 01:57:47.135 9 INFO neutron.db.ovn_revision_numbers_db [None req-bdd480f0-4a55-4e5a-8ed4-c8e3230de535 418b8ea2b57b4560aef1aea9fa60da42 28b890827e6f4471ad59498e19d24321 - - default default] Successfully bumped revision number for resource 808cdcf5-03a1-4b8e-88a6-0680712e8a0d (type: floatingips) to 0
2026-07-01 01:57:47.148 9 INFO neutron.wsgi [None req-bdd480f0-4a55-4e5a-8ed4-c8e3230de535 418b8ea2b57b4560aef1aea9fa60da42 28b890827e6f4471ad59498e19d24321 - - default default] 10.0.0.240 "POST /v2.0/floatingips HTTP/1.1" status: 201 len: 751 time: 0.9092131
2026-07-01 01:57:47.259 10 INFO neutron.wsgi [None req-1d400c19-b1e6-4d2e-92a2-8e8fa3b23ae2 db0d62f4f0ea4e89910377668fd8c84f 6340392e7cc244169c2c302ebf3aa645 - - default default] 10.0.0.240 "DELETE /v2.0/subnets/504c9998-9af4-4d58-9da3-6aa55426f11e HTTP/1.1" status: 204 len: 168 time: 0.2549627
2026-07-01 01:57:47.575 10 INFO neutron.wsgi [None req-9b49f58b-6d09-4518-bce6-be4f155f6f7a db0d62f4f0ea4e89910377668fd8c84f 6340392e7cc244169c2c302ebf3aa645 - - default default] 10.0.0.240 "DELETE /v2.0/routers/5de5c543-4a0f-446c-abf1-7a1ee5b377d8 HTTP/1.1" status: 204 len: 168 time: 0.8725390
2026-07-01 01:57:47.684 9 INFO neutron.wsgi [None req-549fc231-47c6-4a37-ad31-da453f56e35b db0d62f4f0ea4e89910377668fd8c84f 6340392e7cc244169c2c302ebf3aa645 - - default default] 10.0.0.240 "DELETE /v2.0/networks/2e69918f-5215-493c-ad77-3922ba88c052 HTTP/1.1" status: 204 len: 168 time: 0.4160311
2026-07-01 01:57:47.736 10 INFO neutron.wsgi [None req-6f422e04-4efa-45b2-9701-a836dab2ed3f db0d62f4f0ea4e89910377668fd8c84f 6340392e7cc244169c2c302ebf3aa645 - - default default] 10.0.0.240 "DELETE /v2.0/subnets/f97432ed-d62c-4a00-b07a-72c4683e33ad HTTP/1.1" status: 204 len: 168 time: 0.1576848
2026-07-01 01:57:47.901 9 INFO neutron.wsgi [None req-c4aa7183-7c6e-4a35-ab25-9d35a0a098d9 db0d62f4f0ea4e89910377668fd8c84f 6340392e7cc244169c2c302ebf3aa645 - - default default] 10.0.0.240 "GET /v2.0/security-groups?tenant_id=d92b874c8dfe4eb28b1150c4f83ef13e&name=default HTTP/1.1" status: 200 len: 2992 time: 0.0389607
2026-07-01 01:57:48.009 10 INFO neutron.db.ovn_revision_numbers_db [None req-f76b0f2a-e497-4029-8805-68e68a5958eb db0d62f4f0ea4e89910377668fd8c84f 6340392e7cc244169c2c302ebf3aa645 - - default default] Successfully bumped revision number for resource a64bd52b-d2fb-4a58-b226-6bbffb7a1ca5 (type: security_groups) to 1
2026-07-01 01:57:48.029 10 INFO neutron.db.ovn_revision_numbers_db [None req-f76b0f2a-e497-4029-8805-68e68a5958eb db0d62f4f0ea4e89910377668fd8c84f 6340392e7cc244169c2c302ebf3aa645 - - default default] Successfully bumped revision number for resource 3dcd25be-cae0-4f33-8bd6-9ba3a4c3ee6c (type: security_group_rules) to 0
2026-07-01 01:57:48.042 10 INFO neutron.db.ovn_revision_numbers_db [None req-f76b0f2a-e497-4029-8805-68e68a5958eb db0d62f4f0ea4e89910377668fd8c84f 6340392e7cc244169c2c302ebf3aa645 - - default default] Successfully bumped revision number for resource 58db078a-9675-4385-98fd-447e1ef3b11e (type: security_group_rules) to 0
2026-07-01 01:57:48.057 10 INFO neutron.db.ovn_revision_numbers_db [None req-f76b0f2a-e497-4029-8805-68e68a5958eb db0d62f4f0ea4e89910377668fd8c84f 6340392e7cc244169c2c302ebf3aa645 - - default default] Successfully bumped revision number for resource 7a2eaa5b-c6e6-4219-add9-c9bcb5d5ed5b (type: security_group_rules) to 0
2026-07-01 01:57:48.086 10 INFO neutron.db.ovn_revision_numbers_db [None req-f76b0f2a-e497-4029-8805-68e68a5958eb db0d62f4f0ea4e89910377668fd8c84f 6340392e7cc244169c2c302ebf3aa645 - - default default] Successfully bumped revision number for resource dfc07a7d-5f5e-44bb-aaae-a3ea71459c5c (type: security_group_rules) to 0
2026-07-01 01:57:48.098 9 INFO neutron.wsgi [None req-a4553dac-4948-47d5-9672-be1fd2ac7053 db0d62f4f0ea4e89910377668fd8c84f 6340392e7cc244169c2c302ebf3aa645 - - default default] 10.0.0.240 "DELETE /v2.0/security-groups/3fc16da3-9d08-4d44-8a1d-bffc8caacbd9 HTTP/1.1" status: 204 len: 168 time: 0.1927624
2026-07-01 01:57:48.119 10 INFO neutron.wsgi [None req-f76b0f2a-e497-4029-8805-68e68a5958eb db0d62f4f0ea4e89910377668fd8c84f 6340392e7cc244169c2c302ebf3aa645 - - default default] 10.0.0.240 "GET /v2.0/security-groups?tenant_id=6c8187249e6d4cb1b0dfeaf301218f1f&name=default HTTP/1.1" status: 200 len: 2996 time: 0.5998383
2026-07-01 01:57:48.158 9 INFO neutron.services.segments.plugin [-] Segment 93752b5c-0e21-493d-98bc-d89f99eeed0c resource provider aggregate not found
2026-07-01 01:57:48.180 9 INFO neutron.services.segments.plugin [-] Segment 93752b5c-0e21-493d-98bc-d89f99eeed0c resource provider not found; error: Placement Client Error (4xx): {"errors": [{"status": 404, "title": "Not Found", "detail": "The resource could not be found.\n\n No resource provider with uuid 93752b5c-0e21-493d-98bc-d89f99eeed0c found for delete ", "request_id": "req-af9d8734-1d56-4662-84f3-1474d78fdb59"}]}
2026-07-01 01:57:48.210 9 INFO neutron.services.segments.plugin [-] Segment 93752b5c-0e21-493d-98bc-d89f99eeed0c resource provider aggregate not found
2026-07-01 01:57:48.233 9 INFO neutron.services.segments.plugin [-] Segment 93752b5c-0e21-493d-98bc-d89f99eeed0c resource provider not found; error: Placement Client Error (4xx): {"errors": [{"status": 404, "title": "Not Found", "detail": "The resource could not be found.\n\n No resource provider with uuid 93752b5c-0e21-493d-98bc-d89f99eeed0c found for delete ", "request_id": "req-28a9f4f6-2bcf-4cb1-be93-ee59fbb7195e"}]}
2026-07-01 01:57:48.248 10 INFO neutron.wsgi [None req-f4334315-1b13-4538-8384-1e1a04323c78 db0d62f4f0ea4e89910377668fd8c84f 6340392e7cc244169c2c302ebf3aa645 - - default default] 10.0.0.240 "DELETE /v2.0/networks/719a08dd-4c89-46a4-8fe7-74c05d25f0a3 HTTP/1.1" status: 204 len: 168 time: 0.5067422
2026-07-01 01:57:48.391 9 INFO neutron.wsgi [None req-ba217573-0d34-45c5-acfe-aa7930562a7a db0d62f4f0ea4e89910377668fd8c84f 6340392e7cc244169c2c302ebf3aa645 - - default default] 10.0.0.240 "DELETE /v2.0/security-groups/a64bd52b-d2fb-4a58-b226-6bbffb7a1ca5 HTTP/1.1" status: 204 len: 168 time: 0.2626030
2026-07-01 01:57:48.482 10 INFO neutron.wsgi [None req-221b6afd-7c8b-41a9-a2c6-8dff6d65ace3 db0d62f4f0ea4e89910377668fd8c84f 6340392e7cc244169c2c302ebf3aa645 - - default default] 10.0.0.240 "GET /v2.0/security-groups?tenant_id=edb54c144fc3431a8cd6c42bb46191eb&name=default HTTP/1.1" status: 200 len: 2992 time: 0.0374975
2026-07-01 01:57:48.721 10 INFO neutron.wsgi [None req-88c17287-5bce-4cb5-a8b8-f38d2fb917b1 db0d62f4f0ea4e89910377668fd8c84f 6340392e7cc244169c2c302ebf3aa645 - - default default] 10.0.0.240 "DELETE /v2.0/security-groups/863425d9-eff6-44f3-91ca-5649ce6a4527 HTTP/1.1" status: 204 len: 168 time: 0.2335715
2026-07-01 01:57:48.794 10 INFO neutron.services.segments.plugin [-] Segment 7f8efac3-34cf-4733-9a80-da41e9c97dc6 resource provider aggregate not found
2026-07-01 01:57:48.804 10 INFO neutron.db.ovn_revision_numbers_db [None req-39394792-a56f-4670-91d0-b328376cc38c db0d62f4f0ea4e89910377668fd8c84f 6340392e7cc244169c2c302ebf3aa645 - - default default] Successfully bumped revision number for resource cd722bd8-11cc-47c6-b9a4-88a909d53daf (type: security_groups) to 1
2026-07-01 01:57:48.812 10 INFO neutron.services.segments.plugin [-] Segment 7f8efac3-34cf-4733-9a80-da41e9c97dc6 resource provider not found; error: Placement Client Error (4xx): {"errors": [{"status": 404, "title": "Not Found", "detail": "The resource could not be found.\n\n No resource provider with uuid 7f8efac3-34cf-4733-9a80-da41e9c97dc6 found for delete ", "request_id": "req-bd941421-8e31-4a5e-b8a8-777d6bea0e86"}]}
2026-07-01 01:57:48.818 10 INFO neutron.db.ovn_revision_numbers_db [None req-39394792-a56f-4670-91d0-b328376cc38c db0d62f4f0ea4e89910377668fd8c84f 6340392e7cc244169c2c302ebf3aa645 - - default default] Successfully bumped revision number for resource 204cc87a-0404-4b11-b1f9-cafb3f984b16 (type: security_group_rules) to 0
2026-07-01 01:57:48.826 10 INFO neutron.services.segments.plugin [-] Segment 7f8efac3-34cf-4733-9a80-da41e9c97dc6 resource provider aggregate not found
2026-07-01 01:57:48.835 10 INFO neutron.db.ovn_revision_numbers_db [None req-39394792-a56f-4670-91d0-b328376cc38c db0d62f4f0ea4e89910377668fd8c84f 6340392e7cc244169c2c302ebf3aa645 - - default default] Successfully bumped revision number for resource 8003ccb2-1e69-4d36-ab79-3b6ae4c28c29 (type: security_group_rules) to 0
2026-07-01 01:57:48.841 10 INFO neutron.services.segments.plugin [-] Segment 7f8efac3-34cf-4733-9a80-da41e9c97dc6 resource provider not found; error: Placement Client Error (4xx): {"errors": [{"status": 404, "title": "Not Found", "detail": "The resource could not be found.\n\n No resource provider with uuid 7f8efac3-34cf-4733-9a80-da41e9c97dc6 found for delete ", "request_id": "req-5b984f1d-3446-4bf2-9ae6-0a8bd3f306e6"}]}
2026-07-01 01:57:48.847 10 INFO neutron.db.ovn_revision_numbers_db [None req-39394792-a56f-4670-91d0-b328376cc38c db0d62f4f0ea4e89910377668fd8c84f 6340392e7cc244169c2c302ebf3aa645 - - default default] Successfully bumped revision number for resource 9ea19718-3e9b-4a56-8abd-2e3c8583d662 (type: security_group_rules) to 0
2026-07-01 01:57:48.858 10 INFO neutron.db.ovn_revision_numbers_db [None req-39394792-a56f-4670-91d0-b328376cc38c db0d62f4f0ea4e89910377668fd8c84f 6340392e7cc244169c2c302ebf3aa645 - - default default] Successfully bumped revision number for resource e7dd8a96-cfff-4110-9c92-d969a840f1b6 (type: security_group_rules) to 0
2026-07-01 01:57:48.877 10 INFO neutron.wsgi [None req-39394792-a56f-4670-91d0-b328376cc38c db0d62f4f0ea4e89910377668fd8c84f 6340392e7cc244169c2c302ebf3aa645 - - default default] 10.0.0.240 "GET /v2.0/security-groups?tenant_id=7b0173e0a5174fa792a09fa6496a299d&name=default HTTP/1.1" status: 200 len: 2996 time: 0.1978500
2026-07-01 01:57:49.070 10 INFO neutron.wsgi [None req-35e6a91d-d6aa-46f2-b1e5-0e33325405ee db0d62f4f0ea4e89910377668fd8c84f 6340392e7cc244169c2c302ebf3aa645 - - default default] 10.0.0.240 "DELETE /v2.0/security-groups/cd722bd8-11cc-47c6-b9a4-88a909d53daf HTTP/1.1" status: 204 len: 168 time: 0.1890955
2026-07-01 01:57:49.712 9 WARNING neutron.plugins.ml2.drivers.ovn.mech_driver.ovsdb.ovn_client [None req-893e819e-c923-4dec-b005-82e98c725972 - - - - - -] No hosting information found for port 7a00af11-a313-4c50-873e-c5a1ac4391e9: RuntimeError: No hosting information found for port 7a00af11-a313-4c50-873e-c5a1ac4391e9
2026-07-01 01:57:50.562 10 INFO neutron.db.ovn_revision_numbers_db [None req-0938d7fa-bbfd-44c3-87f2-4e829d07fa41 db0d62f4f0ea4e89910377668fd8c84f 6340392e7cc244169c2c302ebf3aa645 - - default default] Successfully bumped revision number for resource 160ba717-efaa-4802-8c4a-3ab017b6e4b5 (type: security_groups) to 1
2026-07-01 01:57:50.588 10 INFO neutron.db.ovn_revision_numbers_db [None req-0938d7fa-bbfd-44c3-87f2-4e829d07fa41 db0d62f4f0ea4e89910377668fd8c84f 6340392e7cc244169c2c302ebf3aa645 - - default default] Successfully bumped revision number for resource 4fe278f4-57e2-49f9-b0ba-8d8edc88223c (type: security_group_rules) to 0
2026-07-01 01:57:50.606 10 INFO neutron.db.ovn_revision_numbers_db [None req-0938d7fa-bbfd-44c3-87f2-4e829d07fa41 db0d62f4f0ea4e89910377668fd8c84f 6340392e7cc244169c2c302ebf3aa645 - - default default] Successfully bumped revision number for resource 8fce4adb-97f0-48a0-9904-80275577c22a (type: security_group_rules) to 0
2026-07-01 01:57:50.629 10 INFO neutron.db.ovn_revision_numbers_db [None req-0938d7fa-bbfd-44c3-87f2-4e829d07fa41 db0d62f4f0ea4e89910377668fd8c84f 6340392e7cc244169c2c302ebf3aa645 - - default default] Successfully bumped revision number for resource f66e2cc1-978a-4c9c-8f06-a4c9b646620d (type: security_group_rules) to 0
2026-07-01 01:57:50.655 10 INFO neutron.db.ovn_revision_numbers_db [None req-0938d7fa-bbfd-44c3-87f2-4e829d07fa41 db0d62f4f0ea4e89910377668fd8c84f 6340392e7cc244169c2c302ebf3aa645 - - default default] Successfully bumped revision number for resource f9be3030-f2ea-438a-a0c1-d3fe654c56af (type: security_group_rules) to 0
2026-07-01 01:57:50.722 10 INFO neutron.db.segments_db [None req-0938d7fa-bbfd-44c3-87f2-4e829d07fa41 db0d62f4f0ea4e89910377668fd8c84f 6340392e7cc244169c2c302ebf3aa645 - - default default] Added segment 99cc8c99-6c95-4c40-88ed-18c500edc019 of type geneve for network e1ab3c70-8c51-49ab-853c-d240afa3e8b8
2026-07-01 01:57:50.884 10 INFO neutron.db.ovn_revision_numbers_db [None req-0938d7fa-bbfd-44c3-87f2-4e829d07fa41 db0d62f4f0ea4e89910377668fd8c84f 6340392e7cc244169c2c302ebf3aa645 - - default default] Successfully bumped revision number for resource e1ab3c70-8c51-49ab-853c-d240afa3e8b8 (type: networks) to 1
2026-07-01 01:57:50.910 10 INFO neutron.db.ovn_revision_numbers_db [None req-67634381-66e7-47be-8fe0-897541cad37b db0d62f4f0ea4e89910377668fd8c84f 6340392e7cc244169c2c302ebf3aa645 - - default default] Successfully bumped revision number for resource 749dac89-2442-433e-a15e-4b3b7584b46c (type: security_groups) to 1
2026-07-01 01:57:50.930 10 INFO neutron.db.ovn_revision_numbers_db [None req-67634381-66e7-47be-8fe0-897541cad37b db0d62f4f0ea4e89910377668fd8c84f 6340392e7cc244169c2c302ebf3aa645 - - default default] Successfully bumped revision number for resource 27d9b606-1a78-480a-bc10-b852b512bff0 (type: security_group_rules) to 0
2026-07-01 01:57:50.953 10 INFO neutron.db.ovn_revision_numbers_db [None req-67634381-66e7-47be-8fe0-897541cad37b db0d62f4f0ea4e89910377668fd8c84f 6340392e7cc244169c2c302ebf3aa645 - - default default] Successfully bumped revision number for resource 317cb528-7565-4dc5-a324-df1de170600b (type: security_group_rules) to 0
2026-07-01 01:57:50.982 10 INFO neutron.db.ovn_revision_numbers_db [None req-67634381-66e7-47be-8fe0-897541cad37b db0d62f4f0ea4e89910377668fd8c84f 6340392e7cc244169c2c302ebf3aa645 - - default default] Successfully bumped revision number for resource a0cc3857-c90e-4674-9c69-8e8ba5071753 (type: security_group_rules) to 0
2026-07-01 01:57:51.006 10 INFO neutron.db.ovn_revision_numbers_db [None req-67634381-66e7-47be-8fe0-897541cad37b db0d62f4f0ea4e89910377668fd8c84f 6340392e7cc244169c2c302ebf3aa645 - - default default] Successfully bumped revision number for resource a1c64f3f-e421-4808-8d96-c016b11e6421 (type: security_group_rules) to 0
2026-07-01 01:57:51.067 10 WARNING neutron.scheduler.dhcp_agent_scheduler [None req-0938d7fa-bbfd-44c3-87f2-4e829d07fa41 db0d62f4f0ea4e89910377668fd8c84f 6340392e7cc244169c2c302ebf3aa645 - - default default] No more DHCP agents
2026-07-01 01:57:51.070 10 WARNING neutron.api.rpc.agentnotifiers.dhcp_rpc_agent_api [None req-0938d7fa-bbfd-44c3-87f2-4e829d07fa41 db0d62f4f0ea4e89910377668fd8c84f 6340392e7cc244169c2c302ebf3aa645 - - default default] Unable to schedule network e1ab3c70-8c51-49ab-853c-d240afa3e8b8: no agents available; will retry on subsequent port and subnet creation events.
2026-07-01 01:57:51.074 10 INFO neutron.db.segments_db [None req-67634381-66e7-47be-8fe0-897541cad37b db0d62f4f0ea4e89910377668fd8c84f 6340392e7cc244169c2c302ebf3aa645 - - default default] Added segment 9939e04e-483f-4104-b1fc-3decc3332dbf of type geneve for network 3c25d590-de4e-49cf-8558-1df0a23dfe8f
2026-07-01 01:57:51.182 10 INFO neutron.db.ovn_revision_numbers_db [None req-0938d7fa-bbfd-44c3-87f2-4e829d07fa41 db0d62f4f0ea4e89910377668fd8c84f 6340392e7cc244169c2c302ebf3aa645 - - default default] Successfully bumped revision number for resource e6764d8e-0148-47cd-8f97-783a23a5c7ce (type: ports) to 1
2026-07-01 01:57:51.229 10 INFO neutron.wsgi [None req-0938d7fa-bbfd-44c3-87f2-4e829d07fa41 db0d62f4f0ea4e89910377668fd8c84f 6340392e7cc244169c2c302ebf3aa645 - - default default] 10.0.0.240 "POST /v2.0/networks HTTP/1.1" status: 201 len: 946 time: 1.1125355
2026-07-01 01:57:51.272 10 INFO neutron.db.ovn_revision_numbers_db [None req-67634381-66e7-47be-8fe0-897541cad37b db0d62f4f0ea4e89910377668fd8c84f 6340392e7cc244169c2c302ebf3aa645 - - default default] Successfully bumped revision number for resource 3c25d590-de4e-49cf-8558-1df0a23dfe8f (type: networks) to 1
2026-07-01 01:57:51.429 9 WARNING neutron.scheduler.dhcp_agent_scheduler [None req-de675e26-c21a-4084-baa4-5bc84c354952 db0d62f4f0ea4e89910377668fd8c84f 6340392e7cc244169c2c302ebf3aa645 - - default default] No more DHCP agents
2026-07-01 01:57:51.431 9 WARNING neutron.api.rpc.agentnotifiers.dhcp_rpc_agent_api [None req-de675e26-c21a-4084-baa4-5bc84c354952 db0d62f4f0ea4e89910377668fd8c84f 6340392e7cc244169c2c302ebf3aa645 - - default default] Unable to schedule network e1ab3c70-8c51-49ab-853c-d240afa3e8b8: no agents available; will retry on subsequent port and subnet creation events.
2026-07-01 01:57:51.446 10 WARNING neutron.scheduler.dhcp_agent_scheduler [None req-67634381-66e7-47be-8fe0-897541cad37b db0d62f4f0ea4e89910377668fd8c84f 6340392e7cc244169c2c302ebf3aa645 - - default default] No more DHCP agents
2026-07-01 01:57:51.450 10 WARNING neutron.api.rpc.agentnotifiers.dhcp_rpc_agent_api [None req-67634381-66e7-47be-8fe0-897541cad37b db0d62f4f0ea4e89910377668fd8c84f 6340392e7cc244169c2c302ebf3aa645 - - default default] Unable to schedule network 3c25d590-de4e-49cf-8558-1df0a23dfe8f: no agents available; will retry on subsequent port and subnet creation events.
2026-07-01 01:57:51.561 10 INFO neutron.db.ovn_revision_numbers_db [None req-67634381-66e7-47be-8fe0-897541cad37b db0d62f4f0ea4e89910377668fd8c84f 6340392e7cc244169c2c302ebf3aa645 - - default default] Successfully bumped revision number for resource ed9b8fa9-0ae6-4fa3-8fb4-1f8e001c599e (type: ports) to 1
2026-07-01 01:57:51.582 10 INFO neutron.wsgi [None req-67634381-66e7-47be-8fe0-897541cad37b db0d62f4f0ea4e89910377668fd8c84f 6340392e7cc244169c2c302ebf3aa645 - - default default] 10.0.0.240 "POST /v2.0/networks HTTP/1.1" status: 201 len: 954 time: 1.0088930
2026-07-01 01:57:51.737 10 WARNING neutron.scheduler.dhcp_agent_scheduler [None req-ab51ef6e-70da-416d-a61c-2640f0d28aa6 db0d62f4f0ea4e89910377668fd8c84f 6340392e7cc244169c2c302ebf3aa645 - - default default] No more DHCP agents
2026-07-01 01:57:51.739 10 WARNING neutron.api.rpc.agentnotifiers.dhcp_rpc_agent_api [None req-ab51ef6e-70da-416d-a61c-2640f0d28aa6 db0d62f4f0ea4e89910377668fd8c84f 6340392e7cc244169c2c302ebf3aa645 - - default default] Unable to schedule network 3c25d590-de4e-49cf-8558-1df0a23dfe8f: no agents available; will retry on subsequent port and subnet creation events.
2026-07-01 01:57:51.935 10 INFO neutron.wsgi [None req-2b598aef-0063-40f5-81f5-403f3ca87fea db0d62f4f0ea4e89910377668fd8c84f 6340392e7cc244169c2c302ebf3aa645 - - default default] 10.0.0.3 "GET /v2.0/ports HTTP/1.1" status: 200 len: 11494 time: 0.1490023
2026-07-01 01:57:51.983 9 INFO neutron.db.ovn_revision_numbers_db [None req-de675e26-c21a-4084-baa4-5bc84c354952 db0d62f4f0ea4e89910377668fd8c84f 6340392e7cc244169c2c302ebf3aa645 - - default default] Successfully bumped revision number for resource e6764d8e-0148-47cd-8f97-783a23a5c7ce (type: ports) to 2
2026-07-01 01:57:51.992 10 INFO neutron.wsgi [None req-0d887d84-fa65-44bb-ab51-0eae5fe07320 db0d62f4f0ea4e89910377668fd8c84f 6340392e7cc244169c2c302ebf3aa645 - - default default] 10.0.0.3 "GET /v2.0/subnets HTTP/1.1" status: 200 len: 3419 time: 0.0441496
2026-07-01 01:57:52.025 9 INFO neutron.db.ovn_revision_numbers_db [None req-de675e26-c21a-4084-baa4-5bc84c354952 db0d62f4f0ea4e89910377668fd8c84f 6340392e7cc244169c2c302ebf3aa645 - - default default] Successfully bumped revision number for resource dc8d1377-9c78-4e85-856d-5b0c3ec476bf (type: subnets) to 0
2026-07-01 01:57:52.040 9 INFO neutron.wsgi [None req-de675e26-c21a-4084-baa4-5bc84c354952 db0d62f4f0ea4e89910377668fd8c84f 6340392e7cc244169c2c302ebf3aa645 - - default default] 10.0.0.240 "POST /v2.0/subnets HTTP/1.1" status: 201 len: 866 time: 0.8042014
2026-07-01 01:57:52.113 10 INFO neutron.wsgi [None req-62c34372-1d2f-487e-847e-73dd6c52f2b1 db0d62f4f0ea4e89910377668fd8c84f 6340392e7cc244169c2c302ebf3aa645 - - default default] 10.0.0.3 "GET /v2.0/routers HTTP/1.1" status: 200 len: 865 time: 0.1167879
2026-07-01 01:57:52.129 10 INFO neutron.wsgi [None req-751b9a4a-a06a-4e6d-807b-df845fe3ee26 db0d62f4f0ea4e89910377668fd8c84f 6340392e7cc244169c2c302ebf3aa645 - - default default] 10.0.0.3 "GET /v2.0/agents?binary=ovn-controller HTTP/1.1" status: 200 len: 591 time: 0.0149016
2026-07-01 01:57:52.151 10 INFO neutron.wsgi [None req-f73f41fa-a9f1-4d31-8dec-7f135df37295 db0d62f4f0ea4e89910377668fd8c84f 6340392e7cc244169c2c302ebf3aa645 - - default default] 10.0.0.3 "GET /v2.0/network-ip-availabilities HTTP/1.1" status: 200 len: 2736 time: 0.0211556
2026-07-01 01:57:52.258 10 INFO neutron.wsgi [None req-337c30e5-1857-4a10-8ad1-653335bf57b2 db0d62f4f0ea4e89910377668fd8c84f 6340392e7cc244169c2c302ebf3aa645 - - default default] 10.0.0.3 "GET /v2.0/security-groups HTTP/1.1" status: 200 len: 27877 time: 0.1051006
2026-07-01 01:57:52.286 10 INFO neutron.wsgi [None req-923d08be-d2a5-4759-b366-ed58ecbd22e0 db0d62f4f0ea4e89910377668fd8c84f 6340392e7cc244169c2c302ebf3aa645 - - default default] 10.0.0.3 "GET /v2.0/agents HTTP/1.1" status: 200 len: 997 time: 0.0188401
2026-07-01 01:57:52.491 10 INFO neutron.wsgi [None req-93406854-c9f8-47ce-8c6a-1f653106b03d db0d62f4f0ea4e89910377668fd8c84f 6340392e7cc244169c2c302ebf3aa645 - - default default] 10.0.0.3 "GET /v2.0/subnets HTTP/1.1" status: 200 len: 3419 time: 0.2035258
2026-07-01 01:57:52.506 10 INFO neutron.wsgi [None req-3347bbf7-e7e0-4778-a6ed-0cf563e196ed db0d62f4f0ea4e89910377668fd8c84f 6340392e7cc244169c2c302ebf3aa645 - - default default] 10.0.0.3 "GET /v2.0/subnetpools HTTP/1.1" status: 200 len: 193 time: 0.0142522
2026-07-01 01:57:52.543 10 INFO neutron.wsgi [None req-5fada73a-e9ce-4e00-ab4b-d2cf34366781 db0d62f4f0ea4e89910377668fd8c84f 6340392e7cc244169c2c302ebf3aa645 - - default default] 10.0.0.3 "GET /v2.0/floatingips HTTP/1.1" status: 200 len: 730 time: 0.0344117
2026-07-01 01:57:52.641 10 INFO neutron.wsgi [None req-36dc0ca7-6aeb-4b5a-80cc-80bca82dd2b1 db0d62f4f0ea4e89910377668fd8c84f 6340392e7cc244169c2c302ebf3aa645 - - default default] 10.0.0.3 "GET /v2.0/networks HTTP/1.1" status: 200 len: 4644 time: 0.0971551
2026-07-01 01:57:52.651 10 INFO neutron.db.ovn_revision_numbers_db [None req-ab51ef6e-70da-416d-a61c-2640f0d28aa6 db0d62f4f0ea4e89910377668fd8c84f 6340392e7cc244169c2c302ebf3aa645 - - default default] Successfully bumped revision number for resource ed9b8fa9-0ae6-4fa3-8fb4-1f8e001c599e (type: ports) to 2
2026-07-01 01:57:52.688 10 INFO neutron.db.ovn_revision_numbers_db [None req-ab51ef6e-70da-416d-a61c-2640f0d28aa6 db0d62f4f0ea4e89910377668fd8c84f 6340392e7cc244169c2c302ebf3aa645 - - default default] Successfully bumped revision number for resource 59740818-1348-42f8-bf50-f843a25a9488 (type: subnets) to 0
2026-07-01 01:57:52.702 10 INFO neutron.wsgi [None req-ab51ef6e-70da-416d-a61c-2640f0d28aa6 db0d62f4f0ea4e89910377668fd8c84f 6340392e7cc244169c2c302ebf3aa645 - - default default] 10.0.0.240 "POST /v2.0/subnets HTTP/1.1" status: 201 len: 874 time: 1.1145360
2026-07-01 01:57:52.763 9 WARNING neutron.scheduler.dhcp_agent_scheduler [None req-a0d5f833-e888-4a70-a902-f525bcbcac75 db0d62f4f0ea4e89910377668fd8c84f 6340392e7cc244169c2c302ebf3aa645 - - default default] No more DHCP agents
2026-07-01 01:57:52.765 9 WARNING neutron.api.rpc.agentnotifiers.dhcp_rpc_agent_api [None req-a0d5f833-e888-4a70-a902-f525bcbcac75 db0d62f4f0ea4e89910377668fd8c84f 6340392e7cc244169c2c302ebf3aa645 - - default default] Unable to schedule network 86b4aabe-90ef-4b51-a0f6-c64cafb0c650: no agents available; will retry on subsequent port and subnet creation events.
2026-07-01 01:57:52.946 9 INFO neutron.db.ovn_revision_numbers_db [None req-a0d5f833-e888-4a70-a902-f525bcbcac75 db0d62f4f0ea4e89910377668fd8c84f 6340392e7cc244169c2c302ebf3aa645 - - default default] Successfully bumped revision number for resource 68f44e4e-5498-4f84-9d0b-ebe04735d903 (type: ports) to 1
2026-07-01 01:57:52.957 10 INFO neutron.wsgi [req-6926cd00-aef2-43df-8f16-093f3ae71802 req-4be96895-05f1-4b0f-8b69-a7b01a8a108f 418b8ea2b57b4560aef1aea9fa60da42 28b890827e6f4471ad59498e19d24321 - - default default] 10.0.0.34 "GET /v2.0/security-groups?name=tempest-securitygroup--1835451542&fields=id&tenant_id=28b890827e6f4471ad59498e19d24321 HTTP/1.1" status: 200 len: 267 time: 0.0594745
2026-07-01 01:57:53.095 10 INFO neutron.wsgi [req-6926cd00-aef2-43df-8f16-093f3ae71802 req-1e9867bc-c11e-4ad2-99c7-9826e36da136 418b8ea2b57b4560aef1aea9fa60da42 28b890827e6f4471ad59498e19d24321 - - default default] 10.0.0.34 "GET /v2.0/networks?id=e298ca65-7a3e-419d-acff-614066a245d3 HTTP/1.1" status: 200 len: 878 time: 0.1299968
2026-07-01 01:57:53.133 10 INFO neutron.wsgi [req-6926cd00-aef2-43df-8f16-093f3ae71802 req-83087861-37e9-4a57-997c-6d541581a1f6 418b8ea2b57b4560aef1aea9fa60da42 28b890827e6f4471ad59498e19d24321 - - default default] 10.0.0.34 "GET /v2.0/quotas/28b890827e6f4471ad59498e19d24321 HTTP/1.1" status: 200 len: 386 time: 0.0291028
2026-07-01 01:57:53.170 10 INFO neutron.db.ovn_revision_numbers_db [None req-9b095020-95b2-4656-aa0e-6404b0cf0dab db0d62f4f0ea4e89910377668fd8c84f 6340392e7cc244169c2c302ebf3aa645 - - default default] Successfully bumped revision number for resource e08e8ddd-5a91-4e27-bd8b-dcef9ff42531 (type: security_groups) to 1
2026-07-01 01:57:53.202 10 INFO neutron.db.ovn_revision_numbers_db [None req-9b095020-95b2-4656-aa0e-6404b0cf0dab db0d62f4f0ea4e89910377668fd8c84f 6340392e7cc244169c2c302ebf3aa645 - - default default] Successfully bumped revision number for resource 335ab991-192d-4125-ba43-1c5129fab6d1 (type: security_group_rules) to 0
2026-07-01 01:57:53.240 10 INFO neutron.db.ovn_revision_numbers_db [None req-9b095020-95b2-4656-aa0e-6404b0cf0dab db0d62f4f0ea4e89910377668fd8c84f 6340392e7cc244169c2c302ebf3aa645 - - default default] Successfully bumped revision number for resource 57810222-7586-4a73-91f5-1171012c3ffc (type: security_group_rules) to 0
2026-07-01 01:57:53.265 10 INFO neutron.db.ovn_revision_numbers_db [None req-9b095020-95b2-4656-aa0e-6404b0cf0dab db0d62f4f0ea4e89910377668fd8c84f 6340392e7cc244169c2c302ebf3aa645 - - default default] Successfully bumped revision number for resource 792d73bf-2bbf-4112-bb33-725ce38b077f (type: security_group_rules) to 0
2026-07-01 01:57:53.284 10 WARNING neutron.scheduler.dhcp_agent_scheduler [None req-41105966-e986-4130-980d-d8623bb3bc72 db0d62f4f0ea4e89910377668fd8c84f 6340392e7cc244169c2c302ebf3aa645 - - default default] No more DHCP agents
2026-07-01 01:57:53.289 10 INFO neutron.wsgi [req-6926cd00-aef2-43df-8f16-093f3ae71802 req-3545096f-e1a0-41de-bded-507400fc77ce 418b8ea2b57b4560aef1aea9fa60da42 28b890827e6f4471ad59498e19d24321 - - default default] 10.0.0.34 "GET /v2.0/ports?tenant_id=28b890827e6f4471ad59498e19d24321&fields=id HTTP/1.1" status: 200 len: 302 time: 0.1471214
2026-07-01 01:57:53.290 10 WARNING neutron.api.rpc.agentnotifiers.dhcp_rpc_agent_api [None req-41105966-e986-4130-980d-d8623bb3bc72 db0d62f4f0ea4e89910377668fd8c84f 6340392e7cc244169c2c302ebf3aa645 - - default default] Unable to schedule network 86b4aabe-90ef-4b51-a0f6-c64cafb0c650: no agents available; will retry on subsequent port and subnet creation events.
2026-07-01 01:57:53.293 10 INFO neutron.db.ovn_revision_numbers_db [None req-9b095020-95b2-4656-aa0e-6404b0cf0dab db0d62f4f0ea4e89910377668fd8c84f 6340392e7cc244169c2c302ebf3aa645 - - default default] Successfully bumped revision number for resource df716100-c207-4dfd-a1a0-b422567de0ad (type: security_group_rules) to 0
2026-07-01 01:57:53.325 10 INFO neutron.wsgi [None req-9b095020-95b2-4656-aa0e-6404b0cf0dab db0d62f4f0ea4e89910377668fd8c84f 6340392e7cc244169c2c302ebf3aa645 - - default default] 10.0.0.240 "GET /v2.0/security-groups?tenant_id=c11ce7022acb4be697b63e14d82f0926&name=default HTTP/1.1" status: 200 len: 2996 time: 0.5566809
2026-07-01 01:57:53.473 10 INFO neutron.db.ovn_revision_numbers_db [None req-41105966-e986-4130-980d-d8623bb3bc72 db0d62f4f0ea4e89910377668fd8c84f 6340392e7cc244169c2c302ebf3aa645 - - default default] Successfully bumped revision number for resource fcbdc2c2-17d6-4c35-b5f6-b2577ea42f06 (type: ports) to 1
