Mar 11 17:12:59.835410 np0000158419 devstack@neutron-api.service[103373]: DEBUG ovsdbapp.backend.ovs_idl [None req-809e1852-2764-4df2-8d3a-2c9a891ed257 None None] Created schema index Gateway_Chassis.name {{(pid=103373) autocreate_indices /opt/stack/data/venv/lib/python3.12/site-packages/ovsdbapp/backend/ovs_idl/__init__.py:106}}
Mar 11 17:12:59.835497 np0000158419 devstack@neutron-api.service[103373]: DEBUG ovsdbapp.backend.ovs_idl [None req-809e1852-2764-4df2-8d3a-2c9a891ed257 None None] Created schema index Mirror.name {{(pid=103373) autocreate_indices /opt/stack/data/venv/lib/python3.12/site-packages/ovsdbapp/backend/ovs_idl/__init__.py:106}}
Mar 11 17:12:59.835569 np0000158419 devstack@neutron-api.service[103373]: DEBUG ovsdbapp.backend.ovs_idl [None req-809e1852-2764-4df2-8d3a-2c9a891ed257 None None] Created schema index Chassis_Template_Var.chassis {{(pid=103373) autocreate_indices /opt/stack/data/venv/lib/python3.12/site-packages/ovsdbapp/backend/ovs_idl/__init__.py:106}}
Mar 11 17:12:59.835638 np0000158419 devstack@neutron-api.service[103373]: DEBUG ovsdbapp.backend.ovs_idl [None req-809e1852-2764-4df2-8d3a-2c9a891ed257 None None] Created schema index Logical_Router_Port.name {{(pid=103373) autocreate_indices /opt/stack/data/venv/lib/python3.12/site-packages/ovsdbapp/backend/ovs_idl/__init__.py:106}}
Mar 11 17:12:59.835916 np0000158419 devstack@neutron-api.service[103373]: DEBUG ovsdbapp.backend.ovs_idl [None req-809e1852-2764-4df2-8d3a-2c9a891ed257 None None] Created schema index Port_Group.name {{(pid=103373) autocreate_indices /opt/stack/data/venv/lib/python3.12/site-packages/ovsdbapp/backend/ovs_idl/__init__.py:106}}
Mar 11 17:12:59.835916 np0000158419 devstack@neutron-api.service[103373]: DEBUG ovsdbapp.backend.ovs_idl [None req-809e1852-2764-4df2-8d3a-2c9a891ed257 None None] Created schema index Logical_Switch_Port.name {{(pid=103373) autocreate_indices /opt/stack/data/venv/lib/python3.12/site-packages/ovsdbapp/backend/ovs_idl/__init__.py:106}}
Mar 11 17:12:59.836161 np0000158419 devstack@neutron-api.service[103371]: INFO ovsdbapp.backend.ovs_idl.vlog [None req-4fd12bf7-452a-41a4-80a8-6f6e2325393a None None] ssl:162.253.55.52:6641: connecting...
Mar 11 17:12:59.838340 np0000158419 devstack@neutron-api.service[103373]: INFO ovsdbapp.backend.ovs_idl.vlog [None req-809e1852-2764-4df2-8d3a-2c9a891ed257 None None] ssl:162.253.55.52:6641: connecting...
Mar 11 17:12:59.841936 np0000158419 devstack@neutron-api.service[103371]: INFO ovsdbapp.backend.ovs_idl.vlog [None req-4fd12bf7-452a-41a4-80a8-6f6e2325393a None None] ssl:162.253.55.52:6641: connected
Mar 11 17:12:59.842651 np0000158419 devstack@neutron-api.service[103373]: INFO ovsdbapp.backend.ovs_idl.vlog [None req-809e1852-2764-4df2-8d3a-2c9a891ed257 None None] ssl:162.253.55.52:6641: connected
Mar 11 17:12:59.859148 np0000158419 devstack@neutron-api.service[103374]: DEBUG neutron.common.ovn.hash_ring_manager [None req-b27e3e83-9b77-4d6f-b71b-0fb80aef4896 None None] Allow caching, nodes 4>=4 {{(pid=103374) _wait_startup_before_caching /opt/stack/neutron/neutron/common/ovn/hash_ring_manager.py:65}}
Mar 11 17:12:59.865687 np0000158419 devstack@neutron-api.service[103374]: DEBUG neutron.common.ovn.hash_ring_manager [None req-b27e3e83-9b77-4d6f-b71b-0fb80aef4896 None None] Hash Ring loaded. 4 active nodes. 0 offline nodes {{(pid=103374) _load_hash_ring /opt/stack/neutron/neutron/common/ovn/hash_ring_manager.py:102}}
Mar 11 17:12:59.865948 np0000158419 devstack@neutron-api.service[103374]: DEBUG neutron.plugins.ml2.drivers.ovn.mech_driver.ovsdb.ovsdb_monitor [None req-b27e3e83-9b77-4d6f-b71b-0fb80aef4896 None None] Hash Ring: Node 4a96c562be66523698931ae7115b6de5 (host: np0000158419) handling event "create" for row 18b675bd-49db-436c-a193-f03b9c51b8d7 (table: Port_Group) {{(pid=103374) notify /opt/stack/neutron/neutron/plugins/ml2/drivers/ovn/mech_driver/ovsdb/ovsdb_monitor.py:906}}
Mar 11 17:12:59.866881 np0000158419 devstack@neutron-api.service[103374]: INFO neutron.plugins.ml2.drivers.ovn.mech_driver.ovsdb.impl_idl_ovn [None req-b27e3e83-9b77-4d6f-b71b-0fb80aef4896 None None] Getting OvsdbSbOvnIdl for WorkerService with retry
Mar 11 17:12:59.872946 np0000158419 devstack@neutron-api.service[103373]: DEBUG neutron.common.ovn.hash_ring_manager [None req-809e1852-2764-4df2-8d3a-2c9a891ed257 None None] Allow caching, nodes 4>=4 {{(pid=103373) _wait_startup_before_caching /opt/stack/neutron/neutron/common/ovn/hash_ring_manager.py:65}}
Mar 11 17:12:59.873235 np0000158419 devstack@neutron-api.service[103371]: DEBUG neutron.common.ovn.hash_ring_manager [None req-4fd12bf7-452a-41a4-80a8-6f6e2325393a None None] Allow caching, nodes 4>=4 {{(pid=103371) _wait_startup_before_caching /opt/stack/neutron/neutron/common/ovn/hash_ring_manager.py:65}}
Mar 11 17:12:59.879114 np0000158419 devstack@neutron-api.service[103371]: DEBUG neutron.common.ovn.hash_ring_manager [None req-4fd12bf7-452a-41a4-80a8-6f6e2325393a None None] Hash Ring loaded. 4 active nodes. 0 offline nodes {{(pid=103371) _load_hash_ring /opt/stack/neutron/neutron/common/ovn/hash_ring_manager.py:102}}
Mar 11 17:12:59.879284 np0000158419 devstack@neutron-api.service[103371]: DEBUG neutron.plugins.ml2.drivers.ovn.mech_driver.ovsdb.ovsdb_monitor [None req-4fd12bf7-452a-41a4-80a8-6f6e2325393a None None] Hash Ring: Node 5e5a503c213856879f6e451984790b53 (host: np0000158419) handling event "create" for row 71dcb2ce-4168-45c1-9d90-33e5c2eb4434 (table: ACL) {{(pid=103371) notify /opt/stack/neutron/neutron/plugins/ml2/drivers/ovn/mech_driver/ovsdb/ovsdb_monitor.py:906}}
Mar 11 17:12:59.879465 np0000158419 devstack@neutron-api.service[103371]: DEBUG neutron.plugins.ml2.drivers.ovn.mech_driver.ovsdb.ovsdb_monitor [None req-4fd12bf7-452a-41a4-80a8-6f6e2325393a None None] Hash Ring: Node 5e5a503c213856879f6e451984790b53 (host: np0000158419) handling event "create" for row adbf54bc-2f62-4530-8394-3f6ab4c0cad0 (table: ACL) {{(pid=103371) notify /opt/stack/neutron/neutron/plugins/ml2/drivers/ovn/mech_driver/ovsdb/ovsdb_monitor.py:906}}
Mar 11 17:12:59.879618 np0000158419 devstack@neutron-api.service[103371]: DEBUG neutron.plugins.ml2.drivers.ovn.mech_driver.ovsdb.ovsdb_monitor [None req-4fd12bf7-452a-41a4-80a8-6f6e2325393a None None] Hash Ring: Node 5e5a503c213856879f6e451984790b53 (host: np0000158419) handling event "create" for row 2ffafb17-cd62-4ec6-86d9-5a66396aadea (table: Connection) {{(pid=103371) notify /opt/stack/neutron/neutron/plugins/ml2/drivers/ovn/mech_driver/ovsdb/ovsdb_monitor.py:906}}
Mar 11 17:12:59.880811 np0000158419 devstack@neutron-api.service[103371]: INFO neutron.plugins.ml2.drivers.ovn.mech_driver.ovsdb.impl_idl_ovn [None req-4fd12bf7-452a-41a4-80a8-6f6e2325393a None None] Getting OvsdbSbOvnIdl for WorkerService with retry
Mar 11 17:12:59.881128 np0000158419 devstack@neutron-api.service[103373]: DEBUG neutron.common.ovn.hash_ring_manager [None req-809e1852-2764-4df2-8d3a-2c9a891ed257 None None] Hash Ring loaded. 4 active nodes. 0 offline nodes {{(pid=103373) _load_hash_ring /opt/stack/neutron/neutron/common/ovn/hash_ring_manager.py:102}}
Mar 11 17:12:59.882278 np0000158419 devstack@neutron-api.service[103373]: INFO neutron.plugins.ml2.drivers.ovn.mech_driver.ovsdb.impl_idl_ovn [None req-809e1852-2764-4df2-8d3a-2c9a891ed257 None None] Getting OvsdbSbOvnIdl for WorkerService with retry
Mar 11 17:12:59.895110 np0000158419 devstack@neutron-api.service[103374]: DEBUG ovsdbapp.backend.ovs_idl [None req-b27e3e83-9b77-4d6f-b71b-0fb80aef4896 None None] Created lookup_table index Chassis.name {{(pid=103374) autocreate_indices /opt/stack/data/venv/lib/python3.12/site-packages/ovsdbapp/backend/ovs_idl/__init__.py:87}}
Mar 11 17:12:59.895195 np0000158419 devstack@neutron-api.service[103374]: DEBUG ovsdbapp.backend.ovs_idl [None req-b27e3e83-9b77-4d6f-b71b-0fb80aef4896 None None] Created lookup_table index Port_Binding.logical_port {{(pid=103374) autocreate_indices /opt/stack/data/venv/lib/python3.12/site-packages/ovsdbapp/backend/ovs_idl/__init__.py:87}}
Mar 11 17:12:59.895298 np0000158419 devstack@neutron-api.service[103374]: DEBUG ovsdbapp.backend.ovs_idl [None req-b27e3e83-9b77-4d6f-b71b-0fb80aef4896 None None] Created schema index Chassis_Private.name {{(pid=103374) autocreate_indices /opt/stack/data/venv/lib/python3.12/site-packages/ovsdbapp/backend/ovs_idl/__init__.py:106}}
Mar 11 17:12:59.895390 np0000158419 devstack@neutron-api.service[103374]: DEBUG ovsdbapp.backend.ovs_idl [None req-b27e3e83-9b77-4d6f-b71b-0fb80aef4896 None None] Created schema index Datapath_Binding.tunnel_key {{(pid=103374) autocreate_indices /opt/stack/data/venv/lib/python3.12/site-packages/ovsdbapp/backend/ovs_idl/__init__.py:106}}
Mar 11 17:12:59.897212 np0000158419 devstack@neutron-api.service[103374]: INFO ovsdbapp.backend.ovs_idl.vlog [None req-b27e3e83-9b77-4d6f-b71b-0fb80aef4896 None None] ssl:162.253.55.52:6642: connecting...
Mar 11 17:12:59.901620 np0000158419 devstack@neutron-api.service[103374]: INFO ovsdbapp.backend.ovs_idl.vlog [None req-b27e3e83-9b77-4d6f-b71b-0fb80aef4896 None None] ssl:162.253.55.52:6642: connected
Mar 11 17:12:59.908613 np0000158419 devstack@neutron-api.service[103373]: DEBUG ovsdbapp.backend.ovs_idl [None req-809e1852-2764-4df2-8d3a-2c9a891ed257 None None] Created lookup_table index Chassis.name {{(pid=103373) autocreate_indices /opt/stack/data/venv/lib/python3.12/site-packages/ovsdbapp/backend/ovs_idl/__init__.py:87}}
Mar 11 17:12:59.908685 np0000158419 devstack@neutron-api.service[103371]: DEBUG ovsdbapp.backend.ovs_idl [None req-4fd12bf7-452a-41a4-80a8-6f6e2325393a None None] Created lookup_table index Chassis.name {{(pid=103371) autocreate_indices /opt/stack/data/venv/lib/python3.12/site-packages/ovsdbapp/backend/ovs_idl/__init__.py:87}}
Mar 11 17:12:59.908735 np0000158419 devstack@neutron-api.service[103373]: DEBUG ovsdbapp.backend.ovs_idl [None req-809e1852-2764-4df2-8d3a-2c9a891ed257 None None] Created lookup_table index Port_Binding.logical_port {{(pid=103373) autocreate_indices /opt/stack/data/venv/lib/python3.12/site-packages/ovsdbapp/backend/ovs_idl/__init__.py:87}}
Mar 11 17:12:59.908777 np0000158419 devstack@neutron-api.service[103371]: DEBUG ovsdbapp.backend.ovs_idl [None req-4fd12bf7-452a-41a4-80a8-6f6e2325393a None None] Created lookup_table index Port_Binding.logical_port {{(pid=103371) autocreate_indices /opt/stack/data/venv/lib/python3.12/site-packages/ovsdbapp/backend/ovs_idl/__init__.py:87}}
Mar 11 17:12:59.908822 np0000158419 devstack@neutron-api.service[103373]: DEBUG ovsdbapp.backend.ovs_idl [None req-809e1852-2764-4df2-8d3a-2c9a891ed257 None None] Created schema index Chassis_Private.name {{(pid=103373) autocreate_indices /opt/stack/data/venv/lib/python3.12/site-packages/ovsdbapp/backend/ovs_idl/__init__.py:106}}
Mar 11 17:12:59.908874 np0000158419 devstack@neutron-api.service[103371]: DEBUG ovsdbapp.backend.ovs_idl [None req-4fd12bf7-452a-41a4-80a8-6f6e2325393a None None] Created schema index Chassis_Private.name {{(pid=103371) autocreate_indices /opt/stack/data/venv/lib/python3.12/site-packages/ovsdbapp/backend/ovs_idl/__init__.py:106}}
Mar 11 17:12:59.908924 np0000158419 devstack@neutron-api.service[103373]: DEBUG ovsdbapp.backend.ovs_idl [None req-809e1852-2764-4df2-8d3a-2c9a891ed257 None None] Created schema index Datapath_Binding.tunnel_key {{(pid=103373) autocreate_indices /opt/stack/data/venv/lib/python3.12/site-packages/ovsdbapp/backend/ovs_idl/__init__.py:106}}
Mar 11 17:12:59.908970 np0000158419 devstack@neutron-api.service[103371]: DEBUG ovsdbapp.backend.ovs_idl [None req-4fd12bf7-452a-41a4-80a8-6f6e2325393a None None] Created schema index Datapath_Binding.tunnel_key {{(pid=103371) autocreate_indices /opt/stack/data/venv/lib/python3.12/site-packages/ovsdbapp/backend/ovs_idl/__init__.py:106}}
Mar 11 17:12:59.910716 np0000158419 devstack@neutron-api.service[103373]: INFO ovsdbapp.backend.ovs_idl.vlog [None req-809e1852-2764-4df2-8d3a-2c9a891ed257 None None] ssl:162.253.55.52:6642: connecting...
Mar 11 17:12:59.910810 np0000158419 devstack@neutron-api.service[103371]: INFO ovsdbapp.backend.ovs_idl.vlog [None req-4fd12bf7-452a-41a4-80a8-6f6e2325393a None None] ssl:162.253.55.52:6642: connecting...
Mar 11 17:12:59.914743 np0000158419 devstack@neutron-api.service[103373]: INFO ovsdbapp.backend.ovs_idl.vlog [None req-809e1852-2764-4df2-8d3a-2c9a891ed257 None None] ssl:162.253.55.52:6642: connected
Mar 11 17:12:59.916536 np0000158419 devstack@neutron-api.service[103371]: INFO ovsdbapp.backend.ovs_idl.vlog [None req-4fd12bf7-452a-41a4-80a8-6f6e2325393a None None] ssl:162.253.55.52:6642: connected
Mar 11 17:12:59.929396 np0000158419 devstack@neutron-api.service[103374]: DEBUG neutron.common.ovn.hash_ring_manager [None req-b27e3e83-9b77-4d6f-b71b-0fb80aef4896 None None] Allow caching, nodes 4>=4 {{(pid=103374) _wait_startup_before_caching /opt/stack/neutron/neutron/common/ovn/hash_ring_manager.py:65}}
Mar 11 17:12:59.932265 np0000158419 devstack@neutron-api.service[103374]: DEBUG neutron.common.ovn.hash_ring_manager [None req-b27e3e83-9b77-4d6f-b71b-0fb80aef4896 None None] Hash Ring loaded. 4 active nodes. 0 offline nodes {{(pid=103374) _load_hash_ring /opt/stack/neutron/neutron/common/ovn/hash_ring_manager.py:102}}
Mar 11 17:12:59.932441 np0000158419 devstack@neutron-api.service[103374]: DEBUG neutron.plugins.ml2.drivers.ovn.mech_driver.ovsdb.ovsdb_monitor [None req-b27e3e83-9b77-4d6f-b71b-0fb80aef4896 None None] ChassisOVNAgentWriteEvent : Matched Chassis_Private, create, None None {{(pid=103374) matches /opt/stack/neutron/neutron/plugins/ml2/drivers/ovn/mech_driver/ovsdb/ovsdb_monitor.py:64}}
Mar 11 17:12:59.932561 np0000158419 devstack@neutron-api.service[103374]: DEBUG neutron.plugins.ml2.drivers.ovn.mech_driver.ovsdb.ovsdb_monitor [None req-b27e3e83-9b77-4d6f-b71b-0fb80aef4896 None None] ChassisAgentWriteEvent : Matched Chassis_Private, create, None None {{(pid=103374) matches /opt/stack/neutron/neutron/plugins/ml2/drivers/ovn/mech_driver/ovsdb/ovsdb_monitor.py:64}}
Mar 11 17:12:59.932849 np0000158419 devstack@neutron-api.service[103374]: DEBUG neutron.plugins.ml2.drivers.ovn.mech_driver.ovsdb.ovsdb_monitor [None req-b27e3e83-9b77-4d6f-b71b-0fb80aef4896 None None] Hash Ring: Node 4a96c562be66523698931ae7115b6de5 (host: np0000158419) handling event "create" for row 6049353c-423e-4e6a-be4e-b2b7fd3ebbf2 (table: Chassis_Private) {{(pid=103374) notify /opt/stack/neutron/neutron/plugins/ml2/drivers/ovn/mech_driver/ovsdb/ovsdb_monitor.py:906}}
Mar 11 17:12:59.935386 np0000158419 devstack@neutron-api.service[103374]: INFO neutron.plugins.ml2.drivers.ovn.mech_driver.mech_driver [None req-b27e3e83-9b77-4d6f-b71b-0fb80aef4896 None None] WorkerService process has finished the post initialization
Mar 11 17:12:59.936882 np0000158419 devstack@neutron-api.service[103374]: WSGI app 0 (mountpoint='') ready in 7 seconds on interpreter 0x746b1b6a3668 pid: 103374 (default app)
Mar 11 17:12:59.940186 np0000158419 devstack@neutron-api.service[103373]: DEBUG neutron.common.ovn.hash_ring_manager [None req-809e1852-2764-4df2-8d3a-2c9a891ed257 None None] Allow caching, nodes 4>=4 {{(pid=103373) _wait_startup_before_caching /opt/stack/neutron/neutron/common/ovn/hash_ring_manager.py:65}}
Mar 11 17:12:59.943591 np0000158419 devstack@neutron-api.service[103373]: DEBUG neutron.common.ovn.hash_ring_manager [None req-809e1852-2764-4df2-8d3a-2c9a891ed257 None None] Hash Ring loaded. 4 active nodes. 0 offline nodes {{(pid=103373) _load_hash_ring /opt/stack/neutron/neutron/common/ovn/hash_ring_manager.py:102}}
Mar 11 17:12:59.943773 np0000158419 devstack@neutron-api.service[103373]: DEBUG neutron.plugins.ml2.drivers.ovn.mech_driver.ovsdb.ovsdb_monitor [None req-809e1852-2764-4df2-8d3a-2c9a891ed257 None None] ChassisOVNAgentWriteEvent : Matched Chassis_Private, create, None None {{(pid=103373) matches /opt/stack/neutron/neutron/plugins/ml2/drivers/ovn/mech_driver/ovsdb/ovsdb_monitor.py:64}}
Mar 11 17:12:59.943875 np0000158419 devstack@neutron-api.service[103373]: DEBUG neutron.plugins.ml2.drivers.ovn.mech_driver.ovsdb.ovsdb_monitor [None req-809e1852-2764-4df2-8d3a-2c9a891ed257 None None] ChassisAgentWriteEvent : Matched Chassis_Private, create, None None {{(pid=103373) matches /opt/stack/neutron/neutron/plugins/ml2/drivers/ovn/mech_driver/ovsdb/ovsdb_monitor.py:64}}
Mar 11 17:12:59.944051 np0000158419 devstack@neutron-api.service[103371]: DEBUG neutron.common.ovn.hash_ring_manager [None req-4fd12bf7-452a-41a4-80a8-6f6e2325393a None None] Allow caching, nodes 4>=4 {{(pid=103371) _wait_startup_before_caching /opt/stack/neutron/neutron/common/ovn/hash_ring_manager.py:65}}
Mar 11 17:12:59.946502 np0000158419 devstack@neutron-api.service[103373]: INFO neutron.plugins.ml2.drivers.ovn.mech_driver.mech_driver [None req-809e1852-2764-4df2-8d3a-2c9a891ed257 None None] WorkerService process has finished the post initialization
Mar 11 17:12:59.947578 np0000158419 devstack@neutron-api.service[103373]: WSGI app 0 (mountpoint='') ready in 7 seconds on interpreter 0x746b1b6a3668 pid: 103373 (default app)
Mar 11 17:12:59.948762 np0000158419 devstack@neutron-api.service[103371]: DEBUG neutron.common.ovn.hash_ring_manager [None req-4fd12bf7-452a-41a4-80a8-6f6e2325393a None None] Hash Ring loaded. 4 active nodes. 0 offline nodes {{(pid=103371) _load_hash_ring /opt/stack/neutron/neutron/common/ovn/hash_ring_manager.py:102}}
Mar 11 17:12:59.948946 np0000158419 devstack@neutron-api.service[103371]: DEBUG neutron.plugins.ml2.drivers.ovn.mech_driver.ovsdb.ovsdb_monitor [None req-4fd12bf7-452a-41a4-80a8-6f6e2325393a None None] Hash Ring: Node 5e5a503c213856879f6e451984790b53 (host: np0000158419) handling event "create" for row 56fc9b1a-ad32-480a-97d7-ba77e48b3dee (table: Chassis) {{(pid=103371) notify /opt/stack/neutron/neutron/plugins/ml2/drivers/ovn/mech_driver/ovsdb/ovsdb_monitor.py:906}}
Mar 11 17:12:59.949972 np0000158419 devstack@neutron-api.service[103371]: DEBUG ovsdbapp.backend.ovs_idl.event [None req-4fd12bf7-452a-41a4-80a8-6f6e2325393a None None] Matched CREATE: ChassisBandwidthConfigEvent(events=('create', 'update'), table='Chassis', conditions=None, old_conditions=None), priority=20 to row=Chassis(uuid=56fc9b1a-ad32-480a-97d7-ba77e48b3dee, encaps=[11956b8e-41b2-4ec2-9bee-d47e57f942b4], external_ids={}, hostname='np0000158419', name='9b89d247-a636-4e68-b232-fb9e29e3d253', nb_cfg=0, other_config={'ct-commit-nat-v2': 'true', 'ct-commit-to-zone': 'true', 'ct-next-zone': 'true', 'ct-no-masked-label': 'true', 'ct-state-save': 'true', 'datapath-type': 'system', 'fdb-timestamp': 'true', 'iface-types': 'afxdp,afxdp-nonpmd,bareudp,erspan,geneve,gre,gtpu,internal,ip6erspan,ip6gre,lisp,patch,srv6,stt,system,tap,vxlan', 'is-interconn': 'false', 'ls-dpg-column': 'true', 'mac-binding-timestamp': 'true', 'ovn-bridge-mappings': 'public:br-ex', 'ovn-chassis-mac-mappings': '', 'ovn-cms-options': 'enable-chassis-as-gw', 'ovn-ct-lb-related': 'true', 'ovn-enable-lflow-cache': 'true', 'ovn-limit-lflow-cache': '', 'ovn-memlimit-lflow-cache-kb': '', 'ovn-monitor-all': 'false', 'ovn-trim-limit-lflow-cache': '', 'ovn-trim-timeout-ms': '', 'ovn-trim-wmark-perc-lflow-cache': '', 'port-up-notif': 'true'}, transport_zones=[], vtep_logical_switches=[]) old= {{(pid=103371) matches /opt/stack/data/venv/lib/python3.12/site-packages/ovsdbapp/backend/ovs_idl/event.py:55}}
Mar 11 17:12:59.950633 np0000158419 devstack@neutron-api.service[103371]: DEBUG neutron.plugins.ml2.drivers.ovn.mech_driver.ovsdb.ovsdb_monitor [None req-4fd12bf7-452a-41a4-80a8-6f6e2325393a None None] ChassisAgentWriteEvent : Matched Chassis_Private, create, None None {{(pid=103371) matches /opt/stack/neutron/neutron/plugins/ml2/drivers/ovn/mech_driver/ovsdb/ovsdb_monitor.py:64}}
Mar 11 17:12:59.950819 np0000158419 devstack@neutron-api.service[103371]: DEBUG neutron.plugins.ml2.drivers.ovn.mech_driver.ovsdb.ovsdb_monitor [None req-4fd12bf7-452a-41a4-80a8-6f6e2325393a None None] ChassisOVNAgentWriteEvent : Matched Chassis_Private, create, None None {{(pid=103371) matches /opt/stack/neutron/neutron/plugins/ml2/drivers/ovn/mech_driver/ovsdb/ovsdb_monitor.py:64}}
Mar 11 17:12:59.952297 np0000158419 devstack@neutron-api.service[103371]: INFO neutron.plugins.ml2.drivers.ovn.mech_driver.mech_driver [None req-4fd12bf7-452a-41a4-80a8-6f6e2325393a None None] WorkerService process has finished the post initialization
Mar 11 17:12:59.953079 np0000158419 devstack@neutron-api.service[103371]: INFO neutron.plugins.ml2.drivers.ovn.mech_driver.ovsdb.extensions.qos [-] Starting OVNClientQosExtension
Mar 11 17:12:59.953324 np0000158419 devstack@neutron-api.service[103371]: INFO neutron.plugins.ml2.drivers.ovn.mech_driver.ovsdb.extensions.placement [-] Starting OVNClientPlacementExtension
Mar 11 17:12:59.956034 np0000158419 devstack@neutron-api.service[103371]: WSGI app 0 (mountpoint='') ready in 7 seconds on interpreter 0x746b1b6a3668 pid: 103371 (default app)
Mar 11 17:13:01.753150 np0000158419 devstack@neutron-api.service[103371]: DEBUG neutron.plugins.ml2.drivers.ovn.mech_driver.ovsdb.ovsdb_monitor [-] Hash Ring: Node 5e5a503c213856879f6e451984790b53 (host: np0000158419) handling event "update" for row 2ffafb17-cd62-4ec6-86d9-5a66396aadea (table: Connection) {{(pid=103371) notify /opt/stack/neutron/neutron/plugins/ml2/drivers/ovn/mech_driver/ovsdb/ovsdb_monitor.py:906}}
Mar 11 17:13:01.758766 np0000158419 devstack@neutron-api.service[103372]: DEBUG neutron.common.ovn.hash_ring_manager [-] Allow caching, nodes 4>=4 {{(pid=103372) _wait_startup_before_caching /opt/stack/neutron/neutron/common/ovn/hash_ring_manager.py:65}}
Mar 11 17:13:01.759232 np0000158419 devstack@neutron-api.service[103372]: DEBUG neutron.plugins.ml2.drivers.ovn.mech_driver.ovsdb.ovsdb_monitor [-] Hash Ring: Node 6bae4ec983e2556f835b6beaf8efb338 (host: np0000158419) handling event "update" for row 2ffafb17-cd62-4ec6-86d9-5a66396aadea (table: Connection) {{(pid=103372) notify /opt/stack/neutron/neutron/plugins/ml2/drivers/ovn/mech_driver/ovsdb/ovsdb_monitor.py:906}}
Mar 11 17:13:04.253573 np0000158419 devstack@neutron-api.service[103372]: DEBUG neutron.plugins.ml2.drivers.ovn.mech_driver.ovsdb.ovsdb_monitor [-] Hash Ring: Node 6bae4ec983e2556f835b6beaf8efb338 (host: np0000158419) handling event "update" for row 2ffafb17-cd62-4ec6-86d9-5a66396aadea (table: Connection) {{(pid=103372) notify /opt/stack/neutron/neutron/plugins/ml2/drivers/ovn/mech_driver/ovsdb/ovsdb_monitor.py:906}}
Mar 11 17:13:04.253989 np0000158419 devstack@neutron-api.service[103371]: DEBUG neutron.plugins.ml2.drivers.ovn.mech_driver.ovsdb.ovsdb_monitor [-] Hash Ring: Node 5e5a503c213856879f6e451984790b53 (host: np0000158419) handling event "update" for row 2ffafb17-cd62-4ec6-86d9-5a66396aadea (table: Connection) {{(pid=103371) notify /opt/stack/neutron/neutron/plugins/ml2/drivers/ovn/mech_driver/ovsdb/ovsdb_monitor.py:906}}
Mar 11 17:13:05.535271 np0000158419 devstack@neutron-api.service[103372]: DEBUG neutron.api.wsgi [None req-94840c8a-8188-470a-ac81-c9023c55ec89 admin admin] Missing Content-Type {{(pid=103372) get_content_type /opt/stack/neutron/neutron/api/wsgi.py:85}}
Mar 11 17:13:05.535788 np0000158419 devstack@neutron-api.service[103372]: DEBUG neutron.api.wsgi [None req-94840c8a-8188-470a-ac81-c9023c55ec89 admin admin] https://162.253.55.52/networking/v2.0/extensions returned with HTTP 200 {{(pid=103372) __call__ /opt/stack/neutron/neutron/api/wsgi.py:545}}
Mar 11 17:13:05.536080 np0000158419 devstack@neutron-api.service[103372]: [pid: 103372|app: 0|req: 2/2] 162.253.55.52 () {64 vars in 1316 bytes} [Wed Mar 11 17:13:05 2026] GET /networking/v2.0/extensions => generated 15208 bytes in 296 msecs (HTTP/1.1 200) 4 headers in 159 bytes (1 switches on core 0)
Mar 11 17:13:05.953922 np0000158419 devstack@neutron-api.service[103374]: DEBUG neutron.api.v2.base [None req-b3ef494f-e73c-4dba-a6dd-194792ed2ffa admin admin] Request body: {'subnetpool': {'shared': True, 'prefixes': ['10.1.0.0/20'], 'default_prefixlen': 26, 'is_default': True, 'name': 'shared-default-subnetpool-v4'}} {{(pid=103374) prepare_request_body /opt/stack/neutron/neutron/api/v2/base.py:729}}
Mar 11 17:13:06.161962 np0000158419 devstack@neutron-api.service[103374]: DEBUG neutron.policy [None req-b3ef494f-e73c-4dba-a6dd-194792ed2ffa admin admin] Loaded default policies from ['neutron'] under neutron.policies entry points {{(pid=103374) register_rules /opt/stack/neutron/neutron/policy.py:65}}
Mar 11 17:13:06.311593 np0000158419 devstack@neutron-api.service[103374]: DEBUG neutron_lib.callbacks.manager [None req-b3ef494f-e73c-4dba-a6dd-194792ed2ffa admin admin] Publish callbacks ['neutron.objects.securitygroup.RbacNeutronDbObjectMixin.validate_rbac_policy_change-1607663717642', 'neutron.objects.address_group.RbacNeutronDbObjectMixin.validate_rbac_policy_change-1607663758222', 'neutron.objects.network.RbacNeutronDbObjectMixin.validate_rbac_policy_change-1607663621289', 'neutron.objects.qos.policy.RbacNeutronDbObjectMixin.validate_rbac_policy_change-1607663663718', 'neutron.objects.subnetpool.RbacNeutronDbObjectMixin.validate_rbac_policy_change-1607663618582', 'neutron.objects.address_scope.RbacNeutronDbObjectMixin.validate_rbac_policy_change-1607663641860', 'neutron.plugins.ml2.plugin.External_net_db_mixin._process_ext_policy_create-136398', 'neutron.plugins.ml2.plugin.NeutronDbPluginV2.validate_network_rbac_policy_change-145082', 'neutron.services.network_ip_availability.plugin.NeutronDbPluginV2.validate_network_rbac_policy_change-7919126', 'neutron.services.network_ip_availability.plugin.NeutronDbPluginV2.validate_network_rbac_policy_change-461957'] for rbac-policy (None), before_create {{(pid=103374) _notify_loop /opt/stack/data/venv/lib/python3.12/site-packages/neutron_lib/callbacks/manager.py:184}}
Mar 11 17:13:06.359791 np0000158419 devstack@neutron-api.service[103374]: DEBUG neutron_lib.callbacks.manager [None req-b3ef494f-e73c-4dba-a6dd-194792ed2ffa admin admin] Publish callbacks [] for subnetpool (None), before_response {{(pid=103374) _notify_loop /opt/stack/data/venv/lib/python3.12/site-packages/neutron_lib/callbacks/manager.py:184}}
Mar 11 17:13:06.360461 np0000158419 devstack@neutron-api.service[103374]: [pid: 103374|app: 0|req: 1/3] 162.253.55.52 () {68 vars in 1360 bytes} [Wed Mar 11 17:13:05 2026] POST /networking/v2.0/subnetpools => generated 533 bytes in 518 msecs (HTTP/1.1 201) 4 headers in 162 bytes (1 switches on core 0)
Mar 11 17:13:06.678249 np0000158419 devstack@neutron-api.service[103373]: DEBUG neutron.api.v2.base [None req-8a7da0b1-a6a8-4d37-9eb7-a5a50548ac48 admin admin] Request body: {'subnetpool': {'shared': True, 'prefixes': ['fde4:2190:620f::/56'], 'default_prefixlen': 64, 'is_default': True, 'name': 'shared-default-subnetpool-v6'}} {{(pid=103373) prepare_request_body /opt/stack/neutron/neutron/api/v2/base.py:729}}
Mar 11 17:13:06.847646 np0000158419 devstack@neutron-api.service[103373]: DEBUG neutron.policy [None req-8a7da0b1-a6a8-4d37-9eb7-a5a50548ac48 admin admin] Loaded default policies from ['neutron'] under neutron.policies entry points {{(pid=103373) register_rules /opt/stack/neutron/neutron/policy.py:65}}
Mar 11 17:13:06.995473 np0000158419 devstack@neutron-api.service[103373]: DEBUG neutron_lib.callbacks.manager [None req-8a7da0b1-a6a8-4d37-9eb7-a5a50548ac48 admin admin] Publish callbacks ['neutron.objects.securitygroup.RbacNeutronDbObjectMixin.validate_rbac_policy_change-1607663682535', 'neutron.objects.address_group.RbacNeutronDbObjectMixin.validate_rbac_policy_change-1607663725199', 'neutron.objects.network.RbacNeutronDbObjectMixin.validate_rbac_policy_change-1607663645095', 'neutron.objects.qos.policy.RbacNeutronDbObjectMixin.validate_rbac_policy_change-1607663641757', 'neutron.objects.subnetpool.RbacNeutronDbObjectMixin.validate_rbac_policy_change-1607663632040', 'neutron.objects.address_scope.RbacNeutronDbObjectMixin.validate_rbac_policy_change-1607663623184', 'neutron.plugins.ml2.plugin.External_net_db_mixin._process_ext_policy_create-76090', 'neutron.plugins.ml2.plugin.NeutronDbPluginV2.validate_network_rbac_policy_change-74218', 'neutron.services.network_ip_availability.plugin.NeutronDbPluginV2.validate_network_rbac_policy_change-297470', 'neutron.services.network_ip_availability.plugin.NeutronDbPluginV2.validate_network_rbac_policy_change-6842831'] for rbac-policy (None), before_create {{(pid=103373) _notify_loop /opt/stack/data/venv/lib/python3.12/site-packages/neutron_lib/callbacks/manager.py:184}}
Mar 11 17:13:07.040717 np0000158419 devstack@neutron-api.service[103373]: DEBUG neutron_lib.callbacks.manager [None req-8a7da0b1-a6a8-4d37-9eb7-a5a50548ac48 admin admin] Publish callbacks [] for subnetpool (None), before_response {{(pid=103373) _notify_loop /opt/stack/data/venv/lib/python3.12/site-packages/neutron_lib/callbacks/manager.py:184}}
Mar 11 17:13:07.041274 np0000158419 devstack@neutron-api.service[103373]: [pid: 103373|app: 0|req: 1/4] 162.253.55.52 () {68 vars in 1360 bytes} [Wed Mar 11 17:13:06 2026] POST /networking/v2.0/subnetpools => generated 543 bytes in 466 msecs (HTTP/1.1 201) 4 headers in 162 bytes (1 switches on core 0)
Mar 11 17:13:07.442594 np0000158419 devstack@neutron-api.service[103371]: DEBUG neutron.api.v2.base [None req-6a9e14cf-6127-4c79-9ad4-7dcda73b8fa2 admin admin] Request body: {'network': {'admin_state_up': True, 'name': 'private'}} {{(pid=103371) prepare_request_body /opt/stack/neutron/neutron/api/v2/base.py:729}}
Mar 11 17:13:07.468513 np0000158419 devstack@neutron-api.service[103371]: DEBUG neutron.pecan_wsgi.hooks.quota_enforcement [None req-6a9e14cf-6127-4c79-9ad4-7dcda73b8fa2 admin admin] Made reservation on behalf of 59396472b22246fabd547271222a55a3 for: {'network': 1} {{(pid=103371) before /opt/stack/neutron/neutron/pecan_wsgi/hooks/quota_enforcement.py:66}}
Mar 11 17:13:07.641782 np0000158419 devstack@neutron-api.service[103371]: DEBUG neutron.policy [None req-6a9e14cf-6127-4c79-9ad4-7dcda73b8fa2 admin admin] Loaded default policies from ['neutron'] under neutron.policies entry points {{(pid=103371) register_rules /opt/stack/neutron/neutron/policy.py:65}}
Mar 11 17:13:07.743642 np0000158419 devstack@neutron-api.service[103371]: DEBUG neutron_lib.callbacks.manager [None req-6a9e14cf-6127-4c79-9ad4-7dcda73b8fa2 admin admin] Publish callbacks ['neutron.plugins.ml2.plugin.SecurityGroupDbMixin._ensure_default_security_group_handler-2061026'] for network (None), before_create {{(pid=103371) _notify_loop /opt/stack/data/venv/lib/python3.12/site-packages/neutron_lib/callbacks/manager.py:184}}
Mar 11 17:13:07.761743 np0000158419 devstack@neutron-api.service[103371]: DEBUG neutron_lib.callbacks.manager [None req-6a9e14cf-6127-4c79-9ad4-7dcda73b8fa2 admin admin] Publish callbacks [] for security_group (None), before_create {{(pid=103371) _notify_loop /opt/stack/data/venv/lib/python3.12/site-packages/neutron_lib/callbacks/manager.py:184}}
Mar 11 17:13:07.849902 np0000158419 devstack@neutron-api.service[103371]: DEBUG neutron_lib.callbacks.manager [None req-6a9e14cf-6127-4c79-9ad4-7dcda73b8fa2 admin admin] Publish callbacks ['neutron.plugins.ml2.drivers.ovn.mech_driver.mech_driver.OVNMechanismDriver._create_security_group_precommit-1018631'] for security_group (1c6168cd-14cf-478e-81d3-5312f39013cc), precommit_create {{(pid=103371) _notify_loop /opt/stack/data/venv/lib/python3.12/site-packages/neutron_lib/callbacks/manager.py:184}}
Mar 11 17:13:07.849902 np0000158419 devstack@neutron-api.service[103371]: DEBUG neutron.db.ovn_revision_numbers_db [None req-6a9e14cf-6127-4c79-9ad4-7dcda73b8fa2 admin admin] create_initial_revision uuid=1c6168cd-14cf-478e-81d3-5312f39013cc, type=security_groups, rev=-1 {{(pid=103371) create_initial_revision /opt/stack/neutron/neutron/db/ovn_revision_numbers_db.py:98}}
Mar 11 17:13:07.852080 np0000158419 devstack@neutron-api.service[103371]: DEBUG neutron.db.ovn_revision_numbers_db [None req-6a9e14cf-6127-4c79-9ad4-7dcda73b8fa2 admin admin] create_initial_revision uuid=6bd94f29-2f41-46bc-a542-f9ae242a9a23, type=security_group_rules, rev=-1 {{(pid=103371) create_initial_revision /opt/stack/neutron/neutron/db/ovn_revision_numbers_db.py:98}}
Mar 11 17:13:07.853068 np0000158419 devstack@neutron-api.service[103371]: DEBUG neutron.db.ovn_revision_numbers_db [None req-6a9e14cf-6127-4c79-9ad4-7dcda73b8fa2 admin admin] create_initial_revision uuid=e1218c0f-bad3-4829-8c4a-ad80efada441, type=security_group_rules, rev=-1 {{(pid=103371) create_initial_revision /opt/stack/neutron/neutron/db/ovn_revision_numbers_db.py:98}}
Mar 11 17:13:07.854032 np0000158419 devstack@neutron-api.service[103371]: DEBUG neutron.db.ovn_revision_numbers_db [None req-6a9e14cf-6127-4c79-9ad4-7dcda73b8fa2 admin admin] create_initial_revision uuid=e32bea5a-52cd-4762-85cc-693848678cab, type=security_group_rules, rev=-1 {{(pid=103371) create_initial_revision /opt/stack/neutron/neutron/db/ovn_revision_numbers_db.py:98}}
Mar 11 17:13:07.855024 np0000158419 devstack@neutron-api.service[103371]: DEBUG neutron.db.ovn_revision_numbers_db [None req-6a9e14cf-6127-4c79-9ad4-7dcda73b8fa2 admin admin] create_initial_revision uuid=e5f1847f-8cb9-42ca-b2de-834b546fc68e, type=security_group_rules, rev=-1 {{(pid=103371) create_initial_revision /opt/stack/neutron/neutron/db/ovn_revision_numbers_db.py:98}}
Mar 11 17:13:07.861285 np0000158419 devstack@neutron-api.service[103371]: DEBUG neutron_lib.callbacks.manager [None req-6a9e14cf-6127-4c79-9ad4-7dcda73b8fa2 admin admin] Publish callbacks ['neutron.plugins.ml2.drivers.ovn.mech_driver.mech_driver.OVNMechanismDriver._create_security_group-1018633', 'neutron.plugins.ml2.ovo_rpc._ObjectChangeHandler.handle_event-7878324'] for security_group (1c6168cd-14cf-478e-81d3-5312f39013cc), after_create {{(pid=103371) _notify_loop /opt/stack/data/venv/lib/python3.12/site-packages/neutron_lib/callbacks/manager.py:184}}
Mar 11 17:13:07.862943 np0000158419 devstack@neutron-api.service[103371]: DEBUG ovsdbapp.backend.ovs_idl.transaction [-] Running txn n=1 command(idx=0): PgAddCommand(_result=None, name=pg_1c6168cd_14cf_478e_81d3_5312f39013cc, may_exist=False, columns={'acls': [], 'external_ids': {'neutron:security_group_id': '1c6168cd-14cf-478e-81d3-5312f39013cc'}}) {{(pid=103371) do_commit /opt/stack/data/venv/lib/python3.12/site-packages/ovsdbapp/backend/ovs_idl/transaction.py:89}}
Mar 11 17:13:07.865734 np0000158419 devstack@neutron-api.service[103371]: DEBUG ovsdbapp.backend.ovs_idl.transaction [-] Running txn n=1 command(idx=1): PgAclAddCommand(_result=None, entity=pg_1c6168cd_14cf_478e_81d3_5312f39013cc, direction=to-lport, priority=1002, match=outport == @pg_1c6168cd_14cf_478e_81d3_5312f39013cc && ip6 && ip6.src == $pg_1c6168cd_14cf_478e_81d3_5312f39013cc_ip6, action=allow-related, log=False, may_exist=True, severity=[], name=[], meter=[], external_ids={'neutron:security_group_rule_id': '6bd94f29-2f41-46bc-a542-f9ae242a9a23'}) {{(pid=103371) do_commit /opt/stack/data/venv/lib/python3.12/site-packages/ovsdbapp/backend/ovs_idl/transaction.py:89}}
Mar 11 17:13:07.866189 np0000158419 devstack@neutron-api.service[103371]: DEBUG ovsdbapp.backend.ovs_idl.transaction [-] Running txn n=1 command(idx=2): PgAclAddCommand(_result=None, entity=pg_1c6168cd_14cf_478e_81d3_5312f39013cc, direction=from-lport, priority=1002, match=inport == @pg_1c6168cd_14cf_478e_81d3_5312f39013cc && ip4, action=allow-related, log=False, may_exist=True, severity=[], name=[], meter=[], external_ids={'neutron:security_group_rule_id': 'e1218c0f-bad3-4829-8c4a-ad80efada441'}) {{(pid=103371) do_commit /opt/stack/data/venv/lib/python3.12/site-packages/ovsdbapp/backend/ovs_idl/transaction.py:89}}
Mar 11 17:13:07.866505 np0000158419 devstack@neutron-api.service[103371]: DEBUG ovsdbapp.backend.ovs_idl.transaction [-] Running txn n=1 command(idx=3): PgAclAddCommand(_result=None, entity=pg_1c6168cd_14cf_478e_81d3_5312f39013cc, direction=to-lport, priority=1002, match=outport == @pg_1c6168cd_14cf_478e_81d3_5312f39013cc && ip4 && ip4.src == $pg_1c6168cd_14cf_478e_81d3_5312f39013cc_ip4, action=allow-related, log=False, may_exist=True, severity=[], name=[], meter=[], external_ids={'neutron:security_group_rule_id': 'e32bea5a-52cd-4762-85cc-693848678cab'}) {{(pid=103371) do_commit /opt/stack/data/venv/lib/python3.12/site-packages/ovsdbapp/backend/ovs_idl/transaction.py:89}}
Mar 11 17:13:07.866791 np0000158419 devstack@neutron-api.service[103371]: DEBUG ovsdbapp.backend.ovs_idl.transaction [-] Running txn n=1 command(idx=4): PgAclAddCommand(_result=None, entity=pg_1c6168cd_14cf_478e_81d3_5312f39013cc, direction=from-lport, priority=1002, match=inport == @pg_1c6168cd_14cf_478e_81d3_5312f39013cc && ip6, action=allow-related, log=False, may_exist=True, severity=[], name=[], meter=[], external_ids={'neutron:security_group_rule_id': 'e5f1847f-8cb9-42ca-b2de-834b546fc68e'}) {{(pid=103371) do_commit /opt/stack/data/venv/lib/python3.12/site-packages/ovsdbapp/backend/ovs_idl/transaction.py:89}}
Mar 11 17:13:07.897479 np0000158419 devstack@neutron-api.service[103372]: DEBUG neutron.plugins.ml2.drivers.ovn.mech_driver.ovsdb.ovsdb_monitor [-] Hash Ring: Node 6bae4ec983e2556f835b6beaf8efb338 (host: np0000158419) handling event "create" for row 02370d42-25fa-46fd-8781-e4500f4a9f99 (table: ACL) {{(pid=103372) notify /opt/stack/neutron/neutron/plugins/ml2/drivers/ovn/mech_driver/ovsdb/ovsdb_monitor.py:906}}
Mar 11 17:13:07.897864 np0000158419 devstack@neutron-api.service[103371]: DEBUG neutron.plugins.ml2.drivers.ovn.mech_driver.ovsdb.ovsdb_monitor [-] Hash Ring: Node 5e5a503c213856879f6e451984790b53 (host: np0000158419) handling event "create" for row 3e6f279b-dfdd-4ebf-8f7c-ce1b63aac13c (table: ACL) {{(pid=103371) notify /opt/stack/neutron/neutron/plugins/ml2/drivers/ovn/mech_driver/ovsdb/ovsdb_monitor.py:906}}
Mar 11 17:13:07.897943 np0000158419 devstack@neutron-api.service[103372]: DEBUG neutron.plugins.ml2.drivers.ovn.mech_driver.ovsdb.ovsdb_monitor [-] Hash Ring: Node 6bae4ec983e2556f835b6beaf8efb338 (host: np0000158419) handling event "create" for row 3e6f279b-dfdd-4ebf-8f7c-ce1b63aac13c (table: ACL) {{(pid=103372) notify /opt/stack/neutron/neutron/plugins/ml2/drivers/ovn/mech_driver/ovsdb/ovsdb_monitor.py:906}}
Mar 11 17:13:07.898063 np0000158419 devstack@neutron-api.service[103372]: DEBUG neutron.plugins.ml2.drivers.ovn.mech_driver.ovsdb.ovsdb_monitor [-] Hash Ring: Node 6bae4ec983e2556f835b6beaf8efb338 (host: np0000158419) handling event "create" for row f6909824-f25b-4dcd-b343-f60677cbff29 (table: ACL) {{(pid=103372) notify /opt/stack/neutron/neutron/plugins/ml2/drivers/ovn/mech_driver/ovsdb/ovsdb_monitor.py:906}}
Mar 11 17:13:07.898123 np0000158419 devstack@neutron-api.service[103371]: DEBUG neutron.plugins.ml2.drivers.ovn.mech_driver.ovsdb.ovsdb_monitor [-] Hash Ring: Node 5e5a503c213856879f6e451984790b53 (host: np0000158419) handling event "create" for row f963df9e-1cc9-4eac-bc9b-523bbcc0da08 (table: ACL) {{(pid=103371) notify /opt/stack/neutron/neutron/plugins/ml2/drivers/ovn/mech_driver/ovsdb/ovsdb_monitor.py:906}}
Mar 11 17:13:07.898326 np0000158419 devstack@neutron-api.service[103371]: DEBUG neutron.plugins.ml2.drivers.ovn.mech_driver.ovsdb.ovsdb_monitor [-] Hash Ring: Node 5e5a503c213856879f6e451984790b53 (host: np0000158419) handling event "create" for row a76ec3e4-286a-4f84-96eb-6045aa0de412 (table: Port_Group) {{(pid=103371) notify /opt/stack/neutron/neutron/plugins/ml2/drivers/ovn/mech_driver/ovsdb/ovsdb_monitor.py:906}}
Mar 11 17:13:07.898385 np0000158419 devstack@neutron-api.service[103372]: DEBUG neutron.plugins.ml2.drivers.ovn.mech_driver.ovsdb.ovsdb_monitor [-] Hash Ring: Node 6bae4ec983e2556f835b6beaf8efb338 (host: np0000158419) handling event "create" for row f963df9e-1cc9-4eac-bc9b-523bbcc0da08 (table: ACL) {{(pid=103372) notify /opt/stack/neutron/neutron/plugins/ml2/drivers/ovn/mech_driver/ovsdb/ovsdb_monitor.py:906}}
Mar 11 17:13:07.898595 np0000158419 devstack@neutron-api.service[103372]: DEBUG neutron.plugins.ml2.drivers.ovn.mech_driver.ovsdb.ovsdb_monitor [-] Hash Ring: Node 6bae4ec983e2556f835b6beaf8efb338 (host: np0000158419) handling event "create" for row a76ec3e4-286a-4f84-96eb-6045aa0de412 (table: Port_Group) {{(pid=103372) notify /opt/stack/neutron/neutron/plugins/ml2/drivers/ovn/mech_driver/ovsdb/ovsdb_monitor.py:906}}
Mar 11 17:13:07.900420 np0000158419 devstack@neutron-api.service[103374]: DEBUG neutron.plugins.ml2.drivers.ovn.mech_driver.ovsdb.ovsdb_monitor [-] Hash Ring: Node 4a96c562be66523698931ae7115b6de5 (host: np0000158419) handling event "create" for row 02370d42-25fa-46fd-8781-e4500f4a9f99 (table: ACL) {{(pid=103374) notify /opt/stack/neutron/neutron/plugins/ml2/drivers/ovn/mech_driver/ovsdb/ovsdb_monitor.py:906}}
Mar 11 17:13:07.900783 np0000158419 devstack@neutron-api.service[103374]: DEBUG neutron.plugins.ml2.drivers.ovn.mech_driver.ovsdb.ovsdb_monitor [-] Hash Ring: Node 4a96c562be66523698931ae7115b6de5 (host: np0000158419) handling event "create" for row f6909824-f25b-4dcd-b343-f60677cbff29 (table: ACL) {{(pid=103374) notify /opt/stack/neutron/neutron/plugins/ml2/drivers/ovn/mech_driver/ovsdb/ovsdb_monitor.py:906}}
Mar 11 17:13:07.929943 np0000158419 devstack@neutron-api.service[103371]: INFO neutron.db.ovn_revision_numbers_db [None req-6a9e14cf-6127-4c79-9ad4-7dcda73b8fa2 admin admin] Successfully bumped revision number for resource 1c6168cd-14cf-478e-81d3-5312f39013cc (type: security_groups) to 1
Mar 11 17:13:07.946004 np0000158419 devstack@neutron-api.service[103371]: INFO neutron.db.ovn_revision_numbers_db [None req-6a9e14cf-6127-4c79-9ad4-7dcda73b8fa2 admin admin] Successfully bumped revision number for resource 6bd94f29-2f41-46bc-a542-f9ae242a9a23 (type: security_group_rules) to 0
Mar 11 17:13:07.958350 np0000158419 devstack@neutron-api.service[103371]: INFO neutron.db.ovn_revision_numbers_db [None req-6a9e14cf-6127-4c79-9ad4-7dcda73b8fa2 admin admin] Successfully bumped revision number for resource e1218c0f-bad3-4829-8c4a-ad80efada441 (type: security_group_rules) to 0
Mar 11 17:13:07.970917 np0000158419 devstack@neutron-api.service[103371]: INFO neutron.db.ovn_revision_numbers_db [None req-6a9e14cf-6127-4c79-9ad4-7dcda73b8fa2 admin admin] Successfully bumped revision number for resource e32bea5a-52cd-4762-85cc-693848678cab (type: security_group_rules) to 0
Mar 11 17:13:07.983964 np0000158419 devstack@neutron-api.service[103371]: INFO neutron.db.ovn_revision_numbers_db [None req-6a9e14cf-6127-4c79-9ad4-7dcda73b8fa2 admin admin] Successfully bumped revision number for resource e5f1847f-8cb9-42ca-b2de-834b546fc68e (type: security_group_rules) to 0
Mar 11 17:13:08.008553 np0000158419 devstack@neutron-api.service[103371]: DEBUG neutron.api.rpc.handlers.resources_rpc [None req-6a9e14cf-6127-4c79-9ad4-7dcda73b8fa2 admin admin] Pushing event updated for resources: {'SecurityGroup': ['ID=1c6168cd-14cf-478e-81d3-5312f39013cc,revision_number=1']} {{(pid=103371) push /opt/stack/neutron/neutron/api/rpc/handlers/resources_rpc.py:237}}
Mar 11 17:13:08.017381 np0000158419 devstack@neutron-api.service[103371]: DEBUG ovsdbapp.backend.ovs_idl.transaction [-] Running txn n=1 command(idx=0): CheckLivenessCommand(_result=None) {{(pid=103371) do_commit /opt/stack/data/venv/lib/python3.12/site-packages/ovsdbapp/backend/ovs_idl/transaction.py:89}}
Mar 11 17:13:08.021784 np0000158419 devstack@neutron-api.service[103372]: DEBUG neutron.plugins.ml2.drivers.ovn.mech_driver.ovsdb.ovsdb_monitor [-] Hash Ring: Node 6bae4ec983e2556f835b6beaf8efb338 (host: np0000158419) handling event "update" for row 0b353370-84d7-4712-b612-8744c313801d (table: NB_Global) {{(pid=103372) notify /opt/stack/neutron/neutron/plugins/ml2/drivers/ovn/mech_driver/ovsdb/ovsdb_monitor.py:906}}
Mar 11 17:13:08.022886 np0000158419 devstack@neutron-api.service[103372]: DEBUG neutron.plugins.ml2.drivers.ovn.mech_driver.ovsdb.ovsdb_monitor [-] Hash Ring: Node 6bae4ec983e2556f835b6beaf8efb338 (host: np0000158419) handling event "update" for row 0b353370-84d7-4712-b612-8744c313801d (table: NB_Global) {{(pid=103372) notify /opt/stack/neutron/neutron/plugins/ml2/drivers/ovn/mech_driver/ovsdb/ovsdb_monitor.py:906}}
Mar 11 17:13:08.024284 np0000158419 devstack@neutron-api.service[103372]: DEBUG neutron.plugins.ml2.drivers.ovn.mech_driver.ovsdb.ovsdb_monitor [-] Hash Ring: Node 6bae4ec983e2556f835b6beaf8efb338 (host: np0000158419) handling event "update" for row 0b353370-84d7-4712-b612-8744c313801d (table: NB_Global) {{(pid=103372) notify /opt/stack/neutron/neutron/plugins/ml2/drivers/ovn/mech_driver/ovsdb/ovsdb_monitor.py:906}}
Mar 11 17:13:08.024948 np0000158419 devstack@neutron-api.service[103371]: DEBUG neutron.api.rpc.callbacks.version_manager [None req-6a9e14cf-6127-4c79-9ad4-7dcda73b8fa2 admin admin] Tracked resource versions report:
Mar 11 17:13:08.024948 np0000158419 devstack@neutron-api.service[103371]: pushed versions:
Mar 11 17:13:08.024948 np0000158419 devstack@neutron-api.service[103371]: { 'AddressGroup': {'1.2'},
Mar 11 17:13:08.024948 np0000158419 devstack@neutron-api.service[103371]: 'Agent': {'1.1'},
Mar 11 17:13:08.024948 np0000158419 devstack@neutron-api.service[103371]: 'ConntrackHelper': {'1.0'},
Mar 11 17:13:08.024948 np0000158419 devstack@neutron-api.service[103371]: 'LocalIPAssociation': {'1.0'},
Mar 11 17:13:08.024948 np0000158419 devstack@neutron-api.service[103371]: 'Log': {'1.0'},
Mar 11 17:13:08.024948 np0000158419 devstack@neutron-api.service[103371]: 'NDPProxy': {'1.0'},
Mar 11 17:13:08.024948 np0000158419 devstack@neutron-api.service[103371]: 'Network': {'1.2'},
Mar 11 17:13:08.024948 np0000158419 devstack@neutron-api.service[103371]: 'Port': {'1.10'},
Mar 11 17:13:08.024948 np0000158419 devstack@neutron-api.service[103371]: 'PortForwarding': {'1.3'},
Mar 11 17:13:08.024948 np0000158419 devstack@neutron-api.service[103371]: 'QosPolicy': {'1.10'},
Mar 11 17:13:08.024948 np0000158419 devstack@neutron-api.service[103371]: 'SecurityGroup': {'1.6'},
Mar 11 17:13:08.024948 np0000158419 devstack@neutron-api.service[103371]: 'SecurityGroupRule': {'1.3'},
Mar 11 17:13:08.024948 np0000158419 devstack@neutron-api.service[103371]: 'SubPort': {'1.0'},
Mar 11 17:13:08.024948 np0000158419 devstack@neutron-api.service[103371]: 'Subnet': {'1.2'},
Mar 11 17:13:08.024948 np0000158419 devstack@neutron-api.service[103371]: 'Trunk': {'1.1'}}
Mar 11 17:13:08.024948 np0000158419 devstack@neutron-api.service[103371]: consumer versions:
Mar 11 17:13:08.024948 np0000158419 devstack@neutron-api.service[103371]: {}
Mar 11 17:13:08.024948 np0000158419 devstack@neutron-api.service[103371]: {{(pid=103371) report /opt/stack/neutron/neutron/api/rpc/callbacks/version_manager.py:183}}
Mar 11 17:13:08.026178 np0000158419 devstack@neutron-api.service[103373]: DEBUG neutron.plugins.ml2.drivers.ovn.mech_driver.ovsdb.ovsdb_monitor [-] ChassisAgentWriteEvent : Matched Chassis_Private, update, None None {{(pid=103373) matches /opt/stack/neutron/neutron/plugins/ml2/drivers/ovn/mech_driver/ovsdb/ovsdb_monitor.py:64}}
Mar 11 17:13:08.027038 np0000158419 devstack@neutron-api.service[103372]: DEBUG neutron.plugins.ml2.drivers.ovn.mech_driver.ovsdb.ovsdb_monitor [-] ChassisAgentWriteEvent : Matched Chassis_Private, update, None None {{(pid=103372) matches /opt/stack/neutron/neutron/plugins/ml2/drivers/ovn/mech_driver/ovsdb/ovsdb_monitor.py:64}}
Mar 11 17:13:08.027532 np0000158419 devstack@neutron-api.service[103374]: DEBUG neutron.plugins.ml2.drivers.ovn.mech_driver.ovsdb.ovsdb_monitor [-] ChassisAgentWriteEvent : Matched Chassis_Private, update, None None {{(pid=103374) matches /opt/stack/neutron/neutron/plugins/ml2/drivers/ovn/mech_driver/ovsdb/ovsdb_monitor.py:64}}
Mar 11 17:13:08.027532 np0000158419 devstack@neutron-api.service[103374]: DEBUG neutron.plugins.ml2.drivers.ovn.mech_driver.ovsdb.ovsdb_monitor [-] Hash Ring: Node 4a96c562be66523698931ae7115b6de5 (host: np0000158419) handling event "update" for row 6049353c-423e-4e6a-be4e-b2b7fd3ebbf2 (table: Chassis_Private) {{(pid=103374) notify /opt/stack/neutron/neutron/plugins/ml2/drivers/ovn/mech_driver/ovsdb/ovsdb_monitor.py:906}}
Mar 11 17:13:08.029451 np0000158419 devstack@neutron-api.service[103372]: DEBUG neutron.plugins.ml2.drivers.ovn.mech_driver.ovsdb.ovsdb_monitor [-] Hash Ring: Node 6bae4ec983e2556f835b6beaf8efb338 (host: np0000158419) handling event "update" for row 0b353370-84d7-4712-b612-8744c313801d (table: NB_Global) {{(pid=103372) notify /opt/stack/neutron/neutron/plugins/ml2/drivers/ovn/mech_driver/ovsdb/ovsdb_monitor.py:906}}
Mar 11 17:13:08.032096 np0000158419 devstack@neutron-api.service[103374]: DEBUG neutron.plugins.ml2.drivers.ovn.mech_driver.ovsdb.ovsdb_monitor [-] ChassisOVNAgentWriteEvent : Matched Chassis_Private, update, None None {{(pid=103374) matches /opt/stack/neutron/neutron/plugins/ml2/drivers/ovn/mech_driver/ovsdb/ovsdb_monitor.py:64}}
Mar 11 17:13:08.032341 np0000158419 devstack@neutron-api.service[103373]: DEBUG neutron.plugins.ml2.drivers.ovn.mech_driver.ovsdb.ovsdb_monitor [-] ChassisOVNAgentWriteEvent : Matched Chassis_Private, update, None None {{(pid=103373) matches /opt/stack/neutron/neutron/plugins/ml2/drivers/ovn/mech_driver/ovsdb/ovsdb_monitor.py:64}}
Mar 11 17:13:08.032421 np0000158419 devstack@neutron-api.service[103374]: DEBUG neutron.plugins.ml2.drivers.ovn.mech_driver.ovsdb.ovsdb_monitor [-] Hash Ring: Node 4a96c562be66523698931ae7115b6de5 (host: np0000158419) handling event "update" for row 6049353c-423e-4e6a-be4e-b2b7fd3ebbf2 (table: Chassis_Private) {{(pid=103374) notify /opt/stack/neutron/neutron/plugins/ml2/drivers/ovn/mech_driver/ovsdb/ovsdb_monitor.py:906}}
Mar 11 17:13:08.033375 np0000158419 devstack@neutron-api.service[103372]: DEBUG neutron.common.ovn.hash_ring_manager [-] Allow caching, nodes 4>=4 {{(pid=103372) _wait_startup_before_caching /opt/stack/neutron/neutron/common/ovn/hash_ring_manager.py:65}}
