2026-07-08 05:23:13.351 7 INFO placement.requestlog [req-0ea80090-eaf8-4bdc-a1aa-d49709999179 req-f87ae64a-fc83-432e-8257-52f73d60b9e8 dd3f27a6190a400a971485de51264e02 5573e992e2d741b5bdb1dd6743114bce - - 047051301a21433a9ba896b605398562 047051301a21433a9ba896b605398562] 199.204.45.216 "GET /allocations/305f0b57-ca7d-4afe-9855-6b1838cb303e" status: 200 len: 257 microversion: 1.28 [pid: 7|app: 0|req: 340/685] 199.204.45.216 () {34 vars in 862 bytes} [Wed Jul 8 05:23:13 2026] GET /allocations/305f0b57-ca7d-4afe-9855-6b1838cb303e => generated 257 bytes in 10 msecs (HTTP/1.1 200) 8 headers in 296 bytes (1 switches on core 0)
2026-07-08 05:23:15.414 8 INFO placement.requestlog [req-ef1cf48e-873c-4c3a-8adc-37e059861c66 req-8f40fd52-0d25-4696-a5ae-b7d910dc4d3b dd3f27a6190a400a971485de51264e02 5573e992e2d741b5bdb1dd6743114bce - - 047051301a21433a9ba896b605398562 047051301a21433a9ba896b605398562] 199.204.45.216 "GET /resource_providers/c4583148-31db-40a5-b22d-ca9fa293ed05/allocations" status: 200 len: 352 microversion: 1.0 [pid: 8|app: 0|req: 346/686] 199.204.45.216 () {32 vars in 856 bytes} [Wed Jul 8 05:23:15 2026] GET /resource_providers/c4583148-31db-40a5-b22d-ca9fa293ed05/allocations => generated 352 bytes in 16 msecs (HTTP/1.1 200) 6 headers in 224 bytes (1 switches on core 0)
2026-07-08 05:23:15.437 7 INFO placement.requestlog [req-ef1cf48e-873c-4c3a-8adc-37e059861c66 req-276abad7-c5c0-447c-9bc5-b380f475a62b dd3f27a6190a400a971485de51264e02 5573e992e2d741b5bdb1dd6743114bce - - 047051301a21433a9ba896b605398562 047051301a21433a9ba896b605398562] 199.204.45.216 "GET /resource_providers/c4583148-31db-40a5-b22d-ca9fa293ed05/allocations" status: 200 len: 352 microversion: 1.0 [pid: 7|app: 0|req: 341/687] 199.204.45.216 () {32 vars in 856 bytes} [Wed Jul 8 05:23:15 2026] GET /resource_providers/c4583148-31db-40a5-b22d-ca9fa293ed05/allocations => generated 352 bytes in 16 msecs (HTTP/1.1 200) 6 headers in 224 bytes (1 switches on core 0)
2026-07-08 05:23:15.459 8 INFO placement.requestlog [req-ef1cf48e-873c-4c3a-8adc-37e059861c66 req-cdeb1562-129c-4b05-bcbe-42f0cbd4ab4c dd3f27a6190a400a971485de51264e02 5573e992e2d741b5bdb1dd6743114bce - - 047051301a21433a9ba896b605398562 047051301a21433a9ba896b605398562] 199.204.45.216 "GET /allocations/821b150b-d4b8-4df0-b953-e545fc529ae5" status: 200 len: 257 microversion: 1.28 [pid: 8|app: 0|req: 347/688] 199.204.45.216 () {34 vars in 862 bytes} [Wed Jul 8 05:23:15 2026] GET /allocations/821b150b-d4b8-4df0-b953-e545fc529ae5 => generated 257 bytes in 15 msecs (HTTP/1.1 200) 8 headers in 296 bytes (1 switches on core 0)
2026-07-08 05:23:15.478 7 INFO placement.requestlog [req-ef1cf48e-873c-4c3a-8adc-37e059861c66 req-5cd1b021-b160-425d-bc5a-86832f68afa8 dd3f27a6190a400a971485de51264e02 5573e992e2d741b5bdb1dd6743114bce - - 047051301a21433a9ba896b605398562 047051301a21433a9ba896b605398562] 199.204.45.216 "GET /allocations/2718d750-e05e-4b40-8f48-ad4d6c365246" status: 200 len: 257 microversion: 1.28 [pid: 7|app: 0|req: 342/689] 199.204.45.216 () {34 vars in 862 bytes} [Wed Jul 8 05:23:15 2026] GET /allocations/2718d750-e05e-4b40-8f48-ad4d6c365246 => generated 257 bytes in 13 msecs (HTTP/1.1 200) 8 headers in 296 bytes (1 switches on core 0)
2026-07-08 05:23:15.499 8 INFO placement.requestlog [req-ef1cf48e-873c-4c3a-8adc-37e059861c66 req-35b3d1ce-16fc-4a29-a405-962373baf824 dd3f27a6190a400a971485de51264e02 5573e992e2d741b5bdb1dd6743114bce - - 047051301a21433a9ba896b605398562 047051301a21433a9ba896b605398562] 199.204.45.216 "GET /allocations/305f0b57-ca7d-4afe-9855-6b1838cb303e" status: 200 len: 257 microversion: 1.28 [pid: 8|app: 0|req: 348/690] 199.204.45.216 () {34 vars in 862 bytes} [Wed Jul 8 05:23:15 2026] GET /allocations/305f0b57-ca7d-4afe-9855-6b1838cb303e => generated 257 bytes in 13 msecs (HTTP/1.1 200) 8 headers in 296 bytes (1 switches on core 0)
2026-07-08 05:23:17.990 7 INFO placement.requestlog [None req-4bfa7d78-2906-411c-a038-c09f448f21ad - - - - - -] 10.0.0.202 "GET /" status: 200 len: 136 microversion: 1.0
2026-07-08 05:23:17.990 8 INFO placement.requestlog [None req-485b0046-83d9-4ed1-9748-c57b061a62e4 - - - - - -] 10.0.0.202 "GET /" status: 200 len: 136 microversion: 1.0
2026-07-08 05:23:20.278 7 INFO placement.requestlog [None req-7e414982-9554-46d4-954b-fd1736fd7eef d6a553fef2084fd2a47c2322a8c12540 5573e992e2d741b5bdb1dd6743114bce - - 047051301a21433a9ba896b605398562 047051301a21433a9ba896b605398562] 10.0.0.95 "GET /resource_providers/cd56698d-c415-4865-abbe-289b88ff1b61/aggregates" status: 404 len: 235 microversion: 1.1 [pid: 7|app: 0|req: 344/693] 10.0.0.95 () {32 vars in 814 bytes} [Wed Jul 8 05:23:20 2026] GET /resource_providers/cd56698d-c415-4865-abbe-289b88ff1b61/aggregates => generated 235 bytes in 7 msecs (HTTP/1.1 404) 5 headers in 202 bytes (1 switches on core 0)
2026-07-08 05:23:20.285 8 INFO placement.requestlog [None req-f2321089-d5e7-4740-824b-a04b2fd18828 d6a553fef2084fd2a47c2322a8c12540 5573e992e2d741b5bdb1dd6743114bce - - 047051301a21433a9ba896b605398562 047051301a21433a9ba896b605398562] 10.0.0.95 "GET /resource_providers/cd56698d-c415-4865-abbe-289b88ff1b61/aggregates" status: 404 len: 235 microversion: 1.1 [pid: 8|app: 0|req: 350/694] 10.0.0.95 () {32 vars in 814 bytes} [Wed Jul 8 05:23:20 2026] GET /resource_providers/cd56698d-c415-4865-abbe-289b88ff1b61/aggregates => generated 235 bytes in 9 msecs (HTTP/1.1 404) 5 headers in 202 bytes (1 switches on core 0)
2026-07-08 05:23:20.300 7 INFO placement.requestlog [None req-f4ebbb27-1661-48b9-835a-85f60a46583a d6a553fef2084fd2a47c2322a8c12540 5573e992e2d741b5bdb1dd6743114bce - - 047051301a21433a9ba896b605398562 047051301a21433a9ba896b605398562] 10.0.0.95 "DELETE /resource_providers/cd56698d-c415-4865-abbe-289b88ff1b61" status: 404 len: 246 microversion: 1.1 [pid: 7|app: 0|req: 345/695] 10.0.0.95 () {34 vars in 814 bytes} [Wed Jul 8 05:23:20 2026] DELETE /resource_providers/cd56698d-c415-4865-abbe-289b88ff1b61 => generated 246 bytes in 10 msecs (HTTP/1.1 404) 6 headers in 231 bytes (1 switches on core 0)
2026-07-08 05:23:20.303 8 INFO placement.requestlog [None req-4a0cb80d-e75d-4772-b6e9-4e14ca77bc15 d6a553fef2084fd2a47c2322a8c12540 5573e992e2d741b5bdb1dd6743114bce - - 047051301a21433a9ba896b605398562 047051301a21433a9ba896b605398562] 10.0.0.95 "DELETE /resource_providers/cd56698d-c415-4865-abbe-289b88ff1b61" status: 404 len: 246 microversion: 1.1 [pid: 8|app: 0|req: 351/696] 10.0.0.95 () {34 vars in 814 bytes} [Wed Jul 8 05:23:20 2026] DELETE /resource_providers/cd56698d-c415-4865-abbe-289b88ff1b61 => generated 246 bytes in 9 msecs (HTTP/1.1 404) 6 headers in 231 bytes (1 switches on core 0)
2026-07-08 05:23:22.332 7 INFO placement.requestlog [None req-ec1c2d86-0e94-4015-8497-506711077d36 d6a553fef2084fd2a47c2322a8c12540 5573e992e2d741b5bdb1dd6743114bce - - 047051301a21433a9ba896b605398562 047051301a21433a9ba896b605398562] 10.0.0.95 "GET /resource_providers/09bf5c83-9838-48b4-a34c-b169404b5a43/aggregates" status: 404 len: 235 microversion: 1.1 [pid: 7|app: 0|req: 346/697] 10.0.0.95 () {32 vars in 814 bytes} [Wed Jul 8 05:23:22 2026] GET /resource_providers/09bf5c83-9838-48b4-a34c-b169404b5a43/aggregates => generated 235 bytes in 20 msecs (HTTP/1.1 404) 5 headers in 202 bytes (1 switches on core 0)
2026-07-08 05:23:22.336 8 INFO placement.requestlog [None req-ae2d19df-b3c1-4669-8e91-be3750e55b0d d6a553fef2084fd2a47c2322a8c12540 5573e992e2d741b5bdb1dd6743114bce - - 047051301a21433a9ba896b605398562 047051301a21433a9ba896b605398562] 10.0.0.95 "GET /resource_providers/09bf5c83-9838-48b4-a34c-b169404b5a43/aggregates" status: 404 len: 235 microversion: 1.1 [pid: 8|app: 0|req: 352/698] 10.0.0.95 () {32 vars in 814 bytes} [Wed Jul 8 05:23:22 2026] GET /resource_providers/09bf5c83-9838-48b4-a34c-b169404b5a43/aggregates => generated 235 bytes in 20 msecs (HTTP/1.1 404) 5 headers in 202 bytes (1 switches on core 0)
2026-07-08 05:23:22.350 7 INFO placement.requestlog [None req-3c143387-deed-4bdb-a6d2-b8650e9b26b9 d6a553fef2084fd2a47c2322a8c12540 5573e992e2d741b5bdb1dd6743114bce - - 047051301a21433a9ba896b605398562 047051301a21433a9ba896b605398562] 10.0.0.95 "DELETE /resource_providers/09bf5c83-9838-48b4-a34c-b169404b5a43" status: 404 len: 246 microversion: 1.1 [pid: 7|app: 0|req: 347/699] 10.0.0.95 () {34 vars in 814 bytes} [Wed Jul 8 05:23:22 2026] DELETE /resource_providers/09bf5c83-9838-48b4-a34c-b169404b5a43 => generated 246 bytes in 7 msecs (HTTP/1.1 404) 6 headers in 231 bytes (1 switches on core 0)
2026-07-08 05:23:22.357 8 INFO placement.requestlog [None req-277073f4-f173-4360-b161-d556f949f5d8 d6a553fef2084fd2a47c2322a8c12540 5573e992e2d741b5bdb1dd6743114bce - - 047051301a21433a9ba896b605398562 047051301a21433a9ba896b605398562] 10.0.0.95 "DELETE /resource_providers/09bf5c83-9838-48b4-a34c-b169404b5a43" status: 404 len: 246 microversion: 1.1 [pid: 8|app: 0|req: 353/700] 10.0.0.95 () {34 vars in 814 bytes} [Wed Jul 8 05:23:22 2026] DELETE /resource_providers/09bf5c83-9838-48b4-a34c-b169404b5a43 => generated 246 bytes in 11 msecs (HTTP/1.1 404) 6 headers in 231 bytes (1 switches on core 0)
2026-07-08 05:23:27.991 7 INFO placement.requestlog [None req-16d7c733-564a-44e0-89e5-92a514065b32 - - - - - -] 10.0.0.202 "GET /" status: 200 len: 136 microversion: 1.0
2026-07-08 05:23:27.992 8 INFO placement.requestlog [None req-58d7e23a-0525-4dd3-80e2-f5284fd8774e - - - - - -] 10.0.0.202 "GET /" status: 200 len: 136 microversion: 1.0
2026-07-08 05:23:28.834 7 INFO placement.requestlog [req-2cca589e-ad17-45e8-89cb-0c2f3c01999d req-85af7ebc-02e7-47aa-8053-3c8bf1f919f7 dd3f27a6190a400a971485de51264e02 5573e992e2d741b5bdb1dd6743114bce - - 047051301a21433a9ba896b605398562 047051301a21433a9ba896b605398562] 199.204.45.216 "GET /resource_providers/c4583148-31db-40a5-b22d-ca9fa293ed05/allocations" status: 200 len: 352 microversion: 1.0 [pid: 7|app: 0|req: 349/703] 199.204.45.216 () {32 vars in 856 bytes} [Wed Jul 8 05:23:28 2026] GET /resource_providers/c4583148-31db-40a5-b22d-ca9fa293ed05/allocations => generated 352 bytes in 33 msecs (HTTP/1.1 200) 6 headers in 224 bytes (1 switches on core 0)
2026-07-08 05:23:28.853 8 INFO placement.requestlog [req-2cca589e-ad17-45e8-89cb-0c2f3c01999d req-fb8efeab-848d-4654-864c-580c87e579af dd3f27a6190a400a971485de51264e02 5573e992e2d741b5bdb1dd6743114bce - - 047051301a21433a9ba896b605398562 047051301a21433a9ba896b605398562] 199.204.45.216 "GET /allocations/821b150b-d4b8-4df0-b953-e545fc529ae5" status: 200 len: 257 microversion: 1.28 [pid: 8|app: 0|req: 355/704] 199.204.45.216 () {34 vars in 862 bytes} [Wed Jul 8 05:23:28 2026] GET /allocations/821b150b-d4b8-4df0-b953-e545fc529ae5 => generated 257 bytes in 11 msecs (HTTP/1.1 200) 8 headers in 296 bytes (1 switches on core 0)
2026-07-08 05:23:28.875 7 INFO placement.requestlog [req-2cca589e-ad17-45e8-89cb-0c2f3c01999d req-8cc95a11-4f93-4b62-b739-d6c17b617448 dd3f27a6190a400a971485de51264e02 5573e992e2d741b5bdb1dd6743114bce - - 047051301a21433a9ba896b605398562 047051301a21433a9ba896b605398562] 199.204.45.216 "GET /allocations/2718d750-e05e-4b40-8f48-ad4d6c365246" status: 200 len: 257 microversion: 1.28 [pid: 7|app: 0|req: 350/705] 199.204.45.216 () {34 vars in 862 bytes} [Wed Jul 8 05:23:28 2026] GET /allocations/2718d750-e05e-4b40-8f48-ad4d6c365246 => generated 257 bytes in 18 msecs (HTTP/1.1 200) 8 headers in 296 bytes (1 switches on core 0)
2026-07-08 05:23:28.894 8 INFO placement.requestlog [req-2cca589e-ad17-45e8-89cb-0c2f3c01999d req-c50c7f68-da58-4389-949e-d31376beb995 dd3f27a6190a400a971485de51264e02 5573e992e2d741b5bdb1dd6743114bce - - 047051301a21433a9ba896b605398562 047051301a21433a9ba896b605398562] 199.204.45.216 "GET /allocations/305f0b57-ca7d-4afe-9855-6b1838cb303e" status: 200 len: 257 microversion: 1.28 [pid: 8|app: 0|req: 356/706] 199.204.45.216 () {34 vars in 862 bytes} [Wed Jul 8 05:23:28 2026] GET /allocations/305f0b57-ca7d-4afe-9855-6b1838cb303e => generated 257 bytes in 15 msecs (HTTP/1.1 200) 8 headers in 296 bytes (1 switches on core 0)
2026-07-08 05:23:29.944 7 INFO placement.requestlog [req-2cca589e-ad17-45e8-89cb-0c2f3c01999d req-740ddd75-6292-4cb1-bcac-e6bfcec2e5d9 dd3f27a6190a400a971485de51264e02 5573e992e2d741b5bdb1dd6743114bce - - 047051301a21433a9ba896b605398562 047051301a21433a9ba896b605398562] 199.204.45.216 "DELETE /allocations/2718d750-e05e-4b40-8f48-ad4d6c365246" status: 204 len: 0 microversion: 1.0 [pid: 7|app: 0|req: 351/707] 199.204.45.216 () {34 vars in 840 bytes} [Wed Jul 8 05:23:29 2026] DELETE /allocations/2718d750-e05e-4b40-8f48-ad4d6c365246 => generated 0 bytes in 21 msecs (HTTP/1.1 204) 5 headers in 198 bytes (1 switches on core 0)
2026-07-08 05:23:33.149 8 INFO placement.requestlog [None req-d617df14-5830-4fbb-9fd3-d52a2cdfe21f d6a553fef2084fd2a47c2322a8c12540 5573e992e2d741b5bdb1dd6743114bce - - 047051301a21433a9ba896b605398562 047051301a21433a9ba896b605398562] 10.0.0.95 "GET /resource_providers/0d8bc05c-942d-4855-a80c-83a84f345602/aggregates" status: 404 len: 235 microversion: 1.1 [pid: 8|app: 0|req: 357/708] 10.0.0.95 () {32 vars in 814 bytes} [Wed Jul 8 05:23:33 2026] GET /resource_providers/0d8bc05c-942d-4855-a80c-83a84f345602/aggregates => generated 235 bytes in 9 msecs (HTTP/1.1 404) 5 headers in 202 bytes (1 switches on core 0)
2026-07-08 05:23:33.152 7 INFO placement.requestlog [None req-200eddaa-125a-4c79-9bbe-01889530f601 d6a553fef2084fd2a47c2322a8c12540 5573e992e2d741b5bdb1dd6743114bce - - 047051301a21433a9ba896b605398562 047051301a21433a9ba896b605398562] 10.0.0.95 "GET /resource_providers/0d8bc05c-942d-4855-a80c-83a84f345602/aggregates" status: 404 len: 235 microversion: 1.1 [pid: 7|app: 0|req: 352/709] 10.0.0.95 () {32 vars in 814 bytes} [Wed Jul 8 05:23:33 2026] GET /resource_providers/0d8bc05c-942d-4855-a80c-83a84f345602/aggregates => generated 235 bytes in 8 msecs (HTTP/1.1 404) 5 headers in 202 bytes (1 switches on core 0)
2026-07-08 05:23:33.173 7 INFO placement.requestlog [None req-56d84f3a-06dc-4332-a43c-1d91d268c424 d6a553fef2084fd2a47c2322a8c12540 5573e992e2d741b5bdb1dd6743114bce - - 047051301a21433a9ba896b605398562 047051301a21433a9ba896b605398562] 10.0.0.95 "DELETE /resource_providers/0d8bc05c-942d-4855-a80c-83a84f345602" status: 404 len: 246 microversion: 1.1 [pid: 7|app: 0|req: 353/710] 10.0.0.95 () {34 vars in 814 bytes} [Wed Jul 8 05:23:33 2026] DELETE /resource_providers/0d8bc05c-942d-4855-a80c-83a84f345602 => generated 246 bytes in 9 msecs (HTTP/1.1 404) 6 headers in 231 bytes (1 switches on core 0)
2026-07-08 05:23:33.175 8 INFO placement.requestlog [None req-60f91d31-1219-49a1-a574-9a3e7d01945b d6a553fef2084fd2a47c2322a8c12540 5573e992e2d741b5bdb1dd6743114bce - - 047051301a21433a9ba896b605398562 047051301a21433a9ba896b605398562] 10.0.0.95 "DELETE /resource_providers/0d8bc05c-942d-4855-a80c-83a84f345602" status: 404 len: 246 microversion: 1.1 [pid: 8|app: 0|req: 358/711] 10.0.0.95 () {34 vars in 814 bytes} [Wed Jul 8 05:23:33 2026] DELETE /resource_providers/0d8bc05c-942d-4855-a80c-83a84f345602 => generated 246 bytes in 12 msecs (HTTP/1.1 404) 6 headers in 231 bytes (1 switches on core 0)
2026-07-08 05:23:33.602 7 INFO placement.requestlog [None req-7852453b-9d6a-4096-ba35-5c422d2962f1 d6a553fef2084fd2a47c2322a8c12540 5573e992e2d741b5bdb1dd6743114bce - - 047051301a21433a9ba896b605398562 047051301a21433a9ba896b605398562] 10.0.0.95 "GET /resource_providers/29721be9-f624-4983-a2d2-fb0877c5f1c1/aggregates" status: 404 len: 235 microversion: 1.1 [pid: 7|app: 0|req: 354/712] 10.0.0.95 () {32 vars in 814 bytes} [Wed Jul 8 05:23:33 2026] GET /resource_providers/29721be9-f624-4983-a2d2-fb0877c5f1c1/aggregates => generated 235 bytes in 16 msecs (HTTP/1.1 404) 5 headers in 202 bytes (1 switches on core 0)
2026-07-08 05:23:33.610 8 INFO placement.requestlog [None req-1045cd12-d43a-42bd-a2b2-fea9aa9a29c2 d6a553fef2084fd2a47c2322a8c12540 5573e992e2d741b5bdb1dd6743114bce - - 047051301a21433a9ba896b605398562 047051301a21433a9ba896b605398562] 10.0.0.95 "GET /resource_providers/29721be9-f624-4983-a2d2-fb0877c5f1c1/aggregates" status: 404 len: 235 microversion: 1.1 [pid: 8|app: 0|req: 359/713] 10.0.0.95 () {32 vars in 814 bytes} [Wed Jul 8 05:23:33 2026] GET /resource_providers/29721be9-f624-4983-a2d2-fb0877c5f1c1/aggregates => generated 235 bytes in 13 msecs (HTTP/1.1 404) 5 headers in 202 bytes (1 switches on core 0)
2026-07-08 05:23:33.629 7 INFO placement.requestlog [None req-6be8e636-fb22-482f-930a-49496581feae d6a553fef2084fd2a47c2322a8c12540 5573e992e2d741b5bdb1dd6743114bce - - 047051301a21433a9ba896b605398562 047051301a21433a9ba896b605398562] 10.0.0.95 "DELETE /resource_providers/29721be9-f624-4983-a2d2-fb0877c5f1c1" status: 404 len: 246 microversion: 1.1 [pid: 7|app: 0|req: 355/714] 10.0.0.95 () {34 vars in 814 bytes} [Wed Jul 8 05:23:33 2026] DELETE /resource_providers/29721be9-f624-4983-a2d2-fb0877c5f1c1 => generated 246 bytes in 14 msecs (HTTP/1.1 404) 6 headers in 231 bytes (1 switches on core 0)
2026-07-08 05:23:33.640 8 INFO placement.requestlog [None req-c7968ceb-f94d-4de3-8fe5-7b1164d98ae3 d6a553fef2084fd2a47c2322a8c12540 5573e992e2d741b5bdb1dd6743114bce - - 047051301a21433a9ba896b605398562 047051301a21433a9ba896b605398562] 10.0.0.95 "DELETE /resource_providers/29721be9-f624-4983-a2d2-fb0877c5f1c1" status: 404 len: 246 microversion: 1.1 [pid: 8|app: 0|req: 360/715] 10.0.0.95 () {34 vars in 814 bytes} [Wed Jul 8 05:23:33 2026] DELETE /resource_providers/29721be9-f624-4983-a2d2-fb0877c5f1c1 => generated 246 bytes in 18 msecs (HTTP/1.1 404) 6 headers in 231 bytes (1 switches on core 0)
2026-07-08 05:23:34.834 7 INFO placement.requestlog [req-b46196e6-6ab1-4afb-93a1-cc26826c4a68 req-c63cfaab-8b76-4866-82c5-2c28cd5e27df dd3f27a6190a400a971485de51264e02 5573e992e2d741b5bdb1dd6743114bce - - 047051301a21433a9ba896b605398562 047051301a21433a9ba896b605398562] 199.204.45.216 "GET /resource_providers/c4583148-31db-40a5-b22d-ca9fa293ed05/allocations" status: 200 len: 252 microversion: 1.0 [pid: 7|app: 0|req: 356/716] 199.204.45.216 () {32 vars in 856 bytes} [Wed Jul 8 05:23:34 2026] GET /resource_providers/c4583148-31db-40a5-b22d-ca9fa293ed05/allocations => generated 252 bytes in 25 msecs (HTTP/1.1 200) 6 headers in 224 bytes (1 switches on core 0)
2026-07-08 05:23:34.861 8 INFO placement.requestlog [req-b46196e6-6ab1-4afb-93a1-cc26826c4a68 req-4852e23b-9d9b-4292-91f4-21316d1f8864 dd3f27a6190a400a971485de51264e02 5573e992e2d741b5bdb1dd6743114bce - - 047051301a21433a9ba896b605398562 047051301a21433a9ba896b605398562] 199.204.45.216 "GET /allocations/821b150b-d4b8-4df0-b953-e545fc529ae5" status: 200 len: 257 microversion: 1.28 [pid: 8|app: 0|req: 361/717] 199.204.45.216 () {34 vars in 862 bytes} [Wed Jul 8 05:23:34 2026] GET /allocations/821b150b-d4b8-4df0-b953-e545fc529ae5 => generated 257 bytes in 22 msecs (HTTP/1.1 200) 8 headers in 296 bytes (1 switches on core 0)
2026-07-08 05:23:34.881 7 INFO placement.requestlog [req-b46196e6-6ab1-4afb-93a1-cc26826c4a68 req-912c6516-3825-4b3c-85b9-70f767209098 dd3f27a6190a400a971485de51264e02 5573e992e2d741b5bdb1dd6743114bce - - 047051301a21433a9ba896b605398562 047051301a21433a9ba896b605398562] 199.204.45.216 "GET /allocations/305f0b57-ca7d-4afe-9855-6b1838cb303e" status: 200 len: 257 microversion: 1.28 [pid: 7|app: 0|req: 357/718] 199.204.45.216 () {34 vars in 862 bytes} [Wed Jul 8 05:23:34 2026] GET /allocations/305f0b57-ca7d-4afe-9855-6b1838cb303e => generated 257 bytes in 12 msecs (HTTP/1.1 200) 8 headers in 296 bytes (1 switches on core 0)
2026-07-08 05:23:35.964 8 INFO placement.requestlog [req-b46196e6-6ab1-4afb-93a1-cc26826c4a68 req-5bb633d7-5041-4e86-a6e4-c15949c44c4b dd3f27a6190a400a971485de51264e02 5573e992e2d741b5bdb1dd6743114bce - - 047051301a21433a9ba896b605398562 047051301a21433a9ba896b605398562] 199.204.45.216 "DELETE /allocations/305f0b57-ca7d-4afe-9855-6b1838cb303e" status: 204 len: 0 microversion: 1.0 [pid: 8|app: 0|req: 362/719] 199.204.45.216 () {34 vars in 840 bytes} [Wed Jul 8 05:23:35 2026] DELETE /allocations/305f0b57-ca7d-4afe-9855-6b1838cb303e => generated 0 bytes in 58 msecs (HTTP/1.1 204) 5 headers in 198 bytes (1 switches on core 0)
2026-07-08 05:23:37.990 8 INFO placement.requestlog [None req-a7b6db8a-5c7a-4d8b-be16-9f98e1cbff43 - - - - - -] 10.0.0.202 "GET /" status: 200 len: 136 microversion: 1.0
2026-07-08 05:23:37.991 7 INFO placement.requestlog [None req-bee5cd92-7171-4d01-8098-a3bfe3a21043 - - - - - -] 10.0.0.202 "GET /" status: 200 len: 136 microversion: 1.0
2026-07-08 05:23:39.244 7 INFO placement.requestlog [None req-8a8a518d-cd0c-4fc8-9db7-b9992d475de3 d6a553fef2084fd2a47c2322a8c12540 5573e992e2d741b5bdb1dd6743114bce - - 047051301a21433a9ba896b605398562 047051301a21433a9ba896b605398562] 10.0.0.95 "GET /resource_providers/83c2f7b2-a28d-4733-82e1-ac24f8d69901/aggregates" status: 404 len: 235 microversion: 1.1 [pid: 7|app: 0|req: 359/722] 10.0.0.95 () {32 vars in 814 bytes} [Wed Jul 8 05:23:39 2026] GET /resource_providers/83c2f7b2-a28d-4733-82e1-ac24f8d69901/aggregates => generated 235 bytes in 12 msecs (HTTP/1.1 404) 5 headers in 202 bytes (1 switches on core 0)
2026-07-08 05:23:39.245 8 INFO placement.requestlog [None req-2d4d9099-90de-43ac-8673-3a11b51b8c18 d6a553fef2084fd2a47c2322a8c12540 5573e992e2d741b5bdb1dd6743114bce - - 047051301a21433a9ba896b605398562 047051301a21433a9ba896b605398562] 10.0.0.95 "GET /resource_providers/83c2f7b2-a28d-4733-82e1-ac24f8d69901/aggregates" status: 404 len: 235 microversion: 1.1 [pid: 8|app: 0|req: 364/723] 10.0.0.95 () {32 vars in 814 bytes} [Wed Jul 8 05:23:39 2026] GET /resource_providers/83c2f7b2-a28d-4733-82e1-ac24f8d69901/aggregates => generated 235 bytes in 18 msecs (HTTP/1.1 404) 5 headers in 202 bytes (1 switches on core 0)
2026-07-08 05:23:39.280 7 INFO placement.requestlog [None req-dea0e863-9ede-4094-9385-2366a28e630b d6a553fef2084fd2a47c2322a8c12540 5573e992e2d741b5bdb1dd6743114bce - - 047051301a21433a9ba896b605398562 047051301a21433a9ba896b605398562] 10.0.0.95 "DELETE /resource_providers/83c2f7b2-a28d-4733-82e1-ac24f8d69901" status: 404 len: 246 microversion: 1.1 [pid: 7|app: 0|req: 360/724] 10.0.0.95 () {34 vars in 814 bytes} [Wed Jul 8 05:23:39 2026] DELETE /resource_providers/83c2f7b2-a28d-4733-82e1-ac24f8d69901 => generated 246 bytes in 17 msecs (HTTP/1.1 404) 6 headers in 231 bytes (1 switches on core 0)
2026-07-08 05:23:39.283 8 INFO placement.requestlog [None req-937180ec-bca0-4107-86e7-195017a563c9 d6a553fef2084fd2a47c2322a8c12540 5573e992e2d741b5bdb1dd6743114bce - - 047051301a21433a9ba896b605398562 047051301a21433a9ba896b605398562] 10.0.0.95 "DELETE /resource_providers/83c2f7b2-a28d-4733-82e1-ac24f8d69901" status: 404 len: 246 microversion: 1.1 [pid: 8|app: 0|req: 365/725] 10.0.0.95 () {34 vars in 814 bytes} [Wed Jul 8 05:23:39 2026] DELETE /resource_providers/83c2f7b2-a28d-4733-82e1-ac24f8d69901 => generated 246 bytes in 14 msecs (HTTP/1.1 404) 6 headers in 231 bytes (1 switches on core 0)
2026-07-08 05:23:40.715 7 INFO placement.requestlog [req-643be747-7e87-4722-aace-6ec0a2d45857 req-2d7cb1c3-74f6-4a7e-9f77-76cea716d9ef dd3f27a6190a400a971485de51264e02 5573e992e2d741b5bdb1dd6743114bce - - 047051301a21433a9ba896b605398562 047051301a21433a9ba896b605398562] 10.0.0.254 "GET /allocation_candidates?limit=1000&resources=DISK_GB%3A1%2CMEMORY_MB%3A512%2CVCPU%3A1&root_required=%21COMPUTE_STATUS_DISABLED" status: 200 len: 2783 microversion: 1.36 [pid: 7|app: 0|req: 361/726] 10.0.0.254 () {34 vars in 1011 bytes} [Wed Jul 8 05:23:40 2026] GET /allocation_candidates?limit=1000&resources=DISK_GB%3A1%2CMEMORY_MB%3A512%2CVCPU%3A1&root_required=%21COMPUTE_STATUS_DISABLED => generated 2783 bytes in 49 msecs (HTTP/1.1 200) 8 headers in 297 bytes (1 switches on core 0)
2026-07-08 05:23:40.758 8 INFO placement.requestlog [req-643be747-7e87-4722-aace-6ec0a2d45857 req-56ef5b05-e12f-4d9d-9062-4a7ef91eef65 dd3f27a6190a400a971485de51264e02 5573e992e2d741b5bdb1dd6743114bce - - 047051301a21433a9ba896b605398562 047051301a21433a9ba896b605398562] 10.0.0.254 "GET /allocations/52383e9b-8fe3-4db3-ae5a-1d6bafacbfa5" status: 200 len: 19 microversion: 1.28 [pid: 8|app: 0|req: 366/727] 10.0.0.254 () {34 vars in 860 bytes} [Wed Jul 8 05:23:40 2026] GET /allocations/52383e9b-8fe3-4db3-ae5a-1d6bafacbfa5 => generated 19 bytes in 12 msecs (HTTP/1.1 200) 8 headers in 295 bytes (1 switches on core 0)
2026-07-08 05:23:40.845 7 INFO placement.requestlog [req-643be747-7e87-4722-aace-6ec0a2d45857 req-611f5d4d-84cb-4ab2-89a9-d3e6d918aa20 dd3f27a6190a400a971485de51264e02 5573e992e2d741b5bdb1dd6743114bce - - 047051301a21433a9ba896b605398562 047051301a21433a9ba896b605398562] 10.0.0.254 "PUT /allocations/52383e9b-8fe3-4db3-ae5a-1d6bafacbfa5" status: 204 len: 0 microversion: 1.36 [pid: 7|app: 0|req: 362/728] 10.0.0.254 () {38 vars in 913 bytes} [Wed Jul 8 05:23:40 2026] PUT /allocations/52383e9b-8fe3-4db3-ae5a-1d6bafacbfa5 => generated 0 bytes in 81 msecs (HTTP/1.1 204) 5 headers in 199 bytes (1 switches on core 0)
2026-07-08 05:23:41.308 7 INFO placement.requestlog [None req-cc8c25e2-a95d-4645-810b-93b0b341fc00 d6a553fef2084fd2a47c2322a8c12540 5573e992e2d741b5bdb1dd6743114bce - - 047051301a21433a9ba896b605398562 047051301a21433a9ba896b605398562] 10.0.0.95 "GET /resource_providers/293ab275-420d-4ea4-8e4c-2deb05d9b57f/aggregates" status: 404 len: 235 microversion: 1.1 [pid: 7|app: 0|req: 363/729] 10.0.0.95 () {32 vars in 814 bytes} [Wed Jul 8 05:23:41 2026] GET /resource_providers/293ab275-420d-4ea4-8e4c-2deb05d9b57f/aggregates => generated 235 bytes in 10 msecs (HTTP/1.1 404) 5 headers in 202 bytes (1 switches on core 0)
2026-07-08 05:23:41.312 8 INFO placement.requestlog [None req-6719cd27-e13b-4732-b768-6af38a961ef8 d6a553fef2084fd2a47c2322a8c12540 5573e992e2d741b5bdb1dd6743114bce - - 047051301a21433a9ba896b605398562 047051301a21433a9ba896b605398562] 10.0.0.95 "GET /resource_providers/293ab275-420d-4ea4-8e4c-2deb05d9b57f/aggregates" status: 404 len: 235 microversion: 1.1 [pid: 8|app: 0|req: 367/730] 10.0.0.95 () {32 vars in 814 bytes} [Wed Jul 8 05:23:41 2026] GET /resource_providers/293ab275-420d-4ea4-8e4c-2deb05d9b57f/aggregates => generated 235 bytes in 19 msecs (HTTP/1.1 404) 5 headers in 202 bytes (1 switches on core 0)
2026-07-08 05:23:41.328 7 INFO placement.requestlog [None req-8a60d004-9222-483a-a115-feca23915b59 d6a553fef2084fd2a47c2322a8c12540 5573e992e2d741b5bdb1dd6743114bce - - 047051301a21433a9ba896b605398562 047051301a21433a9ba896b605398562] 10.0.0.95 "DELETE /resource_providers/293ab275-420d-4ea4-8e4c-2deb05d9b57f" status: 404 len: 246 microversion: 1.1
2026-07-08 05:23:41.328 8 INFO placement.requestlog [None req-6081ace4-2ea7-4e92-abda-d77179500815 d6a553fef2084fd2a47c2322a8c12540 5573e992e2d741b5bdb1dd6743114bce - - 047051301a21433a9ba896b605398562 047051301a21433a9ba896b605398562] 10.0.0.95 "DELETE /resource_providers/293ab275-420d-4ea4-8e4c-2deb05d9b57f" status: 404 len: 246 microversion: 1.1 [pid: 7|app: 0|req: 364/731] 10.0.0.95 () {34 vars in 814 bytes} [Wed Jul 8 05:23:41 2026] DELETE /resource_providers/293ab275-420d-4ea4-8e4c-2deb05d9b57f => generated 246 bytes in 9 msecs (HTTP/1.1 404) 6 headers in 231 bytes (1 switches on core 0) [pid: 8|app: 0|req: 368/732] 10.0.0.95 () {34 vars in 814 bytes} [Wed Jul 8 05:23:41 2026] DELETE /resource_providers/293ab275-420d-4ea4-8e4c-2deb05d9b57f => generated 246 bytes in 8 msecs (HTTP/1.1 404) 6 headers in 231 bytes (1 switches on core 0)
2026-07-08 05:23:42.342 7 INFO placement.requestlog [req-643be747-7e87-4722-aace-6ec0a2d45857 req-1f55b309-8e89-4ddc-a35f-c054fd74812b dd3f27a6190a400a971485de51264e02 5573e992e2d741b5bdb1dd6743114bce - - 047051301a21433a9ba896b605398562 047051301a21433a9ba896b605398562] 199.204.45.216 "GET /allocations/52383e9b-8fe3-4db3-ae5a-1d6bafacbfa5" status: 200 len: 257 microversion: 1.28 [pid: 7|app: 0|req: 365/733] 199.204.45.216 () {34 vars in 862 bytes} [Wed Jul 8 05:23:42 2026] GET /allocations/52383e9b-8fe3-4db3-ae5a-1d6bafacbfa5 => generated 257 bytes in 20 msecs (HTTP/1.1 200) 8 headers in 296 bytes (1 switches on core 0)
2026-07-08 05:23:43.407 8 INFO placement.requestlog [req-643be747-7e87-4722-aace-6ec0a2d45857 req-21976cf6-b3b6-447f-868f-f51dafeaffcf dd3f27a6190a400a971485de51264e02 5573e992e2d741b5bdb1dd6743114bce - - 047051301a21433a9ba896b605398562 047051301a21433a9ba896b605398562] 199.204.45.216 "GET /resource_providers/c4583148-31db-40a5-b22d-ca9fa293ed05/allocations" status: 200 len: 252 microversion: 1.0 [pid: 8|app: 0|req: 369/734] 199.204.45.216 () {32 vars in 856 bytes} [Wed Jul 8 05:23:43 2026] GET /resource_providers/c4583148-31db-40a5-b22d-ca9fa293ed05/allocations => generated 252 bytes in 23 msecs (HTTP/1.1 200) 6 headers in 224 bytes (1 switches on core 0)
2026-07-08 05:23:43.428 7 INFO placement.requestlog [req-643be747-7e87-4722-aace-6ec0a2d45857 req-73704ce3-258f-4779-839f-794ea3b70542 dd3f27a6190a400a971485de51264e02 5573e992e2d741b5bdb1dd6743114bce - - 047051301a21433a9ba896b605398562 047051301a21433a9ba896b605398562] 199.204.45.216 "GET /allocations/821b150b-d4b8-4df0-b953-e545fc529ae5" status: 200 len: 257 microversion: 1.28 [pid: 7|app: 0|req: 366/735] 199.204.45.216 () {34 vars in 862 bytes} [Wed Jul 8 05:23:43 2026] GET /allocations/821b150b-d4b8-4df0-b953-e545fc529ae5 => generated 257 bytes in 12 msecs (HTTP/1.1 200) 8 headers in 296 bytes (1 switches on core 0)
2026-07-08 05:23:43.448 8 INFO placement.requestlog [req-643be747-7e87-4722-aace-6ec0a2d45857 req-eff023a2-0684-4a6c-8eff-ae54dfe64e82 dd3f27a6190a400a971485de51264e02 5573e992e2d741b5bdb1dd6743114bce - - 047051301a21433a9ba896b605398562 047051301a21433a9ba896b605398562] 199.204.45.216 "GET /allocations/52383e9b-8fe3-4db3-ae5a-1d6bafacbfa5" status: 200 len: 257 microversion: 1.28 [pid: 8|app: 0|req: 370/736] 199.204.45.216 () {34 vars in 862 bytes} [Wed Jul 8 05:23:43 2026] GET /allocations/52383e9b-8fe3-4db3-ae5a-1d6bafacbfa5 => generated 257 bytes in 13 msecs (HTTP/1.1 200) 8 headers in 296 bytes (1 switches on core 0)
2026-07-08 05:23:45.561 7 INFO placement.requestlog [None req-f67b7912-e2f2-47dd-af8e-407e76c084ac d6a553fef2084fd2a47c2322a8c12540 5573e992e2d741b5bdb1dd6743114bce - - 047051301a21433a9ba896b605398562 047051301a21433a9ba896b605398562] 10.0.0.95 "GET /resource_providers/dbd12ebd-322b-4c26-b67c-c32c372c9f62/aggregates" status: 404 len: 235 microversion: 1.1 [pid: 7|app: 0|req: 367/737] 10.0.0.95 () {32 vars in 814 bytes} [Wed Jul 8 05:23:45 2026] GET /resource_providers/dbd12ebd-322b-4c26-b67c-c32c372c9f62/aggregates => generated 235 bytes in 8 msecs (HTTP/1.1 404) 5 headers in 202 bytes (1 switches on core 0)
2026-07-08 05:23:45.562 8 INFO placement.requestlog [None req-91d6ca78-ab89-4523-9387-94dd1403303d d6a553fef2084fd2a47c2322a8c12540 5573e992e2d741b5bdb1dd6743114bce - - 047051301a21433a9ba896b605398562 047051301a21433a9ba896b605398562] 10.0.0.95 "GET /resource_providers/dbd12ebd-322b-4c26-b67c-c32c372c9f62/aggregates" status: 404 len: 235 microversion: 1.1 [pid: 8|app: 0|req: 371/738] 10.0.0.95 () {32 vars in 814 bytes} [Wed Jul 8 05:23:45 2026] GET /resource_providers/dbd12ebd-322b-4c26-b67c-c32c372c9f62/aggregates => generated 235 bytes in 9 msecs (HTTP/1.1 404) 5 headers in 202 bytes (1 switches on core 0)
2026-07-08 05:23:45.586 7 INFO placement.requestlog [None req-8698ebcc-e507-4735-b38e-7694ceb93471 d6a553fef2084fd2a47c2322a8c12540 5573e992e2d741b5bdb1dd6743114bce - - 047051301a21433a9ba896b605398562 047051301a21433a9ba896b605398562] 10.0.0.95 "DELETE /resource_providers/dbd12ebd-322b-4c26-b67c-c32c372c9f62" status: 404 len: 246 microversion: 1.1 [pid: 7|app: 0|req: 368/739] 10.0.0.95 () {34 vars in 814 bytes} [Wed Jul 8 05:23:45 2026] DELETE /resource_providers/dbd12ebd-322b-4c26-b67c-c32c372c9f62 => generated 246 bytes in 9 msecs (HTTP/1.1 404) 6 headers in 231 bytes (1 switches on core 0)
2026-07-08 05:23:45.587 8 INFO placement.requestlog [None req-ea26eda6-e939-448d-b368-7217d06cd3d6 d6a553fef2084fd2a47c2322a8c12540 5573e992e2d741b5bdb1dd6743114bce - - 047051301a21433a9ba896b605398562 047051301a21433a9ba896b605398562] 10.0.0.95 "DELETE /resource_providers/dbd12ebd-322b-4c26-b67c-c32c372c9f62" status: 404 len: 246 microversion: 1.1 [pid: 8|app: 0|req: 372/740] 10.0.0.95 () {34 vars in 814 bytes} [Wed Jul 8 05:23:45 2026] DELETE /resource_providers/dbd12ebd-322b-4c26-b67c-c32c372c9f62 => generated 246 bytes in 8 msecs (HTTP/1.1 404) 6 headers in 231 bytes (1 switches on core 0)
2026-07-08 05:23:47.619 7 INFO placement.requestlog [None req-22b66fb7-894b-4bae-a236-4530c0ae229f d6a553fef2084fd2a47c2322a8c12540 5573e992e2d741b5bdb1dd6743114bce - - 047051301a21433a9ba896b605398562 047051301a21433a9ba896b605398562] 10.0.0.95 "GET /resource_providers/7b1c8e99-b8ba-43ad-9194-f4fe0b695dc1/aggregates" status: 404 len: 235 microversion: 1.1 [pid: 7|app: 0|req: 369/741] 10.0.0.95 () {32 vars in 814 bytes} [Wed Jul 8 05:23:47 2026] GET /resource_providers/7b1c8e99-b8ba-43ad-9194-f4fe0b695dc1/aggregates => generated 235 bytes in 15 msecs (HTTP/1.1 404) 5 headers in 202 bytes (1 switches on core 0)
2026-07-08 05:23:47.622 8 INFO placement.requestlog [None req-802bdf58-dcfd-4c44-9aaa-e0e6453a0fa5 d6a553fef2084fd2a47c2322a8c12540 5573e992e2d741b5bdb1dd6743114bce - - 047051301a21433a9ba896b605398562 047051301a21433a9ba896b605398562] 10.0.0.95 "GET /resource_providers/7b1c8e99-b8ba-43ad-9194-f4fe0b695dc1/aggregates" status: 404 len: 235 microversion: 1.1 [pid: 8|app: 0|req: 373/742] 10.0.0.95 () {32 vars in 814 bytes} [Wed Jul 8 05:23:47 2026] GET /resource_providers/7b1c8e99-b8ba-43ad-9194-f4fe0b695dc1/aggregates => generated 235 bytes in 11 msecs (HTTP/1.1 404) 5 headers in 202 bytes (1 switches on core 0)
2026-07-08 05:23:47.641 7 INFO placement.requestlog [None req-2b87ff66-bbd7-4499-b541-f6f1729499e8 d6a553fef2084fd2a47c2322a8c12540 5573e992e2d741b5bdb1dd6743114bce - - 047051301a21433a9ba896b605398562 047051301a21433a9ba896b605398562] 10.0.0.95 "DELETE /resource_providers/7b1c8e99-b8ba-43ad-9194-f4fe0b695dc1" status: 404 len: 246 microversion: 1.1 [pid: 7|app: 0|req: 370/743] 10.0.0.95 () {34 vars in 814 bytes} [Wed Jul 8 05:23:47 2026] DELETE /resource_providers/7b1c8e99-b8ba-43ad-9194-f4fe0b695dc1 => generated 246 bytes in 12 msecs (HTTP/1.1 404) 6 headers in 231 bytes (1 switches on core 0)
2026-07-08 05:23:47.655 8 INFO placement.requestlog [None req-54e7aa9d-05a8-4f35-ae32-a4ec5f8d4b96 d6a553fef2084fd2a47c2322a8c12540 5573e992e2d741b5bdb1dd6743114bce - - 047051301a21433a9ba896b605398562 047051301a21433a9ba896b605398562] 10.0.0.95 "DELETE /resource_providers/7b1c8e99-b8ba-43ad-9194-f4fe0b695dc1" status: 404 len: 246 microversion: 1.1 [pid: 8|app: 0|req: 374/744] 10.0.0.95 () {34 vars in 814 bytes} [Wed Jul 8 05:23:47 2026] DELETE /resource_providers/7b1c8e99-b8ba-43ad-9194-f4fe0b695dc1 => generated 246 bytes in 14 msecs (HTTP/1.1 404) 6 headers in 231 bytes (1 switches on core 0)
2026-07-08 05:23:47.991 8 INFO placement.requestlog [None req-4cd65eab-6467-4c52-ab26-3cee3d0086a0 - - - - - -] 10.0.0.202 "GET /" status: 200 len: 136 microversion: 1.0
2026-07-08 05:23:47.991 7 INFO placement.requestlog [None req-37d8b45d-d400-4f0b-90eb-12af6b2b3cb8 - - - - - -] 10.0.0.202 "GET /" status: 200 len: 136 microversion: 1.0
2026-07-08 05:23:49.362 8 INFO placement.requestlog [req-6f36660b-cc81-4e5e-85a7-5372dd7ce6f7 req-7608f655-305b-4aa9-a5e7-58bc8b1b29d2 dd3f27a6190a400a971485de51264e02 5573e992e2d741b5bdb1dd6743114bce - - 047051301a21433a9ba896b605398562 047051301a21433a9ba896b605398562] 10.0.0.254 "GET /allocation_candidates?limit=1000&resources=DISK_GB%3A1%2CMEMORY_MB%3A512%2CVCPU%3A1&root_required=%21COMPUTE_STATUS_DISABLED" status: 200 len: 2784 microversion: 1.36 [pid: 8|app: 0|req: 376/747] 10.0.0.254 () {34 vars in 1011 bytes} [Wed Jul 8 05:23:49 2026] GET /allocation_candidates?limit=1000&resources=DISK_GB%3A1%2CMEMORY_MB%3A512%2CVCPU%3A1&root_required=%21COMPUTE_STATUS_DISABLED => generated 2784 bytes in 71 msecs (HTTP/1.1 200) 8 headers in 297 bytes (1 switches on core 0)
2026-07-08 05:23:49.394 7 INFO placement.requestlog [req-6f36660b-cc81-4e5e-85a7-5372dd7ce6f7 req-b491d430-ce0a-4e6d-b96c-d027389b724d dd3f27a6190a400a971485de51264e02 5573e992e2d741b5bdb1dd6743114bce - - 047051301a21433a9ba896b605398562 047051301a21433a9ba896b605398562] 10.0.0.254 "GET /allocations/57197f43-fa30-4bfd-a0a2-1ee898d9d556" status: 200 len: 19 microversion: 1.28 [pid: 7|app: 0|req: 372/748] 10.0.0.254 () {34 vars in 860 bytes} [Wed Jul 8 05:23:49 2026] GET /allocations/57197f43-fa30-4bfd-a0a2-1ee898d9d556 => generated 19 bytes in 11 msecs (HTTP/1.1 200) 8 headers in 295 bytes (1 switches on core 0)
2026-07-08 05:23:49.425 7 INFO placement.requestlog [req-d6c9434d-57c2-4da2-9d5d-1e347064c5eb req-4028fc2f-360d-41cc-b9dd-bf7f3ede9a1f dd3f27a6190a400a971485de51264e02 5573e992e2d741b5bdb1dd6743114bce - - 047051301a21433a9ba896b605398562 047051301a21433a9ba896b605398562] 199.204.45.216 "GET /resource_providers/c4583148-31db-40a5-b22d-ca9fa293ed05/allocations" status: 200 len: 252 microversion: 1.0 [pid: 7|app: 0|req: 373/749] 199.204.45.216 () {32 vars in 856 bytes} [Wed Jul 8 05:23:49 2026] GET /resource_providers/c4583148-31db-40a5-b22d-ca9fa293ed05/allocations => generated 252 bytes in 15 msecs (HTTP/1.1 200) 6 headers in 224 bytes (1 switches on core 0)
2026-07-08 05:23:49.445 7 INFO placement.requestlog [req-d6c9434d-57c2-4da2-9d5d-1e347064c5eb req-f246618e-4873-4a02-bd72-138634daa2b5 dd3f27a6190a400a971485de51264e02 5573e992e2d741b5bdb1dd6743114bce - - 047051301a21433a9ba896b605398562 047051301a21433a9ba896b605398562] 199.204.45.216 "GET /allocations/821b150b-d4b8-4df0-b953-e545fc529ae5" status: 200 len: 257 microversion: 1.28 [pid: 7|app: 0|req: 374/750] 199.204.45.216 () {34 vars in 862 bytes} [Wed Jul 8 05:23:49 2026] GET /allocations/821b150b-d4b8-4df0-b953-e545fc529ae5 => generated 257 bytes in 13 msecs (HTTP/1.1 200) 8 headers in 296 bytes (1 switches on core 0)
2026-07-08 05:23:49.462 7 INFO placement.requestlog [req-d6c9434d-57c2-4da2-9d5d-1e347064c5eb req-8f50f4d5-94a8-44f5-bc2d-8e3d809f86ec dd3f27a6190a400a971485de51264e02 5573e992e2d741b5bdb1dd6743114bce - - 047051301a21433a9ba896b605398562 047051301a21433a9ba896b605398562] 199.204.45.216 "GET /allocations/52383e9b-8fe3-4db3-ae5a-1d6bafacbfa5" status: 200 len: 257 microversion: 1.28 [pid: 7|app: 0|req: 375/751] 199.204.45.216 () {34 vars in 862 bytes} [Wed Jul 8 05:23:49 2026] GET /allocations/52383e9b-8fe3-4db3-ae5a-1d6bafacbfa5 => generated 257 bytes in 13 msecs (HTTP/1.1 200) 8 headers in 296 bytes (1 switches on core 0)
2026-07-08 05:23:49.473 8 INFO placement.requestlog [req-6f36660b-cc81-4e5e-85a7-5372dd7ce6f7 req-3f4742e5-3433-4068-b2b4-0f150e6b310b dd3f27a6190a400a971485de51264e02 5573e992e2d741b5bdb1dd6743114bce - - 047051301a21433a9ba896b605398562 047051301a21433a9ba896b605398562] 10.0.0.254 "PUT /allocations/57197f43-fa30-4bfd-a0a2-1ee898d9d556" status: 204 len: 0 microversion: 1.36 [pid: 8|app: 0|req: 377/752] 10.0.0.254 () {38 vars in 913 bytes} [Wed Jul 8 05:23:49 2026] PUT /allocations/57197f43-fa30-4bfd-a0a2-1ee898d9d556 => generated 0 bytes in 73 msecs (HTTP/1.1 204) 5 headers in 199 bytes (1 switches on core 0)
2026-07-08 05:23:50.129 7 INFO placement.requestlog [None req-d8efd43f-d864-49f0-ba9a-da00f6894402 d6a553fef2084fd2a47c2322a8c12540 5573e992e2d741b5bdb1dd6743114bce - - 047051301a21433a9ba896b605398562 047051301a21433a9ba896b605398562] 10.0.0.95 "GET /resource_providers/59eb5923-8729-448c-bc5b-0568a9693c36/aggregates" status: 404 len: 235 microversion: 1.1 [pid: 7|app: 0|req: 376/753] 10.0.0.95 () {32 vars in 814 bytes} [Wed Jul 8 05:23:50 2026] GET /resource_providers/59eb5923-8729-448c-bc5b-0568a9693c36/aggregates => generated 235 bytes in 10 msecs (HTTP/1.1 404) 5 headers in 202 bytes (1 switches on core 0)
2026-07-08 05:23:50.134 8 INFO placement.requestlog [None req-76290c4a-0f55-4e3f-b320-00d376568df8 d6a553fef2084fd2a47c2322a8c12540 5573e992e2d741b5bdb1dd6743114bce - - 047051301a21433a9ba896b605398562 047051301a21433a9ba896b605398562] 10.0.0.95 "GET /resource_providers/59eb5923-8729-448c-bc5b-0568a9693c36/aggregates" status: 404 len: 235 microversion: 1.1 [pid: 8|app: 0|req: 378/754] 10.0.0.95 () {32 vars in 814 bytes} [Wed Jul 8 05:23:50 2026] GET /resource_providers/59eb5923-8729-448c-bc5b-0568a9693c36/aggregates => generated 235 bytes in 9 msecs (HTTP/1.1 404) 5 headers in 202 bytes (1 switches on core 0)
2026-07-08 05:23:50.150 7 INFO placement.requestlog [None req-5a7bbfb9-0003-4137-8596-9b3598a2c348 d6a553fef2084fd2a47c2322a8c12540 5573e992e2d741b5bdb1dd6743114bce - - 047051301a21433a9ba896b605398562 047051301a21433a9ba896b605398562] 10.0.0.95 "DELETE /resource_providers/59eb5923-8729-448c-bc5b-0568a9693c36" status: 404 len: 246 microversion: 1.1 [pid: 7|app: 0|req: 377/755] 10.0.0.95 () {34 vars in 814 bytes} [Wed Jul 8 05:23:50 2026] DELETE /resource_providers/59eb5923-8729-448c-bc5b-0568a9693c36 => generated 246 bytes in 9 msecs (HTTP/1.1 404) 6 headers in 231 bytes (1 switches on core 0)
2026-07-08 05:23:50.157 8 INFO placement.requestlog [None req-6aade0bd-81c7-4a3d-939c-f5f5d62a6b08 d6a553fef2084fd2a47c2322a8c12540 5573e992e2d741b5bdb1dd6743114bce - - 047051301a21433a9ba896b605398562 047051301a21433a9ba896b605398562] 10.0.0.95 "DELETE /resource_providers/59eb5923-8729-448c-bc5b-0568a9693c36" status: 404 len: 246 microversion: 1.1 [pid: 8|app: 0|req: 379/756] 10.0.0.95 () {34 vars in 814 bytes} [Wed Jul 8 05:23:50 2026] DELETE /resource_providers/59eb5923-8729-448c-bc5b-0568a9693c36 => generated 246 bytes in 11 msecs (HTTP/1.1 404) 6 headers in 231 bytes (1 switches on core 0)
2026-07-08 05:23:50.280 7 INFO placement.requestlog [None req-4758e0c9-cde7-4f1e-b380-65c3356533d2 d6a553fef2084fd2a47c2322a8c12540 5573e992e2d741b5bdb1dd6743114bce - - 047051301a21433a9ba896b605398562 047051301a21433a9ba896b605398562] 10.0.0.95 "GET /resource_providers/4bacc3c8-1168-4dd8-af71-794313ab8dff/aggregates" status: 404 len: 235 microversion: 1.1 [pid: 7|app: 0|req: 378/757] 10.0.0.95 () {32 vars in 814 bytes} [Wed Jul 8 05:23:50 2026] GET /resource_providers/4bacc3c8-1168-4dd8-af71-794313ab8dff/aggregates => generated 235 bytes in 16 msecs (HTTP/1.1 404) 5 headers in 202 bytes (1 switches on core 0)
2026-07-08 05:23:50.284 8 INFO placement.requestlog [None req-ac67a0da-4b46-450b-83c8-a382129d5f1b d6a553fef2084fd2a47c2322a8c12540 5573e992e2d741b5bdb1dd6743114bce - - 047051301a21433a9ba896b605398562 047051301a21433a9ba896b605398562] 10.0.0.95 "GET /resource_providers/4bacc3c8-1168-4dd8-af71-794313ab8dff/aggregates" status: 404 len: 235 microversion: 1.1 [pid: 8|app: 0|req: 380/758] 10.0.0.95 () {32 vars in 814 bytes} [Wed Jul 8 05:23:50 2026] GET /resource_providers/4bacc3c8-1168-4dd8-af71-794313ab8dff/aggregates => generated 235 bytes in 9 msecs (HTTP/1.1 404) 5 headers in 202 bytes (1 switches on core 0)
2026-07-08 05:23:50.300 8 INFO placement.requestlog [None req-b05ec7ef-eaaa-4f6f-a7ea-ac142d7ffa97 d6a553fef2084fd2a47c2322a8c12540 5573e992e2d741b5bdb1dd6743114bce - - 047051301a21433a9ba896b605398562 047051301a21433a9ba896b605398562] 10.0.0.95 "DELETE /resource_providers/4bacc3c8-1168-4dd8-af71-794313ab8dff" status: 404 len: 246 microversion: 1.1 [pid: 8|app: 0|req: 381/759] 10.0.0.95 () {34 vars in 814 bytes} [Wed Jul 8 05:23:50 2026] DELETE /resource_providers/4bacc3c8-1168-4dd8-af71-794313ab8dff => generated 246 bytes in 8 msecs (HTTP/1.1 404) 6 headers in 231 bytes (1 switches on core 0)
2026-07-08 05:23:50.301 7 INFO placement.requestlog [None req-30bc7568-d2d9-4ea6-8871-74e0559f54f2 d6a553fef2084fd2a47c2322a8c12540 5573e992e2d741b5bdb1dd6743114bce - - 047051301a21433a9ba896b605398562 047051301a21433a9ba896b605398562] 10.0.0.95 "DELETE /resource_providers/4bacc3c8-1168-4dd8-af71-794313ab8dff" status: 404 len: 246 microversion: 1.1 [pid: 7|app: 0|req: 379/760] 10.0.0.95 () {34 vars in 814 bytes} [Wed Jul 8 05:23:50 2026] DELETE /resource_providers/4bacc3c8-1168-4dd8-af71-794313ab8dff => generated 246 bytes in 11 msecs (HTTP/1.1 404) 6 headers in 231 bytes (1 switches on core 0)
2026-07-08 05:23:50.517 8 INFO placement.requestlog [req-d6c9434d-57c2-4da2-9d5d-1e347064c5eb req-15e9dd9c-fbe7-415e-adb5-454831564226 dd3f27a6190a400a971485de51264e02 5573e992e2d741b5bdb1dd6743114bce - - 047051301a21433a9ba896b605398562 047051301a21433a9ba896b605398562] 199.204.45.216 "DELETE /allocations/821b150b-d4b8-4df0-b953-e545fc529ae5" status: 204 len: 0 microversion: 1.0 [pid: 8|app: 0|req: 382/761] 199.204.45.216 () {34 vars in 840 bytes} [Wed Jul 8 05:23:50 2026] DELETE /allocations/821b150b-d4b8-4df0-b953-e545fc529ae5 => generated 0 bytes in 29 msecs (HTTP/1.1 204) 5 headers in 198 bytes (1 switches on core 0)
2026-07-08 05:23:50.939 7 INFO placement.requestlog [req-6f36660b-cc81-4e5e-85a7-5372dd7ce6f7 req-f15906a9-e483-4174-b474-934525e1dcff dd3f27a6190a400a971485de51264e02 5573e992e2d741b5bdb1dd6743114bce - - 047051301a21433a9ba896b605398562 047051301a21433a9ba896b605398562] 199.204.45.216 "GET /allocations/57197f43-fa30-4bfd-a0a2-1ee898d9d556" status: 200 len: 257 microversion: 1.28 [pid: 7|app: 0|req: 380/762] 199.204.45.216 () {34 vars in 862 bytes} [Wed Jul 8 05:23:50 2026] GET /allocations/57197f43-fa30-4bfd-a0a2-1ee898d9d556 => generated 257 bytes in 10 msecs (HTTP/1.1 200) 8 headers in 296 bytes (1 switches on core 0)
2026-07-08 05:23:51.985 8 INFO placement.requestlog [req-6f36660b-cc81-4e5e-85a7-5372dd7ce6f7 req-8bf1e922-5267-409f-b104-239233874604 dd3f27a6190a400a971485de51264e02 5573e992e2d741b5bdb1dd6743114bce - - 047051301a21433a9ba896b605398562 047051301a21433a9ba896b605398562] 199.204.45.216 "GET /resource_providers/c4583148-31db-40a5-b22d-ca9fa293ed05/allocations" status: 200 len: 252 microversion: 1.0 [pid: 8|app: 0|req: 383/763] 199.204.45.216 () {32 vars in 856 bytes} [Wed Jul 8 05:23:51 2026] GET /resource_providers/c4583148-31db-40a5-b22d-ca9fa293ed05/allocations => generated 252 bytes in 16 msecs (HTTP/1.1 200) 6 headers in 224 bytes (1 switches on core 0)
2026-07-08 05:23:52.003 7 INFO placement.requestlog [req-6f36660b-cc81-4e5e-85a7-5372dd7ce6f7 req-65377817-4d54-4c7c-a0b6-b76e0da9d812 dd3f27a6190a400a971485de51264e02 5573e992e2d741b5bdb1dd6743114bce - - 047051301a21433a9ba896b605398562 047051301a21433a9ba896b605398562] 199.204.45.216 "GET /allocations/57197f43-fa30-4bfd-a0a2-1ee898d9d556" status: 200 len: 257 microversion: 1.28 [pid: 7|app: 0|req: 381/764] 199.204.45.216 () {34 vars in 862 bytes} [Wed Jul 8 05:23:51 2026] GET /allocations/57197f43-fa30-4bfd-a0a2-1ee898d9d556 => generated 257 bytes in 11 msecs (HTTP/1.1 200) 8 headers in 296 bytes (1 switches on core 0)
2026-07-08 05:23:52.042 8 INFO placement.requestlog [req-6f36660b-cc81-4e5e-85a7-5372dd7ce6f7 req-08675f83-1899-4621-b461-54ac0e79ef63 dd3f27a6190a400a971485de51264e02 5573e992e2d741b5bdb1dd6743114bce - - 047051301a21433a9ba896b605398562 047051301a21433a9ba896b605398562] 199.204.45.216 "GET /allocations/52383e9b-8fe3-4db3-ae5a-1d6bafacbfa5" status: 200 len: 257 microversion: 1.28 [pid: 8|app: 0|req: 384/765] 199.204.45.216 () {34 vars in 862 bytes} [Wed Jul 8 05:23:52 2026] GET /allocations/52383e9b-8fe3-4db3-ae5a-1d6bafacbfa5 => generated 257 bytes in 33 msecs (HTTP/1.1 200) 8 headers in 296 bytes (1 switches on core 0)
2026-07-08 05:23:52.168 7 INFO placement.requestlog [None req-fdd9d923-c2cb-40ae-93a5-d596b70c633d d6a553fef2084fd2a47c2322a8c12540 5573e992e2d741b5bdb1dd6743114bce - - 047051301a21433a9ba896b605398562 047051301a21433a9ba896b605398562] 10.0.0.95 "GET /resource_providers/03f060c4-b909-4ad3-b9d7-dca35d24c4fc/aggregates" status: 404 len: 235 microversion: 1.1 [pid: 7|app: 0|req: 382/766] 10.0.0.95 () {32 vars in 814 bytes} [Wed Jul 8 05:23:52 2026] GET /resource_providers/03f060c4-b909-4ad3-b9d7-dca35d24c4fc/aggregates => generated 235 bytes in 10 msecs (HTTP/1.1 404) 5 headers in 202 bytes (1 switches on core 0)
2026-07-08 05:23:52.184 8 INFO placement.requestlog [None req-ea89f0b7-c55d-4637-8f21-42f928f8745d d6a553fef2084fd2a47c2322a8c12540 5573e992e2d741b5bdb1dd6743114bce - - 047051301a21433a9ba896b605398562 047051301a21433a9ba896b605398562] 10.0.0.95 "GET /resource_providers/03f060c4-b909-4ad3-b9d7-dca35d24c4fc/aggregates" status: 404 len: 235 microversion: 1.1 [pid: 8|app: 0|req: 385/767] 10.0.0.95 () {32 vars in 814 bytes} [Wed Jul 8 05:23:52 2026] GET /resource_providers/03f060c4-b909-4ad3-b9d7-dca35d24c4fc/aggregates => generated 235 bytes in 17 msecs (HTTP/1.1 404) 5 headers in 202 bytes (1 switches on core 0)
2026-07-08 05:23:52.191 7 INFO placement.requestlog [None req-242b29f2-5cb7-4fe4-8c73-5612028408ac d6a553fef2084fd2a47c2322a8c12540 5573e992e2d741b5bdb1dd6743114bce - - 047051301a21433a9ba896b605398562 047051301a21433a9ba896b605398562] 10.0.0.95 "DELETE /resource_providers/03f060c4-b909-4ad3-b9d7-dca35d24c4fc" status: 404 len: 246 microversion: 1.1 [pid: 7|app: 0|req: 383/768] 10.0.0.95 () {34 vars in 814 bytes} [Wed Jul 8 05:23:52 2026] DELETE /resource_providers/03f060c4-b909-4ad3-b9d7-dca35d24c4fc => generated 246 bytes in 16 msecs (HTTP/1.1 404) 6 headers in 231 bytes (1 switches on core 0)
2026-07-08 05:23:52.204 8 INFO placement.requestlog [None req-dce45fa8-2ab1-4b08-abea-8a33c58acd71 d6a553fef2084fd2a47c2322a8c12540 5573e992e2d741b5bdb1dd6743114bce - - 047051301a21433a9ba896b605398562 047051301a21433a9ba896b605398562] 10.0.0.95 "DELETE /resource_providers/03f060c4-b909-4ad3-b9d7-dca35d24c4fc" status: 404 len: 246 microversion: 1.1 [pid: 8|app: 0|req: 386/769] 10.0.0.95 () {34 vars in 814 bytes} [Wed Jul 8 05:23:52 2026] DELETE /resource_providers/03f060c4-b909-4ad3-b9d7-dca35d24c4fc => generated 246 bytes in 11 msecs (HTTP/1.1 404) 6 headers in 231 bytes (1 switches on core 0)
